{"id":9976,"date":"2025-09-23T14:25:41","date_gmt":"2025-09-23T14:25:41","guid":{"rendered":"https:\/\/www.gero.lu\/produit\/travail-biographique-et-reminiscence-guidee-fcpg-v"},"modified":"2026-01-29T14:23:06","modified_gmt":"2026-01-29T14:23:06","slug":"travail-biographique-et-reminiscence-guidee-fcpg-v","status":"publish","type":"product","link":"https:\/\/www.gero.lu\/de\/produit\/travail-biographique-et-reminiscence-guidee-fcpg-v","title":{"rendered":"Travail biographique et r\u00e9miniscence guid\u00e9e (FCPG V)"},"content":{"rendered":"<p>dans l\u2019accompagnement des personnes \u00e2g\u00e9es et de celles atteintes de troubles cognitifs<\/p>\n<p>Module 5 de la formation psychog\u00e9riatrique<\/p>\n<p>L\u2019approche biographique consiste \u00e0 explorer et valoriser l\u2019histoire de vie d\u2019une personne afin de mieux comprendre son origine, son parcours, ses pr\u00e9f\u00e9rences et ses aversions. Cette connaissance favorise une relation de confiance, permet une prise en charge plus individualis\u00e9e et contribue \u00e0 r\u00e9pondre de mani\u00e8re plus adapt\u00e9e aux besoins de la personne accompagn\u00e9e.<\/p>\n<p>Elle peut \u00e9galement soutenir la (re)stimulation de ressources et de capacit\u00e9s parfois inaper\u00e7ues chez les personnes \u00e2g\u00e9es. Le fait de raconter et de partager leurs souvenirs leur permet de se sentir respect\u00e9es et valoris\u00e9es. Il est donc essentiel que les professionnel\u00b7le\u00b7s poss\u00e8dent des rep\u00e8res historiques et une sensibilit\u00e9 culturelle relatives \u00e0 la p\u00e9riode d\u2019empreinte de leurs r\u00e9sident\u00b7e\u00b7s ou client\u00b7e\u00b7s.<\/p>\n<p>Contenus :<br \/>\n\uf02d\tLien entre biographie individuelle et histoire collective<br \/>\n\uf02d\tCompr\u00e9hension des habitudes de vie et des usages culturels<br \/>\n\uf02d\tRep\u00e8res calendaires et saisonniers pouvant servir de d\u00e9clencheurs pour la m\u00e9moire<br \/>\n\uf02d\tUtilisation cibl\u00e9e de supports et mat\u00e9riels dans l\u2019accompagnement \u2013 y compris aupr\u00e8s de personnes vivant avec diff\u00e9rentes formes de d\u00e9mence<br \/>\n\uf02d\tTechniques d\u2019entretien indirectes, discr\u00e8tes et empathiques<br \/>\n\uf02d\t\u00c9change d\u2019exp\u00e9riences pratiques entre participant\u00b7e\u00b7s<\/p>\n<p>Public cible :<br \/>\nAide-soignant\u00b7e, Aide socio-familiale, Auxiliaire de vie, \u00c9ducateur\u00b7rice, Ergoth\u00e9rapeute, Infirmier\u00b7\u00e8re, Kin\u00e9sith\u00e9rapeute, Psychologue et autres professions pertinentes en particulier les personnes moins famili\u00e8res avec l\u2019histoire quotidienne du Luxembourg<\/p>\n","protected":false},"excerpt":{"rendered":"<p>dans l\u2019accompagnement des personnes \u00e2g\u00e9es et de celles atteintes de troubles cognitifs Module 5 de la formation psychog\u00e9riatrique L\u2019approche biographique consiste \u00e0 explorer et valoriser l\u2019histoire de vie d\u2019une personne afin de mieux comprendre son origine, son parcours, ses pr\u00e9f\u00e9rences et ses aversions. Cette connaissance favorise une relation de confiance, permet une prise en charge [&hellip;]<\/p>\n","protected":false},"featured_media":0,"comment_status":"closed","ping_status":"closed","template":"","meta":{"_acf_changed":false,"inline_featured_image":false},"product_brand":[],"product_cat":[239],"product_tag":[237],"class_list":{"0":"post-9976","1":"product","2":"type-product","3":"status-publish","5":"product_cat-cours-pro","6":"product_tag-soins-encadrement-therapie-pro","8":"first","9":"instock","10":"virtual","11":"purchasable","12":"product-type-simple"},"acf":[],"yoast_head":"<!-- This site is optimized with the Yoast SEO Premium plugin v27.4 (Yoast SEO v27.5) - https:\/\/yoast.com\/product\/yoast-seo-premium-wordpress\/ -->\n<title>Travail biographique et r\u00e9miniscence guid\u00e9e (FCPG V) - GERO<\/title>\n<meta name=\"robots\" content=\"index, follow, max-snippet:-1, max-image-preview:large, max-video-preview:-1\" \/>\n<link rel=\"canonical\" href=\"https:\/\/www.gero.lu\/de\/produit\/travail-biographique-et-reminiscence-guidee-fcpg-v\" \/>\n<meta property=\"og:locale\" content=\"de_DE\" \/>\n<meta property=\"og:type\" content=\"article\" \/>\n<meta property=\"og:title\" content=\"Travail biographique et r\u00e9miniscence guid\u00e9e (FCPG V)\" \/>\n<meta property=\"og:description\" content=\"dans l\u2019accompagnement des personnes \u00e2g\u00e9es et de celles atteintes de troubles cognitifs Module 5 de la formation psychog\u00e9riatrique L\u2019approche biographique consiste \u00e0 explorer et valoriser l\u2019histoire de vie d\u2019une personne afin de mieux comprendre son origine, son parcours, ses pr\u00e9f\u00e9rences et ses aversions. Cette connaissance favorise une relation de confiance, permet une prise en charge [&hellip;]\" \/>\n<meta property=\"og:url\" content=\"https:\/\/www.gero.lu\/de\/produit\/travail-biographique-et-reminiscence-guidee-fcpg-v\" \/>\n<meta property=\"og:site_name\" content=\"GERO\" \/>\n<meta property=\"article:publisher\" content=\"https:\/\/www.facebook.com\/Kompetenzzenter\/\" \/>\n<meta property=\"article:modified_time\" content=\"2026-01-29T14:23:06+00:00\" \/>\n<meta property=\"og:image\" content=\"https:\/\/www.gero.lu\/wp-content\/uploads\/2021\/08\/gettyimages-1135289130-2048x2048_RET-1.jpg\" \/>\n\t<meta property=\"og:image:width\" content=\"1227\" \/>\n\t<meta property=\"og:image:height\" content=\"802\" \/>\n\t<meta property=\"og:image:type\" content=\"image\/jpeg\" \/>\n<meta name=\"twitter:card\" content=\"summary_large_image\" \/>\n<meta name=\"twitter:label1\" content=\"Gesch\u00e4tzte Lesezeit\" \/>\n\t<meta name=\"twitter:data1\" content=\"1\u00a0Minute\" \/>\n<script type=\"application\/ld+json\" class=\"yoast-schema-graph\">{\"@context\":\"https:\\\/\\\/schema.org\",\"@graph\":[{\"@type\":\"WebPage\",\"@id\":\"https:\\\/\\\/www.gero.lu\\\/de\\\/produit\\\/travail-biographique-et-reminiscence-guidee-fcpg-v\",\"url\":\"https:\\\/\\\/www.gero.lu\\\/de\\\/produit\\\/travail-biographique-et-reminiscence-guidee-fcpg-v\",\"name\":\"Travail biographique et r\u00e9miniscence guid\u00e9e (FCPG V) - GERO\",\"isPartOf\":{\"@id\":\"https:\\\/\\\/www.gero.lu\\\/de\\\/#website\"},\"datePublished\":\"2025-09-23T14:25:41+00:00\",\"dateModified\":\"2026-01-29T14:23:06+00:00\",\"breadcrumb\":{\"@id\":\"https:\\\/\\\/www.gero.lu\\\/de\\\/produit\\\/travail-biographique-et-reminiscence-guidee-fcpg-v#breadcrumb\"},\"inLanguage\":\"de\",\"potentialAction\":[{\"@type\":\"ReadAction\",\"target\":[[\"https:\\\/\\\/www.gero.lu\\\/de\\\/produit\\\/travail-biographique-et-reminiscence-guidee-fcpg-v\"]]}]},{\"@type\":\"BreadcrumbList\",\"@id\":\"https:\\\/\\\/www.gero.lu\\\/de\\\/produit\\\/travail-biographique-et-reminiscence-guidee-fcpg-v#breadcrumb\",\"itemListElement\":[{\"@type\":\"ListItem\",\"position\":1,\"name\":\"Accueil\",\"item\":\"https:\\\/\\\/www.gero.lu\\\/de\\\/\"},{\"@type\":\"ListItem\",\"position\":2,\"name\":\"Shop\",\"item\":\"https:\\\/\\\/www.gero.lu\\\/de\\\/shop\"},{\"@type\":\"ListItem\",\"position\":3,\"name\":\"Travail biographique et r\u00e9miniscence guid\u00e9e (FCPG V)\"}]},{\"@type\":\"WebSite\",\"@id\":\"https:\\\/\\\/www.gero.lu\\\/de\\\/#website\",\"url\":\"https:\\\/\\\/www.gero.lu\\\/de\\\/\",\"name\":\"Gero\",\"description\":\"Kompetenzzenter fir den Alter\",\"publisher\":{\"@id\":\"https:\\\/\\\/www.gero.lu\\\/de\\\/#organization\"},\"potentialAction\":[{\"@type\":\"SearchAction\",\"target\":{\"@type\":\"EntryPoint\",\"urlTemplate\":\"https:\\\/\\\/www.gero.lu\\\/de\\\/?s={search_term_string}\"},\"query-input\":{\"@type\":\"PropertyValueSpecification\",\"valueRequired\":true,\"valueName\":\"search_term_string\"}}],\"inLanguage\":\"de\"},{\"@type\":\"Organization\",\"@id\":\"https:\\\/\\\/www.gero.lu\\\/de\\\/#organization\",\"name\":\"Gero\",\"url\":\"https:\\\/\\\/www.gero.lu\\\/de\\\/\",\"logo\":{\"@type\":\"ImageObject\",\"inLanguage\":\"de\",\"@id\":\"https:\\\/\\\/www.gero.lu\\\/de\\\/#\\\/schema\\\/logo\\\/image\\\/\",\"url\":\"https:\\\/\\\/www.gero.lu\\\/wp-content\\\/uploads\\\/2024\\\/04\\\/logo.svg\",\"contentUrl\":\"https:\\\/\\\/www.gero.lu\\\/wp-content\\\/uploads\\\/2024\\\/04\\\/logo.svg\",\"width\":76,\"height\":30,\"caption\":\"Gero\"},\"image\":{\"@id\":\"https:\\\/\\\/www.gero.lu\\\/de\\\/#\\\/schema\\\/logo\\\/image\\\/\"},\"sameAs\":[\"https:\\\/\\\/www.facebook.com\\\/Kompetenzzenter\\\/\",\"https:\\\/\\\/www.instagram.com\\\/gero.kompetenzzenter\\\/\",\"https:\\\/\\\/linkedin.com\\\/company\\\/gero-kompetenzzenter-fir-den-alter\",\"https:\\\/\\\/www.youtube.com\\\/channel\\\/UCJvmJYSeHh3dYQsLHZupj-Q\"]}]}<\/script>\n<!-- \/ Yoast SEO Premium plugin. -->","yoast_head_json":{"title":"Travail biographique et r\u00e9miniscence guid\u00e9e (FCPG V) - GERO","robots":{"index":"index","follow":"follow","max-snippet":"max-snippet:-1","max-image-preview":"max-image-preview:large","max-video-preview":"max-video-preview:-1"},"canonical":"https:\/\/www.gero.lu\/de\/produit\/travail-biographique-et-reminiscence-guidee-fcpg-v","og_locale":"de_DE","og_type":"article","og_title":"Travail biographique et r\u00e9miniscence guid\u00e9e (FCPG V)","og_description":"dans l\u2019accompagnement des personnes \u00e2g\u00e9es et de celles atteintes de troubles cognitifs Module 5 de la formation psychog\u00e9riatrique L\u2019approche biographique consiste \u00e0 explorer et valoriser l\u2019histoire de vie d\u2019une personne afin de mieux comprendre son origine, son parcours, ses pr\u00e9f\u00e9rences et ses aversions. Cette connaissance favorise une relation de confiance, permet une prise en charge [&hellip;]","og_url":"https:\/\/www.gero.lu\/de\/produit\/travail-biographique-et-reminiscence-guidee-fcpg-v","og_site_name":"GERO","article_publisher":"https:\/\/www.facebook.com\/Kompetenzzenter\/","article_modified_time":"2026-01-29T14:23:06+00:00","og_image":[{"width":1227,"height":802,"url":"https:\/\/www.gero.lu\/wp-content\/uploads\/2021\/08\/gettyimages-1135289130-2048x2048_RET-1.jpg","type":"image\/jpeg"}],"twitter_card":"summary_large_image","twitter_misc":{"Gesch\u00e4tzte Lesezeit":"1\u00a0Minute"},"schema":{"@context":"https:\/\/schema.org","@graph":[{"@type":"WebPage","@id":"https:\/\/www.gero.lu\/de\/produit\/travail-biographique-et-reminiscence-guidee-fcpg-v","url":"https:\/\/www.gero.lu\/de\/produit\/travail-biographique-et-reminiscence-guidee-fcpg-v","name":"Travail biographique et r\u00e9miniscence guid\u00e9e (FCPG V) - GERO","isPartOf":{"@id":"https:\/\/www.gero.lu\/de\/#website"},"datePublished":"2025-09-23T14:25:41+00:00","dateModified":"2026-01-29T14:23:06+00:00","breadcrumb":{"@id":"https:\/\/www.gero.lu\/de\/produit\/travail-biographique-et-reminiscence-guidee-fcpg-v#breadcrumb"},"inLanguage":"de","potentialAction":[{"@type":"ReadAction","target":[["https:\/\/www.gero.lu\/de\/produit\/travail-biographique-et-reminiscence-guidee-fcpg-v"]]}]},{"@type":"BreadcrumbList","@id":"https:\/\/www.gero.lu\/de\/produit\/travail-biographique-et-reminiscence-guidee-fcpg-v#breadcrumb","itemListElement":[{"@type":"ListItem","position":1,"name":"Accueil","item":"https:\/\/www.gero.lu\/de\/"},{"@type":"ListItem","position":2,"name":"Shop","item":"https:\/\/www.gero.lu\/de\/shop"},{"@type":"ListItem","position":3,"name":"Travail biographique et r\u00e9miniscence guid\u00e9e (FCPG V)"}]},{"@type":"WebSite","@id":"https:\/\/www.gero.lu\/de\/#website","url":"https:\/\/www.gero.lu\/de\/","name":"Gero","description":"Kompetenzzenter fir den Alter","publisher":{"@id":"https:\/\/www.gero.lu\/de\/#organization"},"potentialAction":[{"@type":"SearchAction","target":{"@type":"EntryPoint","urlTemplate":"https:\/\/www.gero.lu\/de\/?s={search_term_string}"},"query-input":{"@type":"PropertyValueSpecification","valueRequired":true,"valueName":"search_term_string"}}],"inLanguage":"de"},{"@type":"Organization","@id":"https:\/\/www.gero.lu\/de\/#organization","name":"Gero","url":"https:\/\/www.gero.lu\/de\/","logo":{"@type":"ImageObject","inLanguage":"de","@id":"https:\/\/www.gero.lu\/de\/#\/schema\/logo\/image\/","url":"https:\/\/www.gero.lu\/wp-content\/uploads\/2024\/04\/logo.svg","contentUrl":"https:\/\/www.gero.lu\/wp-content\/uploads\/2024\/04\/logo.svg","width":76,"height":30,"caption":"Gero"},"image":{"@id":"https:\/\/www.gero.lu\/de\/#\/schema\/logo\/image\/"},"sameAs":["https:\/\/www.facebook.com\/Kompetenzzenter\/","https:\/\/www.instagram.com\/gero.kompetenzzenter\/","https:\/\/linkedin.com\/company\/gero-kompetenzzenter-fir-den-alter","https:\/\/www.youtube.com\/channel\/UCJvmJYSeHh3dYQsLHZupj-Q"]}]}},"_links":{"self":[{"href":"https:\/\/www.gero.lu\/de\/wp-json\/wp\/v2\/product\/9976","targetHints":{"allow":["GET"]}}],"collection":[{"href":"https:\/\/www.gero.lu\/de\/wp-json\/wp\/v2\/product"}],"about":[{"href":"https:\/\/www.gero.lu\/de\/wp-json\/wp\/v2\/types\/product"}],"replies":[{"embeddable":true,"href":"https:\/\/www.gero.lu\/de\/wp-json\/wp\/v2\/comments?post=9976"}],"wp:attachment":[{"href":"https:\/\/www.gero.lu\/de\/wp-json\/wp\/v2\/media?parent=9976"}],"wp:term":[{"taxonomy":"product_brand","embeddable":true,"href":"https:\/\/www.gero.lu\/de\/wp-json\/wp\/v2\/product_brand?post=9976"},{"taxonomy":"product_cat","embeddable":true,"href":"https:\/\/www.gero.lu\/de\/wp-json\/wp\/v2\/product_cat?post=9976"},{"taxonomy":"product_tag","embeddable":true,"href":"https:\/\/www.gero.lu\/de\/wp-json\/wp\/v2\/product_tag?post=9976"}],"curies":[{"name":"wp","href":"https:\/\/api.w.org\/{rel}","templated":true}]}}

Travail biographique et réminiscence guidée (FCPG V)

<p>dans l’accompagnement des personnes âgées et de celles atteintes de troubles cognitifs</p>
<p>Module 5 de la formation psychogériatrique</p>
<p>L’approche biographique consiste à explorer et valoriser l’histoire de vie d’une personne afin de mieux comprendre son origine, son parcours, ses préférences et ses aversions. Cette connaissance favorise une relation de confiance, permet une prise en charge plus individualisée et contribue à répondre de manière plus adaptée aux besoins de la personne accompagnée.</p>
<p>Elle peut également soutenir la (re)stimulation de ressources et de capacités parfois inaperçues chez les personnes âgées. Le fait de raconter et de partager leurs souvenirs leur permet de se sentir respectées et valorisées. Il est donc essentiel que les professionnel·le·s possèdent des repères historiques et une sensibilité culturelle relatives à la période d’empreinte de leurs résident·e·s ou client·e·s.</p>
<p>Contenus :<br />
	Lien entre biographie individuelle et histoire collective<br />
	Compréhension des habitudes de vie et des usages culturels<br />
	Repères calendaires et saisonniers pouvant servir de déclencheurs pour la mémoire<br />
	Utilisation ciblée de supports et matériels dans l’accompagnement – y compris auprès de personnes vivant avec différentes formes de démence<br />
	Techniques d’entretien indirectes, discrètes et empathiques<br />
	Échange d’expériences pratiques entre participant·e·s</p>
<p>Public cible :<br />
Aide-soignant·e, Aide socio-familiale, Auxiliaire de vie, Éducateur·rice, Ergothérapeute, Infirmier·ère, Kinésithérapeute, Psychologue et autres professions pertinentes en particulier les personnes moins familières avec l’histoire quotidienne du Luxembourg</p>

<p>dans l’accompagnement des personnes âgées et de celles atteintes de troubles cognitifs Module 5 de la formation psychogériatrique L’approche biographique consiste à explorer et valoriser l’histoire de vie d’une personne afin de mieux comprendre son origine, son parcours, ses préférences et ses aversions. Cette connaissance favorise une relation de confiance, permet une prise en charge [&hellip;]</p>

<!-- This site is optimized with the Yoast SEO Premium plugin v27.4 (Yoast SEO v27.5) - https://yoast.com/product/yoast-seo-premium-wordpress/ -->
<title>Travail biographique et réminiscence guidée (FCPG V) - GERO</title>
<meta name="robots" content="index, follow, max-snippet:-1, max-image-preview:large, max-video-preview:-1" />
<link rel="canonical" href="https://www.gero.lu/de/produit/travail-biographique-et-reminiscence-guidee-fcpg-v" />
<meta property="og:locale" content="de_DE" />
<meta property="og:type" content="article" />
<meta property="og:title" content="Travail biographique et réminiscence guidée (FCPG V)" />
<meta property="og:description" content="dans l’accompagnement des personnes âgées et de celles atteintes de troubles cognitifs Module 5 de la formation psychogériatrique L’approche biographique consiste à explorer et valoriser l’histoire de vie d’une personne afin de mieux comprendre son origine, son parcours, ses préférences et ses aversions. Cette connaissance favorise une relation de confiance, permet une prise en charge [&hellip;]" />
<meta property="og:url" content="https://www.gero.lu/de/produit/travail-biographique-et-reminiscence-guidee-fcpg-v" />
<meta property="og:site_name" content="GERO" />
<meta property="article:publisher" content="https://www.facebook.com/Kompetenzzenter/" />
<meta property="article:modified_time" content="2026-01-29T14:23:06+00:00" />
<meta property="og:image" content="https://www.gero.lu/wp-content/uploads/2021/08/gettyimages-1135289130-2048x2048_RET-1.jpg" />
	<meta property="og:image:width" content="1227" />
	<meta property="og:image:height" content="802" />
	<meta property="og:image:type" content="image/jpeg" />
<meta name="twitter:card" content="summary_large_image" />
<meta name="twitter:label1" content="Geschätzte Lesezeit" />
	<meta name="twitter:data1" content="1 Minute" />
<script type="application/ld+json" class="yoast-schema-graph">{"@context":"https:\/\/schema.org","@graph":[{"@type":"WebPage","@id":"https:\/\/www.gero.lu\/de\/produit\/travail-biographique-et-reminiscence-guidee-fcpg-v","url":"https:\/\/www.gero.lu\/de\/produit\/travail-biographique-et-reminiscence-guidee-fcpg-v","name":"Travail biographique et réminiscence guidée (FCPG V) - GERO","isPartOf":{"@id":"https:\/\/www.gero.lu\/de\/#website"},"datePublished":"2025-09-23T14:25:41+00:00","dateModified":"2026-01-29T14:23:06+00:00","breadcrumb":{"@id":"https:\/\/www.gero.lu\/de\/produit\/travail-biographique-et-reminiscence-guidee-fcpg-v#breadcrumb"},"inLanguage":"de","potentialAction":[{"@type":"ReadAction","target":[["https:\/\/www.gero.lu\/de\/produit\/travail-biographique-et-reminiscence-guidee-fcpg-v"]]}]},{"@type":"BreadcrumbList","@id":"https:\/\/www.gero.lu\/de\/produit\/travail-biographique-et-reminiscence-guidee-fcpg-v#breadcrumb","itemListElement":[{"@type":"ListItem","position":1,"name":"Accueil","item":"https:\/\/www.gero.lu\/de\/"},{"@type":"ListItem","position":2,"name":"Shop","item":"https:\/\/www.gero.lu\/de\/shop"},{"@type":"ListItem","position":3,"name":"Travail biographique et réminiscence guidée (FCPG V)"}]},{"@type":"WebSite","@id":"https:\/\/www.gero.lu\/de\/#website","url":"https:\/\/www.gero.lu\/de\/","name":"Gero","description":"Kompetenzzenter fir den Alter","publisher":{"@id":"https:\/\/www.gero.lu\/de\/#organization"},"potentialAction":[{"@type":"SearchAction","target":{"@type":"EntryPoint","urlTemplate":"https:\/\/www.gero.lu\/de\/?s={search_term_string}"},"query-input":{"@type":"PropertyValueSpecification","valueRequired":true,"valueName":"search_term_string"}}],"inLanguage":"de"},{"@type":"Organization","@id":"https:\/\/www.gero.lu\/de\/#organization","name":"Gero","url":"https:\/\/www.gero.lu\/de\/","logo":{"@type":"ImageObject","inLanguage":"de","@id":"https:\/\/www.gero.lu\/de\/#\/schema\/logo\/image\/","url":"https:\/\/www.gero.lu\/wp-content\/uploads\/2024\/04\/logo.svg","contentUrl":"https:\/\/www.gero.lu\/wp-content\/uploads\/2024\/04\/logo.svg","width":76,"height":30,"caption":"Gero"},"image":{"@id":"https:\/\/www.gero.lu\/de\/#\/schema\/logo\/image\/"},"sameAs":["https:\/\/www.facebook.com\/Kompetenzzenter\/","https:\/\/www.instagram.com\/gero.kompetenzzenter\/","https:\/\/linkedin.com\/company\/gero-kompetenzzenter-fir-den-alter","https:\/\/www.youtube.com\/channel\/UCJvmJYSeHh3dYQsLHZupj-Q"]}]}</script>
<!-- / Yoast SEO Premium plugin. -->

Travail biographique et réminiscence guidée (FCPG V) - GERO

dans l’accompagnement des personnes âgées et de celles atteintes de troubles cognitifs Module 5 de la formation psychogériatrique L’approche biographique consiste à explorer et valoriser l’histoire de vie d’une personne afin de mieux comprendre son origine, son parcours, ses préférences et ses aversions. Cette connaissance favorise une relation de confiance, permet une prise en charge [&hellip;]
