{"id":9722,"date":"2025-08-08T14:22:17","date_gmt":"2025-08-08T14:22:17","guid":{"rendered":"https:\/\/www.gero.lu\/produit\/nationalmuseum-luxemburger-militargeschichte"},"modified":"2026-03-02T14:21:46","modified_gmt":"2026-03-02T14:21:46","slug":"nationalmuseum-luxemburger-militargeschichte","status":"publish","type":"product","link":"https:\/\/www.gero.lu\/de\/produit\/nationalmuseum-luxemburger-militargeschichte","title":{"rendered":"Nationalmuseum Luxemburger Milit\u00e4rgeschichte"},"content":{"rendered":"<p>Das Mus\u00e9e National d\u2019Histoire Militaire in Diekirch erlaubt anhand zahlreicher Dioramen und Exponate einen spannenden Einblick in die dramatischen und tragischen Situationen, in der sich sowohl Soldaten als auch Zivilisten w\u00e4hrend des Zweiten Weltkriegs befanden. Herzst\u00fcck des Museums ist die detailgetreue Nachbildung der n\u00e4chtlichen Sauer\u00fcberquerung w\u00e4hrend der Ardennenoffensive bei Diekirch am 18. Januar 1945 durch Einheiten der 5. US-Infanteriedivision. Entdecken Sie in sachkundiger Begleitung von Frank Rockenbrod, Pr\u00e4sident und Mitbegr\u00fcnder des Mus\u00e9e National d&#8216; Histoire Militaire, ein wichtiges Kapitel Luxemburger Zeitgeschichte.<\/p>\n","protected":false},"excerpt":{"rendered":"<p>Das Mus\u00e9e National d\u2019Histoire Militaire in Diekirch erlaubt anhand zahlreicher Dioramen und Exponate einen spannenden Einblick in die dramatischen und tragischen Situationen, in der sich sowohl Soldaten als auch Zivilisten w\u00e4hrend des Zweiten Weltkriegs befanden. Herzst\u00fcck des Museums ist die detailgetreue Nachbildung der n\u00e4chtlichen Sauer\u00fcberquerung w\u00e4hrend der Ardennenoffensive bei Diekirch am 18. Januar 1945 durch [&hellip;]<\/p>\n","protected":false},"featured_media":10001,"comment_status":"closed","ping_status":"closed","template":"","meta":{"_acf_changed":false,"inline_featured_image":false},"product_brand":[],"product_cat":[230],"product_tag":[199],"class_list":{"0":"post-9722","1":"product","2":"type-product","3":"status-publish","4":"has-post-thumbnail","6":"product_cat-visite","7":"product_tag-culture-senior","9":"first","10":"outofstock","11":"virtual","12":"purchasable","13":"product-type-simple"},"acf":[],"yoast_head":"<!-- This site is optimized with the Yoast SEO Premium plugin v27.4 (Yoast SEO v27.5) - https:\/\/yoast.com\/product\/yoast-seo-premium-wordpress\/ -->\n<title>Nationalmuseum Luxemburger Milit\u00e4rgeschichte - GERO<\/title>\n<meta name=\"robots\" content=\"index, follow, max-snippet:-1, max-image-preview:large, max-video-preview:-1\" \/>\n<link rel=\"canonical\" href=\"https:\/\/www.gero.lu\/de\/produit\/nationalmuseum-luxemburger-militargeschichte\" \/>\n<meta property=\"og:locale\" content=\"de_DE\" \/>\n<meta property=\"og:type\" content=\"article\" \/>\n<meta property=\"og:title\" content=\"Nationalmuseum Luxemburger Milit\u00e4rgeschichte\" \/>\n<meta property=\"og:description\" content=\"Das Mus\u00e9e National d\u2019Histoire Militaire in Diekirch erlaubt anhand zahlreicher Dioramen und Exponate einen spannenden Einblick in die dramatischen und tragischen Situationen, in der sich sowohl Soldaten als auch Zivilisten w\u00e4hrend des Zweiten Weltkriegs befanden. Herzst\u00fcck des Museums ist die detailgetreue Nachbildung der n\u00e4chtlichen Sauer\u00fcberquerung w\u00e4hrend der Ardennenoffensive bei Diekirch am 18. Januar 1945 durch [&hellip;]\" \/>\n<meta property=\"og:url\" content=\"https:\/\/www.gero.lu\/de\/produit\/nationalmuseum-luxemburger-militargeschichte\" \/>\n<meta property=\"og:site_name\" content=\"GERO\" \/>\n<meta property=\"article:publisher\" content=\"https:\/\/www.facebook.com\/Kompetenzzenter\/\" \/>\n<meta property=\"article:modified_time\" content=\"2026-03-02T14:21:46+00:00\" \/>\n<meta property=\"og:image\" content=\"https:\/\/www.gero.lu\/wp-content\/uploads\/2025\/08\/2022_01_25-musee_militaire_diekirch-013_jhb0010.jpg\" \/>\n\t<meta property=\"og:image:width\" content=\"1920\" \/>\n\t<meta property=\"og:image:height\" content=\"1278\" \/>\n\t<meta property=\"og:image:type\" content=\"image\/jpeg\" \/>\n<meta name=\"twitter:card\" content=\"summary_large_image\" \/>\n<meta name=\"twitter:label1\" content=\"Gesch\u00e4tzte Lesezeit\" \/>\n\t<meta name=\"twitter:data1\" content=\"1\u00a0Minute\" \/>\n<script type=\"application\/ld+json\" class=\"yoast-schema-graph\">{\"@context\":\"https:\\\/\\\/schema.org\",\"@graph\":[{\"@type\":\"WebPage\",\"@id\":\"https:\\\/\\\/www.gero.lu\\\/de\\\/produit\\\/nationalmuseum-luxemburger-militargeschichte\",\"url\":\"https:\\\/\\\/www.gero.lu\\\/de\\\/produit\\\/nationalmuseum-luxemburger-militargeschichte\",\"name\":\"Nationalmuseum Luxemburger Milit\u00e4rgeschichte - GERO\",\"isPartOf\":{\"@id\":\"https:\\\/\\\/www.gero.lu\\\/de\\\/#website\"},\"primaryImageOfPage\":{\"@id\":\"https:\\\/\\\/www.gero.lu\\\/de\\\/produit\\\/nationalmuseum-luxemburger-militargeschichte#primaryimage\"},\"image\":{\"@id\":\"https:\\\/\\\/www.gero.lu\\\/produit\\\/nationalmuseum-luxemburger-militargeschichte#primaryimage\"},\"thumbnailUrl\":\"https:\\\/\\\/www.gero.lu\\\/wp-content\\\/uploads\\\/2025\\\/08\\\/2022_01_25-musee_militaire_diekirch-013_jhb0010.jpg\",\"datePublished\":\"2025-08-08T14:22:17+00:00\",\"dateModified\":\"2026-03-02T14:21:46+00:00\",\"breadcrumb\":{\"@id\":\"https:\\\/\\\/www.gero.lu\\\/de\\\/produit\\\/nationalmuseum-luxemburger-militargeschichte#breadcrumb\"},\"inLanguage\":\"de\",\"potentialAction\":[{\"@type\":\"ReadAction\",\"target\":[[\"https:\\\/\\\/www.gero.lu\\\/de\\\/produit\\\/nationalmuseum-luxemburger-militargeschichte\"]]}]},{\"@type\":\"ImageObject\",\"inLanguage\":\"de\",\"@id\":\"https:\\\/\\\/www.gero.lu\\\/de\\\/produit\\\/nationalmuseum-luxemburger-militargeschichte#primaryimage\",\"url\":\"https:\\\/\\\/www.gero.lu\\\/wp-content\\\/uploads\\\/2025\\\/08\\\/2022_01_25-musee_militaire_diekirch-013_jhb0010.jpg\",\"contentUrl\":\"https:\\\/\\\/www.gero.lu\\\/wp-content\\\/uploads\\\/2025\\\/08\\\/2022_01_25-musee_militaire_diekirch-013_jhb0010.jpg\",\"width\":1920,\"height\":1278},{\"@type\":\"BreadcrumbList\",\"@id\":\"https:\\\/\\\/www.gero.lu\\\/de\\\/produit\\\/nationalmuseum-luxemburger-militargeschichte#breadcrumb\",\"itemListElement\":[{\"@type\":\"ListItem\",\"position\":1,\"name\":\"Accueil\",\"item\":\"https:\\\/\\\/www.gero.lu\\\/de\\\/\"},{\"@type\":\"ListItem\",\"position\":2,\"name\":\"Shop\",\"item\":\"https:\\\/\\\/www.gero.lu\\\/de\\\/shop\"},{\"@type\":\"ListItem\",\"position\":3,\"name\":\"Nationalmuseum Luxemburger Milit\u00e4rgeschichte\"}]},{\"@type\":\"WebSite\",\"@id\":\"https:\\\/\\\/www.gero.lu\\\/de\\\/#website\",\"url\":\"https:\\\/\\\/www.gero.lu\\\/de\\\/\",\"name\":\"Gero\",\"description\":\"Kompetenzzenter fir den Alter\",\"publisher\":{\"@id\":\"https:\\\/\\\/www.gero.lu\\\/de\\\/#organization\"},\"potentialAction\":[{\"@type\":\"SearchAction\",\"target\":{\"@type\":\"EntryPoint\",\"urlTemplate\":\"https:\\\/\\\/www.gero.lu\\\/de\\\/?s={search_term_string}\"},\"query-input\":{\"@type\":\"PropertyValueSpecification\",\"valueRequired\":true,\"valueName\":\"search_term_string\"}}],\"inLanguage\":\"de\"},{\"@type\":\"Organization\",\"@id\":\"https:\\\/\\\/www.gero.lu\\\/de\\\/#organization\",\"name\":\"Gero\",\"url\":\"https:\\\/\\\/www.gero.lu\\\/de\\\/\",\"logo\":{\"@type\":\"ImageObject\",\"inLanguage\":\"de\",\"@id\":\"https:\\\/\\\/www.gero.lu\\\/de\\\/#\\\/schema\\\/logo\\\/image\\\/\",\"url\":\"https:\\\/\\\/www.gero.lu\\\/wp-content\\\/uploads\\\/2024\\\/04\\\/logo.svg\",\"contentUrl\":\"https:\\\/\\\/www.gero.lu\\\/wp-content\\\/uploads\\\/2024\\\/04\\\/logo.svg\",\"width\":76,\"height\":30,\"caption\":\"Gero\"},\"image\":{\"@id\":\"https:\\\/\\\/www.gero.lu\\\/de\\\/#\\\/schema\\\/logo\\\/image\\\/\"},\"sameAs\":[\"https:\\\/\\\/www.facebook.com\\\/Kompetenzzenter\\\/\",\"https:\\\/\\\/www.instagram.com\\\/gero.kompetenzzenter\\\/\",\"https:\\\/\\\/linkedin.com\\\/company\\\/gero-kompetenzzenter-fir-den-alter\",\"https:\\\/\\\/www.youtube.com\\\/channel\\\/UCJvmJYSeHh3dYQsLHZupj-Q\"]}]}<\/script>\n<!-- \/ Yoast SEO Premium plugin. -->","yoast_head_json":{"title":"Nationalmuseum Luxemburger Milit\u00e4rgeschichte - GERO","robots":{"index":"index","follow":"follow","max-snippet":"max-snippet:-1","max-image-preview":"max-image-preview:large","max-video-preview":"max-video-preview:-1"},"canonical":"https:\/\/www.gero.lu\/de\/produit\/nationalmuseum-luxemburger-militargeschichte","og_locale":"de_DE","og_type":"article","og_title":"Nationalmuseum Luxemburger Milit\u00e4rgeschichte","og_description":"Das Mus\u00e9e National d\u2019Histoire Militaire in Diekirch erlaubt anhand zahlreicher Dioramen und Exponate einen spannenden Einblick in die dramatischen und tragischen Situationen, in der sich sowohl Soldaten als auch Zivilisten w\u00e4hrend des Zweiten Weltkriegs befanden. Herzst\u00fcck des Museums ist die detailgetreue Nachbildung der n\u00e4chtlichen Sauer\u00fcberquerung w\u00e4hrend der Ardennenoffensive bei Diekirch am 18. Januar 1945 durch [&hellip;]","og_url":"https:\/\/www.gero.lu\/de\/produit\/nationalmuseum-luxemburger-militargeschichte","og_site_name":"GERO","article_publisher":"https:\/\/www.facebook.com\/Kompetenzzenter\/","article_modified_time":"2026-03-02T14:21:46+00:00","og_image":[{"width":1920,"height":1278,"url":"https:\/\/www.gero.lu\/wp-content\/uploads\/2025\/08\/2022_01_25-musee_militaire_diekirch-013_jhb0010.jpg","type":"image\/jpeg"}],"twitter_card":"summary_large_image","twitter_misc":{"Gesch\u00e4tzte Lesezeit":"1\u00a0Minute"},"schema":{"@context":"https:\/\/schema.org","@graph":[{"@type":"WebPage","@id":"https:\/\/www.gero.lu\/de\/produit\/nationalmuseum-luxemburger-militargeschichte","url":"https:\/\/www.gero.lu\/de\/produit\/nationalmuseum-luxemburger-militargeschichte","name":"Nationalmuseum Luxemburger Milit\u00e4rgeschichte - GERO","isPartOf":{"@id":"https:\/\/www.gero.lu\/de\/#website"},"primaryImageOfPage":{"@id":"https:\/\/www.gero.lu\/de\/produit\/nationalmuseum-luxemburger-militargeschichte#primaryimage"},"image":{"@id":"https:\/\/www.gero.lu\/produit\/nationalmuseum-luxemburger-militargeschichte#primaryimage"},"thumbnailUrl":"https:\/\/www.gero.lu\/wp-content\/uploads\/2025\/08\/2022_01_25-musee_militaire_diekirch-013_jhb0010.jpg","datePublished":"2025-08-08T14:22:17+00:00","dateModified":"2026-03-02T14:21:46+00:00","breadcrumb":{"@id":"https:\/\/www.gero.lu\/de\/produit\/nationalmuseum-luxemburger-militargeschichte#breadcrumb"},"inLanguage":"de","potentialAction":[{"@type":"ReadAction","target":[["https:\/\/www.gero.lu\/de\/produit\/nationalmuseum-luxemburger-militargeschichte"]]}]},{"@type":"ImageObject","inLanguage":"de","@id":"https:\/\/www.gero.lu\/de\/produit\/nationalmuseum-luxemburger-militargeschichte#primaryimage","url":"https:\/\/www.gero.lu\/wp-content\/uploads\/2025\/08\/2022_01_25-musee_militaire_diekirch-013_jhb0010.jpg","contentUrl":"https:\/\/www.gero.lu\/wp-content\/uploads\/2025\/08\/2022_01_25-musee_militaire_diekirch-013_jhb0010.jpg","width":1920,"height":1278},{"@type":"BreadcrumbList","@id":"https:\/\/www.gero.lu\/de\/produit\/nationalmuseum-luxemburger-militargeschichte#breadcrumb","itemListElement":[{"@type":"ListItem","position":1,"name":"Accueil","item":"https:\/\/www.gero.lu\/de\/"},{"@type":"ListItem","position":2,"name":"Shop","item":"https:\/\/www.gero.lu\/de\/shop"},{"@type":"ListItem","position":3,"name":"Nationalmuseum Luxemburger Milit\u00e4rgeschichte"}]},{"@type":"WebSite","@id":"https:\/\/www.gero.lu\/de\/#website","url":"https:\/\/www.gero.lu\/de\/","name":"Gero","description":"Kompetenzzenter fir den Alter","publisher":{"@id":"https:\/\/www.gero.lu\/de\/#organization"},"potentialAction":[{"@type":"SearchAction","target":{"@type":"EntryPoint","urlTemplate":"https:\/\/www.gero.lu\/de\/?s={search_term_string}"},"query-input":{"@type":"PropertyValueSpecification","valueRequired":true,"valueName":"search_term_string"}}],"inLanguage":"de"},{"@type":"Organization","@id":"https:\/\/www.gero.lu\/de\/#organization","name":"Gero","url":"https:\/\/www.gero.lu\/de\/","logo":{"@type":"ImageObject","inLanguage":"de","@id":"https:\/\/www.gero.lu\/de\/#\/schema\/logo\/image\/","url":"https:\/\/www.gero.lu\/wp-content\/uploads\/2024\/04\/logo.svg","contentUrl":"https:\/\/www.gero.lu\/wp-content\/uploads\/2024\/04\/logo.svg","width":76,"height":30,"caption":"Gero"},"image":{"@id":"https:\/\/www.gero.lu\/de\/#\/schema\/logo\/image\/"},"sameAs":["https:\/\/www.facebook.com\/Kompetenzzenter\/","https:\/\/www.instagram.com\/gero.kompetenzzenter\/","https:\/\/linkedin.com\/company\/gero-kompetenzzenter-fir-den-alter","https:\/\/www.youtube.com\/channel\/UCJvmJYSeHh3dYQsLHZupj-Q"]}]}},"_links":{"self":[{"href":"https:\/\/www.gero.lu\/de\/wp-json\/wp\/v2\/product\/9722","targetHints":{"allow":["GET"]}}],"collection":[{"href":"https:\/\/www.gero.lu\/de\/wp-json\/wp\/v2\/product"}],"about":[{"href":"https:\/\/www.gero.lu\/de\/wp-json\/wp\/v2\/types\/product"}],"replies":[{"embeddable":true,"href":"https:\/\/www.gero.lu\/de\/wp-json\/wp\/v2\/comments?post=9722"}],"wp:featuredmedia":[{"embeddable":true,"href":"https:\/\/www.gero.lu\/de\/wp-json\/wp\/v2\/media\/10001"}],"wp:attachment":[{"href":"https:\/\/www.gero.lu\/de\/wp-json\/wp\/v2\/media?parent=9722"}],"wp:term":[{"taxonomy":"product_brand","embeddable":true,"href":"https:\/\/www.gero.lu\/de\/wp-json\/wp\/v2\/product_brand?post=9722"},{"taxonomy":"product_cat","embeddable":true,"href":"https:\/\/www.gero.lu\/de\/wp-json\/wp\/v2\/product_cat?post=9722"},{"taxonomy":"product_tag","embeddable":true,"href":"https:\/\/www.gero.lu\/de\/wp-json\/wp\/v2\/product_tag?post=9722"}],"curies":[{"name":"wp","href":"https:\/\/api.w.org\/{rel}","templated":true}]}}

Nationalmuseum Luxemburger Militärgeschichte

<p>Das Musée National d’Histoire Militaire in Diekirch erlaubt anhand zahlreicher Dioramen und Exponate einen spannenden Einblick in die dramatischen und tragischen Situationen, in der sich sowohl Soldaten als auch Zivilisten während des Zweiten Weltkriegs befanden. Herzstück des Museums ist die detailgetreue Nachbildung der nächtlichen Sauerüberquerung während der Ardennenoffensive bei Diekirch am 18. Januar 1945 durch Einheiten der 5. US-Infanteriedivision. Entdecken Sie in sachkundiger Begleitung von Frank Rockenbrod, Präsident und Mitbegründer des Musée National d&#8216; Histoire Militaire, ein wichtiges Kapitel Luxemburger Zeitgeschichte.</p>

<p>Das Musée National d’Histoire Militaire in Diekirch erlaubt anhand zahlreicher Dioramen und Exponate einen spannenden Einblick in die dramatischen und tragischen Situationen, in der sich sowohl Soldaten als auch Zivilisten während des Zweiten Weltkriegs befanden. Herzstück des Museums ist die detailgetreue Nachbildung der nächtlichen Sauerüberquerung während der Ardennenoffensive bei Diekirch am 18. Januar 1945 durch [&hellip;]</p>

<!-- This site is optimized with the Yoast SEO Premium plugin v27.4 (Yoast SEO v27.5) - https://yoast.com/product/yoast-seo-premium-wordpress/ -->
<title>Nationalmuseum Luxemburger Militärgeschichte - GERO</title>
<meta name="robots" content="index, follow, max-snippet:-1, max-image-preview:large, max-video-preview:-1" />
<link rel="canonical" href="https://www.gero.lu/de/produit/nationalmuseum-luxemburger-militargeschichte" />
<meta property="og:locale" content="de_DE" />
<meta property="og:type" content="article" />
<meta property="og:title" content="Nationalmuseum Luxemburger Militärgeschichte" />
<meta property="og:description" content="Das Musée National d’Histoire Militaire in Diekirch erlaubt anhand zahlreicher Dioramen und Exponate einen spannenden Einblick in die dramatischen und tragischen Situationen, in der sich sowohl Soldaten als auch Zivilisten während des Zweiten Weltkriegs befanden. Herzstück des Museums ist die detailgetreue Nachbildung der nächtlichen Sauerüberquerung während der Ardennenoffensive bei Diekirch am 18. Januar 1945 durch [&hellip;]" />
<meta property="og:url" content="https://www.gero.lu/de/produit/nationalmuseum-luxemburger-militargeschichte" />
<meta property="og:site_name" content="GERO" />
<meta property="article:publisher" content="https://www.facebook.com/Kompetenzzenter/" />
<meta property="article:modified_time" content="2026-03-02T14:21:46+00:00" />
<meta property="og:image" content="https://www.gero.lu/wp-content/uploads/2025/08/2022_01_25-musee_militaire_diekirch-013_jhb0010.jpg" />
	<meta property="og:image:width" content="1920" />
	<meta property="og:image:height" content="1278" />
	<meta property="og:image:type" content="image/jpeg" />
<meta name="twitter:card" content="summary_large_image" />
<meta name="twitter:label1" content="Geschätzte Lesezeit" />
	<meta name="twitter:data1" content="1 Minute" />
<script type="application/ld+json" class="yoast-schema-graph">{"@context":"https:\/\/schema.org","@graph":[{"@type":"WebPage","@id":"https:\/\/www.gero.lu\/de\/produit\/nationalmuseum-luxemburger-militargeschichte","url":"https:\/\/www.gero.lu\/de\/produit\/nationalmuseum-luxemburger-militargeschichte","name":"Nationalmuseum Luxemburger Militärgeschichte - GERO","isPartOf":{"@id":"https:\/\/www.gero.lu\/de\/#website"},"primaryImageOfPage":{"@id":"https:\/\/www.gero.lu\/de\/produit\/nationalmuseum-luxemburger-militargeschichte#primaryimage"},"image":{"@id":"https:\/\/www.gero.lu\/produit\/nationalmuseum-luxemburger-militargeschichte#primaryimage"},"thumbnailUrl":"https:\/\/www.gero.lu\/wp-content\/uploads\/2025\/08\/2022_01_25-musee_militaire_diekirch-013_jhb0010.jpg","datePublished":"2025-08-08T14:22:17+00:00","dateModified":"2026-03-02T14:21:46+00:00","breadcrumb":{"@id":"https:\/\/www.gero.lu\/de\/produit\/nationalmuseum-luxemburger-militargeschichte#breadcrumb"},"inLanguage":"de","potentialAction":[{"@type":"ReadAction","target":[["https:\/\/www.gero.lu\/de\/produit\/nationalmuseum-luxemburger-militargeschichte"]]}]},{"@type":"ImageObject","inLanguage":"de","@id":"https:\/\/www.gero.lu\/de\/produit\/nationalmuseum-luxemburger-militargeschichte#primaryimage","url":"https:\/\/www.gero.lu\/wp-content\/uploads\/2025\/08\/2022_01_25-musee_militaire_diekirch-013_jhb0010.jpg","contentUrl":"https:\/\/www.gero.lu\/wp-content\/uploads\/2025\/08\/2022_01_25-musee_militaire_diekirch-013_jhb0010.jpg","width":1920,"height":1278},{"@type":"BreadcrumbList","@id":"https:\/\/www.gero.lu\/de\/produit\/nationalmuseum-luxemburger-militargeschichte#breadcrumb","itemListElement":[{"@type":"ListItem","position":1,"name":"Accueil","item":"https:\/\/www.gero.lu\/de\/"},{"@type":"ListItem","position":2,"name":"Shop","item":"https:\/\/www.gero.lu\/de\/shop"},{"@type":"ListItem","position":3,"name":"Nationalmuseum Luxemburger Militärgeschichte"}]},{"@type":"WebSite","@id":"https:\/\/www.gero.lu\/de\/#website","url":"https:\/\/www.gero.lu\/de\/","name":"Gero","description":"Kompetenzzenter fir den Alter","publisher":{"@id":"https:\/\/www.gero.lu\/de\/#organization"},"potentialAction":[{"@type":"SearchAction","target":{"@type":"EntryPoint","urlTemplate":"https:\/\/www.gero.lu\/de\/?s={search_term_string}"},"query-input":{"@type":"PropertyValueSpecification","valueRequired":true,"valueName":"search_term_string"}}],"inLanguage":"de"},{"@type":"Organization","@id":"https:\/\/www.gero.lu\/de\/#organization","name":"Gero","url":"https:\/\/www.gero.lu\/de\/","logo":{"@type":"ImageObject","inLanguage":"de","@id":"https:\/\/www.gero.lu\/de\/#\/schema\/logo\/image\/","url":"https:\/\/www.gero.lu\/wp-content\/uploads\/2024\/04\/logo.svg","contentUrl":"https:\/\/www.gero.lu\/wp-content\/uploads\/2024\/04\/logo.svg","width":76,"height":30,"caption":"Gero"},"image":{"@id":"https:\/\/www.gero.lu\/de\/#\/schema\/logo\/image\/"},"sameAs":["https:\/\/www.facebook.com\/Kompetenzzenter\/","https:\/\/www.instagram.com\/gero.kompetenzzenter\/","https:\/\/linkedin.com\/company\/gero-kompetenzzenter-fir-den-alter","https:\/\/www.youtube.com\/channel\/UCJvmJYSeHh3dYQsLHZupj-Q"]}]}</script>
<!-- / Yoast SEO Premium plugin. -->

Nationalmuseum Luxemburger Militärgeschichte - GERO

Das Musée National d’Histoire Militaire in Diekirch erlaubt anhand zahlreicher Dioramen und Exponate einen spannenden Einblick in die dramatischen und tragischen Situationen, in der sich sowohl Soldaten als auch Zivilisten während des Zweiten Weltkriegs befanden. Herzstück des Museums ist die detailgetreue Nachbildung der nächtlichen Sauerüberquerung während der Ardennenoffensive bei Diekirch am 18. Januar 1945 durch [&hellip;]
