{"id":9717,"date":"2025-08-08T14:22:05","date_gmt":"2025-08-08T14:22:05","guid":{"rendered":"https:\/\/www.gero.lu\/produit\/christmas-with-elvis-the-divas-tour-2025"},"modified":"2025-12-10T09:21:34","modified_gmt":"2025-12-10T09:21:34","slug":"christmas-with-elvis-the-divas-tour-2025","status":"publish","type":"product","link":"https:\/\/www.gero.lu\/de\/produit\/christmas-with-elvis-the-divas-tour-2025","title":{"rendered":"CHRISTMAS with ELVIS &amp; THE DIVAS &#8211; TOUR 2025"},"content":{"rendered":"<p>Wir pr\u00e4sentieren Ihnen in der Vorweihnachtszeit 2025 einen<br \/>\nbesinnlich-sch\u00f6nen Konzertnachmittag mit zwei au\u00dfergew\u00f6hnlichen K\u00fcnstlern. Erleben Sie Steven Pitman und Cheyenne Janas mit den sch\u00f6nsten Christmas-, Gospel- und Lovesongs.<\/p>\n<p>En cette p\u00e9riode de l\u2019Avent 2025, nous vous proposons un apr\u00e8s-midi de concert empreint d\u2019\u00e9motion, en compagnie de deux artistes exceptionnels.<br \/>\nVivez un moment intime et authentique avec Steven Pitman et Cheyenne Janas interpr\u00e9tant les plus belles chansons de No\u00ebl, de gospel et d\u2019amour.<\/p>\n","protected":false},"excerpt":{"rendered":"<p>Wir pr\u00e4sentieren Ihnen in der Vorweihnachtszeit 2025 einen besinnlich-sch\u00f6nen Konzertnachmittag mit zwei au\u00dfergew\u00f6hnlichen K\u00fcnstlern. Erleben Sie Steven Pitman und Cheyenne Janas mit den sch\u00f6nsten Christmas-, Gospel- und Lovesongs. En cette p\u00e9riode de l\u2019Avent 2025, nous vous proposons un apr\u00e8s-midi de concert empreint d\u2019\u00e9motion, en compagnie de deux artistes exceptionnels. Vivez un moment intime et authentique [&hellip;]<\/p>\n","protected":false},"featured_media":0,"comment_status":"closed","ping_status":"closed","template":"","meta":{"_acf_changed":false,"inline_featured_image":false},"product_brand":[],"product_cat":[232],"product_tag":[199],"class_list":{"0":"post-9717","1":"product","2":"type-product","3":"status-publish","5":"product_cat-divers","6":"product_tag-culture-senior","8":"first","9":"instock","10":"virtual","11":"purchasable","12":"product-type-simple"},"acf":[],"yoast_head":"<!-- This site is optimized with the Yoast SEO Premium plugin v27.4 (Yoast SEO v27.5) - https:\/\/yoast.com\/product\/yoast-seo-premium-wordpress\/ -->\n<title>CHRISTMAS with ELVIS &amp; THE DIVAS - TOUR 2025 - GERO<\/title>\n<meta name=\"robots\" content=\"index, follow, max-snippet:-1, max-image-preview:large, max-video-preview:-1\" \/>\n<link rel=\"canonical\" href=\"https:\/\/www.gero.lu\/de\/produit\/christmas-with-elvis-the-divas-tour-2025\" \/>\n<meta property=\"og:locale\" content=\"de_DE\" \/>\n<meta property=\"og:type\" content=\"article\" \/>\n<meta property=\"og:title\" content=\"CHRISTMAS with ELVIS &amp; THE DIVAS - TOUR 2025\" \/>\n<meta property=\"og:description\" content=\"Wir pr\u00e4sentieren Ihnen in der Vorweihnachtszeit 2025 einen besinnlich-sch\u00f6nen Konzertnachmittag mit zwei au\u00dfergew\u00f6hnlichen K\u00fcnstlern. Erleben Sie Steven Pitman und Cheyenne Janas mit den sch\u00f6nsten Christmas-, Gospel- und Lovesongs. En cette p\u00e9riode de l\u2019Avent 2025, nous vous proposons un apr\u00e8s-midi de concert empreint d\u2019\u00e9motion, en compagnie de deux artistes exceptionnels. Vivez un moment intime et authentique [&hellip;]\" \/>\n<meta property=\"og:url\" content=\"https:\/\/www.gero.lu\/de\/produit\/christmas-with-elvis-the-divas-tour-2025\" \/>\n<meta property=\"og:site_name\" content=\"GERO\" \/>\n<meta property=\"article:publisher\" content=\"https:\/\/www.facebook.com\/Kompetenzzenter\/\" \/>\n<meta property=\"article:modified_time\" content=\"2025-12-10T09:21:34+00:00\" \/>\n<meta property=\"og:image\" content=\"https:\/\/www.gero.lu\/wp-content\/uploads\/2021\/08\/gettyimages-1135289130-2048x2048_RET-1.jpg\" \/>\n\t<meta property=\"og:image:width\" content=\"1227\" \/>\n\t<meta property=\"og:image:height\" content=\"802\" \/>\n\t<meta property=\"og:image:type\" content=\"image\/jpeg\" \/>\n<meta name=\"twitter:card\" content=\"summary_large_image\" \/>\n<meta name=\"twitter:label1\" content=\"Gesch\u00e4tzte Lesezeit\" \/>\n\t<meta name=\"twitter:data1\" content=\"1\u00a0Minute\" \/>\n<script type=\"application\/ld+json\" class=\"yoast-schema-graph\">{\"@context\":\"https:\\\/\\\/schema.org\",\"@graph\":[{\"@type\":\"WebPage\",\"@id\":\"https:\\\/\\\/www.gero.lu\\\/de\\\/produit\\\/christmas-with-elvis-the-divas-tour-2025\",\"url\":\"https:\\\/\\\/www.gero.lu\\\/de\\\/produit\\\/christmas-with-elvis-the-divas-tour-2025\",\"name\":\"CHRISTMAS with ELVIS &amp; THE DIVAS - TOUR 2025 - GERO\",\"isPartOf\":{\"@id\":\"https:\\\/\\\/www.gero.lu\\\/de\\\/#website\"},\"datePublished\":\"2025-08-08T14:22:05+00:00\",\"dateModified\":\"2025-12-10T09:21:34+00:00\",\"breadcrumb\":{\"@id\":\"https:\\\/\\\/www.gero.lu\\\/de\\\/produit\\\/christmas-with-elvis-the-divas-tour-2025#breadcrumb\"},\"inLanguage\":\"de\",\"potentialAction\":[{\"@type\":\"ReadAction\",\"target\":[[\"https:\\\/\\\/www.gero.lu\\\/de\\\/produit\\\/christmas-with-elvis-the-divas-tour-2025\"]]}]},{\"@type\":\"BreadcrumbList\",\"@id\":\"https:\\\/\\\/www.gero.lu\\\/de\\\/produit\\\/christmas-with-elvis-the-divas-tour-2025#breadcrumb\",\"itemListElement\":[{\"@type\":\"ListItem\",\"position\":1,\"name\":\"Accueil\",\"item\":\"https:\\\/\\\/www.gero.lu\\\/de\\\/\"},{\"@type\":\"ListItem\",\"position\":2,\"name\":\"Shop\",\"item\":\"https:\\\/\\\/www.gero.lu\\\/de\\\/shop\"},{\"@type\":\"ListItem\",\"position\":3,\"name\":\"CHRISTMAS with ELVIS &amp; THE DIVAS &#8211; TOUR 2025\"}]},{\"@type\":\"WebSite\",\"@id\":\"https:\\\/\\\/www.gero.lu\\\/de\\\/#website\",\"url\":\"https:\\\/\\\/www.gero.lu\\\/de\\\/\",\"name\":\"Gero\",\"description\":\"Kompetenzzenter fir den Alter\",\"publisher\":{\"@id\":\"https:\\\/\\\/www.gero.lu\\\/de\\\/#organization\"},\"potentialAction\":[{\"@type\":\"SearchAction\",\"target\":{\"@type\":\"EntryPoint\",\"urlTemplate\":\"https:\\\/\\\/www.gero.lu\\\/de\\\/?s={search_term_string}\"},\"query-input\":{\"@type\":\"PropertyValueSpecification\",\"valueRequired\":true,\"valueName\":\"search_term_string\"}}],\"inLanguage\":\"de\"},{\"@type\":\"Organization\",\"@id\":\"https:\\\/\\\/www.gero.lu\\\/de\\\/#organization\",\"name\":\"Gero\",\"url\":\"https:\\\/\\\/www.gero.lu\\\/de\\\/\",\"logo\":{\"@type\":\"ImageObject\",\"inLanguage\":\"de\",\"@id\":\"https:\\\/\\\/www.gero.lu\\\/de\\\/#\\\/schema\\\/logo\\\/image\\\/\",\"url\":\"https:\\\/\\\/www.gero.lu\\\/wp-content\\\/uploads\\\/2024\\\/04\\\/logo.svg\",\"contentUrl\":\"https:\\\/\\\/www.gero.lu\\\/wp-content\\\/uploads\\\/2024\\\/04\\\/logo.svg\",\"width\":76,\"height\":30,\"caption\":\"Gero\"},\"image\":{\"@id\":\"https:\\\/\\\/www.gero.lu\\\/de\\\/#\\\/schema\\\/logo\\\/image\\\/\"},\"sameAs\":[\"https:\\\/\\\/www.facebook.com\\\/Kompetenzzenter\\\/\",\"https:\\\/\\\/www.instagram.com\\\/gero.kompetenzzenter\\\/\",\"https:\\\/\\\/linkedin.com\\\/company\\\/gero-kompetenzzenter-fir-den-alter\",\"https:\\\/\\\/www.youtube.com\\\/channel\\\/UCJvmJYSeHh3dYQsLHZupj-Q\"]}]}<\/script>\n<!-- \/ Yoast SEO Premium plugin. -->","yoast_head_json":{"title":"CHRISTMAS with ELVIS &amp; THE DIVAS - TOUR 2025 - GERO","robots":{"index":"index","follow":"follow","max-snippet":"max-snippet:-1","max-image-preview":"max-image-preview:large","max-video-preview":"max-video-preview:-1"},"canonical":"https:\/\/www.gero.lu\/de\/produit\/christmas-with-elvis-the-divas-tour-2025","og_locale":"de_DE","og_type":"article","og_title":"CHRISTMAS with ELVIS &amp; THE DIVAS - TOUR 2025","og_description":"Wir pr\u00e4sentieren Ihnen in der Vorweihnachtszeit 2025 einen besinnlich-sch\u00f6nen Konzertnachmittag mit zwei au\u00dfergew\u00f6hnlichen K\u00fcnstlern. Erleben Sie Steven Pitman und Cheyenne Janas mit den sch\u00f6nsten Christmas-, Gospel- und Lovesongs. En cette p\u00e9riode de l\u2019Avent 2025, nous vous proposons un apr\u00e8s-midi de concert empreint d\u2019\u00e9motion, en compagnie de deux artistes exceptionnels. Vivez un moment intime et authentique [&hellip;]","og_url":"https:\/\/www.gero.lu\/de\/produit\/christmas-with-elvis-the-divas-tour-2025","og_site_name":"GERO","article_publisher":"https:\/\/www.facebook.com\/Kompetenzzenter\/","article_modified_time":"2025-12-10T09:21:34+00:00","og_image":[{"width":1227,"height":802,"url":"https:\/\/www.gero.lu\/wp-content\/uploads\/2021\/08\/gettyimages-1135289130-2048x2048_RET-1.jpg","type":"image\/jpeg"}],"twitter_card":"summary_large_image","twitter_misc":{"Gesch\u00e4tzte Lesezeit":"1\u00a0Minute"},"schema":{"@context":"https:\/\/schema.org","@graph":[{"@type":"WebPage","@id":"https:\/\/www.gero.lu\/de\/produit\/christmas-with-elvis-the-divas-tour-2025","url":"https:\/\/www.gero.lu\/de\/produit\/christmas-with-elvis-the-divas-tour-2025","name":"CHRISTMAS with ELVIS &amp; THE DIVAS - TOUR 2025 - GERO","isPartOf":{"@id":"https:\/\/www.gero.lu\/de\/#website"},"datePublished":"2025-08-08T14:22:05+00:00","dateModified":"2025-12-10T09:21:34+00:00","breadcrumb":{"@id":"https:\/\/www.gero.lu\/de\/produit\/christmas-with-elvis-the-divas-tour-2025#breadcrumb"},"inLanguage":"de","potentialAction":[{"@type":"ReadAction","target":[["https:\/\/www.gero.lu\/de\/produit\/christmas-with-elvis-the-divas-tour-2025"]]}]},{"@type":"BreadcrumbList","@id":"https:\/\/www.gero.lu\/de\/produit\/christmas-with-elvis-the-divas-tour-2025#breadcrumb","itemListElement":[{"@type":"ListItem","position":1,"name":"Accueil","item":"https:\/\/www.gero.lu\/de\/"},{"@type":"ListItem","position":2,"name":"Shop","item":"https:\/\/www.gero.lu\/de\/shop"},{"@type":"ListItem","position":3,"name":"CHRISTMAS with ELVIS &amp; THE DIVAS &#8211; TOUR 2025"}]},{"@type":"WebSite","@id":"https:\/\/www.gero.lu\/de\/#website","url":"https:\/\/www.gero.lu\/de\/","name":"Gero","description":"Kompetenzzenter fir den Alter","publisher":{"@id":"https:\/\/www.gero.lu\/de\/#organization"},"potentialAction":[{"@type":"SearchAction","target":{"@type":"EntryPoint","urlTemplate":"https:\/\/www.gero.lu\/de\/?s={search_term_string}"},"query-input":{"@type":"PropertyValueSpecification","valueRequired":true,"valueName":"search_term_string"}}],"inLanguage":"de"},{"@type":"Organization","@id":"https:\/\/www.gero.lu\/de\/#organization","name":"Gero","url":"https:\/\/www.gero.lu\/de\/","logo":{"@type":"ImageObject","inLanguage":"de","@id":"https:\/\/www.gero.lu\/de\/#\/schema\/logo\/image\/","url":"https:\/\/www.gero.lu\/wp-content\/uploads\/2024\/04\/logo.svg","contentUrl":"https:\/\/www.gero.lu\/wp-content\/uploads\/2024\/04\/logo.svg","width":76,"height":30,"caption":"Gero"},"image":{"@id":"https:\/\/www.gero.lu\/de\/#\/schema\/logo\/image\/"},"sameAs":["https:\/\/www.facebook.com\/Kompetenzzenter\/","https:\/\/www.instagram.com\/gero.kompetenzzenter\/","https:\/\/linkedin.com\/company\/gero-kompetenzzenter-fir-den-alter","https:\/\/www.youtube.com\/channel\/UCJvmJYSeHh3dYQsLHZupj-Q"]}]}},"_links":{"self":[{"href":"https:\/\/www.gero.lu\/de\/wp-json\/wp\/v2\/product\/9717","targetHints":{"allow":["GET"]}}],"collection":[{"href":"https:\/\/www.gero.lu\/de\/wp-json\/wp\/v2\/product"}],"about":[{"href":"https:\/\/www.gero.lu\/de\/wp-json\/wp\/v2\/types\/product"}],"replies":[{"embeddable":true,"href":"https:\/\/www.gero.lu\/de\/wp-json\/wp\/v2\/comments?post=9717"}],"wp:attachment":[{"href":"https:\/\/www.gero.lu\/de\/wp-json\/wp\/v2\/media?parent=9717"}],"wp:term":[{"taxonomy":"product_brand","embeddable":true,"href":"https:\/\/www.gero.lu\/de\/wp-json\/wp\/v2\/product_brand?post=9717"},{"taxonomy":"product_cat","embeddable":true,"href":"https:\/\/www.gero.lu\/de\/wp-json\/wp\/v2\/product_cat?post=9717"},{"taxonomy":"product_tag","embeddable":true,"href":"https:\/\/www.gero.lu\/de\/wp-json\/wp\/v2\/product_tag?post=9717"}],"curies":[{"name":"wp","href":"https:\/\/api.w.org\/{rel}","templated":true}]}}

<p>Wir präsentieren Ihnen in der Vorweihnachtszeit 2025 einen<br />
besinnlich-schönen Konzertnachmittag mit zwei außergewöhnlichen Künstlern. Erleben Sie Steven Pitman und Cheyenne Janas mit den schönsten Christmas-, Gospel- und Lovesongs.</p>
<p>En cette période de l’Avent 2025, nous vous proposons un après-midi de concert empreint d’émotion, en compagnie de deux artistes exceptionnels.<br />
Vivez un moment intime et authentique avec Steven Pitman et Cheyenne Janas interprétant les plus belles chansons de Noël, de gospel et d’amour.</p>

<p>Wir präsentieren Ihnen in der Vorweihnachtszeit 2025 einen besinnlich-schönen Konzertnachmittag mit zwei außergewöhnlichen Künstlern. Erleben Sie Steven Pitman und Cheyenne Janas mit den schönsten Christmas-, Gospel- und Lovesongs. En cette période de l’Avent 2025, nous vous proposons un après-midi de concert empreint d’émotion, en compagnie de deux artistes exceptionnels. Vivez un moment intime et authentique [&hellip;]</p>

<!-- This site is optimized with the Yoast SEO Premium plugin v27.4 (Yoast SEO v27.5) - https://yoast.com/product/yoast-seo-premium-wordpress/ -->
<title>CHRISTMAS with ELVIS &amp; THE DIVAS - TOUR 2025 - GERO</title>
<meta name="robots" content="index, follow, max-snippet:-1, max-image-preview:large, max-video-preview:-1" />
<link rel="canonical" href="https://www.gero.lu/de/produit/christmas-with-elvis-the-divas-tour-2025" />
<meta property="og:locale" content="de_DE" />
<meta property="og:type" content="article" />
<meta property="og:title" content="CHRISTMAS with ELVIS &amp; THE DIVAS - TOUR 2025" />
<meta property="og:description" content="Wir präsentieren Ihnen in der Vorweihnachtszeit 2025 einen besinnlich-schönen Konzertnachmittag mit zwei außergewöhnlichen Künstlern. Erleben Sie Steven Pitman und Cheyenne Janas mit den schönsten Christmas-, Gospel- und Lovesongs. En cette période de l’Avent 2025, nous vous proposons un après-midi de concert empreint d’émotion, en compagnie de deux artistes exceptionnels. Vivez un moment intime et authentique [&hellip;]" />
<meta property="og:url" content="https://www.gero.lu/de/produit/christmas-with-elvis-the-divas-tour-2025" />
<meta property="og:site_name" content="GERO" />
<meta property="article:publisher" content="https://www.facebook.com/Kompetenzzenter/" />
<meta property="article:modified_time" content="2025-12-10T09:21:34+00:00" />
<meta property="og:image" content="https://www.gero.lu/wp-content/uploads/2021/08/gettyimages-1135289130-2048x2048_RET-1.jpg" />
	<meta property="og:image:width" content="1227" />
	<meta property="og:image:height" content="802" />
	<meta property="og:image:type" content="image/jpeg" />
<meta name="twitter:card" content="summary_large_image" />
<meta name="twitter:label1" content="Geschätzte Lesezeit" />
	<meta name="twitter:data1" content="1 Minute" />
<script type="application/ld+json" class="yoast-schema-graph">{"@context":"https:\/\/schema.org","@graph":[{"@type":"WebPage","@id":"https:\/\/www.gero.lu\/de\/produit\/christmas-with-elvis-the-divas-tour-2025","url":"https:\/\/www.gero.lu\/de\/produit\/christmas-with-elvis-the-divas-tour-2025","name":"CHRISTMAS with ELVIS &amp; THE DIVAS - TOUR 2025 - GERO","isPartOf":{"@id":"https:\/\/www.gero.lu\/de\/#website"},"datePublished":"2025-08-08T14:22:05+00:00","dateModified":"2025-12-10T09:21:34+00:00","breadcrumb":{"@id":"https:\/\/www.gero.lu\/de\/produit\/christmas-with-elvis-the-divas-tour-2025#breadcrumb"},"inLanguage":"de","potentialAction":[{"@type":"ReadAction","target":[["https:\/\/www.gero.lu\/de\/produit\/christmas-with-elvis-the-divas-tour-2025"]]}]},{"@type":"BreadcrumbList","@id":"https:\/\/www.gero.lu\/de\/produit\/christmas-with-elvis-the-divas-tour-2025#breadcrumb","itemListElement":[{"@type":"ListItem","position":1,"name":"Accueil","item":"https:\/\/www.gero.lu\/de\/"},{"@type":"ListItem","position":2,"name":"Shop","item":"https:\/\/www.gero.lu\/de\/shop"},{"@type":"ListItem","position":3,"name":"CHRISTMAS with ELVIS &amp; THE DIVAS &#8211; TOUR 2025"}]},{"@type":"WebSite","@id":"https:\/\/www.gero.lu\/de\/#website","url":"https:\/\/www.gero.lu\/de\/","name":"Gero","description":"Kompetenzzenter fir den Alter","publisher":{"@id":"https:\/\/www.gero.lu\/de\/#organization"},"potentialAction":[{"@type":"SearchAction","target":{"@type":"EntryPoint","urlTemplate":"https:\/\/www.gero.lu\/de\/?s={search_term_string}"},"query-input":{"@type":"PropertyValueSpecification","valueRequired":true,"valueName":"search_term_string"}}],"inLanguage":"de"},{"@type":"Organization","@id":"https:\/\/www.gero.lu\/de\/#organization","name":"Gero","url":"https:\/\/www.gero.lu\/de\/","logo":{"@type":"ImageObject","inLanguage":"de","@id":"https:\/\/www.gero.lu\/de\/#\/schema\/logo\/image\/","url":"https:\/\/www.gero.lu\/wp-content\/uploads\/2024\/04\/logo.svg","contentUrl":"https:\/\/www.gero.lu\/wp-content\/uploads\/2024\/04\/logo.svg","width":76,"height":30,"caption":"Gero"},"image":{"@id":"https:\/\/www.gero.lu\/de\/#\/schema\/logo\/image\/"},"sameAs":["https:\/\/www.facebook.com\/Kompetenzzenter\/","https:\/\/www.instagram.com\/gero.kompetenzzenter\/","https:\/\/linkedin.com\/company\/gero-kompetenzzenter-fir-den-alter","https:\/\/www.youtube.com\/channel\/UCJvmJYSeHh3dYQsLHZupj-Q"]}]}</script>
<!-- / Yoast SEO Premium plugin. -->

Wir präsentieren Ihnen in der Vorweihnachtszeit 2025 einen besinnlich-schönen Konzertnachmittag mit zwei außergewöhnlichen Künstlern. Erleben Sie Steven Pitman und Cheyenne Janas mit den schönsten Christmas-, Gospel- und Lovesongs. En cette période de l’Avent 2025, nous vous proposons un après-midi de concert empreint d’émotion, en compagnie de deux artistes exceptionnels. Vivez un moment intime et authentique [&hellip;]
