{"id":9700,"date":"2025-08-08T10:21:56","date_gmt":"2025-08-08T10:21:56","guid":{"rendered":"https:\/\/www.gero.lu\/produit\/demenz-ja-zum-leben"},"modified":"2025-09-12T09:21:55","modified_gmt":"2025-09-12T09:21:55","slug":"demenz-ja-zum-leben","status":"publish","type":"product","link":"https:\/\/www.gero.lu\/de\/produit\/demenz-ja-zum-leben","title":{"rendered":"Demenz &#8211; Ja zum Leben &#8211; ANNULE"},"content":{"rendered":"<p>In dem Vortrag von Stefanie Helsper, Autorin (\u201eGl\u00fccksmomente f\u00fcr Menschen mit Demenz\u201c), Ergotherapeutin, Fachergotherapeutin f\u00fcr Demenz und Ged\u00e4chtnistrainerin wird verst\u00e4ndlich erkl\u00e4rt, was bei einer Demenzentstehung im Gehirn passiert und wie sich die Erkrankung durch wissenschaftlich nachgewiesene Lebensstilfaktoren eind\u00e4mmen oder der Ausbruch hinausz\u00f6gern l\u00e4sst. Ferner beschreibt sie, was man nach einer Diagnose konkret tun kann, um dem Gehirn genug \u201eFutter\u201c zu geben, so dass es weiterhin noch bestm\u00f6glich funktionieren kann. Auch Strategien zum Umgang mit der Angst, selbst zu erkranken oder wenn Angeh\u00f6rige betroffen sind, werden dargestellt.<\/p>\n","protected":false},"excerpt":{"rendered":"<p>In dem Vortrag von Stefanie Helsper, Autorin (\u201eGl\u00fccksmomente f\u00fcr Menschen mit Demenz\u201c), Ergotherapeutin, Fachergotherapeutin f\u00fcr Demenz und Ged\u00e4chtnistrainerin wird verst\u00e4ndlich erkl\u00e4rt, was bei einer Demenzentstehung im Gehirn passiert und wie sich die Erkrankung durch wissenschaftlich nachgewiesene Lebensstilfaktoren eind\u00e4mmen oder der Ausbruch hinausz\u00f6gern l\u00e4sst. Ferner beschreibt sie, was man nach einer Diagnose konkret tun kann, um [&hellip;]<\/p>\n","protected":false},"featured_media":0,"comment_status":"closed","ping_status":"closed","template":"","meta":{"_acf_changed":false,"inline_featured_image":false},"product_brand":[],"product_cat":[228],"product_tag":[200],"class_list":{"0":"post-9700","1":"product","2":"type-product","3":"status-publish","5":"product_cat-conference","6":"product_tag-sante-senior","8":"first","9":"instock","10":"virtual","11":"purchasable","12":"product-type-simple"},"acf":[],"yoast_head":"<!-- This site is optimized with the Yoast SEO Premium plugin v27.4 (Yoast SEO v27.5) - https:\/\/yoast.com\/product\/yoast-seo-premium-wordpress\/ -->\n<title>Demenz - Ja zum Leben - ANNULE - GERO<\/title>\n<meta name=\"robots\" content=\"index, follow, max-snippet:-1, max-image-preview:large, max-video-preview:-1\" \/>\n<link rel=\"canonical\" href=\"https:\/\/www.gero.lu\/de\/produit\/demenz-ja-zum-leben\" \/>\n<meta property=\"og:locale\" content=\"de_DE\" \/>\n<meta property=\"og:type\" content=\"article\" \/>\n<meta property=\"og:title\" content=\"Demenz - Ja zum Leben - ANNULE\" \/>\n<meta property=\"og:description\" content=\"In dem Vortrag von Stefanie Helsper, Autorin (\u201eGl\u00fccksmomente f\u00fcr Menschen mit Demenz\u201c), Ergotherapeutin, Fachergotherapeutin f\u00fcr Demenz und Ged\u00e4chtnistrainerin wird verst\u00e4ndlich erkl\u00e4rt, was bei einer Demenzentstehung im Gehirn passiert und wie sich die Erkrankung durch wissenschaftlich nachgewiesene Lebensstilfaktoren eind\u00e4mmen oder der Ausbruch hinausz\u00f6gern l\u00e4sst. Ferner beschreibt sie, was man nach einer Diagnose konkret tun kann, um [&hellip;]\" \/>\n<meta property=\"og:url\" content=\"https:\/\/www.gero.lu\/de\/produit\/demenz-ja-zum-leben\" \/>\n<meta property=\"og:site_name\" content=\"GERO\" \/>\n<meta property=\"article:publisher\" content=\"https:\/\/www.facebook.com\/Kompetenzzenter\/\" \/>\n<meta property=\"article:modified_time\" content=\"2025-09-12T09:21:55+00:00\" \/>\n<meta property=\"og:image\" content=\"https:\/\/www.gero.lu\/wp-content\/uploads\/2021\/08\/gettyimages-1135289130-2048x2048_RET-1.jpg\" \/>\n\t<meta property=\"og:image:width\" content=\"1227\" \/>\n\t<meta property=\"og:image:height\" content=\"802\" \/>\n\t<meta property=\"og:image:type\" content=\"image\/jpeg\" \/>\n<meta name=\"twitter:card\" content=\"summary_large_image\" \/>\n<script type=\"application\/ld+json\" class=\"yoast-schema-graph\">{\"@context\":\"https:\\\/\\\/schema.org\",\"@graph\":[{\"@type\":\"WebPage\",\"@id\":\"https:\\\/\\\/www.gero.lu\\\/de\\\/produit\\\/demenz-ja-zum-leben\",\"url\":\"https:\\\/\\\/www.gero.lu\\\/de\\\/produit\\\/demenz-ja-zum-leben\",\"name\":\"Demenz - Ja zum Leben - ANNULE - GERO\",\"isPartOf\":{\"@id\":\"https:\\\/\\\/www.gero.lu\\\/de\\\/#website\"},\"datePublished\":\"2025-08-08T10:21:56+00:00\",\"dateModified\":\"2025-09-12T09:21:55+00:00\",\"breadcrumb\":{\"@id\":\"https:\\\/\\\/www.gero.lu\\\/de\\\/produit\\\/demenz-ja-zum-leben#breadcrumb\"},\"inLanguage\":\"de\",\"potentialAction\":[{\"@type\":\"ReadAction\",\"target\":[[\"https:\\\/\\\/www.gero.lu\\\/de\\\/produit\\\/demenz-ja-zum-leben\"]]}]},{\"@type\":\"BreadcrumbList\",\"@id\":\"https:\\\/\\\/www.gero.lu\\\/de\\\/produit\\\/demenz-ja-zum-leben#breadcrumb\",\"itemListElement\":[{\"@type\":\"ListItem\",\"position\":1,\"name\":\"Accueil\",\"item\":\"https:\\\/\\\/www.gero.lu\\\/de\\\/\"},{\"@type\":\"ListItem\",\"position\":2,\"name\":\"Shop\",\"item\":\"https:\\\/\\\/www.gero.lu\\\/de\\\/shop\"},{\"@type\":\"ListItem\",\"position\":3,\"name\":\"Demenz &#8211; Ja zum Leben\"}]},{\"@type\":\"WebSite\",\"@id\":\"https:\\\/\\\/www.gero.lu\\\/de\\\/#website\",\"url\":\"https:\\\/\\\/www.gero.lu\\\/de\\\/\",\"name\":\"Gero\",\"description\":\"Kompetenzzenter fir den Alter\",\"publisher\":{\"@id\":\"https:\\\/\\\/www.gero.lu\\\/de\\\/#organization\"},\"potentialAction\":[{\"@type\":\"SearchAction\",\"target\":{\"@type\":\"EntryPoint\",\"urlTemplate\":\"https:\\\/\\\/www.gero.lu\\\/de\\\/?s={search_term_string}\"},\"query-input\":{\"@type\":\"PropertyValueSpecification\",\"valueRequired\":true,\"valueName\":\"search_term_string\"}}],\"inLanguage\":\"de\"},{\"@type\":\"Organization\",\"@id\":\"https:\\\/\\\/www.gero.lu\\\/de\\\/#organization\",\"name\":\"Gero\",\"url\":\"https:\\\/\\\/www.gero.lu\\\/de\\\/\",\"logo\":{\"@type\":\"ImageObject\",\"inLanguage\":\"de\",\"@id\":\"https:\\\/\\\/www.gero.lu\\\/de\\\/#\\\/schema\\\/logo\\\/image\\\/\",\"url\":\"https:\\\/\\\/www.gero.lu\\\/wp-content\\\/uploads\\\/2024\\\/04\\\/logo.svg\",\"contentUrl\":\"https:\\\/\\\/www.gero.lu\\\/wp-content\\\/uploads\\\/2024\\\/04\\\/logo.svg\",\"width\":76,\"height\":30,\"caption\":\"Gero\"},\"image\":{\"@id\":\"https:\\\/\\\/www.gero.lu\\\/de\\\/#\\\/schema\\\/logo\\\/image\\\/\"},\"sameAs\":[\"https:\\\/\\\/www.facebook.com\\\/Kompetenzzenter\\\/\",\"https:\\\/\\\/www.instagram.com\\\/gero.kompetenzzenter\\\/\",\"https:\\\/\\\/linkedin.com\\\/company\\\/gero-kompetenzzenter-fir-den-alter\",\"https:\\\/\\\/www.youtube.com\\\/channel\\\/UCJvmJYSeHh3dYQsLHZupj-Q\"]}]}<\/script>\n<!-- \/ Yoast SEO Premium plugin. -->","yoast_head_json":{"title":"Demenz - Ja zum Leben - ANNULE - GERO","robots":{"index":"index","follow":"follow","max-snippet":"max-snippet:-1","max-image-preview":"max-image-preview:large","max-video-preview":"max-video-preview:-1"},"canonical":"https:\/\/www.gero.lu\/de\/produit\/demenz-ja-zum-leben","og_locale":"de_DE","og_type":"article","og_title":"Demenz - Ja zum Leben - ANNULE","og_description":"In dem Vortrag von Stefanie Helsper, Autorin (\u201eGl\u00fccksmomente f\u00fcr Menschen mit Demenz\u201c), Ergotherapeutin, Fachergotherapeutin f\u00fcr Demenz und Ged\u00e4chtnistrainerin wird verst\u00e4ndlich erkl\u00e4rt, was bei einer Demenzentstehung im Gehirn passiert und wie sich die Erkrankung durch wissenschaftlich nachgewiesene Lebensstilfaktoren eind\u00e4mmen oder der Ausbruch hinausz\u00f6gern l\u00e4sst. Ferner beschreibt sie, was man nach einer Diagnose konkret tun kann, um [&hellip;]","og_url":"https:\/\/www.gero.lu\/de\/produit\/demenz-ja-zum-leben","og_site_name":"GERO","article_publisher":"https:\/\/www.facebook.com\/Kompetenzzenter\/","article_modified_time":"2025-09-12T09:21:55+00:00","og_image":[{"width":1227,"height":802,"url":"https:\/\/www.gero.lu\/wp-content\/uploads\/2021\/08\/gettyimages-1135289130-2048x2048_RET-1.jpg","type":"image\/jpeg"}],"twitter_card":"summary_large_image","schema":{"@context":"https:\/\/schema.org","@graph":[{"@type":"WebPage","@id":"https:\/\/www.gero.lu\/de\/produit\/demenz-ja-zum-leben","url":"https:\/\/www.gero.lu\/de\/produit\/demenz-ja-zum-leben","name":"Demenz - Ja zum Leben - ANNULE - GERO","isPartOf":{"@id":"https:\/\/www.gero.lu\/de\/#website"},"datePublished":"2025-08-08T10:21:56+00:00","dateModified":"2025-09-12T09:21:55+00:00","breadcrumb":{"@id":"https:\/\/www.gero.lu\/de\/produit\/demenz-ja-zum-leben#breadcrumb"},"inLanguage":"de","potentialAction":[{"@type":"ReadAction","target":[["https:\/\/www.gero.lu\/de\/produit\/demenz-ja-zum-leben"]]}]},{"@type":"BreadcrumbList","@id":"https:\/\/www.gero.lu\/de\/produit\/demenz-ja-zum-leben#breadcrumb","itemListElement":[{"@type":"ListItem","position":1,"name":"Accueil","item":"https:\/\/www.gero.lu\/de\/"},{"@type":"ListItem","position":2,"name":"Shop","item":"https:\/\/www.gero.lu\/de\/shop"},{"@type":"ListItem","position":3,"name":"Demenz &#8211; Ja zum Leben"}]},{"@type":"WebSite","@id":"https:\/\/www.gero.lu\/de\/#website","url":"https:\/\/www.gero.lu\/de\/","name":"Gero","description":"Kompetenzzenter fir den Alter","publisher":{"@id":"https:\/\/www.gero.lu\/de\/#organization"},"potentialAction":[{"@type":"SearchAction","target":{"@type":"EntryPoint","urlTemplate":"https:\/\/www.gero.lu\/de\/?s={search_term_string}"},"query-input":{"@type":"PropertyValueSpecification","valueRequired":true,"valueName":"search_term_string"}}],"inLanguage":"de"},{"@type":"Organization","@id":"https:\/\/www.gero.lu\/de\/#organization","name":"Gero","url":"https:\/\/www.gero.lu\/de\/","logo":{"@type":"ImageObject","inLanguage":"de","@id":"https:\/\/www.gero.lu\/de\/#\/schema\/logo\/image\/","url":"https:\/\/www.gero.lu\/wp-content\/uploads\/2024\/04\/logo.svg","contentUrl":"https:\/\/www.gero.lu\/wp-content\/uploads\/2024\/04\/logo.svg","width":76,"height":30,"caption":"Gero"},"image":{"@id":"https:\/\/www.gero.lu\/de\/#\/schema\/logo\/image\/"},"sameAs":["https:\/\/www.facebook.com\/Kompetenzzenter\/","https:\/\/www.instagram.com\/gero.kompetenzzenter\/","https:\/\/linkedin.com\/company\/gero-kompetenzzenter-fir-den-alter","https:\/\/www.youtube.com\/channel\/UCJvmJYSeHh3dYQsLHZupj-Q"]}]}},"_links":{"self":[{"href":"https:\/\/www.gero.lu\/de\/wp-json\/wp\/v2\/product\/9700","targetHints":{"allow":["GET"]}}],"collection":[{"href":"https:\/\/www.gero.lu\/de\/wp-json\/wp\/v2\/product"}],"about":[{"href":"https:\/\/www.gero.lu\/de\/wp-json\/wp\/v2\/types\/product"}],"replies":[{"embeddable":true,"href":"https:\/\/www.gero.lu\/de\/wp-json\/wp\/v2\/comments?post=9700"}],"wp:attachment":[{"href":"https:\/\/www.gero.lu\/de\/wp-json\/wp\/v2\/media?parent=9700"}],"wp:term":[{"taxonomy":"product_brand","embeddable":true,"href":"https:\/\/www.gero.lu\/de\/wp-json\/wp\/v2\/product_brand?post=9700"},{"taxonomy":"product_cat","embeddable":true,"href":"https:\/\/www.gero.lu\/de\/wp-json\/wp\/v2\/product_cat?post=9700"},{"taxonomy":"product_tag","embeddable":true,"href":"https:\/\/www.gero.lu\/de\/wp-json\/wp\/v2\/product_tag?post=9700"}],"curies":[{"name":"wp","href":"https:\/\/api.w.org\/{rel}","templated":true}]}}

<p>In dem Vortrag von Stefanie Helsper, Autorin („Glücksmomente für Menschen mit Demenz“), Ergotherapeutin, Fachergotherapeutin für Demenz und Gedächtnistrainerin wird verständlich erklärt, was bei einer Demenzentstehung im Gehirn passiert und wie sich die Erkrankung durch wissenschaftlich nachgewiesene Lebensstilfaktoren eindämmen oder der Ausbruch hinauszögern lässt. Ferner beschreibt sie, was man nach einer Diagnose konkret tun kann, um dem Gehirn genug „Futter“ zu geben, so dass es weiterhin noch bestmöglich funktionieren kann. Auch Strategien zum Umgang mit der Angst, selbst zu erkranken oder wenn Angehörige betroffen sind, werden dargestellt.</p>

<p>In dem Vortrag von Stefanie Helsper, Autorin („Glücksmomente für Menschen mit Demenz“), Ergotherapeutin, Fachergotherapeutin für Demenz und Gedächtnistrainerin wird verständlich erklärt, was bei einer Demenzentstehung im Gehirn passiert und wie sich die Erkrankung durch wissenschaftlich nachgewiesene Lebensstilfaktoren eindämmen oder der Ausbruch hinauszögern lässt. Ferner beschreibt sie, was man nach einer Diagnose konkret tun kann, um [&hellip;]</p>

<!-- This site is optimized with the Yoast SEO Premium plugin v27.4 (Yoast SEO v27.5) - https://yoast.com/product/yoast-seo-premium-wordpress/ -->
<title>Demenz - Ja zum Leben - ANNULE - GERO</title>
<meta name="robots" content="index, follow, max-snippet:-1, max-image-preview:large, max-video-preview:-1" />
<link rel="canonical" href="https://www.gero.lu/de/produit/demenz-ja-zum-leben" />
<meta property="og:locale" content="de_DE" />
<meta property="og:type" content="article" />
<meta property="og:title" content="Demenz - Ja zum Leben - ANNULE" />
<meta property="og:description" content="In dem Vortrag von Stefanie Helsper, Autorin („Glücksmomente für Menschen mit Demenz“), Ergotherapeutin, Fachergotherapeutin für Demenz und Gedächtnistrainerin wird verständlich erklärt, was bei einer Demenzentstehung im Gehirn passiert und wie sich die Erkrankung durch wissenschaftlich nachgewiesene Lebensstilfaktoren eindämmen oder der Ausbruch hinauszögern lässt. Ferner beschreibt sie, was man nach einer Diagnose konkret tun kann, um [&hellip;]" />
<meta property="og:url" content="https://www.gero.lu/de/produit/demenz-ja-zum-leben" />
<meta property="og:site_name" content="GERO" />
<meta property="article:publisher" content="https://www.facebook.com/Kompetenzzenter/" />
<meta property="article:modified_time" content="2025-09-12T09:21:55+00:00" />
<meta property="og:image" content="https://www.gero.lu/wp-content/uploads/2021/08/gettyimages-1135289130-2048x2048_RET-1.jpg" />
	<meta property="og:image:width" content="1227" />
	<meta property="og:image:height" content="802" />
	<meta property="og:image:type" content="image/jpeg" />
<meta name="twitter:card" content="summary_large_image" />
<script type="application/ld+json" class="yoast-schema-graph">{"@context":"https:\/\/schema.org","@graph":[{"@type":"WebPage","@id":"https:\/\/www.gero.lu\/de\/produit\/demenz-ja-zum-leben","url":"https:\/\/www.gero.lu\/de\/produit\/demenz-ja-zum-leben","name":"Demenz - Ja zum Leben - ANNULE - GERO","isPartOf":{"@id":"https:\/\/www.gero.lu\/de\/#website"},"datePublished":"2025-08-08T10:21:56+00:00","dateModified":"2025-09-12T09:21:55+00:00","breadcrumb":{"@id":"https:\/\/www.gero.lu\/de\/produit\/demenz-ja-zum-leben#breadcrumb"},"inLanguage":"de","potentialAction":[{"@type":"ReadAction","target":[["https:\/\/www.gero.lu\/de\/produit\/demenz-ja-zum-leben"]]}]},{"@type":"BreadcrumbList","@id":"https:\/\/www.gero.lu\/de\/produit\/demenz-ja-zum-leben#breadcrumb","itemListElement":[{"@type":"ListItem","position":1,"name":"Accueil","item":"https:\/\/www.gero.lu\/de\/"},{"@type":"ListItem","position":2,"name":"Shop","item":"https:\/\/www.gero.lu\/de\/shop"},{"@type":"ListItem","position":3,"name":"Demenz &#8211; Ja zum Leben"}]},{"@type":"WebSite","@id":"https:\/\/www.gero.lu\/de\/#website","url":"https:\/\/www.gero.lu\/de\/","name":"Gero","description":"Kompetenzzenter fir den Alter","publisher":{"@id":"https:\/\/www.gero.lu\/de\/#organization"},"potentialAction":[{"@type":"SearchAction","target":{"@type":"EntryPoint","urlTemplate":"https:\/\/www.gero.lu\/de\/?s={search_term_string}"},"query-input":{"@type":"PropertyValueSpecification","valueRequired":true,"valueName":"search_term_string"}}],"inLanguage":"de"},{"@type":"Organization","@id":"https:\/\/www.gero.lu\/de\/#organization","name":"Gero","url":"https:\/\/www.gero.lu\/de\/","logo":{"@type":"ImageObject","inLanguage":"de","@id":"https:\/\/www.gero.lu\/de\/#\/schema\/logo\/image\/","url":"https:\/\/www.gero.lu\/wp-content\/uploads\/2024\/04\/logo.svg","contentUrl":"https:\/\/www.gero.lu\/wp-content\/uploads\/2024\/04\/logo.svg","width":76,"height":30,"caption":"Gero"},"image":{"@id":"https:\/\/www.gero.lu\/de\/#\/schema\/logo\/image\/"},"sameAs":["https:\/\/www.facebook.com\/Kompetenzzenter\/","https:\/\/www.instagram.com\/gero.kompetenzzenter\/","https:\/\/linkedin.com\/company\/gero-kompetenzzenter-fir-den-alter","https:\/\/www.youtube.com\/channel\/UCJvmJYSeHh3dYQsLHZupj-Q"]}]}</script>
<!-- / Yoast SEO Premium plugin. -->

In dem Vortrag von Stefanie Helsper, Autorin („Glücksmomente für Menschen mit Demenz“), Ergotherapeutin, Fachergotherapeutin für Demenz und Gedächtnistrainerin wird verständlich erklärt, was bei einer Demenzentstehung im Gehirn passiert und wie sich die Erkrankung durch wissenschaftlich nachgewiesene Lebensstilfaktoren eindämmen oder der Ausbruch hinauszögern lässt. Ferner beschreibt sie, was man nach einer Diagnose konkret tun kann, um [&hellip;]
