{"id":9674,"date":"2025-08-01T09:21:35","date_gmt":"2025-08-01T09:21:35","guid":{"rendered":"https:\/\/www.gero.lu\/produit\/der-einsatz-von-musik-fur-menschen-mit-demenz-fcpg-v"},"modified":"2026-04-17T08:51:53","modified_gmt":"2026-04-17T08:51:53","slug":"der-einsatz-von-musik-fur-menschen-mit-demenz-fcpg-v","status":"publish","type":"product","link":"https:\/\/www.gero.lu\/de\/produit\/der-einsatz-von-musik-fur-menschen-mit-demenz-fcpg-v","title":{"rendered":"Der Einsatz von Musik f\u00fcr Menschen mit Demenz (FCPG V) (Agr\u00e9ment: 2025-AGR-12-003)"},"content":{"rendered":"<p>Formation continue agr\u00e9\u00e9 conform\u00e9ment \u00e0 l&#8217;article 12 de la loi modifi\u00e9e du 26 mars 1992 sur l&#8217;exercice et la revalorisation de certaines professions de sant\u00e9. Agr\u00e9ment MISA : Agr\u00e9ment: 2025-AGR-12-003<\/p>\n<p>Modul V der \u201eWeiterbildung Psychogeriatrie\u201c <\/p>\n<p>Neue Wege der Kommunikation <\/p>\n<p>Musik setzt auf subtile Weise Emotionen und Erinnerungen frei. Gerade bei Personen mit eingeschr\u00e4nkter sprachlicher Kommunikation, wie z.B. demenziell ver\u00e4nderten Menschen ist sie ein hochwirksames Medium, um Vergessenes wieder aufleben zu lassen und neue Wege der Kommunikation und Ansprache zu finden. Auf diese Weise entsteht f\u00fcr den alten Menschen \u2013 aber nicht nur f\u00fcr sie oder ihn \u2013 ein Mehr an Lebensqualit\u00e4t. <\/p>\n<p>Auch in der palliativen Betreuung kann durch Musik eine Atmosph\u00e4re geschaffen werden, um die spezifischen Bed\u00fcrfnisse von Menschen an ihrem Lebensende angemessen zu erf\u00fcllen.<\/p>\n<p>Inhalte:<br \/>\n&#8211;\tMusik: Wie wirkt sie und wie kann ich sie bewusst und zielgerichtet einsetzen?<br \/>\n&#8211;\tMusik: Ein Teil meiner und deiner Identit\u00e4t?<br \/>\n&#8211;\tMusikinstrumente: Welche und wie kann ich sie nutzen?<br \/>\n&#8211;\tStimme: Wie setze ich sie bewusst ein?<br \/>\n&#8211;\tMusik: Wie integriere ich sie in meinen beruflichen Alltag?<\/p>\n<p>Zielgruppe:<br \/>\nAide Socio-Familiale, Auxiliaire de Vie, Ergotherapeut*in, Erzieher*in, Krankenpfleger*in, Krankenpflegerhelfer*in, Physiotherapeut*in, Psycholog*in und andere relevante Berufsgruppen<\/p>\n<p>Wenn Sie aus einem anderen Sektor kommen, als dem Altenbereich (zb Handicap), bitte bei der Anmeldung angeben, damit die Referentin auf die verschiedenen Bed\u00fcrfnisse eingehen kann!<\/p>\n","protected":false},"excerpt":{"rendered":"<p>Formation continue agr\u00e9\u00e9 conform\u00e9ment \u00e0 l&#8217;article 12 de la loi modifi\u00e9e du 26 mars 1992 sur l&#8217;exercice et la revalorisation de certaines professions de sant\u00e9. Agr\u00e9ment MISA : Agr\u00e9ment: 2025-AGR-12-003 Modul V der \u201eWeiterbildung Psychogeriatrie\u201c Neue Wege der Kommunikation Musik setzt auf subtile Weise Emotionen und Erinnerungen frei. Gerade bei Personen mit eingeschr\u00e4nkter sprachlicher Kommunikation, [&hellip;]<\/p>\n","protected":false},"featured_media":0,"comment_status":"closed","ping_status":"closed","template":"","meta":{"_acf_changed":false,"inline_featured_image":false},"product_brand":[],"product_cat":[239],"product_tag":[237],"class_list":{"0":"post-9674","1":"product","2":"type-product","3":"status-publish","5":"product_cat-cours-pro","6":"product_tag-soins-encadrement-therapie-pro","8":"first","9":"outofstock","10":"virtual","11":"purchasable","12":"product-type-simple"},"acf":[],"yoast_head":"<!-- This site is optimized with the Yoast SEO Premium plugin v27.4 (Yoast SEO v27.4) - https:\/\/yoast.com\/product\/yoast-seo-premium-wordpress\/ -->\n<title>Der Einsatz von Musik f\u00fcr Menschen mit Demenz (FCPG V) (Agr\u00e9ment: 2025-AGR-12-003) - GERO<\/title>\n<meta name=\"robots\" content=\"index, follow, max-snippet:-1, max-image-preview:large, max-video-preview:-1\" \/>\n<link rel=\"canonical\" href=\"https:\/\/www.gero.lu\/de\/produit\/der-einsatz-von-musik-fur-menschen-mit-demenz-fcpg-v\" \/>\n<meta property=\"og:locale\" content=\"de_DE\" \/>\n<meta property=\"og:type\" content=\"article\" \/>\n<meta property=\"og:title\" content=\"Der Einsatz von Musik f\u00fcr Menschen mit Demenz (FCPG V) (Agr\u00e9ment: 2025-AGR-12-003)\" \/>\n<meta property=\"og:description\" content=\"Formation continue agr\u00e9\u00e9 conform\u00e9ment \u00e0 l&#8217;article 12 de la loi modifi\u00e9e du 26 mars 1992 sur l&#8217;exercice et la revalorisation de certaines professions de sant\u00e9. Agr\u00e9ment MISA : Agr\u00e9ment: 2025-AGR-12-003 Modul V der \u201eWeiterbildung Psychogeriatrie\u201c Neue Wege der Kommunikation Musik setzt auf subtile Weise Emotionen und Erinnerungen frei. Gerade bei Personen mit eingeschr\u00e4nkter sprachlicher Kommunikation, [&hellip;]\" \/>\n<meta property=\"og:url\" content=\"https:\/\/www.gero.lu\/de\/produit\/der-einsatz-von-musik-fur-menschen-mit-demenz-fcpg-v\" \/>\n<meta property=\"og:site_name\" content=\"GERO\" \/>\n<meta property=\"article:publisher\" content=\"https:\/\/www.facebook.com\/Kompetenzzenter\/\" \/>\n<meta property=\"article:modified_time\" content=\"2026-04-17T08:51:53+00:00\" \/>\n<meta property=\"og:image\" content=\"https:\/\/www.gero.lu\/wp-content\/uploads\/2021\/08\/gettyimages-1135289130-2048x2048_RET-1.jpg\" \/>\n\t<meta property=\"og:image:width\" content=\"1227\" \/>\n\t<meta property=\"og:image:height\" content=\"802\" \/>\n\t<meta property=\"og:image:type\" content=\"image\/jpeg\" \/>\n<meta name=\"twitter:card\" content=\"summary_large_image\" \/>\n<meta name=\"twitter:label1\" content=\"Gesch\u00e4tzte Lesezeit\" \/>\n\t<meta name=\"twitter:data1\" content=\"1\u00a0Minute\" \/>\n<script type=\"application\/ld+json\" class=\"yoast-schema-graph\">{\"@context\":\"https:\\\/\\\/schema.org\",\"@graph\":[{\"@type\":\"WebPage\",\"@id\":\"https:\\\/\\\/www.gero.lu\\\/de\\\/produit\\\/der-einsatz-von-musik-fur-menschen-mit-demenz-fcpg-v\",\"url\":\"https:\\\/\\\/www.gero.lu\\\/de\\\/produit\\\/der-einsatz-von-musik-fur-menschen-mit-demenz-fcpg-v\",\"name\":\"Der Einsatz von Musik f\u00fcr Menschen mit Demenz (FCPG V) (Agr\u00e9ment: 2025-AGR-12-003) - GERO\",\"isPartOf\":{\"@id\":\"https:\\\/\\\/www.gero.lu\\\/de\\\/#website\"},\"datePublished\":\"2025-08-01T09:21:35+00:00\",\"dateModified\":\"2026-04-17T08:51:53+00:00\",\"breadcrumb\":{\"@id\":\"https:\\\/\\\/www.gero.lu\\\/de\\\/produit\\\/der-einsatz-von-musik-fur-menschen-mit-demenz-fcpg-v#breadcrumb\"},\"inLanguage\":\"de\",\"potentialAction\":[{\"@type\":\"ReadAction\",\"target\":[[\"https:\\\/\\\/www.gero.lu\\\/de\\\/produit\\\/der-einsatz-von-musik-fur-menschen-mit-demenz-fcpg-v\"]]}]},{\"@type\":\"BreadcrumbList\",\"@id\":\"https:\\\/\\\/www.gero.lu\\\/de\\\/produit\\\/der-einsatz-von-musik-fur-menschen-mit-demenz-fcpg-v#breadcrumb\",\"itemListElement\":[{\"@type\":\"ListItem\",\"position\":1,\"name\":\"Accueil\",\"item\":\"https:\\\/\\\/www.gero.lu\\\/de\\\/\"},{\"@type\":\"ListItem\",\"position\":2,\"name\":\"Shop\",\"item\":\"https:\\\/\\\/www.gero.lu\\\/de\\\/shop\"},{\"@type\":\"ListItem\",\"position\":3,\"name\":\"Der Einsatz von Musik f\u00fcr Menschen mit Demenz (FCPG V)\"}]},{\"@type\":\"WebSite\",\"@id\":\"https:\\\/\\\/www.gero.lu\\\/de\\\/#website\",\"url\":\"https:\\\/\\\/www.gero.lu\\\/de\\\/\",\"name\":\"Gero\",\"description\":\"Kompetenzzenter fir den Alter\",\"publisher\":{\"@id\":\"https:\\\/\\\/www.gero.lu\\\/de\\\/#organization\"},\"potentialAction\":[{\"@type\":\"SearchAction\",\"target\":{\"@type\":\"EntryPoint\",\"urlTemplate\":\"https:\\\/\\\/www.gero.lu\\\/de\\\/?s={search_term_string}\"},\"query-input\":{\"@type\":\"PropertyValueSpecification\",\"valueRequired\":true,\"valueName\":\"search_term_string\"}}],\"inLanguage\":\"de\"},{\"@type\":\"Organization\",\"@id\":\"https:\\\/\\\/www.gero.lu\\\/de\\\/#organization\",\"name\":\"Gero\",\"url\":\"https:\\\/\\\/www.gero.lu\\\/de\\\/\",\"logo\":{\"@type\":\"ImageObject\",\"inLanguage\":\"de\",\"@id\":\"https:\\\/\\\/www.gero.lu\\\/de\\\/#\\\/schema\\\/logo\\\/image\\\/\",\"url\":\"https:\\\/\\\/www.gero.lu\\\/wp-content\\\/uploads\\\/2024\\\/04\\\/logo.svg\",\"contentUrl\":\"https:\\\/\\\/www.gero.lu\\\/wp-content\\\/uploads\\\/2024\\\/04\\\/logo.svg\",\"width\":76,\"height\":30,\"caption\":\"Gero\"},\"image\":{\"@id\":\"https:\\\/\\\/www.gero.lu\\\/de\\\/#\\\/schema\\\/logo\\\/image\\\/\"},\"sameAs\":[\"https:\\\/\\\/www.facebook.com\\\/Kompetenzzenter\\\/\",\"https:\\\/\\\/www.instagram.com\\\/gero.kompetenzzenter\\\/\",\"https:\\\/\\\/linkedin.com\\\/company\\\/gero-kompetenzzenter-fir-den-alter\",\"https:\\\/\\\/www.youtube.com\\\/channel\\\/UCJvmJYSeHh3dYQsLHZupj-Q\"]}]}<\/script>\n<!-- \/ Yoast SEO Premium plugin. -->","yoast_head_json":{"title":"Der Einsatz von Musik f\u00fcr Menschen mit Demenz (FCPG V) (Agr\u00e9ment: 2025-AGR-12-003) - GERO","robots":{"index":"index","follow":"follow","max-snippet":"max-snippet:-1","max-image-preview":"max-image-preview:large","max-video-preview":"max-video-preview:-1"},"canonical":"https:\/\/www.gero.lu\/de\/produit\/der-einsatz-von-musik-fur-menschen-mit-demenz-fcpg-v","og_locale":"de_DE","og_type":"article","og_title":"Der Einsatz von Musik f\u00fcr Menschen mit Demenz (FCPG V) (Agr\u00e9ment: 2025-AGR-12-003)","og_description":"Formation continue agr\u00e9\u00e9 conform\u00e9ment \u00e0 l&#8217;article 12 de la loi modifi\u00e9e du 26 mars 1992 sur l&#8217;exercice et la revalorisation de certaines professions de sant\u00e9. Agr\u00e9ment MISA : Agr\u00e9ment: 2025-AGR-12-003 Modul V der \u201eWeiterbildung Psychogeriatrie\u201c Neue Wege der Kommunikation Musik setzt auf subtile Weise Emotionen und Erinnerungen frei. Gerade bei Personen mit eingeschr\u00e4nkter sprachlicher Kommunikation, [&hellip;]","og_url":"https:\/\/www.gero.lu\/de\/produit\/der-einsatz-von-musik-fur-menschen-mit-demenz-fcpg-v","og_site_name":"GERO","article_publisher":"https:\/\/www.facebook.com\/Kompetenzzenter\/","article_modified_time":"2026-04-17T08:51:53+00:00","og_image":[{"width":1227,"height":802,"url":"https:\/\/www.gero.lu\/wp-content\/uploads\/2021\/08\/gettyimages-1135289130-2048x2048_RET-1.jpg","type":"image\/jpeg"}],"twitter_card":"summary_large_image","twitter_misc":{"Gesch\u00e4tzte Lesezeit":"1\u00a0Minute"},"schema":{"@context":"https:\/\/schema.org","@graph":[{"@type":"WebPage","@id":"https:\/\/www.gero.lu\/de\/produit\/der-einsatz-von-musik-fur-menschen-mit-demenz-fcpg-v","url":"https:\/\/www.gero.lu\/de\/produit\/der-einsatz-von-musik-fur-menschen-mit-demenz-fcpg-v","name":"Der Einsatz von Musik f\u00fcr Menschen mit Demenz (FCPG V) (Agr\u00e9ment: 2025-AGR-12-003) - GERO","isPartOf":{"@id":"https:\/\/www.gero.lu\/de\/#website"},"datePublished":"2025-08-01T09:21:35+00:00","dateModified":"2026-04-17T08:51:53+00:00","breadcrumb":{"@id":"https:\/\/www.gero.lu\/de\/produit\/der-einsatz-von-musik-fur-menschen-mit-demenz-fcpg-v#breadcrumb"},"inLanguage":"de","potentialAction":[{"@type":"ReadAction","target":[["https:\/\/www.gero.lu\/de\/produit\/der-einsatz-von-musik-fur-menschen-mit-demenz-fcpg-v"]]}]},{"@type":"BreadcrumbList","@id":"https:\/\/www.gero.lu\/de\/produit\/der-einsatz-von-musik-fur-menschen-mit-demenz-fcpg-v#breadcrumb","itemListElement":[{"@type":"ListItem","position":1,"name":"Accueil","item":"https:\/\/www.gero.lu\/de\/"},{"@type":"ListItem","position":2,"name":"Shop","item":"https:\/\/www.gero.lu\/de\/shop"},{"@type":"ListItem","position":3,"name":"Der Einsatz von Musik f\u00fcr Menschen mit Demenz (FCPG V)"}]},{"@type":"WebSite","@id":"https:\/\/www.gero.lu\/de\/#website","url":"https:\/\/www.gero.lu\/de\/","name":"Gero","description":"Kompetenzzenter fir den Alter","publisher":{"@id":"https:\/\/www.gero.lu\/de\/#organization"},"potentialAction":[{"@type":"SearchAction","target":{"@type":"EntryPoint","urlTemplate":"https:\/\/www.gero.lu\/de\/?s={search_term_string}"},"query-input":{"@type":"PropertyValueSpecification","valueRequired":true,"valueName":"search_term_string"}}],"inLanguage":"de"},{"@type":"Organization","@id":"https:\/\/www.gero.lu\/de\/#organization","name":"Gero","url":"https:\/\/www.gero.lu\/de\/","logo":{"@type":"ImageObject","inLanguage":"de","@id":"https:\/\/www.gero.lu\/de\/#\/schema\/logo\/image\/","url":"https:\/\/www.gero.lu\/wp-content\/uploads\/2024\/04\/logo.svg","contentUrl":"https:\/\/www.gero.lu\/wp-content\/uploads\/2024\/04\/logo.svg","width":76,"height":30,"caption":"Gero"},"image":{"@id":"https:\/\/www.gero.lu\/de\/#\/schema\/logo\/image\/"},"sameAs":["https:\/\/www.facebook.com\/Kompetenzzenter\/","https:\/\/www.instagram.com\/gero.kompetenzzenter\/","https:\/\/linkedin.com\/company\/gero-kompetenzzenter-fir-den-alter","https:\/\/www.youtube.com\/channel\/UCJvmJYSeHh3dYQsLHZupj-Q"]}]}},"_links":{"self":[{"href":"https:\/\/www.gero.lu\/de\/wp-json\/wp\/v2\/product\/9674","targetHints":{"allow":["GET"]}}],"collection":[{"href":"https:\/\/www.gero.lu\/de\/wp-json\/wp\/v2\/product"}],"about":[{"href":"https:\/\/www.gero.lu\/de\/wp-json\/wp\/v2\/types\/product"}],"replies":[{"embeddable":true,"href":"https:\/\/www.gero.lu\/de\/wp-json\/wp\/v2\/comments?post=9674"}],"wp:attachment":[{"href":"https:\/\/www.gero.lu\/de\/wp-json\/wp\/v2\/media?parent=9674"}],"wp:term":[{"taxonomy":"product_brand","embeddable":true,"href":"https:\/\/www.gero.lu\/de\/wp-json\/wp\/v2\/product_brand?post=9674"},{"taxonomy":"product_cat","embeddable":true,"href":"https:\/\/www.gero.lu\/de\/wp-json\/wp\/v2\/product_cat?post=9674"},{"taxonomy":"product_tag","embeddable":true,"href":"https:\/\/www.gero.lu\/de\/wp-json\/wp\/v2\/product_tag?post=9674"}],"curies":[{"name":"wp","href":"https:\/\/api.w.org\/{rel}","templated":true}]}}

Der Einsatz von Musik für Menschen mit Demenz (FCPG V) (Agrément: 2025-AGR-12-003)

<p>Formation continue agréé conformément à l&#8217;article 12 de la loi modifiée du 26 mars 1992 sur l&#8217;exercice et la revalorisation de certaines professions de santé. Agrément MISA : Agrément: 2025-AGR-12-003</p>
<p>Modul V der „Weiterbildung Psychogeriatrie“ </p>
<p>Neue Wege der Kommunikation </p>
<p>Musik setzt auf subtile Weise Emotionen und Erinnerungen frei. Gerade bei Personen mit eingeschränkter sprachlicher Kommunikation, wie z.B. demenziell veränderten Menschen ist sie ein hochwirksames Medium, um Vergessenes wieder aufleben zu lassen und neue Wege der Kommunikation und Ansprache zu finden. Auf diese Weise entsteht für den alten Menschen – aber nicht nur für sie oder ihn – ein Mehr an Lebensqualität. </p>
<p>Auch in der palliativen Betreuung kann durch Musik eine Atmosphäre geschaffen werden, um die spezifischen Bedürfnisse von Menschen an ihrem Lebensende angemessen zu erfüllen.</p>
<p>Inhalte:<br />
&#8211;	Musik: Wie wirkt sie und wie kann ich sie bewusst und zielgerichtet einsetzen?<br />
&#8211;	Musik: Ein Teil meiner und deiner Identität?<br />
&#8211;	Musikinstrumente: Welche und wie kann ich sie nutzen?<br />
&#8211;	Stimme: Wie setze ich sie bewusst ein?<br />
&#8211;	Musik: Wie integriere ich sie in meinen beruflichen Alltag?</p>
<p>Zielgruppe:<br />
Aide Socio-Familiale, Auxiliaire de Vie, Ergotherapeut*in, Erzieher*in, Krankenpfleger*in, Krankenpflegerhelfer*in, Physiotherapeut*in, Psycholog*in und andere relevante Berufsgruppen</p>
<p>Wenn Sie aus einem anderen Sektor kommen, als dem Altenbereich (zb Handicap), bitte bei der Anmeldung angeben, damit die Referentin auf die verschiedenen Bedürfnisse eingehen kann!</p>

<p>Formation continue agréé conformément à l&#8217;article 12 de la loi modifiée du 26 mars 1992 sur l&#8217;exercice et la revalorisation de certaines professions de santé. Agrément MISA : Agrément: 2025-AGR-12-003 Modul V der „Weiterbildung Psychogeriatrie“ Neue Wege der Kommunikation Musik setzt auf subtile Weise Emotionen und Erinnerungen frei. Gerade bei Personen mit eingeschränkter sprachlicher Kommunikation, [&hellip;]</p>

<!-- This site is optimized with the Yoast SEO Premium plugin v27.4 (Yoast SEO v27.4) - https://yoast.com/product/yoast-seo-premium-wordpress/ -->
<title>Der Einsatz von Musik für Menschen mit Demenz (FCPG V) (Agrément: 2025-AGR-12-003) - GERO</title>
<meta name="robots" content="index, follow, max-snippet:-1, max-image-preview:large, max-video-preview:-1" />
<link rel="canonical" href="https://www.gero.lu/de/produit/der-einsatz-von-musik-fur-menschen-mit-demenz-fcpg-v" />
<meta property="og:locale" content="de_DE" />
<meta property="og:type" content="article" />
<meta property="og:title" content="Der Einsatz von Musik für Menschen mit Demenz (FCPG V) (Agrément: 2025-AGR-12-003)" />
<meta property="og:description" content="Formation continue agréé conformément à l&#8217;article 12 de la loi modifiée du 26 mars 1992 sur l&#8217;exercice et la revalorisation de certaines professions de santé. Agrément MISA : Agrément: 2025-AGR-12-003 Modul V der „Weiterbildung Psychogeriatrie“ Neue Wege der Kommunikation Musik setzt auf subtile Weise Emotionen und Erinnerungen frei. Gerade bei Personen mit eingeschränkter sprachlicher Kommunikation, [&hellip;]" />
<meta property="og:url" content="https://www.gero.lu/de/produit/der-einsatz-von-musik-fur-menschen-mit-demenz-fcpg-v" />
<meta property="og:site_name" content="GERO" />
<meta property="article:publisher" content="https://www.facebook.com/Kompetenzzenter/" />
<meta property="article:modified_time" content="2026-04-17T08:51:53+00:00" />
<meta property="og:image" content="https://www.gero.lu/wp-content/uploads/2021/08/gettyimages-1135289130-2048x2048_RET-1.jpg" />
	<meta property="og:image:width" content="1227" />
	<meta property="og:image:height" content="802" />
	<meta property="og:image:type" content="image/jpeg" />
<meta name="twitter:card" content="summary_large_image" />
<meta name="twitter:label1" content="Geschätzte Lesezeit" />
	<meta name="twitter:data1" content="1 Minute" />
<script type="application/ld+json" class="yoast-schema-graph">{"@context":"https:\/\/schema.org","@graph":[{"@type":"WebPage","@id":"https:\/\/www.gero.lu\/de\/produit\/der-einsatz-von-musik-fur-menschen-mit-demenz-fcpg-v","url":"https:\/\/www.gero.lu\/de\/produit\/der-einsatz-von-musik-fur-menschen-mit-demenz-fcpg-v","name":"Der Einsatz von Musik für Menschen mit Demenz (FCPG V) (Agrément: 2025-AGR-12-003) - GERO","isPartOf":{"@id":"https:\/\/www.gero.lu\/de\/#website"},"datePublished":"2025-08-01T09:21:35+00:00","dateModified":"2026-04-17T08:51:53+00:00","breadcrumb":{"@id":"https:\/\/www.gero.lu\/de\/produit\/der-einsatz-von-musik-fur-menschen-mit-demenz-fcpg-v#breadcrumb"},"inLanguage":"de","potentialAction":[{"@type":"ReadAction","target":[["https:\/\/www.gero.lu\/de\/produit\/der-einsatz-von-musik-fur-menschen-mit-demenz-fcpg-v"]]}]},{"@type":"BreadcrumbList","@id":"https:\/\/www.gero.lu\/de\/produit\/der-einsatz-von-musik-fur-menschen-mit-demenz-fcpg-v#breadcrumb","itemListElement":[{"@type":"ListItem","position":1,"name":"Accueil","item":"https:\/\/www.gero.lu\/de\/"},{"@type":"ListItem","position":2,"name":"Shop","item":"https:\/\/www.gero.lu\/de\/shop"},{"@type":"ListItem","position":3,"name":"Der Einsatz von Musik für Menschen mit Demenz (FCPG V)"}]},{"@type":"WebSite","@id":"https:\/\/www.gero.lu\/de\/#website","url":"https:\/\/www.gero.lu\/de\/","name":"Gero","description":"Kompetenzzenter fir den Alter","publisher":{"@id":"https:\/\/www.gero.lu\/de\/#organization"},"potentialAction":[{"@type":"SearchAction","target":{"@type":"EntryPoint","urlTemplate":"https:\/\/www.gero.lu\/de\/?s={search_term_string}"},"query-input":{"@type":"PropertyValueSpecification","valueRequired":true,"valueName":"search_term_string"}}],"inLanguage":"de"},{"@type":"Organization","@id":"https:\/\/www.gero.lu\/de\/#organization","name":"Gero","url":"https:\/\/www.gero.lu\/de\/","logo":{"@type":"ImageObject","inLanguage":"de","@id":"https:\/\/www.gero.lu\/de\/#\/schema\/logo\/image\/","url":"https:\/\/www.gero.lu\/wp-content\/uploads\/2024\/04\/logo.svg","contentUrl":"https:\/\/www.gero.lu\/wp-content\/uploads\/2024\/04\/logo.svg","width":76,"height":30,"caption":"Gero"},"image":{"@id":"https:\/\/www.gero.lu\/de\/#\/schema\/logo\/image\/"},"sameAs":["https:\/\/www.facebook.com\/Kompetenzzenter\/","https:\/\/www.instagram.com\/gero.kompetenzzenter\/","https:\/\/linkedin.com\/company\/gero-kompetenzzenter-fir-den-alter","https:\/\/www.youtube.com\/channel\/UCJvmJYSeHh3dYQsLHZupj-Q"]}]}</script>
<!-- / Yoast SEO Premium plugin. -->

Der Einsatz von Musik für Menschen mit Demenz (FCPG V) (Agrément: 2025-AGR-12-003) - GERO

Formation continue agréé conformément à l&#8217;article 12 de la loi modifiée du 26 mars 1992 sur l&#8217;exercice et la revalorisation de certaines professions de santé. Agrément MISA : Agrément: 2025-AGR-12-003 Modul V der „Weiterbildung Psychogeriatrie“ Neue Wege der Kommunikation Musik setzt auf subtile Weise Emotionen und Erinnerungen frei. Gerade bei Personen mit eingeschränkter sprachlicher Kommunikation, [&hellip;]

Der Einsatz von Musik für Menschen mit Demenz (FCPG V)
