{"id":9376,"date":"2025-05-21T13:24:50","date_gmt":"2025-05-21T13:24:50","guid":{"rendered":"https:\/\/www.gero.lu\/produit\/senffabrik-muerbelsmillen"},"modified":"2025-07-14T12:27:00","modified_gmt":"2025-07-14T12:27:00","slug":"senffabrik-muerbelsmillen","status":"publish","type":"product","link":"https:\/\/www.gero.lu\/de\/produit\/senffabrik-muerbelsmillen","title":{"rendered":"Senffabrik &#8222;Muerbelsmillen&#8220;"},"content":{"rendered":"<p>W\u00e4hrend der Besichtigung der \u201eMuerbelsmillen\u201c im Pfaffenthal haben Sie Gelegenheit, eine der \u00e4ltesten M\u00fchlen des Landes zu entdecken, die noch bis 1912 als Getreidem\u00fchle in Betrieb war. Zwischen 1922 bis 1987 wurde hier Senf produziert, sprich Senfk\u00f6rner mit den n\u00f6tigen Gew\u00fcrzen zum bekannten Luxemburger Tafelsenf vermahlen. Nach einer Besichtigung der alten Produktionsst\u00e4tten erfahren Sie Wissenswertes \u00fcber die Senfherstellung und k\u00f6nnen w\u00e4hrend eines Workshops sogar Ihren eigenen Senf herstellen und zum Mitnehmen abf\u00fcllen.<\/p>\n","protected":false},"excerpt":{"rendered":"<p>W\u00e4hrend der Besichtigung der \u201eMuerbelsmillen\u201c im Pfaffenthal haben Sie Gelegenheit, eine der \u00e4ltesten M\u00fchlen des Landes zu entdecken, die noch bis 1912 als Getreidem\u00fchle in Betrieb war. Zwischen 1922 bis 1987 wurde hier Senf produziert, sprich Senfk\u00f6rner mit den n\u00f6tigen Gew\u00fcrzen zum bekannten Luxemburger Tafelsenf vermahlen. Nach einer Besichtigung der alten Produktionsst\u00e4tten erfahren Sie Wissenswertes [&hellip;]<\/p>\n","protected":false},"featured_media":0,"comment_status":"closed","ping_status":"closed","template":"","meta":{"_acf_changed":false,"inline_featured_image":false},"product_brand":[],"product_cat":[230],"product_tag":[199],"class_list":{"0":"post-9376","1":"product","2":"type-product","3":"status-publish","5":"product_cat-visite","6":"product_tag-culture-senior","8":"first","9":"outofstock","10":"virtual","11":"purchasable","12":"product-type-simple"},"acf":[],"yoast_head":"<!-- This site is optimized with the Yoast SEO Premium plugin v27.4 (Yoast SEO v27.5) - https:\/\/yoast.com\/product\/yoast-seo-premium-wordpress\/ -->\n<title>Senffabrik &quot;Muerbelsmillen&quot; - GERO<\/title>\n<meta name=\"robots\" content=\"index, follow, max-snippet:-1, max-image-preview:large, max-video-preview:-1\" \/>\n<link rel=\"canonical\" href=\"https:\/\/www.gero.lu\/de\/produit\/senffabrik-muerbelsmillen\" \/>\n<meta property=\"og:locale\" content=\"de_DE\" \/>\n<meta property=\"og:type\" content=\"article\" \/>\n<meta property=\"og:title\" content=\"Senffabrik &quot;Muerbelsmillen&quot;\" \/>\n<meta property=\"og:description\" content=\"W\u00e4hrend der Besichtigung der \u201eMuerbelsmillen\u201c im Pfaffenthal haben Sie Gelegenheit, eine der \u00e4ltesten M\u00fchlen des Landes zu entdecken, die noch bis 1912 als Getreidem\u00fchle in Betrieb war. Zwischen 1922 bis 1987 wurde hier Senf produziert, sprich Senfk\u00f6rner mit den n\u00f6tigen Gew\u00fcrzen zum bekannten Luxemburger Tafelsenf vermahlen. Nach einer Besichtigung der alten Produktionsst\u00e4tten erfahren Sie Wissenswertes [&hellip;]\" \/>\n<meta property=\"og:url\" content=\"https:\/\/www.gero.lu\/de\/produit\/senffabrik-muerbelsmillen\" \/>\n<meta property=\"og:site_name\" content=\"GERO\" \/>\n<meta property=\"article:publisher\" content=\"https:\/\/www.facebook.com\/Kompetenzzenter\/\" \/>\n<meta property=\"article:modified_time\" content=\"2025-07-14T12:27:00+00:00\" \/>\n<meta property=\"og:image\" content=\"https:\/\/www.gero.lu\/wp-content\/uploads\/2021\/08\/gettyimages-1135289130-2048x2048_RET-1.jpg\" \/>\n\t<meta property=\"og:image:width\" content=\"1227\" \/>\n\t<meta property=\"og:image:height\" content=\"802\" \/>\n\t<meta property=\"og:image:type\" content=\"image\/jpeg\" \/>\n<meta name=\"twitter:card\" content=\"summary_large_image\" \/>\n<script type=\"application\/ld+json\" class=\"yoast-schema-graph\">{\"@context\":\"https:\\\/\\\/schema.org\",\"@graph\":[{\"@type\":\"WebPage\",\"@id\":\"https:\\\/\\\/www.gero.lu\\\/de\\\/produit\\\/senffabrik-muerbelsmillen\",\"url\":\"https:\\\/\\\/www.gero.lu\\\/de\\\/produit\\\/senffabrik-muerbelsmillen\",\"name\":\"Senffabrik \\\"Muerbelsmillen\\\" - GERO\",\"isPartOf\":{\"@id\":\"https:\\\/\\\/www.gero.lu\\\/de\\\/#website\"},\"datePublished\":\"2025-05-21T13:24:50+00:00\",\"dateModified\":\"2025-07-14T12:27:00+00:00\",\"breadcrumb\":{\"@id\":\"https:\\\/\\\/www.gero.lu\\\/de\\\/produit\\\/senffabrik-muerbelsmillen#breadcrumb\"},\"inLanguage\":\"de\",\"potentialAction\":[{\"@type\":\"ReadAction\",\"target\":[[\"https:\\\/\\\/www.gero.lu\\\/de\\\/produit\\\/senffabrik-muerbelsmillen\"]]}]},{\"@type\":\"BreadcrumbList\",\"@id\":\"https:\\\/\\\/www.gero.lu\\\/de\\\/produit\\\/senffabrik-muerbelsmillen#breadcrumb\",\"itemListElement\":[{\"@type\":\"ListItem\",\"position\":1,\"name\":\"Accueil\",\"item\":\"https:\\\/\\\/www.gero.lu\\\/de\\\/\"},{\"@type\":\"ListItem\",\"position\":2,\"name\":\"Shop\",\"item\":\"https:\\\/\\\/www.gero.lu\\\/de\\\/shop\"},{\"@type\":\"ListItem\",\"position\":3,\"name\":\"Senffabrik \u00ab\u00a0Muerbelsmillen\u00a0\u00bb\"}]},{\"@type\":\"WebSite\",\"@id\":\"https:\\\/\\\/www.gero.lu\\\/de\\\/#website\",\"url\":\"https:\\\/\\\/www.gero.lu\\\/de\\\/\",\"name\":\"Gero\",\"description\":\"Kompetenzzenter fir den Alter\",\"publisher\":{\"@id\":\"https:\\\/\\\/www.gero.lu\\\/de\\\/#organization\"},\"potentialAction\":[{\"@type\":\"SearchAction\",\"target\":{\"@type\":\"EntryPoint\",\"urlTemplate\":\"https:\\\/\\\/www.gero.lu\\\/de\\\/?s={search_term_string}\"},\"query-input\":{\"@type\":\"PropertyValueSpecification\",\"valueRequired\":true,\"valueName\":\"search_term_string\"}}],\"inLanguage\":\"de\"},{\"@type\":\"Organization\",\"@id\":\"https:\\\/\\\/www.gero.lu\\\/de\\\/#organization\",\"name\":\"Gero\",\"url\":\"https:\\\/\\\/www.gero.lu\\\/de\\\/\",\"logo\":{\"@type\":\"ImageObject\",\"inLanguage\":\"de\",\"@id\":\"https:\\\/\\\/www.gero.lu\\\/de\\\/#\\\/schema\\\/logo\\\/image\\\/\",\"url\":\"https:\\\/\\\/www.gero.lu\\\/wp-content\\\/uploads\\\/2024\\\/04\\\/logo.svg\",\"contentUrl\":\"https:\\\/\\\/www.gero.lu\\\/wp-content\\\/uploads\\\/2024\\\/04\\\/logo.svg\",\"width\":76,\"height\":30,\"caption\":\"Gero\"},\"image\":{\"@id\":\"https:\\\/\\\/www.gero.lu\\\/de\\\/#\\\/schema\\\/logo\\\/image\\\/\"},\"sameAs\":[\"https:\\\/\\\/www.facebook.com\\\/Kompetenzzenter\\\/\",\"https:\\\/\\\/www.instagram.com\\\/gero.kompetenzzenter\\\/\",\"https:\\\/\\\/linkedin.com\\\/company\\\/gero-kompetenzzenter-fir-den-alter\",\"https:\\\/\\\/www.youtube.com\\\/channel\\\/UCJvmJYSeHh3dYQsLHZupj-Q\"]}]}<\/script>\n<!-- \/ Yoast SEO Premium plugin. -->","yoast_head_json":{"title":"Senffabrik \"Muerbelsmillen\" - GERO","robots":{"index":"index","follow":"follow","max-snippet":"max-snippet:-1","max-image-preview":"max-image-preview:large","max-video-preview":"max-video-preview:-1"},"canonical":"https:\/\/www.gero.lu\/de\/produit\/senffabrik-muerbelsmillen","og_locale":"de_DE","og_type":"article","og_title":"Senffabrik \"Muerbelsmillen\"","og_description":"W\u00e4hrend der Besichtigung der \u201eMuerbelsmillen\u201c im Pfaffenthal haben Sie Gelegenheit, eine der \u00e4ltesten M\u00fchlen des Landes zu entdecken, die noch bis 1912 als Getreidem\u00fchle in Betrieb war. Zwischen 1922 bis 1987 wurde hier Senf produziert, sprich Senfk\u00f6rner mit den n\u00f6tigen Gew\u00fcrzen zum bekannten Luxemburger Tafelsenf vermahlen. Nach einer Besichtigung der alten Produktionsst\u00e4tten erfahren Sie Wissenswertes [&hellip;]","og_url":"https:\/\/www.gero.lu\/de\/produit\/senffabrik-muerbelsmillen","og_site_name":"GERO","article_publisher":"https:\/\/www.facebook.com\/Kompetenzzenter\/","article_modified_time":"2025-07-14T12:27:00+00:00","og_image":[{"width":1227,"height":802,"url":"https:\/\/www.gero.lu\/wp-content\/uploads\/2021\/08\/gettyimages-1135289130-2048x2048_RET-1.jpg","type":"image\/jpeg"}],"twitter_card":"summary_large_image","schema":{"@context":"https:\/\/schema.org","@graph":[{"@type":"WebPage","@id":"https:\/\/www.gero.lu\/de\/produit\/senffabrik-muerbelsmillen","url":"https:\/\/www.gero.lu\/de\/produit\/senffabrik-muerbelsmillen","name":"Senffabrik \"Muerbelsmillen\" - GERO","isPartOf":{"@id":"https:\/\/www.gero.lu\/de\/#website"},"datePublished":"2025-05-21T13:24:50+00:00","dateModified":"2025-07-14T12:27:00+00:00","breadcrumb":{"@id":"https:\/\/www.gero.lu\/de\/produit\/senffabrik-muerbelsmillen#breadcrumb"},"inLanguage":"de","potentialAction":[{"@type":"ReadAction","target":[["https:\/\/www.gero.lu\/de\/produit\/senffabrik-muerbelsmillen"]]}]},{"@type":"BreadcrumbList","@id":"https:\/\/www.gero.lu\/de\/produit\/senffabrik-muerbelsmillen#breadcrumb","itemListElement":[{"@type":"ListItem","position":1,"name":"Accueil","item":"https:\/\/www.gero.lu\/de\/"},{"@type":"ListItem","position":2,"name":"Shop","item":"https:\/\/www.gero.lu\/de\/shop"},{"@type":"ListItem","position":3,"name":"Senffabrik \u00ab\u00a0Muerbelsmillen\u00a0\u00bb"}]},{"@type":"WebSite","@id":"https:\/\/www.gero.lu\/de\/#website","url":"https:\/\/www.gero.lu\/de\/","name":"Gero","description":"Kompetenzzenter fir den Alter","publisher":{"@id":"https:\/\/www.gero.lu\/de\/#organization"},"potentialAction":[{"@type":"SearchAction","target":{"@type":"EntryPoint","urlTemplate":"https:\/\/www.gero.lu\/de\/?s={search_term_string}"},"query-input":{"@type":"PropertyValueSpecification","valueRequired":true,"valueName":"search_term_string"}}],"inLanguage":"de"},{"@type":"Organization","@id":"https:\/\/www.gero.lu\/de\/#organization","name":"Gero","url":"https:\/\/www.gero.lu\/de\/","logo":{"@type":"ImageObject","inLanguage":"de","@id":"https:\/\/www.gero.lu\/de\/#\/schema\/logo\/image\/","url":"https:\/\/www.gero.lu\/wp-content\/uploads\/2024\/04\/logo.svg","contentUrl":"https:\/\/www.gero.lu\/wp-content\/uploads\/2024\/04\/logo.svg","width":76,"height":30,"caption":"Gero"},"image":{"@id":"https:\/\/www.gero.lu\/de\/#\/schema\/logo\/image\/"},"sameAs":["https:\/\/www.facebook.com\/Kompetenzzenter\/","https:\/\/www.instagram.com\/gero.kompetenzzenter\/","https:\/\/linkedin.com\/company\/gero-kompetenzzenter-fir-den-alter","https:\/\/www.youtube.com\/channel\/UCJvmJYSeHh3dYQsLHZupj-Q"]}]}},"_links":{"self":[{"href":"https:\/\/www.gero.lu\/de\/wp-json\/wp\/v2\/product\/9376","targetHints":{"allow":["GET"]}}],"collection":[{"href":"https:\/\/www.gero.lu\/de\/wp-json\/wp\/v2\/product"}],"about":[{"href":"https:\/\/www.gero.lu\/de\/wp-json\/wp\/v2\/types\/product"}],"replies":[{"embeddable":true,"href":"https:\/\/www.gero.lu\/de\/wp-json\/wp\/v2\/comments?post=9376"}],"wp:attachment":[{"href":"https:\/\/www.gero.lu\/de\/wp-json\/wp\/v2\/media?parent=9376"}],"wp:term":[{"taxonomy":"product_brand","embeddable":true,"href":"https:\/\/www.gero.lu\/de\/wp-json\/wp\/v2\/product_brand?post=9376"},{"taxonomy":"product_cat","embeddable":true,"href":"https:\/\/www.gero.lu\/de\/wp-json\/wp\/v2\/product_cat?post=9376"},{"taxonomy":"product_tag","embeddable":true,"href":"https:\/\/www.gero.lu\/de\/wp-json\/wp\/v2\/product_tag?post=9376"}],"curies":[{"name":"wp","href":"https:\/\/api.w.org\/{rel}","templated":true}]}}

<p>Während der Besichtigung der „Muerbelsmillen“ im Pfaffenthal haben Sie Gelegenheit, eine der ältesten Mühlen des Landes zu entdecken, die noch bis 1912 als Getreidemühle in Betrieb war. Zwischen 1922 bis 1987 wurde hier Senf produziert, sprich Senfkörner mit den nötigen Gewürzen zum bekannten Luxemburger Tafelsenf vermahlen. Nach einer Besichtigung der alten Produktionsstätten erfahren Sie Wissenswertes über die Senfherstellung und können während eines Workshops sogar Ihren eigenen Senf herstellen und zum Mitnehmen abfüllen.</p>

<p>Während der Besichtigung der „Muerbelsmillen“ im Pfaffenthal haben Sie Gelegenheit, eine der ältesten Mühlen des Landes zu entdecken, die noch bis 1912 als Getreidemühle in Betrieb war. Zwischen 1922 bis 1987 wurde hier Senf produziert, sprich Senfkörner mit den nötigen Gewürzen zum bekannten Luxemburger Tafelsenf vermahlen. Nach einer Besichtigung der alten Produktionsstätten erfahren Sie Wissenswertes [&hellip;]</p>

<!-- This site is optimized with the Yoast SEO Premium plugin v27.4 (Yoast SEO v27.5) - https://yoast.com/product/yoast-seo-premium-wordpress/ -->
<title>Senffabrik &quot;Muerbelsmillen&quot; - GERO</title>
<meta name="robots" content="index, follow, max-snippet:-1, max-image-preview:large, max-video-preview:-1" />
<link rel="canonical" href="https://www.gero.lu/de/produit/senffabrik-muerbelsmillen" />
<meta property="og:locale" content="de_DE" />
<meta property="og:type" content="article" />
<meta property="og:title" content="Senffabrik &quot;Muerbelsmillen&quot;" />
<meta property="og:description" content="Während der Besichtigung der „Muerbelsmillen“ im Pfaffenthal haben Sie Gelegenheit, eine der ältesten Mühlen des Landes zu entdecken, die noch bis 1912 als Getreidemühle in Betrieb war. Zwischen 1922 bis 1987 wurde hier Senf produziert, sprich Senfkörner mit den nötigen Gewürzen zum bekannten Luxemburger Tafelsenf vermahlen. Nach einer Besichtigung der alten Produktionsstätten erfahren Sie Wissenswertes [&hellip;]" />
<meta property="og:url" content="https://www.gero.lu/de/produit/senffabrik-muerbelsmillen" />
<meta property="og:site_name" content="GERO" />
<meta property="article:publisher" content="https://www.facebook.com/Kompetenzzenter/" />
<meta property="article:modified_time" content="2025-07-14T12:27:00+00:00" />
<meta property="og:image" content="https://www.gero.lu/wp-content/uploads/2021/08/gettyimages-1135289130-2048x2048_RET-1.jpg" />
	<meta property="og:image:width" content="1227" />
	<meta property="og:image:height" content="802" />
	<meta property="og:image:type" content="image/jpeg" />
<meta name="twitter:card" content="summary_large_image" />
<script type="application/ld+json" class="yoast-schema-graph">{"@context":"https:\/\/schema.org","@graph":[{"@type":"WebPage","@id":"https:\/\/www.gero.lu\/de\/produit\/senffabrik-muerbelsmillen","url":"https:\/\/www.gero.lu\/de\/produit\/senffabrik-muerbelsmillen","name":"Senffabrik \"Muerbelsmillen\" - GERO","isPartOf":{"@id":"https:\/\/www.gero.lu\/de\/#website"},"datePublished":"2025-05-21T13:24:50+00:00","dateModified":"2025-07-14T12:27:00+00:00","breadcrumb":{"@id":"https:\/\/www.gero.lu\/de\/produit\/senffabrik-muerbelsmillen#breadcrumb"},"inLanguage":"de","potentialAction":[{"@type":"ReadAction","target":[["https:\/\/www.gero.lu\/de\/produit\/senffabrik-muerbelsmillen"]]}]},{"@type":"BreadcrumbList","@id":"https:\/\/www.gero.lu\/de\/produit\/senffabrik-muerbelsmillen#breadcrumb","itemListElement":[{"@type":"ListItem","position":1,"name":"Accueil","item":"https:\/\/www.gero.lu\/de\/"},{"@type":"ListItem","position":2,"name":"Shop","item":"https:\/\/www.gero.lu\/de\/shop"},{"@type":"ListItem","position":3,"name":"Senffabrik « Muerbelsmillen »"}]},{"@type":"WebSite","@id":"https:\/\/www.gero.lu\/de\/#website","url":"https:\/\/www.gero.lu\/de\/","name":"Gero","description":"Kompetenzzenter fir den Alter","publisher":{"@id":"https:\/\/www.gero.lu\/de\/#organization"},"potentialAction":[{"@type":"SearchAction","target":{"@type":"EntryPoint","urlTemplate":"https:\/\/www.gero.lu\/de\/?s={search_term_string}"},"query-input":{"@type":"PropertyValueSpecification","valueRequired":true,"valueName":"search_term_string"}}],"inLanguage":"de"},{"@type":"Organization","@id":"https:\/\/www.gero.lu\/de\/#organization","name":"Gero","url":"https:\/\/www.gero.lu\/de\/","logo":{"@type":"ImageObject","inLanguage":"de","@id":"https:\/\/www.gero.lu\/de\/#\/schema\/logo\/image\/","url":"https:\/\/www.gero.lu\/wp-content\/uploads\/2024\/04\/logo.svg","contentUrl":"https:\/\/www.gero.lu\/wp-content\/uploads\/2024\/04\/logo.svg","width":76,"height":30,"caption":"Gero"},"image":{"@id":"https:\/\/www.gero.lu\/de\/#\/schema\/logo\/image\/"},"sameAs":["https:\/\/www.facebook.com\/Kompetenzzenter\/","https:\/\/www.instagram.com\/gero.kompetenzzenter\/","https:\/\/linkedin.com\/company\/gero-kompetenzzenter-fir-den-alter","https:\/\/www.youtube.com\/channel\/UCJvmJYSeHh3dYQsLHZupj-Q"]}]}</script>
<!-- / Yoast SEO Premium plugin. -->

Während der Besichtigung der „Muerbelsmillen“ im Pfaffenthal haben Sie Gelegenheit, eine der ältesten Mühlen des Landes zu entdecken, die noch bis 1912 als Getreidemühle in Betrieb war. Zwischen 1922 bis 1987 wurde hier Senf produziert, sprich Senfkörner mit den nötigen Gewürzen zum bekannten Luxemburger Tafelsenf vermahlen. Nach einer Besichtigung der alten Produktionsstätten erfahren Sie Wissenswertes [&hellip;]
