{"id":8983,"date":"2025-03-07T12:21:21","date_gmt":"2025-03-07T12:21:21","guid":{"rendered":"https:\/\/www.gero.lu\/produit\/quand-la-personne-demente-dement-fcpg-v-2"},"modified":"2025-11-10T10:21:39","modified_gmt":"2025-11-10T10:21:39","slug":"quand-la-personne-demente-dement-fcpg-v-2","status":"publish","type":"product","link":"https:\/\/www.gero.lu\/de\/produit\/quand-la-personne-demente-dement-fcpg-v-2","title":{"rendered":"Quand la personne d\u00e9mente d\u00e9ment (FCPG V)"},"content":{"rendered":"<p>R\u00e9solution des probl\u00e8mes complexes<\/p>\n<p>Module 5 de la formation psychog\u00e9riatrique<\/p>\n<p>D\u00e9couvrez une nouvelle mani\u00e8re de penser et de r\u00e9soudre les probl\u00e8mes li\u00e9s aux troubles cognitifs.<br \/>\nVous \u00eates confront\u00e9 \u00e0 des situations o\u00f9 les solutions semblent faire d\u00e9faut ? Cette formation vous invite<br \/>\n\u00e0 revisiter bri\u00e8vement la d\u00e9mence et ses comportements paradoxaux, en prenant en compte le pr\u00e9sent et la relation. De nombreux soignants et \u00e9quipes se retrouvent \u00ab paralys\u00e9s \u00bb face \u00e0 des comportements tels que la fugue, l\u2019agressivit\u00e9, la sexualit\u00e9 inappropri\u00e9e, les insultes ou le refus.<\/p>\n<p>Cette formation propose une perspective innovante : transformer les sympt\u00f4mes en comportements compr\u00e9hensibles et recontextualiser les difficult\u00e9s pour apporter des r\u00e9ponses efficaces. Nous proposons une approche syst\u00e9mique, \u00e9loign\u00e9e de la m\u00e9dicalisation classique, pour redonner du sens aux comportements des patients. Cette approche non normative et non pathologisante se concentre sur la solution du \u00ab comment \u00bb plut\u00f4t que sur le probl\u00e8me du \u00ab pourquoi \u00bb.<\/p>\n<p>Contenu :<br \/>\n\u2022\tLa d\u00e9mence dans l\u2019interaction selon une vision syst\u00e9mique : quand la d\u00e9mence et ses comportements deviennent des moyens de relation et de communication<br \/>\n\u2022\t\u00c0 travers des exercices pratiques et des \u00e9tudes de cas r\u00e9els, apprendre \u00e0 repenser la relation et \u00e0 intervenir de mani\u00e8re strat\u00e9gique, en prenant en compte les dynamiques relationnelles et les boucles de r\u00e9troaction.<br \/>\n\u2022\tExp\u00e9rimenter des techniques concr\u00e8tes pour r\u00e9soudre des probl\u00e8mes r\u00e9currents tels que l\u2019agitation, la d\u00e9sorientation ou l\u2019opposition.<br \/>\n\u2022\tD\u00e9couvrir des outils in\u00e9dits pour aborder des situations complexes que vous n\u2019avez, jusqu\u2019\u00e0 pr\u00e9sent, pas su r\u00e9soudre efficacement.<\/p>\n<p>Public cible :<br \/>\nAide-soignant\u00b7e, Aide socio-familiale, Auxiliaire de vie, \u00c9ducateur\u00b7rice, Ergoth\u00e9rapeute, Infirmier\u00b7\u00e8re, Kin\u00e9sith\u00e9rapeute, Psychologue et autres professions pertinentes<\/p>\n","protected":false},"excerpt":{"rendered":"<p>R\u00e9solution des probl\u00e8mes complexes Module 5 de la formation psychog\u00e9riatrique D\u00e9couvrez une nouvelle mani\u00e8re de penser et de r\u00e9soudre les probl\u00e8mes li\u00e9s aux troubles cognitifs. Vous \u00eates confront\u00e9 \u00e0 des situations o\u00f9 les solutions semblent faire d\u00e9faut ? Cette formation vous invite \u00e0 revisiter bri\u00e8vement la d\u00e9mence et ses comportements paradoxaux, en prenant en compte [&hellip;]<\/p>\n","protected":false},"featured_media":0,"comment_status":"closed","ping_status":"closed","template":"","meta":{"_acf_changed":false,"inline_featured_image":false},"product_brand":[],"product_cat":[239],"product_tag":[237],"class_list":{"0":"post-8983","1":"product","2":"type-product","3":"status-publish","5":"product_cat-cours-pro","6":"product_tag-soins-encadrement-therapie-pro","8":"first","9":"instock","10":"virtual","11":"purchasable","12":"product-type-simple"},"acf":[],"yoast_head":"<!-- This site is optimized with the Yoast SEO Premium plugin v27.4 (Yoast SEO v27.5) - https:\/\/yoast.com\/product\/yoast-seo-premium-wordpress\/ -->\n<title>Quand la personne d\u00e9mente d\u00e9ment (FCPG V) - GERO<\/title>\n<meta name=\"robots\" content=\"index, follow, max-snippet:-1, max-image-preview:large, max-video-preview:-1\" \/>\n<link rel=\"canonical\" href=\"https:\/\/www.gero.lu\/de\/produit\/quand-la-personne-demente-dement-fcpg-v-2\" \/>\n<meta property=\"og:locale\" content=\"de_DE\" \/>\n<meta property=\"og:type\" content=\"article\" \/>\n<meta property=\"og:title\" content=\"Quand la personne d\u00e9mente d\u00e9ment (FCPG V)\" \/>\n<meta property=\"og:description\" content=\"R\u00e9solution des probl\u00e8mes complexes Module 5 de la formation psychog\u00e9riatrique D\u00e9couvrez une nouvelle mani\u00e8re de penser et de r\u00e9soudre les probl\u00e8mes li\u00e9s aux troubles cognitifs. Vous \u00eates confront\u00e9 \u00e0 des situations o\u00f9 les solutions semblent faire d\u00e9faut ? Cette formation vous invite \u00e0 revisiter bri\u00e8vement la d\u00e9mence et ses comportements paradoxaux, en prenant en compte [&hellip;]\" \/>\n<meta property=\"og:url\" content=\"https:\/\/www.gero.lu\/de\/produit\/quand-la-personne-demente-dement-fcpg-v-2\" \/>\n<meta property=\"og:site_name\" content=\"GERO\" \/>\n<meta property=\"article:publisher\" content=\"https:\/\/www.facebook.com\/Kompetenzzenter\/\" \/>\n<meta property=\"article:modified_time\" content=\"2025-11-10T10:21:39+00:00\" \/>\n<meta property=\"og:image\" content=\"https:\/\/www.gero.lu\/wp-content\/uploads\/2021\/08\/gettyimages-1135289130-2048x2048_RET-1.jpg\" \/>\n\t<meta property=\"og:image:width\" content=\"1227\" \/>\n\t<meta property=\"og:image:height\" content=\"802\" \/>\n\t<meta property=\"og:image:type\" content=\"image\/jpeg\" \/>\n<meta name=\"twitter:card\" content=\"summary_large_image\" \/>\n<meta name=\"twitter:label1\" content=\"Gesch\u00e4tzte Lesezeit\" \/>\n\t<meta name=\"twitter:data1\" content=\"1\u00a0Minute\" \/>\n<script type=\"application\/ld+json\" class=\"yoast-schema-graph\">{\"@context\":\"https:\\\/\\\/schema.org\",\"@graph\":[{\"@type\":\"WebPage\",\"@id\":\"https:\\\/\\\/www.gero.lu\\\/de\\\/produit\\\/quand-la-personne-demente-dement-fcpg-v-2\",\"url\":\"https:\\\/\\\/www.gero.lu\\\/de\\\/produit\\\/quand-la-personne-demente-dement-fcpg-v-2\",\"name\":\"Quand la personne d\u00e9mente d\u00e9ment (FCPG V) - GERO\",\"isPartOf\":{\"@id\":\"https:\\\/\\\/www.gero.lu\\\/de\\\/#website\"},\"datePublished\":\"2025-03-07T12:21:21+00:00\",\"dateModified\":\"2025-11-10T10:21:39+00:00\",\"breadcrumb\":{\"@id\":\"https:\\\/\\\/www.gero.lu\\\/de\\\/produit\\\/quand-la-personne-demente-dement-fcpg-v-2#breadcrumb\"},\"inLanguage\":\"de\",\"potentialAction\":[{\"@type\":\"ReadAction\",\"target\":[[\"https:\\\/\\\/www.gero.lu\\\/de\\\/produit\\\/quand-la-personne-demente-dement-fcpg-v-2\"]]}]},{\"@type\":\"BreadcrumbList\",\"@id\":\"https:\\\/\\\/www.gero.lu\\\/de\\\/produit\\\/quand-la-personne-demente-dement-fcpg-v-2#breadcrumb\",\"itemListElement\":[{\"@type\":\"ListItem\",\"position\":1,\"name\":\"Accueil\",\"item\":\"https:\\\/\\\/www.gero.lu\\\/de\\\/\"},{\"@type\":\"ListItem\",\"position\":2,\"name\":\"Shop\",\"item\":\"https:\\\/\\\/www.gero.lu\\\/de\\\/shop\"},{\"@type\":\"ListItem\",\"position\":3,\"name\":\"Quand la personne d\u00e9mente d\u00e9ment (FCPG V)\"}]},{\"@type\":\"WebSite\",\"@id\":\"https:\\\/\\\/www.gero.lu\\\/de\\\/#website\",\"url\":\"https:\\\/\\\/www.gero.lu\\\/de\\\/\",\"name\":\"Gero\",\"description\":\"Kompetenzzenter fir den Alter\",\"publisher\":{\"@id\":\"https:\\\/\\\/www.gero.lu\\\/de\\\/#organization\"},\"potentialAction\":[{\"@type\":\"SearchAction\",\"target\":{\"@type\":\"EntryPoint\",\"urlTemplate\":\"https:\\\/\\\/www.gero.lu\\\/de\\\/?s={search_term_string}\"},\"query-input\":{\"@type\":\"PropertyValueSpecification\",\"valueRequired\":true,\"valueName\":\"search_term_string\"}}],\"inLanguage\":\"de\"},{\"@type\":\"Organization\",\"@id\":\"https:\\\/\\\/www.gero.lu\\\/de\\\/#organization\",\"name\":\"Gero\",\"url\":\"https:\\\/\\\/www.gero.lu\\\/de\\\/\",\"logo\":{\"@type\":\"ImageObject\",\"inLanguage\":\"de\",\"@id\":\"https:\\\/\\\/www.gero.lu\\\/de\\\/#\\\/schema\\\/logo\\\/image\\\/\",\"url\":\"https:\\\/\\\/www.gero.lu\\\/wp-content\\\/uploads\\\/2024\\\/04\\\/logo.svg\",\"contentUrl\":\"https:\\\/\\\/www.gero.lu\\\/wp-content\\\/uploads\\\/2024\\\/04\\\/logo.svg\",\"width\":76,\"height\":30,\"caption\":\"Gero\"},\"image\":{\"@id\":\"https:\\\/\\\/www.gero.lu\\\/de\\\/#\\\/schema\\\/logo\\\/image\\\/\"},\"sameAs\":[\"https:\\\/\\\/www.facebook.com\\\/Kompetenzzenter\\\/\",\"https:\\\/\\\/www.instagram.com\\\/gero.kompetenzzenter\\\/\",\"https:\\\/\\\/linkedin.com\\\/company\\\/gero-kompetenzzenter-fir-den-alter\",\"https:\\\/\\\/www.youtube.com\\\/channel\\\/UCJvmJYSeHh3dYQsLHZupj-Q\"]}]}<\/script>\n<!-- \/ Yoast SEO Premium plugin. -->","yoast_head_json":{"title":"Quand la personne d\u00e9mente d\u00e9ment (FCPG V) - GERO","robots":{"index":"index","follow":"follow","max-snippet":"max-snippet:-1","max-image-preview":"max-image-preview:large","max-video-preview":"max-video-preview:-1"},"canonical":"https:\/\/www.gero.lu\/de\/produit\/quand-la-personne-demente-dement-fcpg-v-2","og_locale":"de_DE","og_type":"article","og_title":"Quand la personne d\u00e9mente d\u00e9ment (FCPG V)","og_description":"R\u00e9solution des probl\u00e8mes complexes Module 5 de la formation psychog\u00e9riatrique D\u00e9couvrez une nouvelle mani\u00e8re de penser et de r\u00e9soudre les probl\u00e8mes li\u00e9s aux troubles cognitifs. Vous \u00eates confront\u00e9 \u00e0 des situations o\u00f9 les solutions semblent faire d\u00e9faut ? Cette formation vous invite \u00e0 revisiter bri\u00e8vement la d\u00e9mence et ses comportements paradoxaux, en prenant en compte [&hellip;]","og_url":"https:\/\/www.gero.lu\/de\/produit\/quand-la-personne-demente-dement-fcpg-v-2","og_site_name":"GERO","article_publisher":"https:\/\/www.facebook.com\/Kompetenzzenter\/","article_modified_time":"2025-11-10T10:21:39+00:00","og_image":[{"width":1227,"height":802,"url":"https:\/\/www.gero.lu\/wp-content\/uploads\/2021\/08\/gettyimages-1135289130-2048x2048_RET-1.jpg","type":"image\/jpeg"}],"twitter_card":"summary_large_image","twitter_misc":{"Gesch\u00e4tzte Lesezeit":"1\u00a0Minute"},"schema":{"@context":"https:\/\/schema.org","@graph":[{"@type":"WebPage","@id":"https:\/\/www.gero.lu\/de\/produit\/quand-la-personne-demente-dement-fcpg-v-2","url":"https:\/\/www.gero.lu\/de\/produit\/quand-la-personne-demente-dement-fcpg-v-2","name":"Quand la personne d\u00e9mente d\u00e9ment (FCPG V) - GERO","isPartOf":{"@id":"https:\/\/www.gero.lu\/de\/#website"},"datePublished":"2025-03-07T12:21:21+00:00","dateModified":"2025-11-10T10:21:39+00:00","breadcrumb":{"@id":"https:\/\/www.gero.lu\/de\/produit\/quand-la-personne-demente-dement-fcpg-v-2#breadcrumb"},"inLanguage":"de","potentialAction":[{"@type":"ReadAction","target":[["https:\/\/www.gero.lu\/de\/produit\/quand-la-personne-demente-dement-fcpg-v-2"]]}]},{"@type":"BreadcrumbList","@id":"https:\/\/www.gero.lu\/de\/produit\/quand-la-personne-demente-dement-fcpg-v-2#breadcrumb","itemListElement":[{"@type":"ListItem","position":1,"name":"Accueil","item":"https:\/\/www.gero.lu\/de\/"},{"@type":"ListItem","position":2,"name":"Shop","item":"https:\/\/www.gero.lu\/de\/shop"},{"@type":"ListItem","position":3,"name":"Quand la personne d\u00e9mente d\u00e9ment (FCPG V)"}]},{"@type":"WebSite","@id":"https:\/\/www.gero.lu\/de\/#website","url":"https:\/\/www.gero.lu\/de\/","name":"Gero","description":"Kompetenzzenter fir den Alter","publisher":{"@id":"https:\/\/www.gero.lu\/de\/#organization"},"potentialAction":[{"@type":"SearchAction","target":{"@type":"EntryPoint","urlTemplate":"https:\/\/www.gero.lu\/de\/?s={search_term_string}"},"query-input":{"@type":"PropertyValueSpecification","valueRequired":true,"valueName":"search_term_string"}}],"inLanguage":"de"},{"@type":"Organization","@id":"https:\/\/www.gero.lu\/de\/#organization","name":"Gero","url":"https:\/\/www.gero.lu\/de\/","logo":{"@type":"ImageObject","inLanguage":"de","@id":"https:\/\/www.gero.lu\/de\/#\/schema\/logo\/image\/","url":"https:\/\/www.gero.lu\/wp-content\/uploads\/2024\/04\/logo.svg","contentUrl":"https:\/\/www.gero.lu\/wp-content\/uploads\/2024\/04\/logo.svg","width":76,"height":30,"caption":"Gero"},"image":{"@id":"https:\/\/www.gero.lu\/de\/#\/schema\/logo\/image\/"},"sameAs":["https:\/\/www.facebook.com\/Kompetenzzenter\/","https:\/\/www.instagram.com\/gero.kompetenzzenter\/","https:\/\/linkedin.com\/company\/gero-kompetenzzenter-fir-den-alter","https:\/\/www.youtube.com\/channel\/UCJvmJYSeHh3dYQsLHZupj-Q"]}]}},"_links":{"self":[{"href":"https:\/\/www.gero.lu\/de\/wp-json\/wp\/v2\/product\/8983","targetHints":{"allow":["GET"]}}],"collection":[{"href":"https:\/\/www.gero.lu\/de\/wp-json\/wp\/v2\/product"}],"about":[{"href":"https:\/\/www.gero.lu\/de\/wp-json\/wp\/v2\/types\/product"}],"replies":[{"embeddable":true,"href":"https:\/\/www.gero.lu\/de\/wp-json\/wp\/v2\/comments?post=8983"}],"wp:attachment":[{"href":"https:\/\/www.gero.lu\/de\/wp-json\/wp\/v2\/media?parent=8983"}],"wp:term":[{"taxonomy":"product_brand","embeddable":true,"href":"https:\/\/www.gero.lu\/de\/wp-json\/wp\/v2\/product_brand?post=8983"},{"taxonomy":"product_cat","embeddable":true,"href":"https:\/\/www.gero.lu\/de\/wp-json\/wp\/v2\/product_cat?post=8983"},{"taxonomy":"product_tag","embeddable":true,"href":"https:\/\/www.gero.lu\/de\/wp-json\/wp\/v2\/product_tag?post=8983"}],"curies":[{"name":"wp","href":"https:\/\/api.w.org\/{rel}","templated":true}]}}

Quand la personne démente dément (FCPG V)

<p>Résolution des problèmes complexes</p>
<p>Module 5 de la formation psychogériatrique</p>
<p>Découvrez une nouvelle manière de penser et de résoudre les problèmes liés aux troubles cognitifs.<br />
Vous êtes confronté à des situations où les solutions semblent faire défaut ? Cette formation vous invite<br />
à revisiter brièvement la démence et ses comportements paradoxaux, en prenant en compte le présent et la relation. De nombreux soignants et équipes se retrouvent « paralysés » face à des comportements tels que la fugue, l’agressivité, la sexualité inappropriée, les insultes ou le refus.</p>
<p>Cette formation propose une perspective innovante : transformer les symptômes en comportements compréhensibles et recontextualiser les difficultés pour apporter des réponses efficaces. Nous proposons une approche systémique, éloignée de la médicalisation classique, pour redonner du sens aux comportements des patients. Cette approche non normative et non pathologisante se concentre sur la solution du « comment » plutôt que sur le problème du « pourquoi ».</p>
<p>Contenu :<br />
•	La démence dans l’interaction selon une vision systémique : quand la démence et ses comportements deviennent des moyens de relation et de communication<br />
•	À travers des exercices pratiques et des études de cas réels, apprendre à repenser la relation et à intervenir de manière stratégique, en prenant en compte les dynamiques relationnelles et les boucles de rétroaction.<br />
•	Expérimenter des techniques concrètes pour résoudre des problèmes récurrents tels que l’agitation, la désorientation ou l’opposition.<br />
•	Découvrir des outils inédits pour aborder des situations complexes que vous n’avez, jusqu’à présent, pas su résoudre efficacement.</p>
<p>Public cible :<br />
Aide-soignant·e, Aide socio-familiale, Auxiliaire de vie, Éducateur·rice, Ergothérapeute, Infirmier·ère, Kinésithérapeute, Psychologue et autres professions pertinentes</p>

<p>Résolution des problèmes complexes Module 5 de la formation psychogériatrique Découvrez une nouvelle manière de penser et de résoudre les problèmes liés aux troubles cognitifs. Vous êtes confronté à des situations où les solutions semblent faire défaut ? Cette formation vous invite à revisiter brièvement la démence et ses comportements paradoxaux, en prenant en compte [&hellip;]</p>

<!-- This site is optimized with the Yoast SEO Premium plugin v27.4 (Yoast SEO v27.5) - https://yoast.com/product/yoast-seo-premium-wordpress/ -->
<title>Quand la personne démente dément (FCPG V) - GERO</title>
<meta name="robots" content="index, follow, max-snippet:-1, max-image-preview:large, max-video-preview:-1" />
<link rel="canonical" href="https://www.gero.lu/de/produit/quand-la-personne-demente-dement-fcpg-v-2" />
<meta property="og:locale" content="de_DE" />
<meta property="og:type" content="article" />
<meta property="og:title" content="Quand la personne démente dément (FCPG V)" />
<meta property="og:description" content="Résolution des problèmes complexes Module 5 de la formation psychogériatrique Découvrez une nouvelle manière de penser et de résoudre les problèmes liés aux troubles cognitifs. Vous êtes confronté à des situations où les solutions semblent faire défaut ? Cette formation vous invite à revisiter brièvement la démence et ses comportements paradoxaux, en prenant en compte [&hellip;]" />
<meta property="og:url" content="https://www.gero.lu/de/produit/quand-la-personne-demente-dement-fcpg-v-2" />
<meta property="og:site_name" content="GERO" />
<meta property="article:publisher" content="https://www.facebook.com/Kompetenzzenter/" />
<meta property="article:modified_time" content="2025-11-10T10:21:39+00:00" />
<meta property="og:image" content="https://www.gero.lu/wp-content/uploads/2021/08/gettyimages-1135289130-2048x2048_RET-1.jpg" />
	<meta property="og:image:width" content="1227" />
	<meta property="og:image:height" content="802" />
	<meta property="og:image:type" content="image/jpeg" />
<meta name="twitter:card" content="summary_large_image" />
<meta name="twitter:label1" content="Geschätzte Lesezeit" />
	<meta name="twitter:data1" content="1 Minute" />
<script type="application/ld+json" class="yoast-schema-graph">{"@context":"https:\/\/schema.org","@graph":[{"@type":"WebPage","@id":"https:\/\/www.gero.lu\/de\/produit\/quand-la-personne-demente-dement-fcpg-v-2","url":"https:\/\/www.gero.lu\/de\/produit\/quand-la-personne-demente-dement-fcpg-v-2","name":"Quand la personne démente dément (FCPG V) - GERO","isPartOf":{"@id":"https:\/\/www.gero.lu\/de\/#website"},"datePublished":"2025-03-07T12:21:21+00:00","dateModified":"2025-11-10T10:21:39+00:00","breadcrumb":{"@id":"https:\/\/www.gero.lu\/de\/produit\/quand-la-personne-demente-dement-fcpg-v-2#breadcrumb"},"inLanguage":"de","potentialAction":[{"@type":"ReadAction","target":[["https:\/\/www.gero.lu\/de\/produit\/quand-la-personne-demente-dement-fcpg-v-2"]]}]},{"@type":"BreadcrumbList","@id":"https:\/\/www.gero.lu\/de\/produit\/quand-la-personne-demente-dement-fcpg-v-2#breadcrumb","itemListElement":[{"@type":"ListItem","position":1,"name":"Accueil","item":"https:\/\/www.gero.lu\/de\/"},{"@type":"ListItem","position":2,"name":"Shop","item":"https:\/\/www.gero.lu\/de\/shop"},{"@type":"ListItem","position":3,"name":"Quand la personne démente dément (FCPG V)"}]},{"@type":"WebSite","@id":"https:\/\/www.gero.lu\/de\/#website","url":"https:\/\/www.gero.lu\/de\/","name":"Gero","description":"Kompetenzzenter fir den Alter","publisher":{"@id":"https:\/\/www.gero.lu\/de\/#organization"},"potentialAction":[{"@type":"SearchAction","target":{"@type":"EntryPoint","urlTemplate":"https:\/\/www.gero.lu\/de\/?s={search_term_string}"},"query-input":{"@type":"PropertyValueSpecification","valueRequired":true,"valueName":"search_term_string"}}],"inLanguage":"de"},{"@type":"Organization","@id":"https:\/\/www.gero.lu\/de\/#organization","name":"Gero","url":"https:\/\/www.gero.lu\/de\/","logo":{"@type":"ImageObject","inLanguage":"de","@id":"https:\/\/www.gero.lu\/de\/#\/schema\/logo\/image\/","url":"https:\/\/www.gero.lu\/wp-content\/uploads\/2024\/04\/logo.svg","contentUrl":"https:\/\/www.gero.lu\/wp-content\/uploads\/2024\/04\/logo.svg","width":76,"height":30,"caption":"Gero"},"image":{"@id":"https:\/\/www.gero.lu\/de\/#\/schema\/logo\/image\/"},"sameAs":["https:\/\/www.facebook.com\/Kompetenzzenter\/","https:\/\/www.instagram.com\/gero.kompetenzzenter\/","https:\/\/linkedin.com\/company\/gero-kompetenzzenter-fir-den-alter","https:\/\/www.youtube.com\/channel\/UCJvmJYSeHh3dYQsLHZupj-Q"]}]}</script>
<!-- / Yoast SEO Premium plugin. -->

Quand la personne démente dément (FCPG V) - GERO

Résolution des problèmes complexes Module 5 de la formation psychogériatrique Découvrez une nouvelle manière de penser et de résoudre les problèmes liés aux troubles cognitifs. Vous êtes confronté à des situations où les solutions semblent faire défaut ? Cette formation vous invite à revisiter brièvement la démence et ses comportements paradoxaux, en prenant en compte [&hellip;]
