{"id":8215,"date":"2024-11-13T12:24:40","date_gmt":"2024-11-13T12:24:40","guid":{"rendered":"https:\/\/www.gero.lu\/produit\/services-moyens-accessoires-konkret-erklart"},"modified":"2025-02-20T14:03:05","modified_gmt":"2025-02-20T14:03:05","slug":"services-moyens-accessoires-konkret-erklart","status":"publish","type":"product","link":"https:\/\/www.gero.lu\/de\/produit\/services-moyens-accessoires-konkret-erklart","title":{"rendered":"Services Moyens Accessoires &#8211; Konkret erkl\u00e4rt"},"content":{"rendered":"<p>Services Moyens Accessoires, kurz SMA, ist eine Organisation, die seit 30 Jahren in Luxemburg t\u00e4tig ist, um die Lebensqualit\u00e4t von Menschen mit eingeschr\u00e4nkter Mobilit\u00e4t zu verbessern und ihnen das Verbleiben im eigenen Heim zu erm\u00f6glichen. In dem Vortrag erfahren Sie, wie der Verleihservice f\u00fcr medizinisch-technische Artikel konkret funktioniert. So wird z. B. erkl\u00e4rt, welches Material zur Verf\u00fcgung gestellt wird und unter welchen Bedingungen es angefragt und genutzt werden kann.<\/p>\n","protected":false},"excerpt":{"rendered":"<p>Services Moyens Accessoires, kurz SMA, ist eine Organisation, die seit 30 Jahren in Luxemburg t\u00e4tig ist, um die Lebensqualit\u00e4t von Menschen mit eingeschr\u00e4nkter Mobilit\u00e4t zu verbessern und ihnen das Verbleiben im eigenen Heim zu erm\u00f6glichen. In dem Vortrag erfahren Sie, wie der Verleihservice f\u00fcr medizinisch-technische Artikel konkret funktioniert. So wird z. B. erkl\u00e4rt, welches Material [&hellip;]<\/p>\n","protected":false},"featured_media":0,"comment_status":"closed","ping_status":"closed","template":"","meta":{"_acf_changed":false,"inline_featured_image":false},"product_brand":[],"product_cat":[228],"product_tag":[341],"class_list":{"0":"post-8215","1":"product","2":"type-product","3":"status-publish","5":"product_cat-conference","6":"product_tag-connaissance-de-vie","8":"first","9":"instock","10":"virtual","11":"purchasable","12":"product-type-simple"},"acf":[],"yoast_head":"<!-- This site is optimized with the Yoast SEO Premium plugin v27.4 (Yoast SEO v27.5) - https:\/\/yoast.com\/product\/yoast-seo-premium-wordpress\/ -->\n<title>Services Moyens Accessoires - Konkret erkl\u00e4rt - GERO<\/title>\n<meta name=\"robots\" content=\"index, follow, max-snippet:-1, max-image-preview:large, max-video-preview:-1\" \/>\n<link rel=\"canonical\" href=\"https:\/\/www.gero.lu\/de\/produit\/services-moyens-accessoires-konkret-erklart\" \/>\n<meta property=\"og:locale\" content=\"de_DE\" \/>\n<meta property=\"og:type\" content=\"article\" \/>\n<meta property=\"og:title\" content=\"Services Moyens Accessoires - Konkret erkl\u00e4rt\" \/>\n<meta property=\"og:description\" content=\"Services Moyens Accessoires, kurz SMA, ist eine Organisation, die seit 30 Jahren in Luxemburg t\u00e4tig ist, um die Lebensqualit\u00e4t von Menschen mit eingeschr\u00e4nkter Mobilit\u00e4t zu verbessern und ihnen das Verbleiben im eigenen Heim zu erm\u00f6glichen. In dem Vortrag erfahren Sie, wie der Verleihservice f\u00fcr medizinisch-technische Artikel konkret funktioniert. So wird z. B. erkl\u00e4rt, welches Material [&hellip;]\" \/>\n<meta property=\"og:url\" content=\"https:\/\/www.gero.lu\/de\/produit\/services-moyens-accessoires-konkret-erklart\" \/>\n<meta property=\"og:site_name\" content=\"GERO\" \/>\n<meta property=\"article:publisher\" content=\"https:\/\/www.facebook.com\/Kompetenzzenter\/\" \/>\n<meta property=\"article:modified_time\" content=\"2025-02-20T14:03:05+00:00\" \/>\n<meta property=\"og:image\" content=\"https:\/\/www.gero.lu\/wp-content\/uploads\/2024\/11\/Services-Moyens-Accessoires.png\" \/>\n\t<meta property=\"og:image:width\" content=\"1200\" \/>\n\t<meta property=\"og:image:height\" content=\"630\" \/>\n\t<meta property=\"og:image:type\" content=\"image\/png\" \/>\n<meta name=\"twitter:card\" content=\"summary_large_image\" \/>\n<meta name=\"twitter:label1\" content=\"Gesch\u00e4tzte Lesezeit\" \/>\n\t<meta name=\"twitter:data1\" content=\"1\u00a0Minute\" \/>\n<script type=\"application\/ld+json\" class=\"yoast-schema-graph\">{\"@context\":\"https:\\\/\\\/schema.org\",\"@graph\":[{\"@type\":\"WebPage\",\"@id\":\"https:\\\/\\\/www.gero.lu\\\/de\\\/produit\\\/services-moyens-accessoires-konkret-erklart\",\"url\":\"https:\\\/\\\/www.gero.lu\\\/de\\\/produit\\\/services-moyens-accessoires-konkret-erklart\",\"name\":\"Services Moyens Accessoires - Konkret erkl\u00e4rt - GERO\",\"isPartOf\":{\"@id\":\"https:\\\/\\\/www.gero.lu\\\/de\\\/#website\"},\"datePublished\":\"2024-11-13T12:24:40+00:00\",\"dateModified\":\"2025-02-20T14:03:05+00:00\",\"breadcrumb\":{\"@id\":\"https:\\\/\\\/www.gero.lu\\\/de\\\/produit\\\/services-moyens-accessoires-konkret-erklart#breadcrumb\"},\"inLanguage\":\"de\",\"potentialAction\":[{\"@type\":\"ReadAction\",\"target\":[[\"https:\\\/\\\/www.gero.lu\\\/de\\\/produit\\\/services-moyens-accessoires-konkret-erklart\"]]}]},{\"@type\":\"BreadcrumbList\",\"@id\":\"https:\\\/\\\/www.gero.lu\\\/de\\\/produit\\\/services-moyens-accessoires-konkret-erklart#breadcrumb\",\"itemListElement\":[{\"@type\":\"ListItem\",\"position\":1,\"name\":\"Accueil\",\"item\":\"https:\\\/\\\/www.gero.lu\\\/de\\\/\"},{\"@type\":\"ListItem\",\"position\":2,\"name\":\"Shop\",\"item\":\"https:\\\/\\\/www.gero.lu\\\/de\\\/shop\"},{\"@type\":\"ListItem\",\"position\":3,\"name\":\"Services Moyens Accessoires &#8211; Konkret erkl\u00e4rt\"}]},{\"@type\":\"WebSite\",\"@id\":\"https:\\\/\\\/www.gero.lu\\\/de\\\/#website\",\"url\":\"https:\\\/\\\/www.gero.lu\\\/de\\\/\",\"name\":\"Gero\",\"description\":\"Kompetenzzenter fir den Alter\",\"publisher\":{\"@id\":\"https:\\\/\\\/www.gero.lu\\\/de\\\/#organization\"},\"potentialAction\":[{\"@type\":\"SearchAction\",\"target\":{\"@type\":\"EntryPoint\",\"urlTemplate\":\"https:\\\/\\\/www.gero.lu\\\/de\\\/?s={search_term_string}\"},\"query-input\":{\"@type\":\"PropertyValueSpecification\",\"valueRequired\":true,\"valueName\":\"search_term_string\"}}],\"inLanguage\":\"de\"},{\"@type\":\"Organization\",\"@id\":\"https:\\\/\\\/www.gero.lu\\\/de\\\/#organization\",\"name\":\"Gero\",\"url\":\"https:\\\/\\\/www.gero.lu\\\/de\\\/\",\"logo\":{\"@type\":\"ImageObject\",\"inLanguage\":\"de\",\"@id\":\"https:\\\/\\\/www.gero.lu\\\/de\\\/#\\\/schema\\\/logo\\\/image\\\/\",\"url\":\"https:\\\/\\\/www.gero.lu\\\/wp-content\\\/uploads\\\/2024\\\/04\\\/logo.svg\",\"contentUrl\":\"https:\\\/\\\/www.gero.lu\\\/wp-content\\\/uploads\\\/2024\\\/04\\\/logo.svg\",\"width\":76,\"height\":30,\"caption\":\"Gero\"},\"image\":{\"@id\":\"https:\\\/\\\/www.gero.lu\\\/de\\\/#\\\/schema\\\/logo\\\/image\\\/\"},\"sameAs\":[\"https:\\\/\\\/www.facebook.com\\\/Kompetenzzenter\\\/\",\"https:\\\/\\\/www.instagram.com\\\/gero.kompetenzzenter\\\/\",\"https:\\\/\\\/linkedin.com\\\/company\\\/gero-kompetenzzenter-fir-den-alter\",\"https:\\\/\\\/www.youtube.com\\\/channel\\\/UCJvmJYSeHh3dYQsLHZupj-Q\"]}]}<\/script>\n<!-- \/ Yoast SEO Premium plugin. -->","yoast_head_json":{"title":"Services Moyens Accessoires - Konkret erkl\u00e4rt - GERO","robots":{"index":"index","follow":"follow","max-snippet":"max-snippet:-1","max-image-preview":"max-image-preview:large","max-video-preview":"max-video-preview:-1"},"canonical":"https:\/\/www.gero.lu\/de\/produit\/services-moyens-accessoires-konkret-erklart","og_locale":"de_DE","og_type":"article","og_title":"Services Moyens Accessoires - Konkret erkl\u00e4rt","og_description":"Services Moyens Accessoires, kurz SMA, ist eine Organisation, die seit 30 Jahren in Luxemburg t\u00e4tig ist, um die Lebensqualit\u00e4t von Menschen mit eingeschr\u00e4nkter Mobilit\u00e4t zu verbessern und ihnen das Verbleiben im eigenen Heim zu erm\u00f6glichen. In dem Vortrag erfahren Sie, wie der Verleihservice f\u00fcr medizinisch-technische Artikel konkret funktioniert. So wird z. B. erkl\u00e4rt, welches Material [&hellip;]","og_url":"https:\/\/www.gero.lu\/de\/produit\/services-moyens-accessoires-konkret-erklart","og_site_name":"GERO","article_publisher":"https:\/\/www.facebook.com\/Kompetenzzenter\/","article_modified_time":"2025-02-20T14:03:05+00:00","og_image":[{"width":1200,"height":630,"url":"https:\/\/www.gero.lu\/wp-content\/uploads\/2024\/11\/Services-Moyens-Accessoires.png","type":"image\/png"}],"twitter_card":"summary_large_image","twitter_misc":{"Gesch\u00e4tzte Lesezeit":"1\u00a0Minute"},"schema":{"@context":"https:\/\/schema.org","@graph":[{"@type":"WebPage","@id":"https:\/\/www.gero.lu\/de\/produit\/services-moyens-accessoires-konkret-erklart","url":"https:\/\/www.gero.lu\/de\/produit\/services-moyens-accessoires-konkret-erklart","name":"Services Moyens Accessoires - Konkret erkl\u00e4rt - GERO","isPartOf":{"@id":"https:\/\/www.gero.lu\/de\/#website"},"datePublished":"2024-11-13T12:24:40+00:00","dateModified":"2025-02-20T14:03:05+00:00","breadcrumb":{"@id":"https:\/\/www.gero.lu\/de\/produit\/services-moyens-accessoires-konkret-erklart#breadcrumb"},"inLanguage":"de","potentialAction":[{"@type":"ReadAction","target":[["https:\/\/www.gero.lu\/de\/produit\/services-moyens-accessoires-konkret-erklart"]]}]},{"@type":"BreadcrumbList","@id":"https:\/\/www.gero.lu\/de\/produit\/services-moyens-accessoires-konkret-erklart#breadcrumb","itemListElement":[{"@type":"ListItem","position":1,"name":"Accueil","item":"https:\/\/www.gero.lu\/de\/"},{"@type":"ListItem","position":2,"name":"Shop","item":"https:\/\/www.gero.lu\/de\/shop"},{"@type":"ListItem","position":3,"name":"Services Moyens Accessoires &#8211; Konkret erkl\u00e4rt"}]},{"@type":"WebSite","@id":"https:\/\/www.gero.lu\/de\/#website","url":"https:\/\/www.gero.lu\/de\/","name":"Gero","description":"Kompetenzzenter fir den Alter","publisher":{"@id":"https:\/\/www.gero.lu\/de\/#organization"},"potentialAction":[{"@type":"SearchAction","target":{"@type":"EntryPoint","urlTemplate":"https:\/\/www.gero.lu\/de\/?s={search_term_string}"},"query-input":{"@type":"PropertyValueSpecification","valueRequired":true,"valueName":"search_term_string"}}],"inLanguage":"de"},{"@type":"Organization","@id":"https:\/\/www.gero.lu\/de\/#organization","name":"Gero","url":"https:\/\/www.gero.lu\/de\/","logo":{"@type":"ImageObject","inLanguage":"de","@id":"https:\/\/www.gero.lu\/de\/#\/schema\/logo\/image\/","url":"https:\/\/www.gero.lu\/wp-content\/uploads\/2024\/04\/logo.svg","contentUrl":"https:\/\/www.gero.lu\/wp-content\/uploads\/2024\/04\/logo.svg","width":76,"height":30,"caption":"Gero"},"image":{"@id":"https:\/\/www.gero.lu\/de\/#\/schema\/logo\/image\/"},"sameAs":["https:\/\/www.facebook.com\/Kompetenzzenter\/","https:\/\/www.instagram.com\/gero.kompetenzzenter\/","https:\/\/linkedin.com\/company\/gero-kompetenzzenter-fir-den-alter","https:\/\/www.youtube.com\/channel\/UCJvmJYSeHh3dYQsLHZupj-Q"]}]}},"_links":{"self":[{"href":"https:\/\/www.gero.lu\/de\/wp-json\/wp\/v2\/product\/8215","targetHints":{"allow":["GET"]}}],"collection":[{"href":"https:\/\/www.gero.lu\/de\/wp-json\/wp\/v2\/product"}],"about":[{"href":"https:\/\/www.gero.lu\/de\/wp-json\/wp\/v2\/types\/product"}],"replies":[{"embeddable":true,"href":"https:\/\/www.gero.lu\/de\/wp-json\/wp\/v2\/comments?post=8215"}],"wp:attachment":[{"href":"https:\/\/www.gero.lu\/de\/wp-json\/wp\/v2\/media?parent=8215"}],"wp:term":[{"taxonomy":"product_brand","embeddable":true,"href":"https:\/\/www.gero.lu\/de\/wp-json\/wp\/v2\/product_brand?post=8215"},{"taxonomy":"product_cat","embeddable":true,"href":"https:\/\/www.gero.lu\/de\/wp-json\/wp\/v2\/product_cat?post=8215"},{"taxonomy":"product_tag","embeddable":true,"href":"https:\/\/www.gero.lu\/de\/wp-json\/wp\/v2\/product_tag?post=8215"}],"curies":[{"name":"wp","href":"https:\/\/api.w.org\/{rel}","templated":true}]}}

Services Moyens Accessoires &#8211; Konkret erklärt

<p>Services Moyens Accessoires, kurz SMA, ist eine Organisation, die seit 30 Jahren in Luxemburg tätig ist, um die Lebensqualität von Menschen mit eingeschränkter Mobilität zu verbessern und ihnen das Verbleiben im eigenen Heim zu ermöglichen. In dem Vortrag erfahren Sie, wie der Verleihservice für medizinisch-technische Artikel konkret funktioniert. So wird z. B. erklärt, welches Material zur Verfügung gestellt wird und unter welchen Bedingungen es angefragt und genutzt werden kann.</p>

<p>Services Moyens Accessoires, kurz SMA, ist eine Organisation, die seit 30 Jahren in Luxemburg tätig ist, um die Lebensqualität von Menschen mit eingeschränkter Mobilität zu verbessern und ihnen das Verbleiben im eigenen Heim zu ermöglichen. In dem Vortrag erfahren Sie, wie der Verleihservice für medizinisch-technische Artikel konkret funktioniert. So wird z. B. erklärt, welches Material [&hellip;]</p>

<!-- This site is optimized with the Yoast SEO Premium plugin v27.4 (Yoast SEO v27.5) - https://yoast.com/product/yoast-seo-premium-wordpress/ -->
<title>Services Moyens Accessoires - Konkret erklärt - GERO</title>
<meta name="robots" content="index, follow, max-snippet:-1, max-image-preview:large, max-video-preview:-1" />
<link rel="canonical" href="https://www.gero.lu/de/produit/services-moyens-accessoires-konkret-erklart" />
<meta property="og:locale" content="de_DE" />
<meta property="og:type" content="article" />
<meta property="og:title" content="Services Moyens Accessoires - Konkret erklärt" />
<meta property="og:description" content="Services Moyens Accessoires, kurz SMA, ist eine Organisation, die seit 30 Jahren in Luxemburg tätig ist, um die Lebensqualität von Menschen mit eingeschränkter Mobilität zu verbessern und ihnen das Verbleiben im eigenen Heim zu ermöglichen. In dem Vortrag erfahren Sie, wie der Verleihservice für medizinisch-technische Artikel konkret funktioniert. So wird z. B. erklärt, welches Material [&hellip;]" />
<meta property="og:url" content="https://www.gero.lu/de/produit/services-moyens-accessoires-konkret-erklart" />
<meta property="og:site_name" content="GERO" />
<meta property="article:publisher" content="https://www.facebook.com/Kompetenzzenter/" />
<meta property="article:modified_time" content="2025-02-20T14:03:05+00:00" />
<meta property="og:image" content="https://www.gero.lu/wp-content/uploads/2024/11/Services-Moyens-Accessoires.png" />
	<meta property="og:image:width" content="1200" />
	<meta property="og:image:height" content="630" />
	<meta property="og:image:type" content="image/png" />
<meta name="twitter:card" content="summary_large_image" />
<meta name="twitter:label1" content="Geschätzte Lesezeit" />
	<meta name="twitter:data1" content="1 Minute" />
<script type="application/ld+json" class="yoast-schema-graph">{"@context":"https:\/\/schema.org","@graph":[{"@type":"WebPage","@id":"https:\/\/www.gero.lu\/de\/produit\/services-moyens-accessoires-konkret-erklart","url":"https:\/\/www.gero.lu\/de\/produit\/services-moyens-accessoires-konkret-erklart","name":"Services Moyens Accessoires - Konkret erklärt - GERO","isPartOf":{"@id":"https:\/\/www.gero.lu\/de\/#website"},"datePublished":"2024-11-13T12:24:40+00:00","dateModified":"2025-02-20T14:03:05+00:00","breadcrumb":{"@id":"https:\/\/www.gero.lu\/de\/produit\/services-moyens-accessoires-konkret-erklart#breadcrumb"},"inLanguage":"de","potentialAction":[{"@type":"ReadAction","target":[["https:\/\/www.gero.lu\/de\/produit\/services-moyens-accessoires-konkret-erklart"]]}]},{"@type":"BreadcrumbList","@id":"https:\/\/www.gero.lu\/de\/produit\/services-moyens-accessoires-konkret-erklart#breadcrumb","itemListElement":[{"@type":"ListItem","position":1,"name":"Accueil","item":"https:\/\/www.gero.lu\/de\/"},{"@type":"ListItem","position":2,"name":"Shop","item":"https:\/\/www.gero.lu\/de\/shop"},{"@type":"ListItem","position":3,"name":"Services Moyens Accessoires &#8211; Konkret erklärt"}]},{"@type":"WebSite","@id":"https:\/\/www.gero.lu\/de\/#website","url":"https:\/\/www.gero.lu\/de\/","name":"Gero","description":"Kompetenzzenter fir den Alter","publisher":{"@id":"https:\/\/www.gero.lu\/de\/#organization"},"potentialAction":[{"@type":"SearchAction","target":{"@type":"EntryPoint","urlTemplate":"https:\/\/www.gero.lu\/de\/?s={search_term_string}"},"query-input":{"@type":"PropertyValueSpecification","valueRequired":true,"valueName":"search_term_string"}}],"inLanguage":"de"},{"@type":"Organization","@id":"https:\/\/www.gero.lu\/de\/#organization","name":"Gero","url":"https:\/\/www.gero.lu\/de\/","logo":{"@type":"ImageObject","inLanguage":"de","@id":"https:\/\/www.gero.lu\/de\/#\/schema\/logo\/image\/","url":"https:\/\/www.gero.lu\/wp-content\/uploads\/2024\/04\/logo.svg","contentUrl":"https:\/\/www.gero.lu\/wp-content\/uploads\/2024\/04\/logo.svg","width":76,"height":30,"caption":"Gero"},"image":{"@id":"https:\/\/www.gero.lu\/de\/#\/schema\/logo\/image\/"},"sameAs":["https:\/\/www.facebook.com\/Kompetenzzenter\/","https:\/\/www.instagram.com\/gero.kompetenzzenter\/","https:\/\/linkedin.com\/company\/gero-kompetenzzenter-fir-den-alter","https:\/\/www.youtube.com\/channel\/UCJvmJYSeHh3dYQsLHZupj-Q"]}]}</script>
<!-- / Yoast SEO Premium plugin. -->

Services Moyens Accessoires - Konkret erklärt - GERO

Services Moyens Accessoires - Konkret erklärt

Services Moyens Accessoires, kurz SMA, ist eine Organisation, die seit 30 Jahren in Luxemburg tätig ist, um die Lebensqualität von Menschen mit eingeschränkter Mobilität zu verbessern und ihnen das Verbleiben im eigenen Heim zu ermöglichen. In dem Vortrag erfahren Sie, wie der Verleihservice für medizinisch-technische Artikel konkret funktioniert. So wird z. B. erklärt, welches Material [&hellip;]
