{"id":8213,"date":"2024-11-13T11:21:42","date_gmt":"2024-11-13T11:21:42","guid":{"rendered":"https:\/\/www.gero.lu\/produit\/vortrag-umgang-mit-alterserkrankungen"},"modified":"2025-02-21T09:21:46","modified_gmt":"2025-02-21T09:21:46","slug":"vortrag-umgang-mit-alterserkrankungen","status":"publish","type":"product","link":"https:\/\/www.gero.lu\/de\/produit\/vortrag-umgang-mit-alterserkrankungen","title":{"rendered":"Vortrag: Umgang mit Alterserkrankungen"},"content":{"rendered":"<p>Gesundheitsf\u00f6rderung und Vorbeugung von Krankheiten spielen in jeder Lebensphase, aber insbesondere im fortgeschrittenen Alter eine wichtige Rolle. Ein aktives und selbstbestimmtes Leben h\u00e4ngt nicht zuletzt auch von unserer k\u00f6rperlichen und seelischen Verfassung ab.<\/p>\n<p>Dr. Marc Keipes, Endokrinologe, Diabetologe und fr\u00fcherer Direktor des GesondheetsZentrums (H\u00f4pitaux Robert Schuman) erl\u00e4utert in seinem Vortrag die h\u00e4ufigsten Alterserkrankungen und stellt bew\u00e4hrte Strategien der Pr\u00e4vention vor. Au\u00dferdem beleuchtet er, worauf Menschen 60+ bei Bewegung und Ern\u00e4hrung besonders achten sollten.<\/p>\n","protected":false},"excerpt":{"rendered":"<p>Gesundheitsf\u00f6rderung und Vorbeugung von Krankheiten spielen in jeder Lebensphase, aber insbesondere im fortgeschrittenen Alter eine wichtige Rolle. Ein aktives und selbstbestimmtes Leben h\u00e4ngt nicht zuletzt auch von unserer k\u00f6rperlichen und seelischen Verfassung ab. Dr. Marc Keipes, Endokrinologe, Diabetologe und fr\u00fcherer Direktor des GesondheetsZentrums (H\u00f4pitaux Robert Schuman) erl\u00e4utert in seinem Vortrag die h\u00e4ufigsten Alterserkrankungen und stellt [&hellip;]<\/p>\n","protected":false},"featured_media":0,"comment_status":"closed","ping_status":"closed","template":"","meta":{"_acf_changed":false,"inline_featured_image":false},"product_brand":[],"product_cat":[228],"product_tag":[200],"class_list":{"0":"post-8213","1":"product","2":"type-product","3":"status-publish","5":"product_cat-conference","6":"product_tag-sante-senior","8":"first","9":"instock","10":"virtual","11":"purchasable","12":"product-type-simple"},"acf":[],"yoast_head":"<!-- This site is optimized with the Yoast SEO Premium plugin v27.4 (Yoast SEO v27.5) - https:\/\/yoast.com\/product\/yoast-seo-premium-wordpress\/ -->\n<title>Vortrag: Umgang mit Alterserkrankungen - GERO<\/title>\n<meta name=\"robots\" content=\"index, follow, max-snippet:-1, max-image-preview:large, max-video-preview:-1\" \/>\n<link rel=\"canonical\" href=\"https:\/\/www.gero.lu\/de\/produit\/vortrag-umgang-mit-alterserkrankungen\" \/>\n<meta property=\"og:locale\" content=\"de_DE\" \/>\n<meta property=\"og:type\" content=\"article\" \/>\n<meta property=\"og:title\" content=\"Vortrag: Umgang mit Alterserkrankungen\" \/>\n<meta property=\"og:description\" content=\"Gesundheitsf\u00f6rderung und Vorbeugung von Krankheiten spielen in jeder Lebensphase, aber insbesondere im fortgeschrittenen Alter eine wichtige Rolle. Ein aktives und selbstbestimmtes Leben h\u00e4ngt nicht zuletzt auch von unserer k\u00f6rperlichen und seelischen Verfassung ab. Dr. Marc Keipes, Endokrinologe, Diabetologe und fr\u00fcherer Direktor des GesondheetsZentrums (H\u00f4pitaux Robert Schuman) erl\u00e4utert in seinem Vortrag die h\u00e4ufigsten Alterserkrankungen und stellt [&hellip;]\" \/>\n<meta property=\"og:url\" content=\"https:\/\/www.gero.lu\/de\/produit\/vortrag-umgang-mit-alterserkrankungen\" \/>\n<meta property=\"og:site_name\" content=\"GERO\" \/>\n<meta property=\"article:publisher\" content=\"https:\/\/www.facebook.com\/Kompetenzzenter\/\" \/>\n<meta property=\"article:modified_time\" content=\"2025-02-21T09:21:46+00:00\" \/>\n<meta property=\"og:image\" content=\"https:\/\/www.gero.lu\/wp-content\/uploads\/2021\/08\/gettyimages-1135289130-2048x2048_RET-1.jpg\" \/>\n\t<meta property=\"og:image:width\" content=\"1227\" \/>\n\t<meta property=\"og:image:height\" content=\"802\" \/>\n\t<meta property=\"og:image:type\" content=\"image\/jpeg\" \/>\n<meta name=\"twitter:card\" content=\"summary_large_image\" \/>\n<script type=\"application\/ld+json\" class=\"yoast-schema-graph\">{\"@context\":\"https:\\\/\\\/schema.org\",\"@graph\":[{\"@type\":\"WebPage\",\"@id\":\"https:\\\/\\\/www.gero.lu\\\/de\\\/produit\\\/vortrag-umgang-mit-alterserkrankungen\",\"url\":\"https:\\\/\\\/www.gero.lu\\\/de\\\/produit\\\/vortrag-umgang-mit-alterserkrankungen\",\"name\":\"Vortrag: Umgang mit Alterserkrankungen - GERO\",\"isPartOf\":{\"@id\":\"https:\\\/\\\/www.gero.lu\\\/de\\\/#website\"},\"datePublished\":\"2024-11-13T11:21:42+00:00\",\"dateModified\":\"2025-02-21T09:21:46+00:00\",\"breadcrumb\":{\"@id\":\"https:\\\/\\\/www.gero.lu\\\/de\\\/produit\\\/vortrag-umgang-mit-alterserkrankungen#breadcrumb\"},\"inLanguage\":\"de\",\"potentialAction\":[{\"@type\":\"ReadAction\",\"target\":[[\"https:\\\/\\\/www.gero.lu\\\/de\\\/produit\\\/vortrag-umgang-mit-alterserkrankungen\"]]}]},{\"@type\":\"BreadcrumbList\",\"@id\":\"https:\\\/\\\/www.gero.lu\\\/de\\\/produit\\\/vortrag-umgang-mit-alterserkrankungen#breadcrumb\",\"itemListElement\":[{\"@type\":\"ListItem\",\"position\":1,\"name\":\"Accueil\",\"item\":\"https:\\\/\\\/www.gero.lu\\\/de\\\/\"},{\"@type\":\"ListItem\",\"position\":2,\"name\":\"Shop\",\"item\":\"https:\\\/\\\/www.gero.lu\\\/de\\\/shop\"},{\"@type\":\"ListItem\",\"position\":3,\"name\":\"Vortrag: Umgang mit Alterserkrankungen\"}]},{\"@type\":\"WebSite\",\"@id\":\"https:\\\/\\\/www.gero.lu\\\/de\\\/#website\",\"url\":\"https:\\\/\\\/www.gero.lu\\\/de\\\/\",\"name\":\"Gero\",\"description\":\"Kompetenzzenter fir den Alter\",\"publisher\":{\"@id\":\"https:\\\/\\\/www.gero.lu\\\/de\\\/#organization\"},\"potentialAction\":[{\"@type\":\"SearchAction\",\"target\":{\"@type\":\"EntryPoint\",\"urlTemplate\":\"https:\\\/\\\/www.gero.lu\\\/de\\\/?s={search_term_string}\"},\"query-input\":{\"@type\":\"PropertyValueSpecification\",\"valueRequired\":true,\"valueName\":\"search_term_string\"}}],\"inLanguage\":\"de\"},{\"@type\":\"Organization\",\"@id\":\"https:\\\/\\\/www.gero.lu\\\/de\\\/#organization\",\"name\":\"Gero\",\"url\":\"https:\\\/\\\/www.gero.lu\\\/de\\\/\",\"logo\":{\"@type\":\"ImageObject\",\"inLanguage\":\"de\",\"@id\":\"https:\\\/\\\/www.gero.lu\\\/de\\\/#\\\/schema\\\/logo\\\/image\\\/\",\"url\":\"https:\\\/\\\/www.gero.lu\\\/wp-content\\\/uploads\\\/2024\\\/04\\\/logo.svg\",\"contentUrl\":\"https:\\\/\\\/www.gero.lu\\\/wp-content\\\/uploads\\\/2024\\\/04\\\/logo.svg\",\"width\":76,\"height\":30,\"caption\":\"Gero\"},\"image\":{\"@id\":\"https:\\\/\\\/www.gero.lu\\\/de\\\/#\\\/schema\\\/logo\\\/image\\\/\"},\"sameAs\":[\"https:\\\/\\\/www.facebook.com\\\/Kompetenzzenter\\\/\",\"https:\\\/\\\/www.instagram.com\\\/gero.kompetenzzenter\\\/\",\"https:\\\/\\\/linkedin.com\\\/company\\\/gero-kompetenzzenter-fir-den-alter\",\"https:\\\/\\\/www.youtube.com\\\/channel\\\/UCJvmJYSeHh3dYQsLHZupj-Q\"]}]}<\/script>\n<!-- \/ Yoast SEO Premium plugin. -->","yoast_head_json":{"title":"Vortrag: Umgang mit Alterserkrankungen - GERO","robots":{"index":"index","follow":"follow","max-snippet":"max-snippet:-1","max-image-preview":"max-image-preview:large","max-video-preview":"max-video-preview:-1"},"canonical":"https:\/\/www.gero.lu\/de\/produit\/vortrag-umgang-mit-alterserkrankungen","og_locale":"de_DE","og_type":"article","og_title":"Vortrag: Umgang mit Alterserkrankungen","og_description":"Gesundheitsf\u00f6rderung und Vorbeugung von Krankheiten spielen in jeder Lebensphase, aber insbesondere im fortgeschrittenen Alter eine wichtige Rolle. Ein aktives und selbstbestimmtes Leben h\u00e4ngt nicht zuletzt auch von unserer k\u00f6rperlichen und seelischen Verfassung ab. Dr. Marc Keipes, Endokrinologe, Diabetologe und fr\u00fcherer Direktor des GesondheetsZentrums (H\u00f4pitaux Robert Schuman) erl\u00e4utert in seinem Vortrag die h\u00e4ufigsten Alterserkrankungen und stellt [&hellip;]","og_url":"https:\/\/www.gero.lu\/de\/produit\/vortrag-umgang-mit-alterserkrankungen","og_site_name":"GERO","article_publisher":"https:\/\/www.facebook.com\/Kompetenzzenter\/","article_modified_time":"2025-02-21T09:21:46+00:00","og_image":[{"width":1227,"height":802,"url":"https:\/\/www.gero.lu\/wp-content\/uploads\/2021\/08\/gettyimages-1135289130-2048x2048_RET-1.jpg","type":"image\/jpeg"}],"twitter_card":"summary_large_image","schema":{"@context":"https:\/\/schema.org","@graph":[{"@type":"WebPage","@id":"https:\/\/www.gero.lu\/de\/produit\/vortrag-umgang-mit-alterserkrankungen","url":"https:\/\/www.gero.lu\/de\/produit\/vortrag-umgang-mit-alterserkrankungen","name":"Vortrag: Umgang mit Alterserkrankungen - GERO","isPartOf":{"@id":"https:\/\/www.gero.lu\/de\/#website"},"datePublished":"2024-11-13T11:21:42+00:00","dateModified":"2025-02-21T09:21:46+00:00","breadcrumb":{"@id":"https:\/\/www.gero.lu\/de\/produit\/vortrag-umgang-mit-alterserkrankungen#breadcrumb"},"inLanguage":"de","potentialAction":[{"@type":"ReadAction","target":[["https:\/\/www.gero.lu\/de\/produit\/vortrag-umgang-mit-alterserkrankungen"]]}]},{"@type":"BreadcrumbList","@id":"https:\/\/www.gero.lu\/de\/produit\/vortrag-umgang-mit-alterserkrankungen#breadcrumb","itemListElement":[{"@type":"ListItem","position":1,"name":"Accueil","item":"https:\/\/www.gero.lu\/de\/"},{"@type":"ListItem","position":2,"name":"Shop","item":"https:\/\/www.gero.lu\/de\/shop"},{"@type":"ListItem","position":3,"name":"Vortrag: Umgang mit Alterserkrankungen"}]},{"@type":"WebSite","@id":"https:\/\/www.gero.lu\/de\/#website","url":"https:\/\/www.gero.lu\/de\/","name":"Gero","description":"Kompetenzzenter fir den Alter","publisher":{"@id":"https:\/\/www.gero.lu\/de\/#organization"},"potentialAction":[{"@type":"SearchAction","target":{"@type":"EntryPoint","urlTemplate":"https:\/\/www.gero.lu\/de\/?s={search_term_string}"},"query-input":{"@type":"PropertyValueSpecification","valueRequired":true,"valueName":"search_term_string"}}],"inLanguage":"de"},{"@type":"Organization","@id":"https:\/\/www.gero.lu\/de\/#organization","name":"Gero","url":"https:\/\/www.gero.lu\/de\/","logo":{"@type":"ImageObject","inLanguage":"de","@id":"https:\/\/www.gero.lu\/de\/#\/schema\/logo\/image\/","url":"https:\/\/www.gero.lu\/wp-content\/uploads\/2024\/04\/logo.svg","contentUrl":"https:\/\/www.gero.lu\/wp-content\/uploads\/2024\/04\/logo.svg","width":76,"height":30,"caption":"Gero"},"image":{"@id":"https:\/\/www.gero.lu\/de\/#\/schema\/logo\/image\/"},"sameAs":["https:\/\/www.facebook.com\/Kompetenzzenter\/","https:\/\/www.instagram.com\/gero.kompetenzzenter\/","https:\/\/linkedin.com\/company\/gero-kompetenzzenter-fir-den-alter","https:\/\/www.youtube.com\/channel\/UCJvmJYSeHh3dYQsLHZupj-Q"]}]}},"_links":{"self":[{"href":"https:\/\/www.gero.lu\/de\/wp-json\/wp\/v2\/product\/8213","targetHints":{"allow":["GET"]}}],"collection":[{"href":"https:\/\/www.gero.lu\/de\/wp-json\/wp\/v2\/product"}],"about":[{"href":"https:\/\/www.gero.lu\/de\/wp-json\/wp\/v2\/types\/product"}],"replies":[{"embeddable":true,"href":"https:\/\/www.gero.lu\/de\/wp-json\/wp\/v2\/comments?post=8213"}],"wp:attachment":[{"href":"https:\/\/www.gero.lu\/de\/wp-json\/wp\/v2\/media?parent=8213"}],"wp:term":[{"taxonomy":"product_brand","embeddable":true,"href":"https:\/\/www.gero.lu\/de\/wp-json\/wp\/v2\/product_brand?post=8213"},{"taxonomy":"product_cat","embeddable":true,"href":"https:\/\/www.gero.lu\/de\/wp-json\/wp\/v2\/product_cat?post=8213"},{"taxonomy":"product_tag","embeddable":true,"href":"https:\/\/www.gero.lu\/de\/wp-json\/wp\/v2\/product_tag?post=8213"}],"curies":[{"name":"wp","href":"https:\/\/api.w.org\/{rel}","templated":true}]}}

<p>Gesundheitsförderung und Vorbeugung von Krankheiten spielen in jeder Lebensphase, aber insbesondere im fortgeschrittenen Alter eine wichtige Rolle. Ein aktives und selbstbestimmtes Leben hängt nicht zuletzt auch von unserer körperlichen und seelischen Verfassung ab.</p>
<p>Dr. Marc Keipes, Endokrinologe, Diabetologe und früherer Direktor des GesondheetsZentrums (Hôpitaux Robert Schuman) erläutert in seinem Vortrag die häufigsten Alterserkrankungen und stellt bewährte Strategien der Prävention vor. Außerdem beleuchtet er, worauf Menschen 60+ bei Bewegung und Ernährung besonders achten sollten.</p>

<p>Gesundheitsförderung und Vorbeugung von Krankheiten spielen in jeder Lebensphase, aber insbesondere im fortgeschrittenen Alter eine wichtige Rolle. Ein aktives und selbstbestimmtes Leben hängt nicht zuletzt auch von unserer körperlichen und seelischen Verfassung ab. Dr. Marc Keipes, Endokrinologe, Diabetologe und früherer Direktor des GesondheetsZentrums (Hôpitaux Robert Schuman) erläutert in seinem Vortrag die häufigsten Alterserkrankungen und stellt [&hellip;]</p>

<!-- This site is optimized with the Yoast SEO Premium plugin v27.4 (Yoast SEO v27.5) - https://yoast.com/product/yoast-seo-premium-wordpress/ -->
<title>Vortrag: Umgang mit Alterserkrankungen - GERO</title>
<meta name="robots" content="index, follow, max-snippet:-1, max-image-preview:large, max-video-preview:-1" />
<link rel="canonical" href="https://www.gero.lu/de/produit/vortrag-umgang-mit-alterserkrankungen" />
<meta property="og:locale" content="de_DE" />
<meta property="og:type" content="article" />
<meta property="og:title" content="Vortrag: Umgang mit Alterserkrankungen" />
<meta property="og:description" content="Gesundheitsförderung und Vorbeugung von Krankheiten spielen in jeder Lebensphase, aber insbesondere im fortgeschrittenen Alter eine wichtige Rolle. Ein aktives und selbstbestimmtes Leben hängt nicht zuletzt auch von unserer körperlichen und seelischen Verfassung ab. Dr. Marc Keipes, Endokrinologe, Diabetologe und früherer Direktor des GesondheetsZentrums (Hôpitaux Robert Schuman) erläutert in seinem Vortrag die häufigsten Alterserkrankungen und stellt [&hellip;]" />
<meta property="og:url" content="https://www.gero.lu/de/produit/vortrag-umgang-mit-alterserkrankungen" />
<meta property="og:site_name" content="GERO" />
<meta property="article:publisher" content="https://www.facebook.com/Kompetenzzenter/" />
<meta property="article:modified_time" content="2025-02-21T09:21:46+00:00" />
<meta property="og:image" content="https://www.gero.lu/wp-content/uploads/2021/08/gettyimages-1135289130-2048x2048_RET-1.jpg" />
	<meta property="og:image:width" content="1227" />
	<meta property="og:image:height" content="802" />
	<meta property="og:image:type" content="image/jpeg" />
<meta name="twitter:card" content="summary_large_image" />
<script type="application/ld+json" class="yoast-schema-graph">{"@context":"https:\/\/schema.org","@graph":[{"@type":"WebPage","@id":"https:\/\/www.gero.lu\/de\/produit\/vortrag-umgang-mit-alterserkrankungen","url":"https:\/\/www.gero.lu\/de\/produit\/vortrag-umgang-mit-alterserkrankungen","name":"Vortrag: Umgang mit Alterserkrankungen - GERO","isPartOf":{"@id":"https:\/\/www.gero.lu\/de\/#website"},"datePublished":"2024-11-13T11:21:42+00:00","dateModified":"2025-02-21T09:21:46+00:00","breadcrumb":{"@id":"https:\/\/www.gero.lu\/de\/produit\/vortrag-umgang-mit-alterserkrankungen#breadcrumb"},"inLanguage":"de","potentialAction":[{"@type":"ReadAction","target":[["https:\/\/www.gero.lu\/de\/produit\/vortrag-umgang-mit-alterserkrankungen"]]}]},{"@type":"BreadcrumbList","@id":"https:\/\/www.gero.lu\/de\/produit\/vortrag-umgang-mit-alterserkrankungen#breadcrumb","itemListElement":[{"@type":"ListItem","position":1,"name":"Accueil","item":"https:\/\/www.gero.lu\/de\/"},{"@type":"ListItem","position":2,"name":"Shop","item":"https:\/\/www.gero.lu\/de\/shop"},{"@type":"ListItem","position":3,"name":"Vortrag: Umgang mit Alterserkrankungen"}]},{"@type":"WebSite","@id":"https:\/\/www.gero.lu\/de\/#website","url":"https:\/\/www.gero.lu\/de\/","name":"Gero","description":"Kompetenzzenter fir den Alter","publisher":{"@id":"https:\/\/www.gero.lu\/de\/#organization"},"potentialAction":[{"@type":"SearchAction","target":{"@type":"EntryPoint","urlTemplate":"https:\/\/www.gero.lu\/de\/?s={search_term_string}"},"query-input":{"@type":"PropertyValueSpecification","valueRequired":true,"valueName":"search_term_string"}}],"inLanguage":"de"},{"@type":"Organization","@id":"https:\/\/www.gero.lu\/de\/#organization","name":"Gero","url":"https:\/\/www.gero.lu\/de\/","logo":{"@type":"ImageObject","inLanguage":"de","@id":"https:\/\/www.gero.lu\/de\/#\/schema\/logo\/image\/","url":"https:\/\/www.gero.lu\/wp-content\/uploads\/2024\/04\/logo.svg","contentUrl":"https:\/\/www.gero.lu\/wp-content\/uploads\/2024\/04\/logo.svg","width":76,"height":30,"caption":"Gero"},"image":{"@id":"https:\/\/www.gero.lu\/de\/#\/schema\/logo\/image\/"},"sameAs":["https:\/\/www.facebook.com\/Kompetenzzenter\/","https:\/\/www.instagram.com\/gero.kompetenzzenter\/","https:\/\/linkedin.com\/company\/gero-kompetenzzenter-fir-den-alter","https:\/\/www.youtube.com\/channel\/UCJvmJYSeHh3dYQsLHZupj-Q"]}]}</script>
<!-- / Yoast SEO Premium plugin. -->

Gesundheitsförderung und Vorbeugung von Krankheiten spielen in jeder Lebensphase, aber insbesondere im fortgeschrittenen Alter eine wichtige Rolle. Ein aktives und selbstbestimmtes Leben hängt nicht zuletzt auch von unserer körperlichen und seelischen Verfassung ab. Dr. Marc Keipes, Endokrinologe, Diabetologe und früherer Direktor des GesondheetsZentrums (Hôpitaux Robert Schuman) erläutert in seinem Vortrag die häufigsten Alterserkrankungen und stellt [&hellip;]
