{"id":7964,"date":"2024-10-04T11:21:24","date_gmt":"2024-10-04T11:21:24","guid":{"rendered":"https:\/\/www.gero.lu\/produit\/aromatherapie"},"modified":"2025-01-31T08:21:38","modified_gmt":"2025-01-31T08:21:38","slug":"aromatherapie","status":"publish","type":"product","link":"https:\/\/www.gero.lu\/de\/produit\/aromatherapie","title":{"rendered":"Aromath\u00e9rapie (Agr\u00e9ment : 2025-AGR-01-002)"},"content":{"rendered":"<p>Formation continue agr\u00e9\u00e9 conform\u00e9ment \u00e0 l&#8217;article 12 de la loi modifi\u00e9e du 26 mars 1992 sur l&#8217;exercice et la revalorisation de certaines professions de sant\u00e9. Agr\u00e9ment MISA : 2025-AGR-01-002<\/p>\n<p>L\u2019utilisation de l\u2019olfaction pour les \u00e9motions, les souvenirs et la biographie<\/p>\n<p>Et si une simple odeur pouvait r\u00e9veiller des souvenirs perdus ou apaiser des \u00e9motions tourment\u00e9es ?<br \/>\nL\u2019aromath\u00e9rapie, \u00e0 travers l\u2019olfaction, offre un pont surprenant entre le corps, l\u2019esprit et la m\u00e9moire.<br \/>\nLors de cette journ\u00e9e immersive, vous d\u00e9couvrirez comment des fragrances naturelles peuvent influencer l\u2019humeur et am\u00e9liorer la vie des personnes atteintes de d\u00e9mence. Quels sont ces secrets cach\u00e9s dans les huiles essentielles, capables de calmer, stimuler ou \u00e9veiller ?<br \/>\nCette formation vous d\u00e9voilera le lien fascinant entre parfum et \u00e9motions. Mais surtout, elle vous offrira des outils pratiques : vous apprendrez des techniques simples, directement applicables dans votre pratique d\u00e8s le lendemain. Gr\u00e2ce \u00e0 des exercices pratiques concrets, facilement reproductibles, vous saurez comment int\u00e9grer ces pr\u00e9cieux savoirs dans votre quotidien professionnel. Osez explorer ce monde invisible mais puissant, et transformez votre approche du soin avec l\u2019aromath\u00e9rapie.<\/p>\n<p>Public cible :<br \/>\nAide-soignant\u00b7e, Aide socio-familiale, Auxiliaire de vie, \u00c9ducateur\u00b7rice, Ergoth\u00e9rapeute, Infirmier\u00b7\u00e8re, Kin\u00e9sith\u00e9rapeute, Psychologue et autres professions pertinentes<\/p>\n","protected":false},"excerpt":{"rendered":"<p>Formation continue agr\u00e9\u00e9 conform\u00e9ment \u00e0 l&#8217;article 12 de la loi modifi\u00e9e du 26 mars 1992 sur l&#8217;exercice et la revalorisation de certaines professions de sant\u00e9. Agr\u00e9ment MISA : 2025-AGR-01-002 L\u2019utilisation de l\u2019olfaction pour les \u00e9motions, les souvenirs et la biographie Et si une simple odeur pouvait r\u00e9veiller des souvenirs perdus ou apaiser des \u00e9motions tourment\u00e9es [&hellip;]<\/p>\n","protected":false},"featured_media":0,"comment_status":"closed","ping_status":"closed","template":"","meta":{"_acf_changed":false,"inline_featured_image":false},"product_brand":[],"product_cat":[239],"product_tag":[237],"class_list":{"0":"post-7964","1":"product","2":"type-product","3":"status-publish","5":"product_cat-cours-pro","6":"product_tag-soins-encadrement-therapie-pro","8":"first","9":"instock","10":"virtual","11":"purchasable","12":"product-type-simple"},"acf":[],"yoast_head":"<!-- This site is optimized with the Yoast SEO Premium plugin v27.4 (Yoast SEO v27.5) - https:\/\/yoast.com\/product\/yoast-seo-premium-wordpress\/ -->\n<title>Aromath\u00e9rapie (Agr\u00e9ment : 2025-AGR-01-002) - GERO<\/title>\n<meta name=\"robots\" content=\"index, follow, max-snippet:-1, max-image-preview:large, max-video-preview:-1\" \/>\n<link rel=\"canonical\" href=\"https:\/\/www.gero.lu\/de\/produit\/aromatherapie\" \/>\n<meta property=\"og:locale\" content=\"de_DE\" \/>\n<meta property=\"og:type\" content=\"article\" \/>\n<meta property=\"og:title\" content=\"Aromath\u00e9rapie (Agr\u00e9ment : 2025-AGR-01-002)\" \/>\n<meta property=\"og:description\" content=\"Formation continue agr\u00e9\u00e9 conform\u00e9ment \u00e0 l&#8217;article 12 de la loi modifi\u00e9e du 26 mars 1992 sur l&#8217;exercice et la revalorisation de certaines professions de sant\u00e9. Agr\u00e9ment MISA : 2025-AGR-01-002 L\u2019utilisation de l\u2019olfaction pour les \u00e9motions, les souvenirs et la biographie Et si une simple odeur pouvait r\u00e9veiller des souvenirs perdus ou apaiser des \u00e9motions tourment\u00e9es [&hellip;]\" \/>\n<meta property=\"og:url\" content=\"https:\/\/www.gero.lu\/de\/produit\/aromatherapie\" \/>\n<meta property=\"og:site_name\" content=\"GERO\" \/>\n<meta property=\"article:publisher\" content=\"https:\/\/www.facebook.com\/Kompetenzzenter\/\" \/>\n<meta property=\"article:modified_time\" content=\"2025-01-31T08:21:38+00:00\" \/>\n<meta property=\"og:image\" content=\"https:\/\/www.gero.lu\/wp-content\/uploads\/2021\/08\/gettyimages-1135289130-2048x2048_RET-1.jpg\" \/>\n\t<meta property=\"og:image:width\" content=\"1227\" \/>\n\t<meta property=\"og:image:height\" content=\"802\" \/>\n\t<meta property=\"og:image:type\" content=\"image\/jpeg\" \/>\n<meta name=\"twitter:card\" content=\"summary_large_image\" \/>\n<meta name=\"twitter:label1\" content=\"Gesch\u00e4tzte Lesezeit\" \/>\n\t<meta name=\"twitter:data1\" content=\"1\u00a0Minute\" \/>\n<script type=\"application\/ld+json\" class=\"yoast-schema-graph\">{\"@context\":\"https:\\\/\\\/schema.org\",\"@graph\":[{\"@type\":\"WebPage\",\"@id\":\"https:\\\/\\\/www.gero.lu\\\/de\\\/produit\\\/aromatherapie\",\"url\":\"https:\\\/\\\/www.gero.lu\\\/de\\\/produit\\\/aromatherapie\",\"name\":\"Aromath\u00e9rapie (Agr\u00e9ment : 2025-AGR-01-002) - GERO\",\"isPartOf\":{\"@id\":\"https:\\\/\\\/www.gero.lu\\\/de\\\/#website\"},\"datePublished\":\"2024-10-04T11:21:24+00:00\",\"dateModified\":\"2025-01-31T08:21:38+00:00\",\"breadcrumb\":{\"@id\":\"https:\\\/\\\/www.gero.lu\\\/de\\\/produit\\\/aromatherapie#breadcrumb\"},\"inLanguage\":\"de\",\"potentialAction\":[{\"@type\":\"ReadAction\",\"target\":[[\"https:\\\/\\\/www.gero.lu\\\/de\\\/produit\\\/aromatherapie\"]]}]},{\"@type\":\"BreadcrumbList\",\"@id\":\"https:\\\/\\\/www.gero.lu\\\/de\\\/produit\\\/aromatherapie#breadcrumb\",\"itemListElement\":[{\"@type\":\"ListItem\",\"position\":1,\"name\":\"Accueil\",\"item\":\"https:\\\/\\\/www.gero.lu\\\/de\\\/\"},{\"@type\":\"ListItem\",\"position\":2,\"name\":\"Shop\",\"item\":\"https:\\\/\\\/www.gero.lu\\\/de\\\/shop\"},{\"@type\":\"ListItem\",\"position\":3,\"name\":\"Aromath\u00e9rapie\"}]},{\"@type\":\"WebSite\",\"@id\":\"https:\\\/\\\/www.gero.lu\\\/de\\\/#website\",\"url\":\"https:\\\/\\\/www.gero.lu\\\/de\\\/\",\"name\":\"Gero\",\"description\":\"Kompetenzzenter fir den Alter\",\"publisher\":{\"@id\":\"https:\\\/\\\/www.gero.lu\\\/de\\\/#organization\"},\"potentialAction\":[{\"@type\":\"SearchAction\",\"target\":{\"@type\":\"EntryPoint\",\"urlTemplate\":\"https:\\\/\\\/www.gero.lu\\\/de\\\/?s={search_term_string}\"},\"query-input\":{\"@type\":\"PropertyValueSpecification\",\"valueRequired\":true,\"valueName\":\"search_term_string\"}}],\"inLanguage\":\"de\"},{\"@type\":\"Organization\",\"@id\":\"https:\\\/\\\/www.gero.lu\\\/de\\\/#organization\",\"name\":\"Gero\",\"url\":\"https:\\\/\\\/www.gero.lu\\\/de\\\/\",\"logo\":{\"@type\":\"ImageObject\",\"inLanguage\":\"de\",\"@id\":\"https:\\\/\\\/www.gero.lu\\\/de\\\/#\\\/schema\\\/logo\\\/image\\\/\",\"url\":\"https:\\\/\\\/www.gero.lu\\\/wp-content\\\/uploads\\\/2024\\\/04\\\/logo.svg\",\"contentUrl\":\"https:\\\/\\\/www.gero.lu\\\/wp-content\\\/uploads\\\/2024\\\/04\\\/logo.svg\",\"width\":76,\"height\":30,\"caption\":\"Gero\"},\"image\":{\"@id\":\"https:\\\/\\\/www.gero.lu\\\/de\\\/#\\\/schema\\\/logo\\\/image\\\/\"},\"sameAs\":[\"https:\\\/\\\/www.facebook.com\\\/Kompetenzzenter\\\/\",\"https:\\\/\\\/www.instagram.com\\\/gero.kompetenzzenter\\\/\",\"https:\\\/\\\/linkedin.com\\\/company\\\/gero-kompetenzzenter-fir-den-alter\",\"https:\\\/\\\/www.youtube.com\\\/channel\\\/UCJvmJYSeHh3dYQsLHZupj-Q\"]}]}<\/script>\n<!-- \/ Yoast SEO Premium plugin. -->","yoast_head_json":{"title":"Aromath\u00e9rapie (Agr\u00e9ment : 2025-AGR-01-002) - GERO","robots":{"index":"index","follow":"follow","max-snippet":"max-snippet:-1","max-image-preview":"max-image-preview:large","max-video-preview":"max-video-preview:-1"},"canonical":"https:\/\/www.gero.lu\/de\/produit\/aromatherapie","og_locale":"de_DE","og_type":"article","og_title":"Aromath\u00e9rapie (Agr\u00e9ment : 2025-AGR-01-002)","og_description":"Formation continue agr\u00e9\u00e9 conform\u00e9ment \u00e0 l&#8217;article 12 de la loi modifi\u00e9e du 26 mars 1992 sur l&#8217;exercice et la revalorisation de certaines professions de sant\u00e9. Agr\u00e9ment MISA : 2025-AGR-01-002 L\u2019utilisation de l\u2019olfaction pour les \u00e9motions, les souvenirs et la biographie Et si une simple odeur pouvait r\u00e9veiller des souvenirs perdus ou apaiser des \u00e9motions tourment\u00e9es [&hellip;]","og_url":"https:\/\/www.gero.lu\/de\/produit\/aromatherapie","og_site_name":"GERO","article_publisher":"https:\/\/www.facebook.com\/Kompetenzzenter\/","article_modified_time":"2025-01-31T08:21:38+00:00","og_image":[{"width":1227,"height":802,"url":"https:\/\/www.gero.lu\/wp-content\/uploads\/2021\/08\/gettyimages-1135289130-2048x2048_RET-1.jpg","type":"image\/jpeg"}],"twitter_card":"summary_large_image","twitter_misc":{"Gesch\u00e4tzte Lesezeit":"1\u00a0Minute"},"schema":{"@context":"https:\/\/schema.org","@graph":[{"@type":"WebPage","@id":"https:\/\/www.gero.lu\/de\/produit\/aromatherapie","url":"https:\/\/www.gero.lu\/de\/produit\/aromatherapie","name":"Aromath\u00e9rapie (Agr\u00e9ment : 2025-AGR-01-002) - GERO","isPartOf":{"@id":"https:\/\/www.gero.lu\/de\/#website"},"datePublished":"2024-10-04T11:21:24+00:00","dateModified":"2025-01-31T08:21:38+00:00","breadcrumb":{"@id":"https:\/\/www.gero.lu\/de\/produit\/aromatherapie#breadcrumb"},"inLanguage":"de","potentialAction":[{"@type":"ReadAction","target":[["https:\/\/www.gero.lu\/de\/produit\/aromatherapie"]]}]},{"@type":"BreadcrumbList","@id":"https:\/\/www.gero.lu\/de\/produit\/aromatherapie#breadcrumb","itemListElement":[{"@type":"ListItem","position":1,"name":"Accueil","item":"https:\/\/www.gero.lu\/de\/"},{"@type":"ListItem","position":2,"name":"Shop","item":"https:\/\/www.gero.lu\/de\/shop"},{"@type":"ListItem","position":3,"name":"Aromath\u00e9rapie"}]},{"@type":"WebSite","@id":"https:\/\/www.gero.lu\/de\/#website","url":"https:\/\/www.gero.lu\/de\/","name":"Gero","description":"Kompetenzzenter fir den Alter","publisher":{"@id":"https:\/\/www.gero.lu\/de\/#organization"},"potentialAction":[{"@type":"SearchAction","target":{"@type":"EntryPoint","urlTemplate":"https:\/\/www.gero.lu\/de\/?s={search_term_string}"},"query-input":{"@type":"PropertyValueSpecification","valueRequired":true,"valueName":"search_term_string"}}],"inLanguage":"de"},{"@type":"Organization","@id":"https:\/\/www.gero.lu\/de\/#organization","name":"Gero","url":"https:\/\/www.gero.lu\/de\/","logo":{"@type":"ImageObject","inLanguage":"de","@id":"https:\/\/www.gero.lu\/de\/#\/schema\/logo\/image\/","url":"https:\/\/www.gero.lu\/wp-content\/uploads\/2024\/04\/logo.svg","contentUrl":"https:\/\/www.gero.lu\/wp-content\/uploads\/2024\/04\/logo.svg","width":76,"height":30,"caption":"Gero"},"image":{"@id":"https:\/\/www.gero.lu\/de\/#\/schema\/logo\/image\/"},"sameAs":["https:\/\/www.facebook.com\/Kompetenzzenter\/","https:\/\/www.instagram.com\/gero.kompetenzzenter\/","https:\/\/linkedin.com\/company\/gero-kompetenzzenter-fir-den-alter","https:\/\/www.youtube.com\/channel\/UCJvmJYSeHh3dYQsLHZupj-Q"]}]}},"_links":{"self":[{"href":"https:\/\/www.gero.lu\/de\/wp-json\/wp\/v2\/product\/7964","targetHints":{"allow":["GET"]}}],"collection":[{"href":"https:\/\/www.gero.lu\/de\/wp-json\/wp\/v2\/product"}],"about":[{"href":"https:\/\/www.gero.lu\/de\/wp-json\/wp\/v2\/types\/product"}],"replies":[{"embeddable":true,"href":"https:\/\/www.gero.lu\/de\/wp-json\/wp\/v2\/comments?post=7964"}],"wp:attachment":[{"href":"https:\/\/www.gero.lu\/de\/wp-json\/wp\/v2\/media?parent=7964"}],"wp:term":[{"taxonomy":"product_brand","embeddable":true,"href":"https:\/\/www.gero.lu\/de\/wp-json\/wp\/v2\/product_brand?post=7964"},{"taxonomy":"product_cat","embeddable":true,"href":"https:\/\/www.gero.lu\/de\/wp-json\/wp\/v2\/product_cat?post=7964"},{"taxonomy":"product_tag","embeddable":true,"href":"https:\/\/www.gero.lu\/de\/wp-json\/wp\/v2\/product_tag?post=7964"}],"curies":[{"name":"wp","href":"https:\/\/api.w.org\/{rel}","templated":true}]}}

Aromathérapie (Agrément : 2025-AGR-01-002)

<p>Formation continue agréé conformément à l&#8217;article 12 de la loi modifiée du 26 mars 1992 sur l&#8217;exercice et la revalorisation de certaines professions de santé. Agrément MISA : 2025-AGR-01-002</p>
<p>L’utilisation de l’olfaction pour les émotions, les souvenirs et la biographie</p>
<p>Et si une simple odeur pouvait réveiller des souvenirs perdus ou apaiser des émotions tourmentées ?<br />
L’aromathérapie, à travers l’olfaction, offre un pont surprenant entre le corps, l’esprit et la mémoire.<br />
Lors de cette journée immersive, vous découvrirez comment des fragrances naturelles peuvent influencer l’humeur et améliorer la vie des personnes atteintes de démence. Quels sont ces secrets cachés dans les huiles essentielles, capables de calmer, stimuler ou éveiller ?<br />
Cette formation vous dévoilera le lien fascinant entre parfum et émotions. Mais surtout, elle vous offrira des outils pratiques : vous apprendrez des techniques simples, directement applicables dans votre pratique dès le lendemain. Grâce à des exercices pratiques concrets, facilement reproductibles, vous saurez comment intégrer ces précieux savoirs dans votre quotidien professionnel. Osez explorer ce monde invisible mais puissant, et transformez votre approche du soin avec l’aromathérapie.</p>
<p>Public cible :<br />
Aide-soignant·e, Aide socio-familiale, Auxiliaire de vie, Éducateur·rice, Ergothérapeute, Infirmier·ère, Kinésithérapeute, Psychologue et autres professions pertinentes</p>

<p>Formation continue agréé conformément à l&#8217;article 12 de la loi modifiée du 26 mars 1992 sur l&#8217;exercice et la revalorisation de certaines professions de santé. Agrément MISA : 2025-AGR-01-002 L’utilisation de l’olfaction pour les émotions, les souvenirs et la biographie Et si une simple odeur pouvait réveiller des souvenirs perdus ou apaiser des émotions tourmentées [&hellip;]</p>

<!-- This site is optimized with the Yoast SEO Premium plugin v27.4 (Yoast SEO v27.5) - https://yoast.com/product/yoast-seo-premium-wordpress/ -->
<title>Aromathérapie (Agrément : 2025-AGR-01-002) - GERO</title>
<meta name="robots" content="index, follow, max-snippet:-1, max-image-preview:large, max-video-preview:-1" />
<link rel="canonical" href="https://www.gero.lu/de/produit/aromatherapie" />
<meta property="og:locale" content="de_DE" />
<meta property="og:type" content="article" />
<meta property="og:title" content="Aromathérapie (Agrément : 2025-AGR-01-002)" />
<meta property="og:description" content="Formation continue agréé conformément à l&#8217;article 12 de la loi modifiée du 26 mars 1992 sur l&#8217;exercice et la revalorisation de certaines professions de santé. Agrément MISA : 2025-AGR-01-002 L’utilisation de l’olfaction pour les émotions, les souvenirs et la biographie Et si une simple odeur pouvait réveiller des souvenirs perdus ou apaiser des émotions tourmentées [&hellip;]" />
<meta property="og:url" content="https://www.gero.lu/de/produit/aromatherapie" />
<meta property="og:site_name" content="GERO" />
<meta property="article:publisher" content="https://www.facebook.com/Kompetenzzenter/" />
<meta property="article:modified_time" content="2025-01-31T08:21:38+00:00" />
<meta property="og:image" content="https://www.gero.lu/wp-content/uploads/2021/08/gettyimages-1135289130-2048x2048_RET-1.jpg" />
	<meta property="og:image:width" content="1227" />
	<meta property="og:image:height" content="802" />
	<meta property="og:image:type" content="image/jpeg" />
<meta name="twitter:card" content="summary_large_image" />
<meta name="twitter:label1" content="Geschätzte Lesezeit" />
	<meta name="twitter:data1" content="1 Minute" />
<script type="application/ld+json" class="yoast-schema-graph">{"@context":"https:\/\/schema.org","@graph":[{"@type":"WebPage","@id":"https:\/\/www.gero.lu\/de\/produit\/aromatherapie","url":"https:\/\/www.gero.lu\/de\/produit\/aromatherapie","name":"Aromathérapie (Agrément : 2025-AGR-01-002) - GERO","isPartOf":{"@id":"https:\/\/www.gero.lu\/de\/#website"},"datePublished":"2024-10-04T11:21:24+00:00","dateModified":"2025-01-31T08:21:38+00:00","breadcrumb":{"@id":"https:\/\/www.gero.lu\/de\/produit\/aromatherapie#breadcrumb"},"inLanguage":"de","potentialAction":[{"@type":"ReadAction","target":[["https:\/\/www.gero.lu\/de\/produit\/aromatherapie"]]}]},{"@type":"BreadcrumbList","@id":"https:\/\/www.gero.lu\/de\/produit\/aromatherapie#breadcrumb","itemListElement":[{"@type":"ListItem","position":1,"name":"Accueil","item":"https:\/\/www.gero.lu\/de\/"},{"@type":"ListItem","position":2,"name":"Shop","item":"https:\/\/www.gero.lu\/de\/shop"},{"@type":"ListItem","position":3,"name":"Aromathérapie"}]},{"@type":"WebSite","@id":"https:\/\/www.gero.lu\/de\/#website","url":"https:\/\/www.gero.lu\/de\/","name":"Gero","description":"Kompetenzzenter fir den Alter","publisher":{"@id":"https:\/\/www.gero.lu\/de\/#organization"},"potentialAction":[{"@type":"SearchAction","target":{"@type":"EntryPoint","urlTemplate":"https:\/\/www.gero.lu\/de\/?s={search_term_string}"},"query-input":{"@type":"PropertyValueSpecification","valueRequired":true,"valueName":"search_term_string"}}],"inLanguage":"de"},{"@type":"Organization","@id":"https:\/\/www.gero.lu\/de\/#organization","name":"Gero","url":"https:\/\/www.gero.lu\/de\/","logo":{"@type":"ImageObject","inLanguage":"de","@id":"https:\/\/www.gero.lu\/de\/#\/schema\/logo\/image\/","url":"https:\/\/www.gero.lu\/wp-content\/uploads\/2024\/04\/logo.svg","contentUrl":"https:\/\/www.gero.lu\/wp-content\/uploads\/2024\/04\/logo.svg","width":76,"height":30,"caption":"Gero"},"image":{"@id":"https:\/\/www.gero.lu\/de\/#\/schema\/logo\/image\/"},"sameAs":["https:\/\/www.facebook.com\/Kompetenzzenter\/","https:\/\/www.instagram.com\/gero.kompetenzzenter\/","https:\/\/linkedin.com\/company\/gero-kompetenzzenter-fir-den-alter","https:\/\/www.youtube.com\/channel\/UCJvmJYSeHh3dYQsLHZupj-Q"]}]}</script>
<!-- / Yoast SEO Premium plugin. -->

Aromathérapie (Agrément : 2025-AGR-01-002) - GERO

Formation continue agréé conformément à l&#8217;article 12 de la loi modifiée du 26 mars 1992 sur l&#8217;exercice et la revalorisation de certaines professions de santé. Agrément MISA : 2025-AGR-01-002 L’utilisation de l’olfaction pour les émotions, les souvenirs et la biographie Et si une simple odeur pouvait réveiller des souvenirs perdus ou apaiser des émotions tourmentées [&hellip;]

Aromathérapie
