{"id":7920,"date":"2024-09-27T08:21:33","date_gmt":"2024-09-27T08:21:33","guid":{"rendered":"https:\/\/www.gero.lu\/produit\/jahrestagung-thesafezone"},"modified":"2024-11-21T16:21:32","modified_gmt":"2024-11-21T16:21:32","slug":"jahrestagung-thesafezone","status":"publish","type":"product","link":"https:\/\/www.gero.lu\/de\/produit\/jahrestagung-thesafezone","title":{"rendered":"TheSafeZone &#8211; geroRESEARCH EVENT"},"content":{"rendered":"<p>Mentale Erste Hilfe und neue Begegnungen in virtuellen Welten <\/p>\n<p>Ein Impuls von und mit Petra Dahm, Gr\u00fcnderin TheSafeZone und xR-Expertin. Einsamkeit ist eine der gr\u00f6\u00dften Herausforderungen unserer Zeit und betrifft Menschen jeden Alters. Seit der Coronapandemie hat dieses Ph\u00e4nomen mit seinen gesundheitlichen, psychischen und sozialen Folgen stark zugenommen. <\/p>\n<p>Im Rahmen der geroRESEARCH Jahrestagung stellt Petra Dahm erstmals in Luxemburg das innovative Projekt TheSafeZone vor, das sich der mentalen Gesundheitsversorgung auf eine v\u00f6llig neue Art und Weise widmet. Im Zentrum steht eine sichere Social-VR-Plattform, die Jugendlichen und \u00e4lteren Menschen einen gesch\u00fctzten Raum f\u00fcr soziale Interaktion bietet. <\/p>\n<p>Erfahren Sie mehr \u00fcber aktuelle M\u00f6glichkeiten von und in VR, wissenschaftliche Erkenntnisse und wie TheSafeZone helfen kann, Einsamkeit zu lindern und neue soziale Verbindungen zu kn\u00fcpfen. <\/p>\n<p>Zielgruppe : Der Vortrag richtet sich in erster Linie an Fachkr\u00e4fte aus psychosozialen, therapeutischen und pflegerischen Berufen. Dar\u00fcber hinaus sind auch alle Interessierten herzlich willkommen.<\/p>\n","protected":false},"excerpt":{"rendered":"<p>Mentale Erste Hilfe und neue Begegnungen in virtuellen Welten Ein Impuls von und mit Petra Dahm, Gr\u00fcnderin TheSafeZone und xR-Expertin. Einsamkeit ist eine der gr\u00f6\u00dften Herausforderungen unserer Zeit und betrifft Menschen jeden Alters. Seit der Coronapandemie hat dieses Ph\u00e4nomen mit seinen gesundheitlichen, psychischen und sozialen Folgen stark zugenommen. Im Rahmen der geroRESEARCH Jahrestagung stellt Petra [&hellip;]<\/p>\n","protected":false},"featured_media":0,"comment_status":"closed","ping_status":"closed","template":"","meta":{"_acf_changed":false,"inline_featured_image":false},"product_brand":[],"product_cat":[240],"product_tag":[238],"class_list":{"0":"post-7920","1":"product","2":"type-product","3":"status-publish","5":"product_cat-conference-pro","6":"product_tag-divers-pro","8":"first","9":"instock","10":"virtual","11":"purchasable","12":"product-type-simple"},"acf":[],"yoast_head":"<!-- This site is optimized with the Yoast SEO Premium plugin v27.4 (Yoast SEO v27.5) - https:\/\/yoast.com\/product\/yoast-seo-premium-wordpress\/ -->\n<title>TheSafeZone - geroRESEARCH EVENT - GERO<\/title>\n<meta name=\"robots\" content=\"index, follow, max-snippet:-1, max-image-preview:large, max-video-preview:-1\" \/>\n<link rel=\"canonical\" href=\"https:\/\/www.gero.lu\/de\/produit\/jahrestagung-thesafezone\" \/>\n<meta property=\"og:locale\" content=\"de_DE\" \/>\n<meta property=\"og:type\" content=\"article\" \/>\n<meta property=\"og:title\" content=\"TheSafeZone - geroRESEARCH EVENT\" \/>\n<meta property=\"og:description\" content=\"Mentale Erste Hilfe und neue Begegnungen in virtuellen Welten Ein Impuls von und mit Petra Dahm, Gr\u00fcnderin TheSafeZone und xR-Expertin. Einsamkeit ist eine der gr\u00f6\u00dften Herausforderungen unserer Zeit und betrifft Menschen jeden Alters. Seit der Coronapandemie hat dieses Ph\u00e4nomen mit seinen gesundheitlichen, psychischen und sozialen Folgen stark zugenommen. Im Rahmen der geroRESEARCH Jahrestagung stellt Petra [&hellip;]\" \/>\n<meta property=\"og:url\" content=\"https:\/\/www.gero.lu\/de\/produit\/jahrestagung-thesafezone\" \/>\n<meta property=\"og:site_name\" content=\"GERO\" \/>\n<meta property=\"article:publisher\" content=\"https:\/\/www.facebook.com\/Kompetenzzenter\/\" \/>\n<meta property=\"article:modified_time\" content=\"2024-11-21T16:21:32+00:00\" \/>\n<meta property=\"og:image\" content=\"https:\/\/www.gero.lu\/wp-content\/uploads\/2021\/08\/gettyimages-1135289130-2048x2048_RET-1.jpg\" \/>\n\t<meta property=\"og:image:width\" content=\"1227\" \/>\n\t<meta property=\"og:image:height\" content=\"802\" \/>\n\t<meta property=\"og:image:type\" content=\"image\/jpeg\" \/>\n<meta name=\"twitter:card\" content=\"summary_large_image\" \/>\n<meta name=\"twitter:label1\" content=\"Gesch\u00e4tzte Lesezeit\" \/>\n\t<meta name=\"twitter:data1\" content=\"1\u00a0Minute\" \/>\n<script type=\"application\/ld+json\" class=\"yoast-schema-graph\">{\"@context\":\"https:\\\/\\\/schema.org\",\"@graph\":[{\"@type\":\"WebPage\",\"@id\":\"https:\\\/\\\/www.gero.lu\\\/de\\\/produit\\\/jahrestagung-thesafezone\",\"url\":\"https:\\\/\\\/www.gero.lu\\\/de\\\/produit\\\/jahrestagung-thesafezone\",\"name\":\"TheSafeZone - geroRESEARCH EVENT - GERO\",\"isPartOf\":{\"@id\":\"https:\\\/\\\/www.gero.lu\\\/de\\\/#website\"},\"datePublished\":\"2024-09-27T08:21:33+00:00\",\"dateModified\":\"2024-11-21T16:21:32+00:00\",\"breadcrumb\":{\"@id\":\"https:\\\/\\\/www.gero.lu\\\/de\\\/produit\\\/jahrestagung-thesafezone#breadcrumb\"},\"inLanguage\":\"de\",\"potentialAction\":[{\"@type\":\"ReadAction\",\"target\":[[\"https:\\\/\\\/www.gero.lu\\\/de\\\/produit\\\/jahrestagung-thesafezone\"]]}]},{\"@type\":\"BreadcrumbList\",\"@id\":\"https:\\\/\\\/www.gero.lu\\\/de\\\/produit\\\/jahrestagung-thesafezone#breadcrumb\",\"itemListElement\":[{\"@type\":\"ListItem\",\"position\":1,\"name\":\"Accueil\",\"item\":\"https:\\\/\\\/www.gero.lu\\\/de\\\/\"},{\"@type\":\"ListItem\",\"position\":2,\"name\":\"Shop\",\"item\":\"https:\\\/\\\/www.gero.lu\\\/de\\\/shop\"},{\"@type\":\"ListItem\",\"position\":3,\"name\":\"Jahrestagung &#8211; TheSafeZone\"}]},{\"@type\":\"WebSite\",\"@id\":\"https:\\\/\\\/www.gero.lu\\\/de\\\/#website\",\"url\":\"https:\\\/\\\/www.gero.lu\\\/de\\\/\",\"name\":\"Gero\",\"description\":\"Kompetenzzenter fir den Alter\",\"publisher\":{\"@id\":\"https:\\\/\\\/www.gero.lu\\\/de\\\/#organization\"},\"potentialAction\":[{\"@type\":\"SearchAction\",\"target\":{\"@type\":\"EntryPoint\",\"urlTemplate\":\"https:\\\/\\\/www.gero.lu\\\/de\\\/?s={search_term_string}\"},\"query-input\":{\"@type\":\"PropertyValueSpecification\",\"valueRequired\":true,\"valueName\":\"search_term_string\"}}],\"inLanguage\":\"de\"},{\"@type\":\"Organization\",\"@id\":\"https:\\\/\\\/www.gero.lu\\\/de\\\/#organization\",\"name\":\"Gero\",\"url\":\"https:\\\/\\\/www.gero.lu\\\/de\\\/\",\"logo\":{\"@type\":\"ImageObject\",\"inLanguage\":\"de\",\"@id\":\"https:\\\/\\\/www.gero.lu\\\/de\\\/#\\\/schema\\\/logo\\\/image\\\/\",\"url\":\"https:\\\/\\\/www.gero.lu\\\/wp-content\\\/uploads\\\/2024\\\/04\\\/logo.svg\",\"contentUrl\":\"https:\\\/\\\/www.gero.lu\\\/wp-content\\\/uploads\\\/2024\\\/04\\\/logo.svg\",\"width\":76,\"height\":30,\"caption\":\"Gero\"},\"image\":{\"@id\":\"https:\\\/\\\/www.gero.lu\\\/de\\\/#\\\/schema\\\/logo\\\/image\\\/\"},\"sameAs\":[\"https:\\\/\\\/www.facebook.com\\\/Kompetenzzenter\\\/\",\"https:\\\/\\\/www.instagram.com\\\/gero.kompetenzzenter\\\/\",\"https:\\\/\\\/linkedin.com\\\/company\\\/gero-kompetenzzenter-fir-den-alter\",\"https:\\\/\\\/www.youtube.com\\\/channel\\\/UCJvmJYSeHh3dYQsLHZupj-Q\"]}]}<\/script>\n<!-- \/ Yoast SEO Premium plugin. -->","yoast_head_json":{"title":"TheSafeZone - geroRESEARCH EVENT - GERO","robots":{"index":"index","follow":"follow","max-snippet":"max-snippet:-1","max-image-preview":"max-image-preview:large","max-video-preview":"max-video-preview:-1"},"canonical":"https:\/\/www.gero.lu\/de\/produit\/jahrestagung-thesafezone","og_locale":"de_DE","og_type":"article","og_title":"TheSafeZone - geroRESEARCH EVENT","og_description":"Mentale Erste Hilfe und neue Begegnungen in virtuellen Welten Ein Impuls von und mit Petra Dahm, Gr\u00fcnderin TheSafeZone und xR-Expertin. Einsamkeit ist eine der gr\u00f6\u00dften Herausforderungen unserer Zeit und betrifft Menschen jeden Alters. Seit der Coronapandemie hat dieses Ph\u00e4nomen mit seinen gesundheitlichen, psychischen und sozialen Folgen stark zugenommen. Im Rahmen der geroRESEARCH Jahrestagung stellt Petra [&hellip;]","og_url":"https:\/\/www.gero.lu\/de\/produit\/jahrestagung-thesafezone","og_site_name":"GERO","article_publisher":"https:\/\/www.facebook.com\/Kompetenzzenter\/","article_modified_time":"2024-11-21T16:21:32+00:00","og_image":[{"width":1227,"height":802,"url":"https:\/\/www.gero.lu\/wp-content\/uploads\/2021\/08\/gettyimages-1135289130-2048x2048_RET-1.jpg","type":"image\/jpeg"}],"twitter_card":"summary_large_image","twitter_misc":{"Gesch\u00e4tzte Lesezeit":"1\u00a0Minute"},"schema":{"@context":"https:\/\/schema.org","@graph":[{"@type":"WebPage","@id":"https:\/\/www.gero.lu\/de\/produit\/jahrestagung-thesafezone","url":"https:\/\/www.gero.lu\/de\/produit\/jahrestagung-thesafezone","name":"TheSafeZone - geroRESEARCH EVENT - GERO","isPartOf":{"@id":"https:\/\/www.gero.lu\/de\/#website"},"datePublished":"2024-09-27T08:21:33+00:00","dateModified":"2024-11-21T16:21:32+00:00","breadcrumb":{"@id":"https:\/\/www.gero.lu\/de\/produit\/jahrestagung-thesafezone#breadcrumb"},"inLanguage":"de","potentialAction":[{"@type":"ReadAction","target":[["https:\/\/www.gero.lu\/de\/produit\/jahrestagung-thesafezone"]]}]},{"@type":"BreadcrumbList","@id":"https:\/\/www.gero.lu\/de\/produit\/jahrestagung-thesafezone#breadcrumb","itemListElement":[{"@type":"ListItem","position":1,"name":"Accueil","item":"https:\/\/www.gero.lu\/de\/"},{"@type":"ListItem","position":2,"name":"Shop","item":"https:\/\/www.gero.lu\/de\/shop"},{"@type":"ListItem","position":3,"name":"Jahrestagung &#8211; TheSafeZone"}]},{"@type":"WebSite","@id":"https:\/\/www.gero.lu\/de\/#website","url":"https:\/\/www.gero.lu\/de\/","name":"Gero","description":"Kompetenzzenter fir den Alter","publisher":{"@id":"https:\/\/www.gero.lu\/de\/#organization"},"potentialAction":[{"@type":"SearchAction","target":{"@type":"EntryPoint","urlTemplate":"https:\/\/www.gero.lu\/de\/?s={search_term_string}"},"query-input":{"@type":"PropertyValueSpecification","valueRequired":true,"valueName":"search_term_string"}}],"inLanguage":"de"},{"@type":"Organization","@id":"https:\/\/www.gero.lu\/de\/#organization","name":"Gero","url":"https:\/\/www.gero.lu\/de\/","logo":{"@type":"ImageObject","inLanguage":"de","@id":"https:\/\/www.gero.lu\/de\/#\/schema\/logo\/image\/","url":"https:\/\/www.gero.lu\/wp-content\/uploads\/2024\/04\/logo.svg","contentUrl":"https:\/\/www.gero.lu\/wp-content\/uploads\/2024\/04\/logo.svg","width":76,"height":30,"caption":"Gero"},"image":{"@id":"https:\/\/www.gero.lu\/de\/#\/schema\/logo\/image\/"},"sameAs":["https:\/\/www.facebook.com\/Kompetenzzenter\/","https:\/\/www.instagram.com\/gero.kompetenzzenter\/","https:\/\/linkedin.com\/company\/gero-kompetenzzenter-fir-den-alter","https:\/\/www.youtube.com\/channel\/UCJvmJYSeHh3dYQsLHZupj-Q"]}]}},"_links":{"self":[{"href":"https:\/\/www.gero.lu\/de\/wp-json\/wp\/v2\/product\/7920","targetHints":{"allow":["GET"]}}],"collection":[{"href":"https:\/\/www.gero.lu\/de\/wp-json\/wp\/v2\/product"}],"about":[{"href":"https:\/\/www.gero.lu\/de\/wp-json\/wp\/v2\/types\/product"}],"replies":[{"embeddable":true,"href":"https:\/\/www.gero.lu\/de\/wp-json\/wp\/v2\/comments?post=7920"}],"wp:attachment":[{"href":"https:\/\/www.gero.lu\/de\/wp-json\/wp\/v2\/media?parent=7920"}],"wp:term":[{"taxonomy":"product_brand","embeddable":true,"href":"https:\/\/www.gero.lu\/de\/wp-json\/wp\/v2\/product_brand?post=7920"},{"taxonomy":"product_cat","embeddable":true,"href":"https:\/\/www.gero.lu\/de\/wp-json\/wp\/v2\/product_cat?post=7920"},{"taxonomy":"product_tag","embeddable":true,"href":"https:\/\/www.gero.lu\/de\/wp-json\/wp\/v2\/product_tag?post=7920"}],"curies":[{"name":"wp","href":"https:\/\/api.w.org\/{rel}","templated":true}]}}

<p>Mentale Erste Hilfe und neue Begegnungen in virtuellen Welten </p>
<p>Ein Impuls von und mit Petra Dahm, Gründerin TheSafeZone und xR-Expertin. Einsamkeit ist eine der größten Herausforderungen unserer Zeit und betrifft Menschen jeden Alters. Seit der Coronapandemie hat dieses Phänomen mit seinen gesundheitlichen, psychischen und sozialen Folgen stark zugenommen. </p>
<p>Im Rahmen der geroRESEARCH Jahrestagung stellt Petra Dahm erstmals in Luxemburg das innovative Projekt TheSafeZone vor, das sich der mentalen Gesundheitsversorgung auf eine völlig neue Art und Weise widmet. Im Zentrum steht eine sichere Social-VR-Plattform, die Jugendlichen und älteren Menschen einen geschützten Raum für soziale Interaktion bietet. </p>
<p>Erfahren Sie mehr über aktuelle Möglichkeiten von und in VR, wissenschaftliche Erkenntnisse und wie TheSafeZone helfen kann, Einsamkeit zu lindern und neue soziale Verbindungen zu knüpfen. </p>
<p>Zielgruppe : Der Vortrag richtet sich in erster Linie an Fachkräfte aus psychosozialen, therapeutischen und pflegerischen Berufen. Darüber hinaus sind auch alle Interessierten herzlich willkommen.</p>

<p>Mentale Erste Hilfe und neue Begegnungen in virtuellen Welten Ein Impuls von und mit Petra Dahm, Gründerin TheSafeZone und xR-Expertin. Einsamkeit ist eine der größten Herausforderungen unserer Zeit und betrifft Menschen jeden Alters. Seit der Coronapandemie hat dieses Phänomen mit seinen gesundheitlichen, psychischen und sozialen Folgen stark zugenommen. Im Rahmen der geroRESEARCH Jahrestagung stellt Petra [&hellip;]</p>

<!-- This site is optimized with the Yoast SEO Premium plugin v27.4 (Yoast SEO v27.5) - https://yoast.com/product/yoast-seo-premium-wordpress/ -->
<title>TheSafeZone - geroRESEARCH EVENT - GERO</title>
<meta name="robots" content="index, follow, max-snippet:-1, max-image-preview:large, max-video-preview:-1" />
<link rel="canonical" href="https://www.gero.lu/de/produit/jahrestagung-thesafezone" />
<meta property="og:locale" content="de_DE" />
<meta property="og:type" content="article" />
<meta property="og:title" content="TheSafeZone - geroRESEARCH EVENT" />
<meta property="og:description" content="Mentale Erste Hilfe und neue Begegnungen in virtuellen Welten Ein Impuls von und mit Petra Dahm, Gründerin TheSafeZone und xR-Expertin. Einsamkeit ist eine der größten Herausforderungen unserer Zeit und betrifft Menschen jeden Alters. Seit der Coronapandemie hat dieses Phänomen mit seinen gesundheitlichen, psychischen und sozialen Folgen stark zugenommen. Im Rahmen der geroRESEARCH Jahrestagung stellt Petra [&hellip;]" />
<meta property="og:url" content="https://www.gero.lu/de/produit/jahrestagung-thesafezone" />
<meta property="og:site_name" content="GERO" />
<meta property="article:publisher" content="https://www.facebook.com/Kompetenzzenter/" />
<meta property="article:modified_time" content="2024-11-21T16:21:32+00:00" />
<meta property="og:image" content="https://www.gero.lu/wp-content/uploads/2021/08/gettyimages-1135289130-2048x2048_RET-1.jpg" />
	<meta property="og:image:width" content="1227" />
	<meta property="og:image:height" content="802" />
	<meta property="og:image:type" content="image/jpeg" />
<meta name="twitter:card" content="summary_large_image" />
<meta name="twitter:label1" content="Geschätzte Lesezeit" />
	<meta name="twitter:data1" content="1 Minute" />
<script type="application/ld+json" class="yoast-schema-graph">{"@context":"https:\/\/schema.org","@graph":[{"@type":"WebPage","@id":"https:\/\/www.gero.lu\/de\/produit\/jahrestagung-thesafezone","url":"https:\/\/www.gero.lu\/de\/produit\/jahrestagung-thesafezone","name":"TheSafeZone - geroRESEARCH EVENT - GERO","isPartOf":{"@id":"https:\/\/www.gero.lu\/de\/#website"},"datePublished":"2024-09-27T08:21:33+00:00","dateModified":"2024-11-21T16:21:32+00:00","breadcrumb":{"@id":"https:\/\/www.gero.lu\/de\/produit\/jahrestagung-thesafezone#breadcrumb"},"inLanguage":"de","potentialAction":[{"@type":"ReadAction","target":[["https:\/\/www.gero.lu\/de\/produit\/jahrestagung-thesafezone"]]}]},{"@type":"BreadcrumbList","@id":"https:\/\/www.gero.lu\/de\/produit\/jahrestagung-thesafezone#breadcrumb","itemListElement":[{"@type":"ListItem","position":1,"name":"Accueil","item":"https:\/\/www.gero.lu\/de\/"},{"@type":"ListItem","position":2,"name":"Shop","item":"https:\/\/www.gero.lu\/de\/shop"},{"@type":"ListItem","position":3,"name":"Jahrestagung &#8211; TheSafeZone"}]},{"@type":"WebSite","@id":"https:\/\/www.gero.lu\/de\/#website","url":"https:\/\/www.gero.lu\/de\/","name":"Gero","description":"Kompetenzzenter fir den Alter","publisher":{"@id":"https:\/\/www.gero.lu\/de\/#organization"},"potentialAction":[{"@type":"SearchAction","target":{"@type":"EntryPoint","urlTemplate":"https:\/\/www.gero.lu\/de\/?s={search_term_string}"},"query-input":{"@type":"PropertyValueSpecification","valueRequired":true,"valueName":"search_term_string"}}],"inLanguage":"de"},{"@type":"Organization","@id":"https:\/\/www.gero.lu\/de\/#organization","name":"Gero","url":"https:\/\/www.gero.lu\/de\/","logo":{"@type":"ImageObject","inLanguage":"de","@id":"https:\/\/www.gero.lu\/de\/#\/schema\/logo\/image\/","url":"https:\/\/www.gero.lu\/wp-content\/uploads\/2024\/04\/logo.svg","contentUrl":"https:\/\/www.gero.lu\/wp-content\/uploads\/2024\/04\/logo.svg","width":76,"height":30,"caption":"Gero"},"image":{"@id":"https:\/\/www.gero.lu\/de\/#\/schema\/logo\/image\/"},"sameAs":["https:\/\/www.facebook.com\/Kompetenzzenter\/","https:\/\/www.instagram.com\/gero.kompetenzzenter\/","https:\/\/linkedin.com\/company\/gero-kompetenzzenter-fir-den-alter","https:\/\/www.youtube.com\/channel\/UCJvmJYSeHh3dYQsLHZupj-Q"]}]}</script>
<!-- / Yoast SEO Premium plugin. -->

Mentale Erste Hilfe und neue Begegnungen in virtuellen Welten Ein Impuls von und mit Petra Dahm, Gründerin TheSafeZone und xR-Expertin. Einsamkeit ist eine der größten Herausforderungen unserer Zeit und betrifft Menschen jeden Alters. Seit der Coronapandemie hat dieses Phänomen mit seinen gesundheitlichen, psychischen und sozialen Folgen stark zugenommen. Im Rahmen der geroRESEARCH Jahrestagung stellt Petra [&hellip;]
