{"id":7861,"date":"2024-09-19T09:24:34","date_gmt":"2024-09-19T09:24:34","guid":{"rendered":"https:\/\/www.gero.lu\/produit\/yoga-in-der-altenpflege"},"modified":"2025-05-22T09:24:40","modified_gmt":"2025-05-22T09:24:40","slug":"yoga-in-der-altenpflege","status":"publish","type":"product","link":"https:\/\/www.gero.lu\/de\/produit\/yoga-in-der-altenpflege","title":{"rendered":"Yoga in der Altenpflege"},"content":{"rendered":"<p>Yoga ist eine spirituelle Wissenschaft, die bei regelm\u00e4\u00dfiger Praxis helfen kann, den Fluss der Lebensenergie in K\u00f6rper und Geist bis in h\u00f6here Altersstufen in Schwung zu halten, so dass auch \u00e4ltere Menschen sich weiterhin beweglich, gesund, ja gl\u00fccklich f\u00fchlen k\u00f6nnen. Die Techniken und Methoden erm\u00f6glichen eine Art Vorsorge mit u.a. entspannungsf\u00f6rdernden und schmerzreduzierenden Wirkungen.<\/p>\n<p>Yoga trainiert nicht nur die \u00e4u\u00dferen Muskeln und Gelenke des K\u00f6rpers, sondern stimuliert vor allem die inneren Organe und die wichtigen Hormondr\u00fcsen. \u00c4ltere Menschen k\u00f6nnen sitzende und stehende \u00dcbungen \u2013 sofern ihre Fitness dies erlaubt \u2013 durchf\u00fchren. Das \u00dcben von Yoga st\u00e4rkt nicht zuletzt auch die geistigen Kr\u00e4fte und hilft schlie\u00dflich anzunehmen, was nicht mehr im K\u00f6rper geheilt werden kann.<\/p>\n<p>Die Teilnehmenden lernen \u00dcbungen aus der Welt des Yoga kennen, die ganz einfach in den Tagesablauf der Heimbewohner*innen eingebunden werden k\u00f6nnen. Der Ablauf mehrerer Yoga-Einheiten wird einge\u00fcbt mit dem Ziel, selbstst\u00e4ndig in der Einrichtung eine an die jeweiligen Kompetenzen der Senioren angepasste Yogastunde gestalten zu k\u00f6nnen.<\/p>\n<p>Zielgruppe: Aide Socio-Familiale, Auxiliaire de Vie, Ergotherapeut*in, Erzieher*in, Krankenpfleger*in, Krankenpflegerhelfer*in, Physiotherapeut*in, Psycholog*in und andere relevante Berufsgruppen<\/p>\n<p>Teilnehmer*in-Feedback : \u201ePraktesch \u00ebmsetzbar \u00dcbungen, souwuel op der Aarbecht w\u00e9i och privat\u201c<\/p>\n","protected":false},"excerpt":{"rendered":"<p>Yoga ist eine spirituelle Wissenschaft, die bei regelm\u00e4\u00dfiger Praxis helfen kann, den Fluss der Lebensenergie in K\u00f6rper und Geist bis in h\u00f6here Altersstufen in Schwung zu halten, so dass auch \u00e4ltere Menschen sich weiterhin beweglich, gesund, ja gl\u00fccklich f\u00fchlen k\u00f6nnen. Die Techniken und Methoden erm\u00f6glichen eine Art Vorsorge mit u.a. entspannungsf\u00f6rdernden und schmerzreduzierenden Wirkungen. Yoga [&hellip;]<\/p>\n","protected":false},"featured_media":0,"comment_status":"closed","ping_status":"closed","template":"","meta":{"_acf_changed":false,"inline_featured_image":false},"product_brand":[],"product_cat":[241],"product_tag":[237],"class_list":{"0":"post-7861","1":"product","2":"type-product","3":"status-publish","5":"product_cat-workshop-pro","6":"product_tag-soins-encadrement-therapie-pro","8":"first","9":"outofstock","10":"virtual","11":"purchasable","12":"product-type-simple"},"acf":[],"yoast_head":"<!-- This site is optimized with the Yoast SEO Premium plugin v27.4 (Yoast SEO v27.5) - https:\/\/yoast.com\/product\/yoast-seo-premium-wordpress\/ -->\n<title>Yoga in der Altenpflege - GERO<\/title>\n<meta name=\"robots\" content=\"index, follow, max-snippet:-1, max-image-preview:large, max-video-preview:-1\" \/>\n<link rel=\"canonical\" href=\"https:\/\/www.gero.lu\/de\/produit\/yoga-in-der-altenpflege\" \/>\n<meta property=\"og:locale\" content=\"de_DE\" \/>\n<meta property=\"og:type\" content=\"article\" \/>\n<meta property=\"og:title\" content=\"Yoga in der Altenpflege\" \/>\n<meta property=\"og:description\" content=\"Yoga ist eine spirituelle Wissenschaft, die bei regelm\u00e4\u00dfiger Praxis helfen kann, den Fluss der Lebensenergie in K\u00f6rper und Geist bis in h\u00f6here Altersstufen in Schwung zu halten, so dass auch \u00e4ltere Menschen sich weiterhin beweglich, gesund, ja gl\u00fccklich f\u00fchlen k\u00f6nnen. Die Techniken und Methoden erm\u00f6glichen eine Art Vorsorge mit u.a. entspannungsf\u00f6rdernden und schmerzreduzierenden Wirkungen. Yoga [&hellip;]\" \/>\n<meta property=\"og:url\" content=\"https:\/\/www.gero.lu\/de\/produit\/yoga-in-der-altenpflege\" \/>\n<meta property=\"og:site_name\" content=\"GERO\" \/>\n<meta property=\"article:publisher\" content=\"https:\/\/www.facebook.com\/Kompetenzzenter\/\" \/>\n<meta property=\"article:modified_time\" content=\"2025-05-22T09:24:40+00:00\" \/>\n<meta property=\"og:image\" content=\"https:\/\/www.gero.lu\/wp-content\/uploads\/2021\/08\/gettyimages-1135289130-2048x2048_RET-1.jpg\" \/>\n\t<meta property=\"og:image:width\" content=\"1227\" \/>\n\t<meta property=\"og:image:height\" content=\"802\" \/>\n\t<meta property=\"og:image:type\" content=\"image\/jpeg\" \/>\n<meta name=\"twitter:card\" content=\"summary_large_image\" \/>\n<meta name=\"twitter:label1\" content=\"Gesch\u00e4tzte Lesezeit\" \/>\n\t<meta name=\"twitter:data1\" content=\"1\u00a0Minute\" \/>\n<script type=\"application\/ld+json\" class=\"yoast-schema-graph\">{\"@context\":\"https:\\\/\\\/schema.org\",\"@graph\":[{\"@type\":\"WebPage\",\"@id\":\"https:\\\/\\\/www.gero.lu\\\/de\\\/produit\\\/yoga-in-der-altenpflege\",\"url\":\"https:\\\/\\\/www.gero.lu\\\/de\\\/produit\\\/yoga-in-der-altenpflege\",\"name\":\"Yoga in der Altenpflege - GERO\",\"isPartOf\":{\"@id\":\"https:\\\/\\\/www.gero.lu\\\/de\\\/#website\"},\"datePublished\":\"2024-09-19T09:24:34+00:00\",\"dateModified\":\"2025-05-22T09:24:40+00:00\",\"breadcrumb\":{\"@id\":\"https:\\\/\\\/www.gero.lu\\\/de\\\/produit\\\/yoga-in-der-altenpflege#breadcrumb\"},\"inLanguage\":\"de\",\"potentialAction\":[{\"@type\":\"ReadAction\",\"target\":[[\"https:\\\/\\\/www.gero.lu\\\/de\\\/produit\\\/yoga-in-der-altenpflege\"]]}]},{\"@type\":\"BreadcrumbList\",\"@id\":\"https:\\\/\\\/www.gero.lu\\\/de\\\/produit\\\/yoga-in-der-altenpflege#breadcrumb\",\"itemListElement\":[{\"@type\":\"ListItem\",\"position\":1,\"name\":\"Accueil\",\"item\":\"https:\\\/\\\/www.gero.lu\\\/de\\\/\"},{\"@type\":\"ListItem\",\"position\":2,\"name\":\"Shop\",\"item\":\"https:\\\/\\\/www.gero.lu\\\/de\\\/shop\"},{\"@type\":\"ListItem\",\"position\":3,\"name\":\"Yoga in der Altenpflege\"}]},{\"@type\":\"WebSite\",\"@id\":\"https:\\\/\\\/www.gero.lu\\\/de\\\/#website\",\"url\":\"https:\\\/\\\/www.gero.lu\\\/de\\\/\",\"name\":\"Gero\",\"description\":\"Kompetenzzenter fir den Alter\",\"publisher\":{\"@id\":\"https:\\\/\\\/www.gero.lu\\\/de\\\/#organization\"},\"potentialAction\":[{\"@type\":\"SearchAction\",\"target\":{\"@type\":\"EntryPoint\",\"urlTemplate\":\"https:\\\/\\\/www.gero.lu\\\/de\\\/?s={search_term_string}\"},\"query-input\":{\"@type\":\"PropertyValueSpecification\",\"valueRequired\":true,\"valueName\":\"search_term_string\"}}],\"inLanguage\":\"de\"},{\"@type\":\"Organization\",\"@id\":\"https:\\\/\\\/www.gero.lu\\\/de\\\/#organization\",\"name\":\"Gero\",\"url\":\"https:\\\/\\\/www.gero.lu\\\/de\\\/\",\"logo\":{\"@type\":\"ImageObject\",\"inLanguage\":\"de\",\"@id\":\"https:\\\/\\\/www.gero.lu\\\/de\\\/#\\\/schema\\\/logo\\\/image\\\/\",\"url\":\"https:\\\/\\\/www.gero.lu\\\/wp-content\\\/uploads\\\/2024\\\/04\\\/logo.svg\",\"contentUrl\":\"https:\\\/\\\/www.gero.lu\\\/wp-content\\\/uploads\\\/2024\\\/04\\\/logo.svg\",\"width\":76,\"height\":30,\"caption\":\"Gero\"},\"image\":{\"@id\":\"https:\\\/\\\/www.gero.lu\\\/de\\\/#\\\/schema\\\/logo\\\/image\\\/\"},\"sameAs\":[\"https:\\\/\\\/www.facebook.com\\\/Kompetenzzenter\\\/\",\"https:\\\/\\\/www.instagram.com\\\/gero.kompetenzzenter\\\/\",\"https:\\\/\\\/linkedin.com\\\/company\\\/gero-kompetenzzenter-fir-den-alter\",\"https:\\\/\\\/www.youtube.com\\\/channel\\\/UCJvmJYSeHh3dYQsLHZupj-Q\"]}]}<\/script>\n<!-- \/ Yoast SEO Premium plugin. -->","yoast_head_json":{"title":"Yoga in der Altenpflege - GERO","robots":{"index":"index","follow":"follow","max-snippet":"max-snippet:-1","max-image-preview":"max-image-preview:large","max-video-preview":"max-video-preview:-1"},"canonical":"https:\/\/www.gero.lu\/de\/produit\/yoga-in-der-altenpflege","og_locale":"de_DE","og_type":"article","og_title":"Yoga in der Altenpflege","og_description":"Yoga ist eine spirituelle Wissenschaft, die bei regelm\u00e4\u00dfiger Praxis helfen kann, den Fluss der Lebensenergie in K\u00f6rper und Geist bis in h\u00f6here Altersstufen in Schwung zu halten, so dass auch \u00e4ltere Menschen sich weiterhin beweglich, gesund, ja gl\u00fccklich f\u00fchlen k\u00f6nnen. Die Techniken und Methoden erm\u00f6glichen eine Art Vorsorge mit u.a. entspannungsf\u00f6rdernden und schmerzreduzierenden Wirkungen. Yoga [&hellip;]","og_url":"https:\/\/www.gero.lu\/de\/produit\/yoga-in-der-altenpflege","og_site_name":"GERO","article_publisher":"https:\/\/www.facebook.com\/Kompetenzzenter\/","article_modified_time":"2025-05-22T09:24:40+00:00","og_image":[{"width":1227,"height":802,"url":"https:\/\/www.gero.lu\/wp-content\/uploads\/2021\/08\/gettyimages-1135289130-2048x2048_RET-1.jpg","type":"image\/jpeg"}],"twitter_card":"summary_large_image","twitter_misc":{"Gesch\u00e4tzte Lesezeit":"1\u00a0Minute"},"schema":{"@context":"https:\/\/schema.org","@graph":[{"@type":"WebPage","@id":"https:\/\/www.gero.lu\/de\/produit\/yoga-in-der-altenpflege","url":"https:\/\/www.gero.lu\/de\/produit\/yoga-in-der-altenpflege","name":"Yoga in der Altenpflege - GERO","isPartOf":{"@id":"https:\/\/www.gero.lu\/de\/#website"},"datePublished":"2024-09-19T09:24:34+00:00","dateModified":"2025-05-22T09:24:40+00:00","breadcrumb":{"@id":"https:\/\/www.gero.lu\/de\/produit\/yoga-in-der-altenpflege#breadcrumb"},"inLanguage":"de","potentialAction":[{"@type":"ReadAction","target":[["https:\/\/www.gero.lu\/de\/produit\/yoga-in-der-altenpflege"]]}]},{"@type":"BreadcrumbList","@id":"https:\/\/www.gero.lu\/de\/produit\/yoga-in-der-altenpflege#breadcrumb","itemListElement":[{"@type":"ListItem","position":1,"name":"Accueil","item":"https:\/\/www.gero.lu\/de\/"},{"@type":"ListItem","position":2,"name":"Shop","item":"https:\/\/www.gero.lu\/de\/shop"},{"@type":"ListItem","position":3,"name":"Yoga in der Altenpflege"}]},{"@type":"WebSite","@id":"https:\/\/www.gero.lu\/de\/#website","url":"https:\/\/www.gero.lu\/de\/","name":"Gero","description":"Kompetenzzenter fir den Alter","publisher":{"@id":"https:\/\/www.gero.lu\/de\/#organization"},"potentialAction":[{"@type":"SearchAction","target":{"@type":"EntryPoint","urlTemplate":"https:\/\/www.gero.lu\/de\/?s={search_term_string}"},"query-input":{"@type":"PropertyValueSpecification","valueRequired":true,"valueName":"search_term_string"}}],"inLanguage":"de"},{"@type":"Organization","@id":"https:\/\/www.gero.lu\/de\/#organization","name":"Gero","url":"https:\/\/www.gero.lu\/de\/","logo":{"@type":"ImageObject","inLanguage":"de","@id":"https:\/\/www.gero.lu\/de\/#\/schema\/logo\/image\/","url":"https:\/\/www.gero.lu\/wp-content\/uploads\/2024\/04\/logo.svg","contentUrl":"https:\/\/www.gero.lu\/wp-content\/uploads\/2024\/04\/logo.svg","width":76,"height":30,"caption":"Gero"},"image":{"@id":"https:\/\/www.gero.lu\/de\/#\/schema\/logo\/image\/"},"sameAs":["https:\/\/www.facebook.com\/Kompetenzzenter\/","https:\/\/www.instagram.com\/gero.kompetenzzenter\/","https:\/\/linkedin.com\/company\/gero-kompetenzzenter-fir-den-alter","https:\/\/www.youtube.com\/channel\/UCJvmJYSeHh3dYQsLHZupj-Q"]}]}},"_links":{"self":[{"href":"https:\/\/www.gero.lu\/de\/wp-json\/wp\/v2\/product\/7861","targetHints":{"allow":["GET"]}}],"collection":[{"href":"https:\/\/www.gero.lu\/de\/wp-json\/wp\/v2\/product"}],"about":[{"href":"https:\/\/www.gero.lu\/de\/wp-json\/wp\/v2\/types\/product"}],"replies":[{"embeddable":true,"href":"https:\/\/www.gero.lu\/de\/wp-json\/wp\/v2\/comments?post=7861"}],"wp:attachment":[{"href":"https:\/\/www.gero.lu\/de\/wp-json\/wp\/v2\/media?parent=7861"}],"wp:term":[{"taxonomy":"product_brand","embeddable":true,"href":"https:\/\/www.gero.lu\/de\/wp-json\/wp\/v2\/product_brand?post=7861"},{"taxonomy":"product_cat","embeddable":true,"href":"https:\/\/www.gero.lu\/de\/wp-json\/wp\/v2\/product_cat?post=7861"},{"taxonomy":"product_tag","embeddable":true,"href":"https:\/\/www.gero.lu\/de\/wp-json\/wp\/v2\/product_tag?post=7861"}],"curies":[{"name":"wp","href":"https:\/\/api.w.org\/{rel}","templated":true}]}}

<p>Yoga ist eine spirituelle Wissenschaft, die bei regelmäßiger Praxis helfen kann, den Fluss der Lebensenergie in Körper und Geist bis in höhere Altersstufen in Schwung zu halten, so dass auch ältere Menschen sich weiterhin beweglich, gesund, ja glücklich fühlen können. Die Techniken und Methoden ermöglichen eine Art Vorsorge mit u.a. entspannungsfördernden und schmerzreduzierenden Wirkungen.</p>
<p>Yoga trainiert nicht nur die äußeren Muskeln und Gelenke des Körpers, sondern stimuliert vor allem die inneren Organe und die wichtigen Hormondrüsen. Ältere Menschen können sitzende und stehende Übungen – sofern ihre Fitness dies erlaubt – durchführen. Das Üben von Yoga stärkt nicht zuletzt auch die geistigen Kräfte und hilft schließlich anzunehmen, was nicht mehr im Körper geheilt werden kann.</p>
<p>Die Teilnehmenden lernen Übungen aus der Welt des Yoga kennen, die ganz einfach in den Tagesablauf der Heimbewohner*innen eingebunden werden können. Der Ablauf mehrerer Yoga-Einheiten wird eingeübt mit dem Ziel, selbstständig in der Einrichtung eine an die jeweiligen Kompetenzen der Senioren angepasste Yogastunde gestalten zu können.</p>
<p>Zielgruppe: Aide Socio-Familiale, Auxiliaire de Vie, Ergotherapeut*in, Erzieher*in, Krankenpfleger*in, Krankenpflegerhelfer*in, Physiotherapeut*in, Psycholog*in und andere relevante Berufsgruppen</p>
<p>Teilnehmer*in-Feedback : „Praktesch ëmsetzbar Übungen, souwuel op der Aarbecht wéi och privat“</p>

<p>Yoga ist eine spirituelle Wissenschaft, die bei regelmäßiger Praxis helfen kann, den Fluss der Lebensenergie in Körper und Geist bis in höhere Altersstufen in Schwung zu halten, so dass auch ältere Menschen sich weiterhin beweglich, gesund, ja glücklich fühlen können. Die Techniken und Methoden ermöglichen eine Art Vorsorge mit u.a. entspannungsfördernden und schmerzreduzierenden Wirkungen. Yoga [&hellip;]</p>

<!-- This site is optimized with the Yoast SEO Premium plugin v27.4 (Yoast SEO v27.5) - https://yoast.com/product/yoast-seo-premium-wordpress/ -->
<title>Yoga in der Altenpflege - GERO</title>
<meta name="robots" content="index, follow, max-snippet:-1, max-image-preview:large, max-video-preview:-1" />
<link rel="canonical" href="https://www.gero.lu/de/produit/yoga-in-der-altenpflege" />
<meta property="og:locale" content="de_DE" />
<meta property="og:type" content="article" />
<meta property="og:title" content="Yoga in der Altenpflege" />
<meta property="og:description" content="Yoga ist eine spirituelle Wissenschaft, die bei regelmäßiger Praxis helfen kann, den Fluss der Lebensenergie in Körper und Geist bis in höhere Altersstufen in Schwung zu halten, so dass auch ältere Menschen sich weiterhin beweglich, gesund, ja glücklich fühlen können. Die Techniken und Methoden ermöglichen eine Art Vorsorge mit u.a. entspannungsfördernden und schmerzreduzierenden Wirkungen. Yoga [&hellip;]" />
<meta property="og:url" content="https://www.gero.lu/de/produit/yoga-in-der-altenpflege" />
<meta property="og:site_name" content="GERO" />
<meta property="article:publisher" content="https://www.facebook.com/Kompetenzzenter/" />
<meta property="article:modified_time" content="2025-05-22T09:24:40+00:00" />
<meta property="og:image" content="https://www.gero.lu/wp-content/uploads/2021/08/gettyimages-1135289130-2048x2048_RET-1.jpg" />
	<meta property="og:image:width" content="1227" />
	<meta property="og:image:height" content="802" />
	<meta property="og:image:type" content="image/jpeg" />
<meta name="twitter:card" content="summary_large_image" />
<meta name="twitter:label1" content="Geschätzte Lesezeit" />
	<meta name="twitter:data1" content="1 Minute" />
<script type="application/ld+json" class="yoast-schema-graph">{"@context":"https:\/\/schema.org","@graph":[{"@type":"WebPage","@id":"https:\/\/www.gero.lu\/de\/produit\/yoga-in-der-altenpflege","url":"https:\/\/www.gero.lu\/de\/produit\/yoga-in-der-altenpflege","name":"Yoga in der Altenpflege - GERO","isPartOf":{"@id":"https:\/\/www.gero.lu\/de\/#website"},"datePublished":"2024-09-19T09:24:34+00:00","dateModified":"2025-05-22T09:24:40+00:00","breadcrumb":{"@id":"https:\/\/www.gero.lu\/de\/produit\/yoga-in-der-altenpflege#breadcrumb"},"inLanguage":"de","potentialAction":[{"@type":"ReadAction","target":[["https:\/\/www.gero.lu\/de\/produit\/yoga-in-der-altenpflege"]]}]},{"@type":"BreadcrumbList","@id":"https:\/\/www.gero.lu\/de\/produit\/yoga-in-der-altenpflege#breadcrumb","itemListElement":[{"@type":"ListItem","position":1,"name":"Accueil","item":"https:\/\/www.gero.lu\/de\/"},{"@type":"ListItem","position":2,"name":"Shop","item":"https:\/\/www.gero.lu\/de\/shop"},{"@type":"ListItem","position":3,"name":"Yoga in der Altenpflege"}]},{"@type":"WebSite","@id":"https:\/\/www.gero.lu\/de\/#website","url":"https:\/\/www.gero.lu\/de\/","name":"Gero","description":"Kompetenzzenter fir den Alter","publisher":{"@id":"https:\/\/www.gero.lu\/de\/#organization"},"potentialAction":[{"@type":"SearchAction","target":{"@type":"EntryPoint","urlTemplate":"https:\/\/www.gero.lu\/de\/?s={search_term_string}"},"query-input":{"@type":"PropertyValueSpecification","valueRequired":true,"valueName":"search_term_string"}}],"inLanguage":"de"},{"@type":"Organization","@id":"https:\/\/www.gero.lu\/de\/#organization","name":"Gero","url":"https:\/\/www.gero.lu\/de\/","logo":{"@type":"ImageObject","inLanguage":"de","@id":"https:\/\/www.gero.lu\/de\/#\/schema\/logo\/image\/","url":"https:\/\/www.gero.lu\/wp-content\/uploads\/2024\/04\/logo.svg","contentUrl":"https:\/\/www.gero.lu\/wp-content\/uploads\/2024\/04\/logo.svg","width":76,"height":30,"caption":"Gero"},"image":{"@id":"https:\/\/www.gero.lu\/de\/#\/schema\/logo\/image\/"},"sameAs":["https:\/\/www.facebook.com\/Kompetenzzenter\/","https:\/\/www.instagram.com\/gero.kompetenzzenter\/","https:\/\/linkedin.com\/company\/gero-kompetenzzenter-fir-den-alter","https:\/\/www.youtube.com\/channel\/UCJvmJYSeHh3dYQsLHZupj-Q"]}]}</script>
<!-- / Yoast SEO Premium plugin. -->

Yoga ist eine spirituelle Wissenschaft, die bei regelmäßiger Praxis helfen kann, den Fluss der Lebensenergie in Körper und Geist bis in höhere Altersstufen in Schwung zu halten, so dass auch ältere Menschen sich weiterhin beweglich, gesund, ja glücklich fühlen können. Die Techniken und Methoden ermöglichen eine Art Vorsorge mit u.a. entspannungsfördernden und schmerzreduzierenden Wirkungen. Yoga [&hellip;]
