{"id":7596,"date":"2024-08-07T10:21:37","date_gmt":"2024-08-07T10:21:37","guid":{"rendered":"https:\/\/www.gero.lu\/produit\/formation-pour-formateurs-2"},"modified":"2025-01-06T07:42:06","modified_gmt":"2025-01-06T07:42:06","slug":"formation-pour-formateurs-2","status":"publish","type":"product","link":"https:\/\/www.gero.lu\/de\/produit\/formation-pour-formateurs-2","title":{"rendered":"Formation pour Formateurs"},"content":{"rendered":"<p>Ma\u00eetriser l\u2019art de la formation<\/p>\n<p>Cette formation en deux jours est con\u00e7ue pour vous armer des comp\u00e9tences essentielles n\u00e9cessaires pour cr\u00e9er et animer des sessions de formation exceptionnelles. Elle est propos\u00e9e dans le cadre de la nouvelle loi du 23 ao\u00fbt 2023 portant sur la qualit\u00e9 des services pour personnes \u00e2g\u00e9es. <\/p>\n<p>Cette formation sur deux jours vise \u00e0 fournir aux participants un ensemble complet de comp\u00e9tences en mati\u00e8re de conception, de prestation et d&#8217;\u00e9valuation de formations de qualit\u00e9. <\/p>\n<p>La premi\u00e8re journ\u00e9e se concentre sur les fondations de la formation, abordant des \u00e9l\u00e9ments cl\u00e9s pour diff\u00e9rencier une formation de qualit\u00e9, la d\u00e9finition d&#8217;objectifs p\u00e9dagogiques pertinents, la construction d&#8217;une formation captivante, la recherche efficace de contenu, et des strat\u00e9gies pour instaurer un climat favorable parmi les participants.<\/p>\n<p>La deuxi\u00e8me journ\u00e9e explore des techniques avanc\u00e9es et la gestion de la formation, en examinant diverses didactiques et m\u00e9thodes p\u00e9dagogiques pour enrichir la transmission du contenu. Les participants apprendront \u00e0 g\u00e9rer la dynamique du groupe, \u00e0 appliquer la m\u00e9thode Socrate pour stimuler l&#8217;apprentissage par des questions pertinentes, \u00e0 d\u00e9velopper la confiance en prise de parole, et \u00e0 \u00e9valuer la qualit\u00e9 de la formation de mani\u00e8re pratique. Qu&#8217;ils soient d\u00e9butants ou exp\u00e9riment\u00e9s, les participants sont assur\u00e9s de b\u00e9n\u00e9ficier d&#8217;une exp\u00e9rience d&#8217;apprentissage interactive, pratique et transformante au cours de ces deux journ\u00e9es.<\/p>\n<p>Public cible :<br \/>\nToute personne int\u00e9ress\u00e9e.<br \/>\nCette formation cible les personnes qui d\u00e9sirent obtenir l\u2019agr\u00e9ment pour devenir formateur en formations psycho-g\u00e9riatrique et\/ou r\u00e9f\u00e9rent en hygi\u00e8ne.<\/p>\n","protected":false},"excerpt":{"rendered":"<p>Ma\u00eetriser l\u2019art de la formation Cette formation en deux jours est con\u00e7ue pour vous armer des comp\u00e9tences essentielles n\u00e9cessaires pour cr\u00e9er et animer des sessions de formation exceptionnelles. Elle est propos\u00e9e dans le cadre de la nouvelle loi du 23 ao\u00fbt 2023 portant sur la qualit\u00e9 des services pour personnes \u00e2g\u00e9es. Cette formation sur deux [&hellip;]<\/p>\n","protected":false},"featured_media":0,"comment_status":"closed","ping_status":"closed","template":"","meta":{"_acf_changed":false,"inline_featured_image":false},"product_brand":[],"product_cat":[241],"product_tag":[234],"class_list":{"0":"post-7596","1":"product","2":"type-product","3":"status-publish","5":"product_cat-workshop-pro","6":"product_tag-competence-personnelles-pro","8":"first","9":"instock","10":"virtual","11":"purchasable","12":"product-type-simple"},"acf":[],"yoast_head":"<!-- This site is optimized with the Yoast SEO Premium plugin v27.4 (Yoast SEO v27.5) - https:\/\/yoast.com\/product\/yoast-seo-premium-wordpress\/ -->\n<title>Formation pour Formateurs - GERO<\/title>\n<meta name=\"robots\" content=\"index, follow, max-snippet:-1, max-image-preview:large, max-video-preview:-1\" \/>\n<link rel=\"canonical\" href=\"https:\/\/www.gero.lu\/de\/produit\/formation-pour-formateurs-2\" \/>\n<meta property=\"og:locale\" content=\"de_DE\" \/>\n<meta property=\"og:type\" content=\"article\" \/>\n<meta property=\"og:title\" content=\"Formation pour Formateurs\" \/>\n<meta property=\"og:description\" content=\"Ma\u00eetriser l\u2019art de la formation Cette formation en deux jours est con\u00e7ue pour vous armer des comp\u00e9tences essentielles n\u00e9cessaires pour cr\u00e9er et animer des sessions de formation exceptionnelles. Elle est propos\u00e9e dans le cadre de la nouvelle loi du 23 ao\u00fbt 2023 portant sur la qualit\u00e9 des services pour personnes \u00e2g\u00e9es. Cette formation sur deux [&hellip;]\" \/>\n<meta property=\"og:url\" content=\"https:\/\/www.gero.lu\/de\/produit\/formation-pour-formateurs-2\" \/>\n<meta property=\"og:site_name\" content=\"GERO\" \/>\n<meta property=\"article:publisher\" content=\"https:\/\/www.facebook.com\/Kompetenzzenter\/\" \/>\n<meta property=\"article:modified_time\" content=\"2025-01-06T07:42:06+00:00\" \/>\n<meta property=\"og:image\" content=\"https:\/\/www.gero.lu\/wp-content\/uploads\/2021\/08\/gettyimages-1135289130-2048x2048_RET-1.jpg\" \/>\n\t<meta property=\"og:image:width\" content=\"1227\" \/>\n\t<meta property=\"og:image:height\" content=\"802\" \/>\n\t<meta property=\"og:image:type\" content=\"image\/jpeg\" \/>\n<meta name=\"twitter:card\" content=\"summary_large_image\" \/>\n<meta name=\"twitter:label1\" content=\"Gesch\u00e4tzte Lesezeit\" \/>\n\t<meta name=\"twitter:data1\" content=\"1\u00a0Minute\" \/>\n<script type=\"application\/ld+json\" class=\"yoast-schema-graph\">{\"@context\":\"https:\\\/\\\/schema.org\",\"@graph\":[{\"@type\":\"WebPage\",\"@id\":\"https:\\\/\\\/www.gero.lu\\\/de\\\/produit\\\/formation-pour-formateurs-2\",\"url\":\"https:\\\/\\\/www.gero.lu\\\/de\\\/produit\\\/formation-pour-formateurs-2\",\"name\":\"Formation pour Formateurs - GERO\",\"isPartOf\":{\"@id\":\"https:\\\/\\\/www.gero.lu\\\/de\\\/#website\"},\"datePublished\":\"2024-08-07T10:21:37+00:00\",\"dateModified\":\"2025-01-06T07:42:06+00:00\",\"breadcrumb\":{\"@id\":\"https:\\\/\\\/www.gero.lu\\\/de\\\/produit\\\/formation-pour-formateurs-2#breadcrumb\"},\"inLanguage\":\"de\",\"potentialAction\":[{\"@type\":\"ReadAction\",\"target\":[[\"https:\\\/\\\/www.gero.lu\\\/de\\\/produit\\\/formation-pour-formateurs-2\"]]}]},{\"@type\":\"BreadcrumbList\",\"@id\":\"https:\\\/\\\/www.gero.lu\\\/de\\\/produit\\\/formation-pour-formateurs-2#breadcrumb\",\"itemListElement\":[{\"@type\":\"ListItem\",\"position\":1,\"name\":\"Accueil\",\"item\":\"https:\\\/\\\/www.gero.lu\\\/de\\\/\"},{\"@type\":\"ListItem\",\"position\":2,\"name\":\"Shop\",\"item\":\"https:\\\/\\\/www.gero.lu\\\/de\\\/shop\"},{\"@type\":\"ListItem\",\"position\":3,\"name\":\"Formation pour Formateurs\"}]},{\"@type\":\"WebSite\",\"@id\":\"https:\\\/\\\/www.gero.lu\\\/de\\\/#website\",\"url\":\"https:\\\/\\\/www.gero.lu\\\/de\\\/\",\"name\":\"Gero\",\"description\":\"Kompetenzzenter fir den Alter\",\"publisher\":{\"@id\":\"https:\\\/\\\/www.gero.lu\\\/de\\\/#organization\"},\"potentialAction\":[{\"@type\":\"SearchAction\",\"target\":{\"@type\":\"EntryPoint\",\"urlTemplate\":\"https:\\\/\\\/www.gero.lu\\\/de\\\/?s={search_term_string}\"},\"query-input\":{\"@type\":\"PropertyValueSpecification\",\"valueRequired\":true,\"valueName\":\"search_term_string\"}}],\"inLanguage\":\"de\"},{\"@type\":\"Organization\",\"@id\":\"https:\\\/\\\/www.gero.lu\\\/de\\\/#organization\",\"name\":\"Gero\",\"url\":\"https:\\\/\\\/www.gero.lu\\\/de\\\/\",\"logo\":{\"@type\":\"ImageObject\",\"inLanguage\":\"de\",\"@id\":\"https:\\\/\\\/www.gero.lu\\\/de\\\/#\\\/schema\\\/logo\\\/image\\\/\",\"url\":\"https:\\\/\\\/www.gero.lu\\\/wp-content\\\/uploads\\\/2024\\\/04\\\/logo.svg\",\"contentUrl\":\"https:\\\/\\\/www.gero.lu\\\/wp-content\\\/uploads\\\/2024\\\/04\\\/logo.svg\",\"width\":76,\"height\":30,\"caption\":\"Gero\"},\"image\":{\"@id\":\"https:\\\/\\\/www.gero.lu\\\/de\\\/#\\\/schema\\\/logo\\\/image\\\/\"},\"sameAs\":[\"https:\\\/\\\/www.facebook.com\\\/Kompetenzzenter\\\/\",\"https:\\\/\\\/www.instagram.com\\\/gero.kompetenzzenter\\\/\",\"https:\\\/\\\/linkedin.com\\\/company\\\/gero-kompetenzzenter-fir-den-alter\",\"https:\\\/\\\/www.youtube.com\\\/channel\\\/UCJvmJYSeHh3dYQsLHZupj-Q\"]}]}<\/script>\n<!-- \/ Yoast SEO Premium plugin. -->","yoast_head_json":{"title":"Formation pour Formateurs - GERO","robots":{"index":"index","follow":"follow","max-snippet":"max-snippet:-1","max-image-preview":"max-image-preview:large","max-video-preview":"max-video-preview:-1"},"canonical":"https:\/\/www.gero.lu\/de\/produit\/formation-pour-formateurs-2","og_locale":"de_DE","og_type":"article","og_title":"Formation pour Formateurs","og_description":"Ma\u00eetriser l\u2019art de la formation Cette formation en deux jours est con\u00e7ue pour vous armer des comp\u00e9tences essentielles n\u00e9cessaires pour cr\u00e9er et animer des sessions de formation exceptionnelles. Elle est propos\u00e9e dans le cadre de la nouvelle loi du 23 ao\u00fbt 2023 portant sur la qualit\u00e9 des services pour personnes \u00e2g\u00e9es. Cette formation sur deux [&hellip;]","og_url":"https:\/\/www.gero.lu\/de\/produit\/formation-pour-formateurs-2","og_site_name":"GERO","article_publisher":"https:\/\/www.facebook.com\/Kompetenzzenter\/","article_modified_time":"2025-01-06T07:42:06+00:00","og_image":[{"width":1227,"height":802,"url":"https:\/\/www.gero.lu\/wp-content\/uploads\/2021\/08\/gettyimages-1135289130-2048x2048_RET-1.jpg","type":"image\/jpeg"}],"twitter_card":"summary_large_image","twitter_misc":{"Gesch\u00e4tzte Lesezeit":"1\u00a0Minute"},"schema":{"@context":"https:\/\/schema.org","@graph":[{"@type":"WebPage","@id":"https:\/\/www.gero.lu\/de\/produit\/formation-pour-formateurs-2","url":"https:\/\/www.gero.lu\/de\/produit\/formation-pour-formateurs-2","name":"Formation pour Formateurs - GERO","isPartOf":{"@id":"https:\/\/www.gero.lu\/de\/#website"},"datePublished":"2024-08-07T10:21:37+00:00","dateModified":"2025-01-06T07:42:06+00:00","breadcrumb":{"@id":"https:\/\/www.gero.lu\/de\/produit\/formation-pour-formateurs-2#breadcrumb"},"inLanguage":"de","potentialAction":[{"@type":"ReadAction","target":[["https:\/\/www.gero.lu\/de\/produit\/formation-pour-formateurs-2"]]}]},{"@type":"BreadcrumbList","@id":"https:\/\/www.gero.lu\/de\/produit\/formation-pour-formateurs-2#breadcrumb","itemListElement":[{"@type":"ListItem","position":1,"name":"Accueil","item":"https:\/\/www.gero.lu\/de\/"},{"@type":"ListItem","position":2,"name":"Shop","item":"https:\/\/www.gero.lu\/de\/shop"},{"@type":"ListItem","position":3,"name":"Formation pour Formateurs"}]},{"@type":"WebSite","@id":"https:\/\/www.gero.lu\/de\/#website","url":"https:\/\/www.gero.lu\/de\/","name":"Gero","description":"Kompetenzzenter fir den Alter","publisher":{"@id":"https:\/\/www.gero.lu\/de\/#organization"},"potentialAction":[{"@type":"SearchAction","target":{"@type":"EntryPoint","urlTemplate":"https:\/\/www.gero.lu\/de\/?s={search_term_string}"},"query-input":{"@type":"PropertyValueSpecification","valueRequired":true,"valueName":"search_term_string"}}],"inLanguage":"de"},{"@type":"Organization","@id":"https:\/\/www.gero.lu\/de\/#organization","name":"Gero","url":"https:\/\/www.gero.lu\/de\/","logo":{"@type":"ImageObject","inLanguage":"de","@id":"https:\/\/www.gero.lu\/de\/#\/schema\/logo\/image\/","url":"https:\/\/www.gero.lu\/wp-content\/uploads\/2024\/04\/logo.svg","contentUrl":"https:\/\/www.gero.lu\/wp-content\/uploads\/2024\/04\/logo.svg","width":76,"height":30,"caption":"Gero"},"image":{"@id":"https:\/\/www.gero.lu\/de\/#\/schema\/logo\/image\/"},"sameAs":["https:\/\/www.facebook.com\/Kompetenzzenter\/","https:\/\/www.instagram.com\/gero.kompetenzzenter\/","https:\/\/linkedin.com\/company\/gero-kompetenzzenter-fir-den-alter","https:\/\/www.youtube.com\/channel\/UCJvmJYSeHh3dYQsLHZupj-Q"]}]}},"_links":{"self":[{"href":"https:\/\/www.gero.lu\/de\/wp-json\/wp\/v2\/product\/7596","targetHints":{"allow":["GET"]}}],"collection":[{"href":"https:\/\/www.gero.lu\/de\/wp-json\/wp\/v2\/product"}],"about":[{"href":"https:\/\/www.gero.lu\/de\/wp-json\/wp\/v2\/types\/product"}],"replies":[{"embeddable":true,"href":"https:\/\/www.gero.lu\/de\/wp-json\/wp\/v2\/comments?post=7596"}],"wp:attachment":[{"href":"https:\/\/www.gero.lu\/de\/wp-json\/wp\/v2\/media?parent=7596"}],"wp:term":[{"taxonomy":"product_brand","embeddable":true,"href":"https:\/\/www.gero.lu\/de\/wp-json\/wp\/v2\/product_brand?post=7596"},{"taxonomy":"product_cat","embeddable":true,"href":"https:\/\/www.gero.lu\/de\/wp-json\/wp\/v2\/product_cat?post=7596"},{"taxonomy":"product_tag","embeddable":true,"href":"https:\/\/www.gero.lu\/de\/wp-json\/wp\/v2\/product_tag?post=7596"}],"curies":[{"name":"wp","href":"https:\/\/api.w.org\/{rel}","templated":true}]}}

<p>Maîtriser l’art de la formation</p>
<p>Cette formation en deux jours est conçue pour vous armer des compétences essentielles nécessaires pour créer et animer des sessions de formation exceptionnelles. Elle est proposée dans le cadre de la nouvelle loi du 23 août 2023 portant sur la qualité des services pour personnes âgées. </p>
<p>Cette formation sur deux jours vise à fournir aux participants un ensemble complet de compétences en matière de conception, de prestation et d&#8217;évaluation de formations de qualité. </p>
<p>La première journée se concentre sur les fondations de la formation, abordant des éléments clés pour différencier une formation de qualité, la définition d&#8217;objectifs pédagogiques pertinents, la construction d&#8217;une formation captivante, la recherche efficace de contenu, et des stratégies pour instaurer un climat favorable parmi les participants.</p>
<p>La deuxième journée explore des techniques avancées et la gestion de la formation, en examinant diverses didactiques et méthodes pédagogiques pour enrichir la transmission du contenu. Les participants apprendront à gérer la dynamique du groupe, à appliquer la méthode Socrate pour stimuler l&#8217;apprentissage par des questions pertinentes, à développer la confiance en prise de parole, et à évaluer la qualité de la formation de manière pratique. Qu&#8217;ils soient débutants ou expérimentés, les participants sont assurés de bénéficier d&#8217;une expérience d&#8217;apprentissage interactive, pratique et transformante au cours de ces deux journées.</p>
<p>Public cible :<br />
Toute personne intéressée.<br />
Cette formation cible les personnes qui désirent obtenir l’agrément pour devenir formateur en formations psycho-gériatrique et/ou référent en hygiène.</p>

<p>Maîtriser l’art de la formation Cette formation en deux jours est conçue pour vous armer des compétences essentielles nécessaires pour créer et animer des sessions de formation exceptionnelles. Elle est proposée dans le cadre de la nouvelle loi du 23 août 2023 portant sur la qualité des services pour personnes âgées. Cette formation sur deux [&hellip;]</p>

<!-- This site is optimized with the Yoast SEO Premium plugin v27.4 (Yoast SEO v27.5) - https://yoast.com/product/yoast-seo-premium-wordpress/ -->
<title>Formation pour Formateurs - GERO</title>
<meta name="robots" content="index, follow, max-snippet:-1, max-image-preview:large, max-video-preview:-1" />
<link rel="canonical" href="https://www.gero.lu/de/produit/formation-pour-formateurs-2" />
<meta property="og:locale" content="de_DE" />
<meta property="og:type" content="article" />
<meta property="og:title" content="Formation pour Formateurs" />
<meta property="og:description" content="Maîtriser l’art de la formation Cette formation en deux jours est conçue pour vous armer des compétences essentielles nécessaires pour créer et animer des sessions de formation exceptionnelles. Elle est proposée dans le cadre de la nouvelle loi du 23 août 2023 portant sur la qualité des services pour personnes âgées. Cette formation sur deux [&hellip;]" />
<meta property="og:url" content="https://www.gero.lu/de/produit/formation-pour-formateurs-2" />
<meta property="og:site_name" content="GERO" />
<meta property="article:publisher" content="https://www.facebook.com/Kompetenzzenter/" />
<meta property="article:modified_time" content="2025-01-06T07:42:06+00:00" />
<meta property="og:image" content="https://www.gero.lu/wp-content/uploads/2021/08/gettyimages-1135289130-2048x2048_RET-1.jpg" />
	<meta property="og:image:width" content="1227" />
	<meta property="og:image:height" content="802" />
	<meta property="og:image:type" content="image/jpeg" />
<meta name="twitter:card" content="summary_large_image" />
<meta name="twitter:label1" content="Geschätzte Lesezeit" />
	<meta name="twitter:data1" content="1 Minute" />
<script type="application/ld+json" class="yoast-schema-graph">{"@context":"https:\/\/schema.org","@graph":[{"@type":"WebPage","@id":"https:\/\/www.gero.lu\/de\/produit\/formation-pour-formateurs-2","url":"https:\/\/www.gero.lu\/de\/produit\/formation-pour-formateurs-2","name":"Formation pour Formateurs - GERO","isPartOf":{"@id":"https:\/\/www.gero.lu\/de\/#website"},"datePublished":"2024-08-07T10:21:37+00:00","dateModified":"2025-01-06T07:42:06+00:00","breadcrumb":{"@id":"https:\/\/www.gero.lu\/de\/produit\/formation-pour-formateurs-2#breadcrumb"},"inLanguage":"de","potentialAction":[{"@type":"ReadAction","target":[["https:\/\/www.gero.lu\/de\/produit\/formation-pour-formateurs-2"]]}]},{"@type":"BreadcrumbList","@id":"https:\/\/www.gero.lu\/de\/produit\/formation-pour-formateurs-2#breadcrumb","itemListElement":[{"@type":"ListItem","position":1,"name":"Accueil","item":"https:\/\/www.gero.lu\/de\/"},{"@type":"ListItem","position":2,"name":"Shop","item":"https:\/\/www.gero.lu\/de\/shop"},{"@type":"ListItem","position":3,"name":"Formation pour Formateurs"}]},{"@type":"WebSite","@id":"https:\/\/www.gero.lu\/de\/#website","url":"https:\/\/www.gero.lu\/de\/","name":"Gero","description":"Kompetenzzenter fir den Alter","publisher":{"@id":"https:\/\/www.gero.lu\/de\/#organization"},"potentialAction":[{"@type":"SearchAction","target":{"@type":"EntryPoint","urlTemplate":"https:\/\/www.gero.lu\/de\/?s={search_term_string}"},"query-input":{"@type":"PropertyValueSpecification","valueRequired":true,"valueName":"search_term_string"}}],"inLanguage":"de"},{"@type":"Organization","@id":"https:\/\/www.gero.lu\/de\/#organization","name":"Gero","url":"https:\/\/www.gero.lu\/de\/","logo":{"@type":"ImageObject","inLanguage":"de","@id":"https:\/\/www.gero.lu\/de\/#\/schema\/logo\/image\/","url":"https:\/\/www.gero.lu\/wp-content\/uploads\/2024\/04\/logo.svg","contentUrl":"https:\/\/www.gero.lu\/wp-content\/uploads\/2024\/04\/logo.svg","width":76,"height":30,"caption":"Gero"},"image":{"@id":"https:\/\/www.gero.lu\/de\/#\/schema\/logo\/image\/"},"sameAs":["https:\/\/www.facebook.com\/Kompetenzzenter\/","https:\/\/www.instagram.com\/gero.kompetenzzenter\/","https:\/\/linkedin.com\/company\/gero-kompetenzzenter-fir-den-alter","https:\/\/www.youtube.com\/channel\/UCJvmJYSeHh3dYQsLHZupj-Q"]}]}</script>
<!-- / Yoast SEO Premium plugin. -->

Maîtriser l’art de la formation Cette formation en deux jours est conçue pour vous armer des compétences essentielles nécessaires pour créer et animer des sessions de formation exceptionnelles. Elle est proposée dans le cadre de la nouvelle loi du 23 août 2023 portant sur la qualité des services pour personnes âgées. Cette formation sur deux [&hellip;]
