{"id":7423,"date":"2024-06-18T11:21:38","date_gmt":"2024-06-18T11:21:38","guid":{"rendered":"https:\/\/www.gero.lu\/produit\/achtsamkeit-und-resilienz"},"modified":"2024-11-04T11:21:46","modified_gmt":"2024-11-04T11:21:46","slug":"achtsamkeit-und-resilienz","status":"publish","type":"product","link":"https:\/\/www.gero.lu\/de\/produit\/achtsamkeit-und-resilienz","title":{"rendered":"Achtsamkeit und Resilienz"},"content":{"rendered":"<p>In dieser Vortragsreihe unter Leitung von Dr. Marie-Paule Theisen (MBSR-Lehrerin, Mindfulness-Based Stress Reduction) geht es darum, das Thema Achtsamkeit unter verschiedenen Blickwinkeln im Sinne einer ethischen und solidarischen Haltung zu vertiefen. Die Teilnehmenden sollen dazu ermutigt werden, ihre Perspektive zu wechseln und erhalten vielf\u00e4ltige Anregungen, um mit Zuversicht in die Zukunft zu schauen. Praktische Achtsamkeits\u00fcbungen runden das vermittelte theoretische Wissen ab.<\/p>\n<p>Sie m\u00fcssen sich f\u00fcr jeden einzelnen Vortrag anmelden.<\/p>\n<p>24. September: Achtsamkeit als Bereicherung des Alterns<br \/>\nWie sich die Neuroplastizit\u00e4t (Ver\u00e4nderbarkeit neuronaler Verbindungen im Gehirn) positiv beeinflussen l\u00e4sst<\/p>\n<p>2. Oktober: Achtsamkeit und Dankbarkeit<br \/>\nErh\u00f6hte Lebensqualit\u00e4t durch Akzeptanz und Dankbarkeit<\/p>\n<p>8. Oktober: Achtsamkeit und Sinneserfahrungen<br \/>\nDie Welt neu erleben durch die Kunst des Staunens und F\u00fchlens<\/p>\n<p>5. November: Achtsamkeit und Resilienz<br \/>\nSt\u00e4rkung der seelischen Widerstandskraft und inneren Flexibilit\u00e4t<\/p>\n<p>12. November: Achtsamkeit und Kommunikation<br \/>\nVon der Bedeutung und Erhaltung sinnstiftender sozialer Kontakte<\/p>\n<p>19. November: Achtsamkeit im Umgang mit Schmerz und \u00c4ngsten<br \/>\nFrieden finden im Mitgef\u00fchl f\u00fcr sich selbst<\/p>\n","protected":false},"excerpt":{"rendered":"<p>In dieser Vortragsreihe unter Leitung von Dr. Marie-Paule Theisen (MBSR-Lehrerin, Mindfulness-Based Stress Reduction) geht es darum, das Thema Achtsamkeit unter verschiedenen Blickwinkeln im Sinne einer ethischen und solidarischen Haltung zu vertiefen. Die Teilnehmenden sollen dazu ermutigt werden, ihre Perspektive zu wechseln und erhalten vielf\u00e4ltige Anregungen, um mit Zuversicht in die Zukunft zu schauen. Praktische Achtsamkeits\u00fcbungen [&hellip;]<\/p>\n","protected":false},"featured_media":0,"comment_status":"closed","ping_status":"closed","template":"","meta":{"_acf_changed":false,"inline_featured_image":false},"product_brand":[],"product_cat":[228],"product_tag":[200],"class_list":{"0":"post-7423","1":"product","2":"type-product","3":"status-publish","5":"product_cat-conference","6":"product_tag-sante-senior","8":"first","9":"instock","10":"virtual","11":"purchasable","12":"product-type-simple"},"acf":[],"yoast_head":"<!-- This site is optimized with the Yoast SEO Premium plugin v27.4 (Yoast SEO v27.5) - https:\/\/yoast.com\/product\/yoast-seo-premium-wordpress\/ -->\n<title>Achtsamkeit und Resilienz - GERO<\/title>\n<meta name=\"robots\" content=\"index, follow, max-snippet:-1, max-image-preview:large, max-video-preview:-1\" \/>\n<link rel=\"canonical\" href=\"https:\/\/www.gero.lu\/de\/produit\/achtsamkeit-und-resilienz\" \/>\n<meta property=\"og:locale\" content=\"de_DE\" \/>\n<meta property=\"og:type\" content=\"article\" \/>\n<meta property=\"og:title\" content=\"Achtsamkeit und Resilienz\" \/>\n<meta property=\"og:description\" content=\"In dieser Vortragsreihe unter Leitung von Dr. Marie-Paule Theisen (MBSR-Lehrerin, Mindfulness-Based Stress Reduction) geht es darum, das Thema Achtsamkeit unter verschiedenen Blickwinkeln im Sinne einer ethischen und solidarischen Haltung zu vertiefen. Die Teilnehmenden sollen dazu ermutigt werden, ihre Perspektive zu wechseln und erhalten vielf\u00e4ltige Anregungen, um mit Zuversicht in die Zukunft zu schauen. Praktische Achtsamkeits\u00fcbungen [&hellip;]\" \/>\n<meta property=\"og:url\" content=\"https:\/\/www.gero.lu\/de\/produit\/achtsamkeit-und-resilienz\" \/>\n<meta property=\"og:site_name\" content=\"GERO\" \/>\n<meta property=\"article:publisher\" content=\"https:\/\/www.facebook.com\/Kompetenzzenter\/\" \/>\n<meta property=\"article:modified_time\" content=\"2024-11-04T11:21:46+00:00\" \/>\n<meta property=\"og:image\" content=\"https:\/\/www.gero.lu\/wp-content\/uploads\/2021\/08\/gettyimages-1135289130-2048x2048_RET-1.jpg\" \/>\n\t<meta property=\"og:image:width\" content=\"1227\" \/>\n\t<meta property=\"og:image:height\" content=\"802\" \/>\n\t<meta property=\"og:image:type\" content=\"image\/jpeg\" \/>\n<meta name=\"twitter:card\" content=\"summary_large_image\" \/>\n<meta name=\"twitter:label1\" content=\"Gesch\u00e4tzte Lesezeit\" \/>\n\t<meta name=\"twitter:data1\" content=\"1\u00a0Minute\" \/>\n<script type=\"application\/ld+json\" class=\"yoast-schema-graph\">{\"@context\":\"https:\\\/\\\/schema.org\",\"@graph\":[{\"@type\":\"WebPage\",\"@id\":\"https:\\\/\\\/www.gero.lu\\\/de\\\/produit\\\/achtsamkeit-und-resilienz\",\"url\":\"https:\\\/\\\/www.gero.lu\\\/de\\\/produit\\\/achtsamkeit-und-resilienz\",\"name\":\"Achtsamkeit und Resilienz - GERO\",\"isPartOf\":{\"@id\":\"https:\\\/\\\/www.gero.lu\\\/de\\\/#website\"},\"datePublished\":\"2024-06-18T11:21:38+00:00\",\"dateModified\":\"2024-11-04T11:21:46+00:00\",\"breadcrumb\":{\"@id\":\"https:\\\/\\\/www.gero.lu\\\/de\\\/produit\\\/achtsamkeit-und-resilienz#breadcrumb\"},\"inLanguage\":\"de\",\"potentialAction\":[{\"@type\":\"ReadAction\",\"target\":[[\"https:\\\/\\\/www.gero.lu\\\/de\\\/produit\\\/achtsamkeit-und-resilienz\"]]}]},{\"@type\":\"BreadcrumbList\",\"@id\":\"https:\\\/\\\/www.gero.lu\\\/de\\\/produit\\\/achtsamkeit-und-resilienz#breadcrumb\",\"itemListElement\":[{\"@type\":\"ListItem\",\"position\":1,\"name\":\"Accueil\",\"item\":\"https:\\\/\\\/www.gero.lu\\\/de\\\/\"},{\"@type\":\"ListItem\",\"position\":2,\"name\":\"Shop\",\"item\":\"https:\\\/\\\/www.gero.lu\\\/de\\\/shop\"},{\"@type\":\"ListItem\",\"position\":3,\"name\":\"Achtsamkeit und Resilienz\"}]},{\"@type\":\"WebSite\",\"@id\":\"https:\\\/\\\/www.gero.lu\\\/de\\\/#website\",\"url\":\"https:\\\/\\\/www.gero.lu\\\/de\\\/\",\"name\":\"Gero\",\"description\":\"Kompetenzzenter fir den Alter\",\"publisher\":{\"@id\":\"https:\\\/\\\/www.gero.lu\\\/de\\\/#organization\"},\"potentialAction\":[{\"@type\":\"SearchAction\",\"target\":{\"@type\":\"EntryPoint\",\"urlTemplate\":\"https:\\\/\\\/www.gero.lu\\\/de\\\/?s={search_term_string}\"},\"query-input\":{\"@type\":\"PropertyValueSpecification\",\"valueRequired\":true,\"valueName\":\"search_term_string\"}}],\"inLanguage\":\"de\"},{\"@type\":\"Organization\",\"@id\":\"https:\\\/\\\/www.gero.lu\\\/de\\\/#organization\",\"name\":\"Gero\",\"url\":\"https:\\\/\\\/www.gero.lu\\\/de\\\/\",\"logo\":{\"@type\":\"ImageObject\",\"inLanguage\":\"de\",\"@id\":\"https:\\\/\\\/www.gero.lu\\\/de\\\/#\\\/schema\\\/logo\\\/image\\\/\",\"url\":\"https:\\\/\\\/www.gero.lu\\\/wp-content\\\/uploads\\\/2024\\\/04\\\/logo.svg\",\"contentUrl\":\"https:\\\/\\\/www.gero.lu\\\/wp-content\\\/uploads\\\/2024\\\/04\\\/logo.svg\",\"width\":76,\"height\":30,\"caption\":\"Gero\"},\"image\":{\"@id\":\"https:\\\/\\\/www.gero.lu\\\/de\\\/#\\\/schema\\\/logo\\\/image\\\/\"},\"sameAs\":[\"https:\\\/\\\/www.facebook.com\\\/Kompetenzzenter\\\/\",\"https:\\\/\\\/www.instagram.com\\\/gero.kompetenzzenter\\\/\",\"https:\\\/\\\/linkedin.com\\\/company\\\/gero-kompetenzzenter-fir-den-alter\",\"https:\\\/\\\/www.youtube.com\\\/channel\\\/UCJvmJYSeHh3dYQsLHZupj-Q\"]}]}<\/script>\n<!-- \/ Yoast SEO Premium plugin. -->","yoast_head_json":{"title":"Achtsamkeit und Resilienz - GERO","robots":{"index":"index","follow":"follow","max-snippet":"max-snippet:-1","max-image-preview":"max-image-preview:large","max-video-preview":"max-video-preview:-1"},"canonical":"https:\/\/www.gero.lu\/de\/produit\/achtsamkeit-und-resilienz","og_locale":"de_DE","og_type":"article","og_title":"Achtsamkeit und Resilienz","og_description":"In dieser Vortragsreihe unter Leitung von Dr. Marie-Paule Theisen (MBSR-Lehrerin, Mindfulness-Based Stress Reduction) geht es darum, das Thema Achtsamkeit unter verschiedenen Blickwinkeln im Sinne einer ethischen und solidarischen Haltung zu vertiefen. Die Teilnehmenden sollen dazu ermutigt werden, ihre Perspektive zu wechseln und erhalten vielf\u00e4ltige Anregungen, um mit Zuversicht in die Zukunft zu schauen. Praktische Achtsamkeits\u00fcbungen [&hellip;]","og_url":"https:\/\/www.gero.lu\/de\/produit\/achtsamkeit-und-resilienz","og_site_name":"GERO","article_publisher":"https:\/\/www.facebook.com\/Kompetenzzenter\/","article_modified_time":"2024-11-04T11:21:46+00:00","og_image":[{"width":1227,"height":802,"url":"https:\/\/www.gero.lu\/wp-content\/uploads\/2021\/08\/gettyimages-1135289130-2048x2048_RET-1.jpg","type":"image\/jpeg"}],"twitter_card":"summary_large_image","twitter_misc":{"Gesch\u00e4tzte Lesezeit":"1\u00a0Minute"},"schema":{"@context":"https:\/\/schema.org","@graph":[{"@type":"WebPage","@id":"https:\/\/www.gero.lu\/de\/produit\/achtsamkeit-und-resilienz","url":"https:\/\/www.gero.lu\/de\/produit\/achtsamkeit-und-resilienz","name":"Achtsamkeit und Resilienz - GERO","isPartOf":{"@id":"https:\/\/www.gero.lu\/de\/#website"},"datePublished":"2024-06-18T11:21:38+00:00","dateModified":"2024-11-04T11:21:46+00:00","breadcrumb":{"@id":"https:\/\/www.gero.lu\/de\/produit\/achtsamkeit-und-resilienz#breadcrumb"},"inLanguage":"de","potentialAction":[{"@type":"ReadAction","target":[["https:\/\/www.gero.lu\/de\/produit\/achtsamkeit-und-resilienz"]]}]},{"@type":"BreadcrumbList","@id":"https:\/\/www.gero.lu\/de\/produit\/achtsamkeit-und-resilienz#breadcrumb","itemListElement":[{"@type":"ListItem","position":1,"name":"Accueil","item":"https:\/\/www.gero.lu\/de\/"},{"@type":"ListItem","position":2,"name":"Shop","item":"https:\/\/www.gero.lu\/de\/shop"},{"@type":"ListItem","position":3,"name":"Achtsamkeit und Resilienz"}]},{"@type":"WebSite","@id":"https:\/\/www.gero.lu\/de\/#website","url":"https:\/\/www.gero.lu\/de\/","name":"Gero","description":"Kompetenzzenter fir den Alter","publisher":{"@id":"https:\/\/www.gero.lu\/de\/#organization"},"potentialAction":[{"@type":"SearchAction","target":{"@type":"EntryPoint","urlTemplate":"https:\/\/www.gero.lu\/de\/?s={search_term_string}"},"query-input":{"@type":"PropertyValueSpecification","valueRequired":true,"valueName":"search_term_string"}}],"inLanguage":"de"},{"@type":"Organization","@id":"https:\/\/www.gero.lu\/de\/#organization","name":"Gero","url":"https:\/\/www.gero.lu\/de\/","logo":{"@type":"ImageObject","inLanguage":"de","@id":"https:\/\/www.gero.lu\/de\/#\/schema\/logo\/image\/","url":"https:\/\/www.gero.lu\/wp-content\/uploads\/2024\/04\/logo.svg","contentUrl":"https:\/\/www.gero.lu\/wp-content\/uploads\/2024\/04\/logo.svg","width":76,"height":30,"caption":"Gero"},"image":{"@id":"https:\/\/www.gero.lu\/de\/#\/schema\/logo\/image\/"},"sameAs":["https:\/\/www.facebook.com\/Kompetenzzenter\/","https:\/\/www.instagram.com\/gero.kompetenzzenter\/","https:\/\/linkedin.com\/company\/gero-kompetenzzenter-fir-den-alter","https:\/\/www.youtube.com\/channel\/UCJvmJYSeHh3dYQsLHZupj-Q"]}]}},"_links":{"self":[{"href":"https:\/\/www.gero.lu\/de\/wp-json\/wp\/v2\/product\/7423","targetHints":{"allow":["GET"]}}],"collection":[{"href":"https:\/\/www.gero.lu\/de\/wp-json\/wp\/v2\/product"}],"about":[{"href":"https:\/\/www.gero.lu\/de\/wp-json\/wp\/v2\/types\/product"}],"replies":[{"embeddable":true,"href":"https:\/\/www.gero.lu\/de\/wp-json\/wp\/v2\/comments?post=7423"}],"wp:attachment":[{"href":"https:\/\/www.gero.lu\/de\/wp-json\/wp\/v2\/media?parent=7423"}],"wp:term":[{"taxonomy":"product_brand","embeddable":true,"href":"https:\/\/www.gero.lu\/de\/wp-json\/wp\/v2\/product_brand?post=7423"},{"taxonomy":"product_cat","embeddable":true,"href":"https:\/\/www.gero.lu\/de\/wp-json\/wp\/v2\/product_cat?post=7423"},{"taxonomy":"product_tag","embeddable":true,"href":"https:\/\/www.gero.lu\/de\/wp-json\/wp\/v2\/product_tag?post=7423"}],"curies":[{"name":"wp","href":"https:\/\/api.w.org\/{rel}","templated":true}]}}

<p>In dieser Vortragsreihe unter Leitung von Dr. Marie-Paule Theisen (MBSR-Lehrerin, Mindfulness-Based Stress Reduction) geht es darum, das Thema Achtsamkeit unter verschiedenen Blickwinkeln im Sinne einer ethischen und solidarischen Haltung zu vertiefen. Die Teilnehmenden sollen dazu ermutigt werden, ihre Perspektive zu wechseln und erhalten vielfältige Anregungen, um mit Zuversicht in die Zukunft zu schauen. Praktische Achtsamkeitsübungen runden das vermittelte theoretische Wissen ab.</p>
<p>Sie müssen sich für jeden einzelnen Vortrag anmelden.</p>
<p>24. September: Achtsamkeit als Bereicherung des Alterns<br />
Wie sich die Neuroplastizität (Veränderbarkeit neuronaler Verbindungen im Gehirn) positiv beeinflussen lässt</p>
<p>2. Oktober: Achtsamkeit und Dankbarkeit<br />
Erhöhte Lebensqualität durch Akzeptanz und Dankbarkeit</p>
<p>8. Oktober: Achtsamkeit und Sinneserfahrungen<br />
Die Welt neu erleben durch die Kunst des Staunens und Fühlens</p>
<p>5. November: Achtsamkeit und Resilienz<br />
Stärkung der seelischen Widerstandskraft und inneren Flexibilität</p>
<p>12. November: Achtsamkeit und Kommunikation<br />
Von der Bedeutung und Erhaltung sinnstiftender sozialer Kontakte</p>
<p>19. November: Achtsamkeit im Umgang mit Schmerz und Ängsten<br />
Frieden finden im Mitgefühl für sich selbst</p>

<p>In dieser Vortragsreihe unter Leitung von Dr. Marie-Paule Theisen (MBSR-Lehrerin, Mindfulness-Based Stress Reduction) geht es darum, das Thema Achtsamkeit unter verschiedenen Blickwinkeln im Sinne einer ethischen und solidarischen Haltung zu vertiefen. Die Teilnehmenden sollen dazu ermutigt werden, ihre Perspektive zu wechseln und erhalten vielfältige Anregungen, um mit Zuversicht in die Zukunft zu schauen. Praktische Achtsamkeitsübungen [&hellip;]</p>

<!-- This site is optimized with the Yoast SEO Premium plugin v27.4 (Yoast SEO v27.5) - https://yoast.com/product/yoast-seo-premium-wordpress/ -->
<title>Achtsamkeit und Resilienz - GERO</title>
<meta name="robots" content="index, follow, max-snippet:-1, max-image-preview:large, max-video-preview:-1" />
<link rel="canonical" href="https://www.gero.lu/de/produit/achtsamkeit-und-resilienz" />
<meta property="og:locale" content="de_DE" />
<meta property="og:type" content="article" />
<meta property="og:title" content="Achtsamkeit und Resilienz" />
<meta property="og:description" content="In dieser Vortragsreihe unter Leitung von Dr. Marie-Paule Theisen (MBSR-Lehrerin, Mindfulness-Based Stress Reduction) geht es darum, das Thema Achtsamkeit unter verschiedenen Blickwinkeln im Sinne einer ethischen und solidarischen Haltung zu vertiefen. Die Teilnehmenden sollen dazu ermutigt werden, ihre Perspektive zu wechseln und erhalten vielfältige Anregungen, um mit Zuversicht in die Zukunft zu schauen. Praktische Achtsamkeitsübungen [&hellip;]" />
<meta property="og:url" content="https://www.gero.lu/de/produit/achtsamkeit-und-resilienz" />
<meta property="og:site_name" content="GERO" />
<meta property="article:publisher" content="https://www.facebook.com/Kompetenzzenter/" />
<meta property="article:modified_time" content="2024-11-04T11:21:46+00:00" />
<meta property="og:image" content="https://www.gero.lu/wp-content/uploads/2021/08/gettyimages-1135289130-2048x2048_RET-1.jpg" />
	<meta property="og:image:width" content="1227" />
	<meta property="og:image:height" content="802" />
	<meta property="og:image:type" content="image/jpeg" />
<meta name="twitter:card" content="summary_large_image" />
<meta name="twitter:label1" content="Geschätzte Lesezeit" />
	<meta name="twitter:data1" content="1 Minute" />
<script type="application/ld+json" class="yoast-schema-graph">{"@context":"https:\/\/schema.org","@graph":[{"@type":"WebPage","@id":"https:\/\/www.gero.lu\/de\/produit\/achtsamkeit-und-resilienz","url":"https:\/\/www.gero.lu\/de\/produit\/achtsamkeit-und-resilienz","name":"Achtsamkeit und Resilienz - GERO","isPartOf":{"@id":"https:\/\/www.gero.lu\/de\/#website"},"datePublished":"2024-06-18T11:21:38+00:00","dateModified":"2024-11-04T11:21:46+00:00","breadcrumb":{"@id":"https:\/\/www.gero.lu\/de\/produit\/achtsamkeit-und-resilienz#breadcrumb"},"inLanguage":"de","potentialAction":[{"@type":"ReadAction","target":[["https:\/\/www.gero.lu\/de\/produit\/achtsamkeit-und-resilienz"]]}]},{"@type":"BreadcrumbList","@id":"https:\/\/www.gero.lu\/de\/produit\/achtsamkeit-und-resilienz#breadcrumb","itemListElement":[{"@type":"ListItem","position":1,"name":"Accueil","item":"https:\/\/www.gero.lu\/de\/"},{"@type":"ListItem","position":2,"name":"Shop","item":"https:\/\/www.gero.lu\/de\/shop"},{"@type":"ListItem","position":3,"name":"Achtsamkeit und Resilienz"}]},{"@type":"WebSite","@id":"https:\/\/www.gero.lu\/de\/#website","url":"https:\/\/www.gero.lu\/de\/","name":"Gero","description":"Kompetenzzenter fir den Alter","publisher":{"@id":"https:\/\/www.gero.lu\/de\/#organization"},"potentialAction":[{"@type":"SearchAction","target":{"@type":"EntryPoint","urlTemplate":"https:\/\/www.gero.lu\/de\/?s={search_term_string}"},"query-input":{"@type":"PropertyValueSpecification","valueRequired":true,"valueName":"search_term_string"}}],"inLanguage":"de"},{"@type":"Organization","@id":"https:\/\/www.gero.lu\/de\/#organization","name":"Gero","url":"https:\/\/www.gero.lu\/de\/","logo":{"@type":"ImageObject","inLanguage":"de","@id":"https:\/\/www.gero.lu\/de\/#\/schema\/logo\/image\/","url":"https:\/\/www.gero.lu\/wp-content\/uploads\/2024\/04\/logo.svg","contentUrl":"https:\/\/www.gero.lu\/wp-content\/uploads\/2024\/04\/logo.svg","width":76,"height":30,"caption":"Gero"},"image":{"@id":"https:\/\/www.gero.lu\/de\/#\/schema\/logo\/image\/"},"sameAs":["https:\/\/www.facebook.com\/Kompetenzzenter\/","https:\/\/www.instagram.com\/gero.kompetenzzenter\/","https:\/\/linkedin.com\/company\/gero-kompetenzzenter-fir-den-alter","https:\/\/www.youtube.com\/channel\/UCJvmJYSeHh3dYQsLHZupj-Q"]}]}</script>
<!-- / Yoast SEO Premium plugin. -->

In dieser Vortragsreihe unter Leitung von Dr. Marie-Paule Theisen (MBSR-Lehrerin, Mindfulness-Based Stress Reduction) geht es darum, das Thema Achtsamkeit unter verschiedenen Blickwinkeln im Sinne einer ethischen und solidarischen Haltung zu vertiefen. Die Teilnehmenden sollen dazu ermutigt werden, ihre Perspektive zu wechseln und erhalten vielfältige Anregungen, um mit Zuversicht in die Zukunft zu schauen. Praktische Achtsamkeitsübungen [&hellip;]
