{"id":7233,"date":"2024-05-10T09:21:58","date_gmt":"2024-05-10T09:21:58","guid":{"rendered":"https:\/\/www.gero.lu\/produit\/gero-summerdag"},"modified":"2024-07-08T07:22:36","modified_gmt":"2024-07-08T07:22:36","slug":"gero-summerdag","status":"publish","type":"product","link":"https:\/\/www.gero.lu\/de\/produit\/gero-summerdag","title":{"rendered":"GERO &#8211; SUMMERDAG"},"content":{"rendered":"<p>Ein Tag voller Sonne, Sand und Spa\u00df!<\/p>\n<p>Stellen Sie sich vor, Sie entspannen auf dem weichen Sand und lassen sich von den sanften Melodien der Live-Musik tragen &#8211; das alles ist im Eintritt zum Strand inbegriffen. Genie\u00dfen Sie k\u00f6stliche Grill-H\u00e4ppchen und eine Auswahl an erfrischenden Getr\u00e4nken, damit Sie den Tag auch kulinarisch entspannt genie\u00dfen k\u00f6nnen. Tauchen Sie in das kristallklare Wasser oder gleiten Sie mit einem Tretboot \u00fcber den See und genie\u00dfen Sie die umgebende Natur f\u00fcr unvergessliche Erinnerungen in geselliger Runde. Der vor Ort verf\u00fcgbarer Hipocampus-Stuhl erm\u00f6glicht auch Menschen mit eingeschr\u00e4nkter Mobilit\u00e4t einen einfachen Zugang zum Wasser.<\/p>\n<p>Une journ\u00e9e de soleil, de sable et de s\u00e9r\u00e9nit\u00e9!<\/p>\n<p>Imaginez-vous en train de vous d\u00e9tendre sur le sable doux et de vous laisser bercer par les douces m\u00e9lodies de la musique en direct, le tout \u00e9tant compris dans l&#8217;entr\u00e9e \u00e0 la plage. Savourez de d\u00e9licieuses bouch\u00e9es au barbecue et une s\u00e9lection de boissons rafra\u00eechissantes, pour que votre journ\u00e9e soit aussi satisfaisante que relaxante. Plongez dans les eaux cristallines ou glissez sur le lac \u00e0 bord d&#8217;un p\u00e9dalo de location, en profitant du paysage ensoleill\u00e9 et en cr\u00e9ant des souvenirs inoubliables avec votre famille et vos amis. La chaise Hipocampe disponible sur place permet aux personnes \u00e0 mobilit\u00e9 r\u00e9duite d&#8217;acc\u00e9der facilement \u00e0 l&#8217;eau.<\/p>\n","protected":false},"excerpt":{"rendered":"<p>Ein Tag voller Sonne, Sand und Spa\u00df! Stellen Sie sich vor, Sie entspannen auf dem weichen Sand und lassen sich von den sanften Melodien der Live-Musik tragen &#8211; das alles ist im Eintritt zum Strand inbegriffen. Genie\u00dfen Sie k\u00f6stliche Grill-H\u00e4ppchen und eine Auswahl an erfrischenden Getr\u00e4nken, damit Sie den Tag auch kulinarisch entspannt genie\u00dfen k\u00f6nnen. [&hellip;]<\/p>\n","protected":false},"featured_media":0,"comment_status":"closed","ping_status":"closed","template":"","meta":{"_acf_changed":false,"inline_featured_image":false},"product_brand":[],"product_cat":[232],"product_tag":[259],"class_list":{"0":"post-7233","1":"product","2":"type-product","3":"status-publish","5":"product_cat-divers","6":"product_tag-divers-senior","8":"first","9":"instock","10":"virtual","11":"purchasable","12":"product-type-simple"},"acf":[],"yoast_head":"<!-- This site is optimized with the Yoast SEO Premium plugin v27.4 (Yoast SEO v27.5) - https:\/\/yoast.com\/product\/yoast-seo-premium-wordpress\/ -->\n<title>GERO - SUMMERDAG - GERO<\/title>\n<meta name=\"robots\" content=\"index, follow, max-snippet:-1, max-image-preview:large, max-video-preview:-1\" \/>\n<link rel=\"canonical\" href=\"https:\/\/www.gero.lu\/de\/produit\/gero-summerdag\" \/>\n<meta property=\"og:locale\" content=\"de_DE\" \/>\n<meta property=\"og:type\" content=\"article\" \/>\n<meta property=\"og:title\" content=\"GERO - SUMMERDAG\" \/>\n<meta property=\"og:description\" content=\"Ein Tag voller Sonne, Sand und Spa\u00df! Stellen Sie sich vor, Sie entspannen auf dem weichen Sand und lassen sich von den sanften Melodien der Live-Musik tragen &#8211; das alles ist im Eintritt zum Strand inbegriffen. Genie\u00dfen Sie k\u00f6stliche Grill-H\u00e4ppchen und eine Auswahl an erfrischenden Getr\u00e4nken, damit Sie den Tag auch kulinarisch entspannt genie\u00dfen k\u00f6nnen. [&hellip;]\" \/>\n<meta property=\"og:url\" content=\"https:\/\/www.gero.lu\/de\/produit\/gero-summerdag\" \/>\n<meta property=\"og:site_name\" content=\"GERO\" \/>\n<meta property=\"article:publisher\" content=\"https:\/\/www.facebook.com\/Kompetenzzenter\/\" \/>\n<meta property=\"article:modified_time\" content=\"2024-07-08T07:22:36+00:00\" \/>\n<meta property=\"og:image\" content=\"https:\/\/www.gero.lu\/wp-content\/uploads\/2024\/05\/Summerdag-facebook.png\" \/>\n\t<meta property=\"og:image:width\" content=\"1200\" \/>\n\t<meta property=\"og:image:height\" content=\"630\" \/>\n\t<meta property=\"og:image:type\" content=\"image\/png\" \/>\n<meta name=\"twitter:card\" content=\"summary_large_image\" \/>\n<meta name=\"twitter:label1\" content=\"Gesch\u00e4tzte Lesezeit\" \/>\n\t<meta name=\"twitter:data1\" content=\"2\u00a0Minuten\" \/>\n<script type=\"application\/ld+json\" class=\"yoast-schema-graph\">{\"@context\":\"https:\\\/\\\/schema.org\",\"@graph\":[{\"@type\":\"WebPage\",\"@id\":\"https:\\\/\\\/www.gero.lu\\\/de\\\/produit\\\/gero-summerdag\",\"url\":\"https:\\\/\\\/www.gero.lu\\\/de\\\/produit\\\/gero-summerdag\",\"name\":\"GERO - SUMMERDAG - GERO\",\"isPartOf\":{\"@id\":\"https:\\\/\\\/www.gero.lu\\\/de\\\/#website\"},\"datePublished\":\"2024-05-10T09:21:58+00:00\",\"dateModified\":\"2024-07-08T07:22:36+00:00\",\"breadcrumb\":{\"@id\":\"https:\\\/\\\/www.gero.lu\\\/de\\\/produit\\\/gero-summerdag#breadcrumb\"},\"inLanguage\":\"de\",\"potentialAction\":[{\"@type\":\"ReadAction\",\"target\":[[\"https:\\\/\\\/www.gero.lu\\\/de\\\/produit\\\/gero-summerdag\"]]}]},{\"@type\":\"BreadcrumbList\",\"@id\":\"https:\\\/\\\/www.gero.lu\\\/de\\\/produit\\\/gero-summerdag#breadcrumb\",\"itemListElement\":[{\"@type\":\"ListItem\",\"position\":1,\"name\":\"Accueil\",\"item\":\"https:\\\/\\\/www.gero.lu\\\/de\\\/\"},{\"@type\":\"ListItem\",\"position\":2,\"name\":\"Shop\",\"item\":\"https:\\\/\\\/www.gero.lu\\\/de\\\/shop\"},{\"@type\":\"ListItem\",\"position\":3,\"name\":\"GERO &#8211; SUMMERDAG\"}]},{\"@type\":\"WebSite\",\"@id\":\"https:\\\/\\\/www.gero.lu\\\/de\\\/#website\",\"url\":\"https:\\\/\\\/www.gero.lu\\\/de\\\/\",\"name\":\"Gero\",\"description\":\"Kompetenzzenter fir den Alter\",\"publisher\":{\"@id\":\"https:\\\/\\\/www.gero.lu\\\/de\\\/#organization\"},\"potentialAction\":[{\"@type\":\"SearchAction\",\"target\":{\"@type\":\"EntryPoint\",\"urlTemplate\":\"https:\\\/\\\/www.gero.lu\\\/de\\\/?s={search_term_string}\"},\"query-input\":{\"@type\":\"PropertyValueSpecification\",\"valueRequired\":true,\"valueName\":\"search_term_string\"}}],\"inLanguage\":\"de\"},{\"@type\":\"Organization\",\"@id\":\"https:\\\/\\\/www.gero.lu\\\/de\\\/#organization\",\"name\":\"Gero\",\"url\":\"https:\\\/\\\/www.gero.lu\\\/de\\\/\",\"logo\":{\"@type\":\"ImageObject\",\"inLanguage\":\"de\",\"@id\":\"https:\\\/\\\/www.gero.lu\\\/de\\\/#\\\/schema\\\/logo\\\/image\\\/\",\"url\":\"https:\\\/\\\/www.gero.lu\\\/wp-content\\\/uploads\\\/2024\\\/04\\\/logo.svg\",\"contentUrl\":\"https:\\\/\\\/www.gero.lu\\\/wp-content\\\/uploads\\\/2024\\\/04\\\/logo.svg\",\"width\":76,\"height\":30,\"caption\":\"Gero\"},\"image\":{\"@id\":\"https:\\\/\\\/www.gero.lu\\\/de\\\/#\\\/schema\\\/logo\\\/image\\\/\"},\"sameAs\":[\"https:\\\/\\\/www.facebook.com\\\/Kompetenzzenter\\\/\",\"https:\\\/\\\/www.instagram.com\\\/gero.kompetenzzenter\\\/\",\"https:\\\/\\\/linkedin.com\\\/company\\\/gero-kompetenzzenter-fir-den-alter\",\"https:\\\/\\\/www.youtube.com\\\/channel\\\/UCJvmJYSeHh3dYQsLHZupj-Q\"]}]}<\/script>\n<!-- \/ Yoast SEO Premium plugin. -->","yoast_head_json":{"title":"GERO - SUMMERDAG - GERO","robots":{"index":"index","follow":"follow","max-snippet":"max-snippet:-1","max-image-preview":"max-image-preview:large","max-video-preview":"max-video-preview:-1"},"canonical":"https:\/\/www.gero.lu\/de\/produit\/gero-summerdag","og_locale":"de_DE","og_type":"article","og_title":"GERO - SUMMERDAG","og_description":"Ein Tag voller Sonne, Sand und Spa\u00df! Stellen Sie sich vor, Sie entspannen auf dem weichen Sand und lassen sich von den sanften Melodien der Live-Musik tragen &#8211; das alles ist im Eintritt zum Strand inbegriffen. Genie\u00dfen Sie k\u00f6stliche Grill-H\u00e4ppchen und eine Auswahl an erfrischenden Getr\u00e4nken, damit Sie den Tag auch kulinarisch entspannt genie\u00dfen k\u00f6nnen. [&hellip;]","og_url":"https:\/\/www.gero.lu\/de\/produit\/gero-summerdag","og_site_name":"GERO","article_publisher":"https:\/\/www.facebook.com\/Kompetenzzenter\/","article_modified_time":"2024-07-08T07:22:36+00:00","og_image":[{"width":1200,"height":630,"url":"https:\/\/www.gero.lu\/wp-content\/uploads\/2024\/05\/Summerdag-facebook.png","type":"image\/png"}],"twitter_card":"summary_large_image","twitter_misc":{"Gesch\u00e4tzte Lesezeit":"2\u00a0Minuten"},"schema":{"@context":"https:\/\/schema.org","@graph":[{"@type":"WebPage","@id":"https:\/\/www.gero.lu\/de\/produit\/gero-summerdag","url":"https:\/\/www.gero.lu\/de\/produit\/gero-summerdag","name":"GERO - SUMMERDAG - GERO","isPartOf":{"@id":"https:\/\/www.gero.lu\/de\/#website"},"datePublished":"2024-05-10T09:21:58+00:00","dateModified":"2024-07-08T07:22:36+00:00","breadcrumb":{"@id":"https:\/\/www.gero.lu\/de\/produit\/gero-summerdag#breadcrumb"},"inLanguage":"de","potentialAction":[{"@type":"ReadAction","target":[["https:\/\/www.gero.lu\/de\/produit\/gero-summerdag"]]}]},{"@type":"BreadcrumbList","@id":"https:\/\/www.gero.lu\/de\/produit\/gero-summerdag#breadcrumb","itemListElement":[{"@type":"ListItem","position":1,"name":"Accueil","item":"https:\/\/www.gero.lu\/de\/"},{"@type":"ListItem","position":2,"name":"Shop","item":"https:\/\/www.gero.lu\/de\/shop"},{"@type":"ListItem","position":3,"name":"GERO &#8211; SUMMERDAG"}]},{"@type":"WebSite","@id":"https:\/\/www.gero.lu\/de\/#website","url":"https:\/\/www.gero.lu\/de\/","name":"Gero","description":"Kompetenzzenter fir den Alter","publisher":{"@id":"https:\/\/www.gero.lu\/de\/#organization"},"potentialAction":[{"@type":"SearchAction","target":{"@type":"EntryPoint","urlTemplate":"https:\/\/www.gero.lu\/de\/?s={search_term_string}"},"query-input":{"@type":"PropertyValueSpecification","valueRequired":true,"valueName":"search_term_string"}}],"inLanguage":"de"},{"@type":"Organization","@id":"https:\/\/www.gero.lu\/de\/#organization","name":"Gero","url":"https:\/\/www.gero.lu\/de\/","logo":{"@type":"ImageObject","inLanguage":"de","@id":"https:\/\/www.gero.lu\/de\/#\/schema\/logo\/image\/","url":"https:\/\/www.gero.lu\/wp-content\/uploads\/2024\/04\/logo.svg","contentUrl":"https:\/\/www.gero.lu\/wp-content\/uploads\/2024\/04\/logo.svg","width":76,"height":30,"caption":"Gero"},"image":{"@id":"https:\/\/www.gero.lu\/de\/#\/schema\/logo\/image\/"},"sameAs":["https:\/\/www.facebook.com\/Kompetenzzenter\/","https:\/\/www.instagram.com\/gero.kompetenzzenter\/","https:\/\/linkedin.com\/company\/gero-kompetenzzenter-fir-den-alter","https:\/\/www.youtube.com\/channel\/UCJvmJYSeHh3dYQsLHZupj-Q"]}]}},"_links":{"self":[{"href":"https:\/\/www.gero.lu\/de\/wp-json\/wp\/v2\/product\/7233","targetHints":{"allow":["GET"]}}],"collection":[{"href":"https:\/\/www.gero.lu\/de\/wp-json\/wp\/v2\/product"}],"about":[{"href":"https:\/\/www.gero.lu\/de\/wp-json\/wp\/v2\/types\/product"}],"replies":[{"embeddable":true,"href":"https:\/\/www.gero.lu\/de\/wp-json\/wp\/v2\/comments?post=7233"}],"wp:attachment":[{"href":"https:\/\/www.gero.lu\/de\/wp-json\/wp\/v2\/media?parent=7233"}],"wp:term":[{"taxonomy":"product_brand","embeddable":true,"href":"https:\/\/www.gero.lu\/de\/wp-json\/wp\/v2\/product_brand?post=7233"},{"taxonomy":"product_cat","embeddable":true,"href":"https:\/\/www.gero.lu\/de\/wp-json\/wp\/v2\/product_cat?post=7233"},{"taxonomy":"product_tag","embeddable":true,"href":"https:\/\/www.gero.lu\/de\/wp-json\/wp\/v2\/product_tag?post=7233"}],"curies":[{"name":"wp","href":"https:\/\/api.w.org\/{rel}","templated":true}]}}

<p>Ein Tag voller Sonne, Sand und Spaß!</p>
<p>Stellen Sie sich vor, Sie entspannen auf dem weichen Sand und lassen sich von den sanften Melodien der Live-Musik tragen &#8211; das alles ist im Eintritt zum Strand inbegriffen. Genießen Sie köstliche Grill-Häppchen und eine Auswahl an erfrischenden Getränken, damit Sie den Tag auch kulinarisch entspannt genießen können. Tauchen Sie in das kristallklare Wasser oder gleiten Sie mit einem Tretboot über den See und genießen Sie die umgebende Natur für unvergessliche Erinnerungen in geselliger Runde. Der vor Ort verfügbarer Hipocampus-Stuhl ermöglicht auch Menschen mit eingeschränkter Mobilität einen einfachen Zugang zum Wasser.</p>
<p>Une journée de soleil, de sable et de sérénité!</p>
<p>Imaginez-vous en train de vous détendre sur le sable doux et de vous laisser bercer par les douces mélodies de la musique en direct, le tout étant compris dans l&#8217;entrée à la plage. Savourez de délicieuses bouchées au barbecue et une sélection de boissons rafraîchissantes, pour que votre journée soit aussi satisfaisante que relaxante. Plongez dans les eaux cristallines ou glissez sur le lac à bord d&#8217;un pédalo de location, en profitant du paysage ensoleillé et en créant des souvenirs inoubliables avec votre famille et vos amis. La chaise Hipocampe disponible sur place permet aux personnes à mobilité réduite d&#8217;accéder facilement à l&#8217;eau.</p>

<p>Ein Tag voller Sonne, Sand und Spaß! Stellen Sie sich vor, Sie entspannen auf dem weichen Sand und lassen sich von den sanften Melodien der Live-Musik tragen &#8211; das alles ist im Eintritt zum Strand inbegriffen. Genießen Sie köstliche Grill-Häppchen und eine Auswahl an erfrischenden Getränken, damit Sie den Tag auch kulinarisch entspannt genießen können. [&hellip;]</p>

<!-- This site is optimized with the Yoast SEO Premium plugin v27.4 (Yoast SEO v27.5) - https://yoast.com/product/yoast-seo-premium-wordpress/ -->
<title>GERO - SUMMERDAG - GERO</title>
<meta name="robots" content="index, follow, max-snippet:-1, max-image-preview:large, max-video-preview:-1" />
<link rel="canonical" href="https://www.gero.lu/de/produit/gero-summerdag" />
<meta property="og:locale" content="de_DE" />
<meta property="og:type" content="article" />
<meta property="og:title" content="GERO - SUMMERDAG" />
<meta property="og:description" content="Ein Tag voller Sonne, Sand und Spaß! Stellen Sie sich vor, Sie entspannen auf dem weichen Sand und lassen sich von den sanften Melodien der Live-Musik tragen &#8211; das alles ist im Eintritt zum Strand inbegriffen. Genießen Sie köstliche Grill-Häppchen und eine Auswahl an erfrischenden Getränken, damit Sie den Tag auch kulinarisch entspannt genießen können. [&hellip;]" />
<meta property="og:url" content="https://www.gero.lu/de/produit/gero-summerdag" />
<meta property="og:site_name" content="GERO" />
<meta property="article:publisher" content="https://www.facebook.com/Kompetenzzenter/" />
<meta property="article:modified_time" content="2024-07-08T07:22:36+00:00" />
<meta property="og:image" content="https://www.gero.lu/wp-content/uploads/2024/05/Summerdag-facebook.png" />
	<meta property="og:image:width" content="1200" />
	<meta property="og:image:height" content="630" />
	<meta property="og:image:type" content="image/png" />
<meta name="twitter:card" content="summary_large_image" />
<meta name="twitter:label1" content="Geschätzte Lesezeit" />
	<meta name="twitter:data1" content="2 Minuten" />
<script type="application/ld+json" class="yoast-schema-graph">{"@context":"https:\/\/schema.org","@graph":[{"@type":"WebPage","@id":"https:\/\/www.gero.lu\/de\/produit\/gero-summerdag","url":"https:\/\/www.gero.lu\/de\/produit\/gero-summerdag","name":"GERO - SUMMERDAG - GERO","isPartOf":{"@id":"https:\/\/www.gero.lu\/de\/#website"},"datePublished":"2024-05-10T09:21:58+00:00","dateModified":"2024-07-08T07:22:36+00:00","breadcrumb":{"@id":"https:\/\/www.gero.lu\/de\/produit\/gero-summerdag#breadcrumb"},"inLanguage":"de","potentialAction":[{"@type":"ReadAction","target":[["https:\/\/www.gero.lu\/de\/produit\/gero-summerdag"]]}]},{"@type":"BreadcrumbList","@id":"https:\/\/www.gero.lu\/de\/produit\/gero-summerdag#breadcrumb","itemListElement":[{"@type":"ListItem","position":1,"name":"Accueil","item":"https:\/\/www.gero.lu\/de\/"},{"@type":"ListItem","position":2,"name":"Shop","item":"https:\/\/www.gero.lu\/de\/shop"},{"@type":"ListItem","position":3,"name":"GERO &#8211; SUMMERDAG"}]},{"@type":"WebSite","@id":"https:\/\/www.gero.lu\/de\/#website","url":"https:\/\/www.gero.lu\/de\/","name":"Gero","description":"Kompetenzzenter fir den Alter","publisher":{"@id":"https:\/\/www.gero.lu\/de\/#organization"},"potentialAction":[{"@type":"SearchAction","target":{"@type":"EntryPoint","urlTemplate":"https:\/\/www.gero.lu\/de\/?s={search_term_string}"},"query-input":{"@type":"PropertyValueSpecification","valueRequired":true,"valueName":"search_term_string"}}],"inLanguage":"de"},{"@type":"Organization","@id":"https:\/\/www.gero.lu\/de\/#organization","name":"Gero","url":"https:\/\/www.gero.lu\/de\/","logo":{"@type":"ImageObject","inLanguage":"de","@id":"https:\/\/www.gero.lu\/de\/#\/schema\/logo\/image\/","url":"https:\/\/www.gero.lu\/wp-content\/uploads\/2024\/04\/logo.svg","contentUrl":"https:\/\/www.gero.lu\/wp-content\/uploads\/2024\/04\/logo.svg","width":76,"height":30,"caption":"Gero"},"image":{"@id":"https:\/\/www.gero.lu\/de\/#\/schema\/logo\/image\/"},"sameAs":["https:\/\/www.facebook.com\/Kompetenzzenter\/","https:\/\/www.instagram.com\/gero.kompetenzzenter\/","https:\/\/linkedin.com\/company\/gero-kompetenzzenter-fir-den-alter","https:\/\/www.youtube.com\/channel\/UCJvmJYSeHh3dYQsLHZupj-Q"]}]}</script>
<!-- / Yoast SEO Premium plugin. -->

Ein Tag voller Sonne, Sand und Spaß! Stellen Sie sich vor, Sie entspannen auf dem weichen Sand und lassen sich von den sanften Melodien der Live-Musik tragen &#8211; das alles ist im Eintritt zum Strand inbegriffen. Genießen Sie köstliche Grill-Häppchen und eine Auswahl an erfrischenden Getränken, damit Sie den Tag auch kulinarisch entspannt genießen können. [&hellip;]
