{"id":6773,"date":"2024-02-07T14:21:23","date_gmt":"2024-02-07T14:21:23","guid":{"rendered":"https:\/\/www.gero.lu\/fr\/produit\/la-communication-fcpg-iii-2"},"modified":"2024-10-24T10:21:45","modified_gmt":"2024-10-24T10:21:45","slug":"la-communication-fcpg-iii-2","status":"publish","type":"product","link":"https:\/\/www.gero.lu\/de\/produit\/la-communication-fcpg-iii-2","title":{"rendered":"La communication (FCPG III) 2024"},"content":{"rendered":"<p>Module III de la formation psychog\u00e9riatrie<\/p>\n<p>Au travers de 3 courts-m\u00e9trages, des sujets essentiels pour la communication avec les personnes d\u00e9mentes sont abord\u00e9s comme l\u2019ennui, la d\u00e9pression, l\u2019apathie et le recueillement. Les films montrent aussi des situations critiques du quotidien professionnel comme l\u2019\u00e9quilibre proximit\u00e9\/distance, les conflits avec la famille, la sexualit\u00e9 ou encore l\u2019image de soi du personnel face aux personnes d\u00e9mentes.<\/p>\n<p>Au moyen d\u2019une bande sonore, des situations abusives sont simul\u00e9es et la mani\u00e8re de g\u00e9rer la situation en \u00e9quipe est trait\u00e9e. Les situations pr\u00e9sent\u00e9es sont analys\u00e9es ensemble avec le formateur dans des discussions de r\u00e9flexion.<\/p>\n<p>Objectifs :<br \/>\n&#8211;\tApprofondissement des connaissances de base en communication<br \/>\n&#8211;\tD\u00e9veloppement de l\u2019attitude personnelle vers plus de compr\u00e9hension, respect et acceptation de l\u2019autod\u00e9termination<br \/>\n&#8211;\tApprentissage d\u2019une meilleure communication concernant des sujets tabous<br \/>\n&#8211;\tAm\u00e9lioration des capacit\u00e9s constructives et \u00e9laboration de nouvelles strat\u00e9gies pour le travail en \u00e9quipe<\/p>\n<p>Contenus :<br \/>\nDans ce module, les membres du personnel apprennent \u00e0 am\u00e9liorer la communication \u00e0 l\u2019int\u00e9rieur d\u2019une \u00e9quipe, \u00e0 interpr\u00e9ter les diff\u00e9rentes formes de la communication verbale et non verbale des personnes d\u00e9mentes (r\u00e9sidents) et de leurs proches, \u00e0 r\u00e9aliser les besoins de contact des personnes ainsi qu\u2019\u00e0 reconna\u00eetre le repli, l\u2019apathie et les tendances \u00e0 s\u2019isoler.<\/p>\n","protected":false},"excerpt":{"rendered":"<p>Module III de la formation psychog\u00e9riatrie Au travers de 3 courts-m\u00e9trages, des sujets essentiels pour la communication avec les personnes d\u00e9mentes sont abord\u00e9s comme l\u2019ennui, la d\u00e9pression, l\u2019apathie et le recueillement. Les films montrent aussi des situations critiques du quotidien professionnel comme l\u2019\u00e9quilibre proximit\u00e9\/distance, les conflits avec la famille, la sexualit\u00e9 ou encore l\u2019image de [&hellip;]<\/p>\n","protected":false},"featured_media":0,"comment_status":"closed","ping_status":"closed","template":"","meta":{"_acf_changed":false,"inline_featured_image":false},"product_brand":[],"product_cat":[239],"product_tag":[237],"class_list":{"0":"post-6773","1":"product","2":"type-product","3":"status-publish","5":"product_cat-cours-pro","6":"product_tag-soins-encadrement-therapie-pro","8":"first","9":"instock","10":"virtual","11":"purchasable","12":"product-type-simple"},"acf":[],"yoast_head":"<!-- This site is optimized with the Yoast SEO Premium plugin v27.4 (Yoast SEO v27.5) - https:\/\/yoast.com\/product\/yoast-seo-premium-wordpress\/ -->\n<title>La communication (FCPG III) 2024 - GERO<\/title>\n<meta name=\"robots\" content=\"index, follow, max-snippet:-1, max-image-preview:large, max-video-preview:-1\" \/>\n<link rel=\"canonical\" href=\"https:\/\/www.gero.lu\/de\/produit\/la-communication-fcpg-iii-2\" \/>\n<meta property=\"og:locale\" content=\"de_DE\" \/>\n<meta property=\"og:type\" content=\"article\" \/>\n<meta property=\"og:title\" content=\"La communication (FCPG III) 2024\" \/>\n<meta property=\"og:description\" content=\"Module III de la formation psychog\u00e9riatrie Au travers de 3 courts-m\u00e9trages, des sujets essentiels pour la communication avec les personnes d\u00e9mentes sont abord\u00e9s comme l\u2019ennui, la d\u00e9pression, l\u2019apathie et le recueillement. Les films montrent aussi des situations critiques du quotidien professionnel comme l\u2019\u00e9quilibre proximit\u00e9\/distance, les conflits avec la famille, la sexualit\u00e9 ou encore l\u2019image de [&hellip;]\" \/>\n<meta property=\"og:url\" content=\"https:\/\/www.gero.lu\/de\/produit\/la-communication-fcpg-iii-2\" \/>\n<meta property=\"og:site_name\" content=\"GERO\" \/>\n<meta property=\"article:publisher\" content=\"https:\/\/www.facebook.com\/Kompetenzzenter\/\" \/>\n<meta property=\"article:modified_time\" content=\"2024-10-24T10:21:45+00:00\" \/>\n<meta property=\"og:image\" content=\"https:\/\/www.gero.lu\/wp-content\/uploads\/2021\/08\/gettyimages-1135289130-2048x2048_RET-1.jpg\" \/>\n\t<meta property=\"og:image:width\" content=\"1227\" \/>\n\t<meta property=\"og:image:height\" content=\"802\" \/>\n\t<meta property=\"og:image:type\" content=\"image\/jpeg\" \/>\n<meta name=\"twitter:card\" content=\"summary_large_image\" \/>\n<meta name=\"twitter:label1\" content=\"Gesch\u00e4tzte Lesezeit\" \/>\n\t<meta name=\"twitter:data1\" content=\"1\u00a0Minute\" \/>\n<script type=\"application\/ld+json\" class=\"yoast-schema-graph\">{\"@context\":\"https:\\\/\\\/schema.org\",\"@graph\":[{\"@type\":\"WebPage\",\"@id\":\"https:\\\/\\\/www.gero.lu\\\/de\\\/produit\\\/la-communication-fcpg-iii-2\",\"url\":\"https:\\\/\\\/www.gero.lu\\\/de\\\/produit\\\/la-communication-fcpg-iii-2\",\"name\":\"La communication (FCPG III) 2024 - GERO\",\"isPartOf\":{\"@id\":\"https:\\\/\\\/www.gero.lu\\\/de\\\/#website\"},\"datePublished\":\"2024-02-07T14:21:23+00:00\",\"dateModified\":\"2024-10-24T10:21:45+00:00\",\"breadcrumb\":{\"@id\":\"https:\\\/\\\/www.gero.lu\\\/de\\\/produit\\\/la-communication-fcpg-iii-2#breadcrumb\"},\"inLanguage\":\"de\",\"potentialAction\":[{\"@type\":\"ReadAction\",\"target\":[[\"https:\\\/\\\/www.gero.lu\\\/de\\\/produit\\\/la-communication-fcpg-iii-2\"]]}]},{\"@type\":\"BreadcrumbList\",\"@id\":\"https:\\\/\\\/www.gero.lu\\\/de\\\/produit\\\/la-communication-fcpg-iii-2#breadcrumb\",\"itemListElement\":[{\"@type\":\"ListItem\",\"position\":1,\"name\":\"Accueil\",\"item\":\"https:\\\/\\\/www.gero.lu\\\/de\\\/\"},{\"@type\":\"ListItem\",\"position\":2,\"name\":\"Shop\",\"item\":\"https:\\\/\\\/www.gero.lu\\\/de\\\/shop\"},{\"@type\":\"ListItem\",\"position\":3,\"name\":\"La communication (FCPG III)\"}]},{\"@type\":\"WebSite\",\"@id\":\"https:\\\/\\\/www.gero.lu\\\/de\\\/#website\",\"url\":\"https:\\\/\\\/www.gero.lu\\\/de\\\/\",\"name\":\"Gero\",\"description\":\"Kompetenzzenter fir den Alter\",\"publisher\":{\"@id\":\"https:\\\/\\\/www.gero.lu\\\/de\\\/#organization\"},\"potentialAction\":[{\"@type\":\"SearchAction\",\"target\":{\"@type\":\"EntryPoint\",\"urlTemplate\":\"https:\\\/\\\/www.gero.lu\\\/de\\\/?s={search_term_string}\"},\"query-input\":{\"@type\":\"PropertyValueSpecification\",\"valueRequired\":true,\"valueName\":\"search_term_string\"}}],\"inLanguage\":\"de\"},{\"@type\":\"Organization\",\"@id\":\"https:\\\/\\\/www.gero.lu\\\/de\\\/#organization\",\"name\":\"Gero\",\"url\":\"https:\\\/\\\/www.gero.lu\\\/de\\\/\",\"logo\":{\"@type\":\"ImageObject\",\"inLanguage\":\"de\",\"@id\":\"https:\\\/\\\/www.gero.lu\\\/de\\\/#\\\/schema\\\/logo\\\/image\\\/\",\"url\":\"https:\\\/\\\/www.gero.lu\\\/wp-content\\\/uploads\\\/2024\\\/04\\\/logo.svg\",\"contentUrl\":\"https:\\\/\\\/www.gero.lu\\\/wp-content\\\/uploads\\\/2024\\\/04\\\/logo.svg\",\"width\":76,\"height\":30,\"caption\":\"Gero\"},\"image\":{\"@id\":\"https:\\\/\\\/www.gero.lu\\\/de\\\/#\\\/schema\\\/logo\\\/image\\\/\"},\"sameAs\":[\"https:\\\/\\\/www.facebook.com\\\/Kompetenzzenter\\\/\",\"https:\\\/\\\/www.instagram.com\\\/gero.kompetenzzenter\\\/\",\"https:\\\/\\\/linkedin.com\\\/company\\\/gero-kompetenzzenter-fir-den-alter\",\"https:\\\/\\\/www.youtube.com\\\/channel\\\/UCJvmJYSeHh3dYQsLHZupj-Q\"]}]}<\/script>\n<!-- \/ Yoast SEO Premium plugin. -->","yoast_head_json":{"title":"La communication (FCPG III) 2024 - GERO","robots":{"index":"index","follow":"follow","max-snippet":"max-snippet:-1","max-image-preview":"max-image-preview:large","max-video-preview":"max-video-preview:-1"},"canonical":"https:\/\/www.gero.lu\/de\/produit\/la-communication-fcpg-iii-2","og_locale":"de_DE","og_type":"article","og_title":"La communication (FCPG III) 2024","og_description":"Module III de la formation psychog\u00e9riatrie Au travers de 3 courts-m\u00e9trages, des sujets essentiels pour la communication avec les personnes d\u00e9mentes sont abord\u00e9s comme l\u2019ennui, la d\u00e9pression, l\u2019apathie et le recueillement. Les films montrent aussi des situations critiques du quotidien professionnel comme l\u2019\u00e9quilibre proximit\u00e9\/distance, les conflits avec la famille, la sexualit\u00e9 ou encore l\u2019image de [&hellip;]","og_url":"https:\/\/www.gero.lu\/de\/produit\/la-communication-fcpg-iii-2","og_site_name":"GERO","article_publisher":"https:\/\/www.facebook.com\/Kompetenzzenter\/","article_modified_time":"2024-10-24T10:21:45+00:00","og_image":[{"width":1227,"height":802,"url":"https:\/\/www.gero.lu\/wp-content\/uploads\/2021\/08\/gettyimages-1135289130-2048x2048_RET-1.jpg","type":"image\/jpeg"}],"twitter_card":"summary_large_image","twitter_misc":{"Gesch\u00e4tzte Lesezeit":"1\u00a0Minute"},"schema":{"@context":"https:\/\/schema.org","@graph":[{"@type":"WebPage","@id":"https:\/\/www.gero.lu\/de\/produit\/la-communication-fcpg-iii-2","url":"https:\/\/www.gero.lu\/de\/produit\/la-communication-fcpg-iii-2","name":"La communication (FCPG III) 2024 - GERO","isPartOf":{"@id":"https:\/\/www.gero.lu\/de\/#website"},"datePublished":"2024-02-07T14:21:23+00:00","dateModified":"2024-10-24T10:21:45+00:00","breadcrumb":{"@id":"https:\/\/www.gero.lu\/de\/produit\/la-communication-fcpg-iii-2#breadcrumb"},"inLanguage":"de","potentialAction":[{"@type":"ReadAction","target":[["https:\/\/www.gero.lu\/de\/produit\/la-communication-fcpg-iii-2"]]}]},{"@type":"BreadcrumbList","@id":"https:\/\/www.gero.lu\/de\/produit\/la-communication-fcpg-iii-2#breadcrumb","itemListElement":[{"@type":"ListItem","position":1,"name":"Accueil","item":"https:\/\/www.gero.lu\/de\/"},{"@type":"ListItem","position":2,"name":"Shop","item":"https:\/\/www.gero.lu\/de\/shop"},{"@type":"ListItem","position":3,"name":"La communication (FCPG III)"}]},{"@type":"WebSite","@id":"https:\/\/www.gero.lu\/de\/#website","url":"https:\/\/www.gero.lu\/de\/","name":"Gero","description":"Kompetenzzenter fir den Alter","publisher":{"@id":"https:\/\/www.gero.lu\/de\/#organization"},"potentialAction":[{"@type":"SearchAction","target":{"@type":"EntryPoint","urlTemplate":"https:\/\/www.gero.lu\/de\/?s={search_term_string}"},"query-input":{"@type":"PropertyValueSpecification","valueRequired":true,"valueName":"search_term_string"}}],"inLanguage":"de"},{"@type":"Organization","@id":"https:\/\/www.gero.lu\/de\/#organization","name":"Gero","url":"https:\/\/www.gero.lu\/de\/","logo":{"@type":"ImageObject","inLanguage":"de","@id":"https:\/\/www.gero.lu\/de\/#\/schema\/logo\/image\/","url":"https:\/\/www.gero.lu\/wp-content\/uploads\/2024\/04\/logo.svg","contentUrl":"https:\/\/www.gero.lu\/wp-content\/uploads\/2024\/04\/logo.svg","width":76,"height":30,"caption":"Gero"},"image":{"@id":"https:\/\/www.gero.lu\/de\/#\/schema\/logo\/image\/"},"sameAs":["https:\/\/www.facebook.com\/Kompetenzzenter\/","https:\/\/www.instagram.com\/gero.kompetenzzenter\/","https:\/\/linkedin.com\/company\/gero-kompetenzzenter-fir-den-alter","https:\/\/www.youtube.com\/channel\/UCJvmJYSeHh3dYQsLHZupj-Q"]}]}},"_links":{"self":[{"href":"https:\/\/www.gero.lu\/de\/wp-json\/wp\/v2\/product\/6773","targetHints":{"allow":["GET"]}}],"collection":[{"href":"https:\/\/www.gero.lu\/de\/wp-json\/wp\/v2\/product"}],"about":[{"href":"https:\/\/www.gero.lu\/de\/wp-json\/wp\/v2\/types\/product"}],"replies":[{"embeddable":true,"href":"https:\/\/www.gero.lu\/de\/wp-json\/wp\/v2\/comments?post=6773"}],"wp:attachment":[{"href":"https:\/\/www.gero.lu\/de\/wp-json\/wp\/v2\/media?parent=6773"}],"wp:term":[{"taxonomy":"product_brand","embeddable":true,"href":"https:\/\/www.gero.lu\/de\/wp-json\/wp\/v2\/product_brand?post=6773"},{"taxonomy":"product_cat","embeddable":true,"href":"https:\/\/www.gero.lu\/de\/wp-json\/wp\/v2\/product_cat?post=6773"},{"taxonomy":"product_tag","embeddable":true,"href":"https:\/\/www.gero.lu\/de\/wp-json\/wp\/v2\/product_tag?post=6773"}],"curies":[{"name":"wp","href":"https:\/\/api.w.org\/{rel}","templated":true}]}}

<p>Module III de la formation psychogériatrie</p>
<p>Au travers de 3 courts-métrages, des sujets essentiels pour la communication avec les personnes démentes sont abordés comme l’ennui, la dépression, l’apathie et le recueillement. Les films montrent aussi des situations critiques du quotidien professionnel comme l’équilibre proximité/distance, les conflits avec la famille, la sexualité ou encore l’image de soi du personnel face aux personnes démentes.</p>
<p>Au moyen d’une bande sonore, des situations abusives sont simulées et la manière de gérer la situation en équipe est traitée. Les situations présentées sont analysées ensemble avec le formateur dans des discussions de réflexion.</p>
<p>Objectifs :<br />
&#8211;	Approfondissement des connaissances de base en communication<br />
&#8211;	Développement de l’attitude personnelle vers plus de compréhension, respect et acceptation de l’autodétermination<br />
&#8211;	Apprentissage d’une meilleure communication concernant des sujets tabous<br />
&#8211;	Amélioration des capacités constructives et élaboration de nouvelles stratégies pour le travail en équipe</p>
<p>Contenus :<br />
Dans ce module, les membres du personnel apprennent à améliorer la communication à l’intérieur d’une équipe, à interpréter les différentes formes de la communication verbale et non verbale des personnes démentes (résidents) et de leurs proches, à réaliser les besoins de contact des personnes ainsi qu’à reconnaître le repli, l’apathie et les tendances à s’isoler.</p>

<p>Module III de la formation psychogériatrie Au travers de 3 courts-métrages, des sujets essentiels pour la communication avec les personnes démentes sont abordés comme l’ennui, la dépression, l’apathie et le recueillement. Les films montrent aussi des situations critiques du quotidien professionnel comme l’équilibre proximité/distance, les conflits avec la famille, la sexualité ou encore l’image de [&hellip;]</p>

<!-- This site is optimized with the Yoast SEO Premium plugin v27.4 (Yoast SEO v27.5) - https://yoast.com/product/yoast-seo-premium-wordpress/ -->
<title>La communication (FCPG III) 2024 - GERO</title>
<meta name="robots" content="index, follow, max-snippet:-1, max-image-preview:large, max-video-preview:-1" />
<link rel="canonical" href="https://www.gero.lu/de/produit/la-communication-fcpg-iii-2" />
<meta property="og:locale" content="de_DE" />
<meta property="og:type" content="article" />
<meta property="og:title" content="La communication (FCPG III) 2024" />
<meta property="og:description" content="Module III de la formation psychogériatrie Au travers de 3 courts-métrages, des sujets essentiels pour la communication avec les personnes démentes sont abordés comme l’ennui, la dépression, l’apathie et le recueillement. Les films montrent aussi des situations critiques du quotidien professionnel comme l’équilibre proximité/distance, les conflits avec la famille, la sexualité ou encore l’image de [&hellip;]" />
<meta property="og:url" content="https://www.gero.lu/de/produit/la-communication-fcpg-iii-2" />
<meta property="og:site_name" content="GERO" />
<meta property="article:publisher" content="https://www.facebook.com/Kompetenzzenter/" />
<meta property="article:modified_time" content="2024-10-24T10:21:45+00:00" />
<meta property="og:image" content="https://www.gero.lu/wp-content/uploads/2021/08/gettyimages-1135289130-2048x2048_RET-1.jpg" />
	<meta property="og:image:width" content="1227" />
	<meta property="og:image:height" content="802" />
	<meta property="og:image:type" content="image/jpeg" />
<meta name="twitter:card" content="summary_large_image" />
<meta name="twitter:label1" content="Geschätzte Lesezeit" />
	<meta name="twitter:data1" content="1 Minute" />
<script type="application/ld+json" class="yoast-schema-graph">{"@context":"https:\/\/schema.org","@graph":[{"@type":"WebPage","@id":"https:\/\/www.gero.lu\/de\/produit\/la-communication-fcpg-iii-2","url":"https:\/\/www.gero.lu\/de\/produit\/la-communication-fcpg-iii-2","name":"La communication (FCPG III) 2024 - GERO","isPartOf":{"@id":"https:\/\/www.gero.lu\/de\/#website"},"datePublished":"2024-02-07T14:21:23+00:00","dateModified":"2024-10-24T10:21:45+00:00","breadcrumb":{"@id":"https:\/\/www.gero.lu\/de\/produit\/la-communication-fcpg-iii-2#breadcrumb"},"inLanguage":"de","potentialAction":[{"@type":"ReadAction","target":[["https:\/\/www.gero.lu\/de\/produit\/la-communication-fcpg-iii-2"]]}]},{"@type":"BreadcrumbList","@id":"https:\/\/www.gero.lu\/de\/produit\/la-communication-fcpg-iii-2#breadcrumb","itemListElement":[{"@type":"ListItem","position":1,"name":"Accueil","item":"https:\/\/www.gero.lu\/de\/"},{"@type":"ListItem","position":2,"name":"Shop","item":"https:\/\/www.gero.lu\/de\/shop"},{"@type":"ListItem","position":3,"name":"La communication (FCPG III)"}]},{"@type":"WebSite","@id":"https:\/\/www.gero.lu\/de\/#website","url":"https:\/\/www.gero.lu\/de\/","name":"Gero","description":"Kompetenzzenter fir den Alter","publisher":{"@id":"https:\/\/www.gero.lu\/de\/#organization"},"potentialAction":[{"@type":"SearchAction","target":{"@type":"EntryPoint","urlTemplate":"https:\/\/www.gero.lu\/de\/?s={search_term_string}"},"query-input":{"@type":"PropertyValueSpecification","valueRequired":true,"valueName":"search_term_string"}}],"inLanguage":"de"},{"@type":"Organization","@id":"https:\/\/www.gero.lu\/de\/#organization","name":"Gero","url":"https:\/\/www.gero.lu\/de\/","logo":{"@type":"ImageObject","inLanguage":"de","@id":"https:\/\/www.gero.lu\/de\/#\/schema\/logo\/image\/","url":"https:\/\/www.gero.lu\/wp-content\/uploads\/2024\/04\/logo.svg","contentUrl":"https:\/\/www.gero.lu\/wp-content\/uploads\/2024\/04\/logo.svg","width":76,"height":30,"caption":"Gero"},"image":{"@id":"https:\/\/www.gero.lu\/de\/#\/schema\/logo\/image\/"},"sameAs":["https:\/\/www.facebook.com\/Kompetenzzenter\/","https:\/\/www.instagram.com\/gero.kompetenzzenter\/","https:\/\/linkedin.com\/company\/gero-kompetenzzenter-fir-den-alter","https:\/\/www.youtube.com\/channel\/UCJvmJYSeHh3dYQsLHZupj-Q"]}]}</script>
<!-- / Yoast SEO Premium plugin. -->

Module III de la formation psychogériatrie Au travers de 3 courts-métrages, des sujets essentiels pour la communication avec les personnes démentes sont abordés comme l’ennui, la dépression, l’apathie et le recueillement. Les films montrent aussi des situations critiques du quotidien professionnel comme l’équilibre proximité/distance, les conflits avec la famille, la sexualité ou encore l’image de [&hellip;]
