{"id":5889,"date":"2023-08-07T15:25:29","date_gmt":"2023-08-07T15:25:29","guid":{"rendered":"https:\/\/www.gero.lu\/fr\/produit\/leadership-modul-1-6"},"modified":"2024-03-26T16:23:09","modified_gmt":"2024-03-26T16:23:09","slug":"leadership-modul-1-6","status":"publish","type":"product","link":"https:\/\/www.gero.lu\/de\/produit\/leadership-modul-1-6","title":{"rendered":"LEADERSHIP MODUL 1 &#8211; 6"},"content":{"rendered":"<p>Leadership<br \/>\nKonzept Leadership-Training<br \/>\nDas vorliegende Konzept richtet sich gezielt an alle, die in verantwortliche Posten Aufgaben wahrnehmen wollen und ihre Kompetenzen in der (zuk\u00fcnftigen) Funktion als F\u00fchrungskraft professionalisieren wollen.<\/p>\n<p>In dieser Weiterbildung entwickeln die Teilnehmer ihre ganz individuellen F\u00fchrungs- und Sozialkompetenzen, die sie f\u00fcr die t\u00e4gliche Bew\u00e4ltigung Ihrer (zuk\u00fcnftigen) F\u00fchrungsarbeit ben\u00f6tigen.<\/p>\n<p>In der K\u00fcrze formuliert hei\u00dft das:<\/p>\n<p>\u2022\tWissen um F\u00fchrung, F\u00fchrungsaufgaben und F\u00fchrungsinstrumente<br \/>\n\u2022\tUmsetzung des Wissens in konkretes Handeln<br \/>\n\u2022\tErweiterung Ihrer individuellen F\u00fchrungs- und Sozialkompetenzen <\/p>\n<p>Die Weiterbildung besteht aus 6  Modulen:<\/p>\n<p>Modul 1: Die Rolle der F\u00fchrungskraft &#8211; 24\/01\/2024<br \/>\nModul 2: Kommunikation &#8211; das F\u00fchren von Mitarbeitergespr\u00e4chen, vom Kennlern- bis zum Entlassungsgespr\u00e4ch &#8211; 21\/02\/2024<br \/>\nModul 3: Wie f\u00fchre ich mein Team erfolgreich? 20\/03\/2024<br \/>\nModul 4: Konflikte erfolgreich l\u00f6sen &#8211; 25\/04\/2024<br \/>\nModul 5: Stress und Zeitmanagement &#8211; 14\/05\/2024<br \/>\nModul 6: L\u00f6sungsorientierte F\u00fchrung &#8211; 04\/06\/2024<\/p>\n","protected":false},"excerpt":{"rendered":"<p>Leadership Konzept Leadership-Training Das vorliegende Konzept richtet sich gezielt an alle, die in verantwortliche Posten Aufgaben wahrnehmen wollen und ihre Kompetenzen in der (zuk\u00fcnftigen) Funktion als F\u00fchrungskraft professionalisieren wollen. In dieser Weiterbildung entwickeln die Teilnehmer ihre ganz individuellen F\u00fchrungs- und Sozialkompetenzen, die sie f\u00fcr die t\u00e4gliche Bew\u00e4ltigung Ihrer (zuk\u00fcnftigen) F\u00fchrungsarbeit ben\u00f6tigen. In der K\u00fcrze formuliert [&hellip;]<\/p>\n","protected":false},"featured_media":0,"comment_status":"closed","ping_status":"closed","template":"","meta":{"_acf_changed":false,"inline_featured_image":false},"product_brand":[],"product_cat":[239],"product_tag":[233],"class_list":{"0":"post-5889","1":"product","2":"type-product","3":"status-publish","5":"product_cat-cours-pro","6":"product_tag-management-leadership-pro","8":"first","9":"instock","10":"virtual","11":"purchasable","12":"product-type-simple"},"acf":[],"yoast_head":"<!-- This site is optimized with the Yoast SEO Premium plugin v27.4 (Yoast SEO v27.5) - https:\/\/yoast.com\/product\/yoast-seo-premium-wordpress\/ -->\n<title>LEADERSHIP MODUL 1 - 6 - GERO<\/title>\n<meta name=\"robots\" content=\"index, follow, max-snippet:-1, max-image-preview:large, max-video-preview:-1\" \/>\n<link rel=\"canonical\" href=\"https:\/\/www.gero.lu\/de\/produit\/leadership-modul-1-6\" \/>\n<meta property=\"og:locale\" content=\"de_DE\" \/>\n<meta property=\"og:type\" content=\"article\" \/>\n<meta property=\"og:title\" content=\"LEADERSHIP MODUL 1 - 6\" \/>\n<meta property=\"og:description\" content=\"Leadership Konzept Leadership-Training Das vorliegende Konzept richtet sich gezielt an alle, die in verantwortliche Posten Aufgaben wahrnehmen wollen und ihre Kompetenzen in der (zuk\u00fcnftigen) Funktion als F\u00fchrungskraft professionalisieren wollen. In dieser Weiterbildung entwickeln die Teilnehmer ihre ganz individuellen F\u00fchrungs- und Sozialkompetenzen, die sie f\u00fcr die t\u00e4gliche Bew\u00e4ltigung Ihrer (zuk\u00fcnftigen) F\u00fchrungsarbeit ben\u00f6tigen. In der K\u00fcrze formuliert [&hellip;]\" \/>\n<meta property=\"og:url\" content=\"https:\/\/www.gero.lu\/de\/produit\/leadership-modul-1-6\" \/>\n<meta property=\"og:site_name\" content=\"GERO\" \/>\n<meta property=\"article:publisher\" content=\"https:\/\/www.facebook.com\/Kompetenzzenter\/\" \/>\n<meta property=\"article:modified_time\" content=\"2024-03-26T16:23:09+00:00\" \/>\n<meta property=\"og:image\" content=\"https:\/\/www.gero.lu\/wp-content\/uploads\/2021\/08\/gettyimages-1135289130-2048x2048_RET-1.jpg\" \/>\n\t<meta property=\"og:image:width\" content=\"1227\" \/>\n\t<meta property=\"og:image:height\" content=\"802\" \/>\n\t<meta property=\"og:image:type\" content=\"image\/jpeg\" \/>\n<meta name=\"twitter:card\" content=\"summary_large_image\" \/>\n<meta name=\"twitter:label1\" content=\"Gesch\u00e4tzte Lesezeit\" \/>\n\t<meta name=\"twitter:data1\" content=\"1\u00a0Minute\" \/>\n<script type=\"application\/ld+json\" class=\"yoast-schema-graph\">{\"@context\":\"https:\\\/\\\/schema.org\",\"@graph\":[{\"@type\":\"WebPage\",\"@id\":\"https:\\\/\\\/www.gero.lu\\\/de\\\/produit\\\/leadership-modul-1-6\",\"url\":\"https:\\\/\\\/www.gero.lu\\\/de\\\/produit\\\/leadership-modul-1-6\",\"name\":\"LEADERSHIP MODUL 1 - 6 - GERO\",\"isPartOf\":{\"@id\":\"https:\\\/\\\/www.gero.lu\\\/de\\\/#website\"},\"datePublished\":\"2023-08-07T15:25:29+00:00\",\"dateModified\":\"2024-03-26T16:23:09+00:00\",\"breadcrumb\":{\"@id\":\"https:\\\/\\\/www.gero.lu\\\/de\\\/produit\\\/leadership-modul-1-6#breadcrumb\"},\"inLanguage\":\"de\",\"potentialAction\":[{\"@type\":\"ReadAction\",\"target\":[[\"https:\\\/\\\/www.gero.lu\\\/de\\\/produit\\\/leadership-modul-1-6\"]]}]},{\"@type\":\"BreadcrumbList\",\"@id\":\"https:\\\/\\\/www.gero.lu\\\/de\\\/produit\\\/leadership-modul-1-6#breadcrumb\",\"itemListElement\":[{\"@type\":\"ListItem\",\"position\":1,\"name\":\"Accueil\",\"item\":\"https:\\\/\\\/www.gero.lu\\\/de\\\/\"},{\"@type\":\"ListItem\",\"position\":2,\"name\":\"Shop\",\"item\":\"https:\\\/\\\/www.gero.lu\\\/de\\\/shop\"},{\"@type\":\"ListItem\",\"position\":3,\"name\":\"LEADERSHIP MODUL 1 &#8211; 6\"}]},{\"@type\":\"WebSite\",\"@id\":\"https:\\\/\\\/www.gero.lu\\\/de\\\/#website\",\"url\":\"https:\\\/\\\/www.gero.lu\\\/de\\\/\",\"name\":\"Gero\",\"description\":\"Kompetenzzenter fir den Alter\",\"publisher\":{\"@id\":\"https:\\\/\\\/www.gero.lu\\\/de\\\/#organization\"},\"potentialAction\":[{\"@type\":\"SearchAction\",\"target\":{\"@type\":\"EntryPoint\",\"urlTemplate\":\"https:\\\/\\\/www.gero.lu\\\/de\\\/?s={search_term_string}\"},\"query-input\":{\"@type\":\"PropertyValueSpecification\",\"valueRequired\":true,\"valueName\":\"search_term_string\"}}],\"inLanguage\":\"de\"},{\"@type\":\"Organization\",\"@id\":\"https:\\\/\\\/www.gero.lu\\\/de\\\/#organization\",\"name\":\"Gero\",\"url\":\"https:\\\/\\\/www.gero.lu\\\/de\\\/\",\"logo\":{\"@type\":\"ImageObject\",\"inLanguage\":\"de\",\"@id\":\"https:\\\/\\\/www.gero.lu\\\/de\\\/#\\\/schema\\\/logo\\\/image\\\/\",\"url\":\"https:\\\/\\\/www.gero.lu\\\/wp-content\\\/uploads\\\/2024\\\/04\\\/logo.svg\",\"contentUrl\":\"https:\\\/\\\/www.gero.lu\\\/wp-content\\\/uploads\\\/2024\\\/04\\\/logo.svg\",\"width\":76,\"height\":30,\"caption\":\"Gero\"},\"image\":{\"@id\":\"https:\\\/\\\/www.gero.lu\\\/de\\\/#\\\/schema\\\/logo\\\/image\\\/\"},\"sameAs\":[\"https:\\\/\\\/www.facebook.com\\\/Kompetenzzenter\\\/\",\"https:\\\/\\\/www.instagram.com\\\/gero.kompetenzzenter\\\/\",\"https:\\\/\\\/linkedin.com\\\/company\\\/gero-kompetenzzenter-fir-den-alter\",\"https:\\\/\\\/www.youtube.com\\\/channel\\\/UCJvmJYSeHh3dYQsLHZupj-Q\"]}]}<\/script>\n<!-- \/ Yoast SEO Premium plugin. -->","yoast_head_json":{"title":"LEADERSHIP MODUL 1 - 6 - GERO","robots":{"index":"index","follow":"follow","max-snippet":"max-snippet:-1","max-image-preview":"max-image-preview:large","max-video-preview":"max-video-preview:-1"},"canonical":"https:\/\/www.gero.lu\/de\/produit\/leadership-modul-1-6","og_locale":"de_DE","og_type":"article","og_title":"LEADERSHIP MODUL 1 - 6","og_description":"Leadership Konzept Leadership-Training Das vorliegende Konzept richtet sich gezielt an alle, die in verantwortliche Posten Aufgaben wahrnehmen wollen und ihre Kompetenzen in der (zuk\u00fcnftigen) Funktion als F\u00fchrungskraft professionalisieren wollen. In dieser Weiterbildung entwickeln die Teilnehmer ihre ganz individuellen F\u00fchrungs- und Sozialkompetenzen, die sie f\u00fcr die t\u00e4gliche Bew\u00e4ltigung Ihrer (zuk\u00fcnftigen) F\u00fchrungsarbeit ben\u00f6tigen. In der K\u00fcrze formuliert [&hellip;]","og_url":"https:\/\/www.gero.lu\/de\/produit\/leadership-modul-1-6","og_site_name":"GERO","article_publisher":"https:\/\/www.facebook.com\/Kompetenzzenter\/","article_modified_time":"2024-03-26T16:23:09+00:00","og_image":[{"width":1227,"height":802,"url":"https:\/\/www.gero.lu\/wp-content\/uploads\/2021\/08\/gettyimages-1135289130-2048x2048_RET-1.jpg","type":"image\/jpeg"}],"twitter_card":"summary_large_image","twitter_misc":{"Gesch\u00e4tzte Lesezeit":"1\u00a0Minute"},"schema":{"@context":"https:\/\/schema.org","@graph":[{"@type":"WebPage","@id":"https:\/\/www.gero.lu\/de\/produit\/leadership-modul-1-6","url":"https:\/\/www.gero.lu\/de\/produit\/leadership-modul-1-6","name":"LEADERSHIP MODUL 1 - 6 - GERO","isPartOf":{"@id":"https:\/\/www.gero.lu\/de\/#website"},"datePublished":"2023-08-07T15:25:29+00:00","dateModified":"2024-03-26T16:23:09+00:00","breadcrumb":{"@id":"https:\/\/www.gero.lu\/de\/produit\/leadership-modul-1-6#breadcrumb"},"inLanguage":"de","potentialAction":[{"@type":"ReadAction","target":[["https:\/\/www.gero.lu\/de\/produit\/leadership-modul-1-6"]]}]},{"@type":"BreadcrumbList","@id":"https:\/\/www.gero.lu\/de\/produit\/leadership-modul-1-6#breadcrumb","itemListElement":[{"@type":"ListItem","position":1,"name":"Accueil","item":"https:\/\/www.gero.lu\/de\/"},{"@type":"ListItem","position":2,"name":"Shop","item":"https:\/\/www.gero.lu\/de\/shop"},{"@type":"ListItem","position":3,"name":"LEADERSHIP MODUL 1 &#8211; 6"}]},{"@type":"WebSite","@id":"https:\/\/www.gero.lu\/de\/#website","url":"https:\/\/www.gero.lu\/de\/","name":"Gero","description":"Kompetenzzenter fir den Alter","publisher":{"@id":"https:\/\/www.gero.lu\/de\/#organization"},"potentialAction":[{"@type":"SearchAction","target":{"@type":"EntryPoint","urlTemplate":"https:\/\/www.gero.lu\/de\/?s={search_term_string}"},"query-input":{"@type":"PropertyValueSpecification","valueRequired":true,"valueName":"search_term_string"}}],"inLanguage":"de"},{"@type":"Organization","@id":"https:\/\/www.gero.lu\/de\/#organization","name":"Gero","url":"https:\/\/www.gero.lu\/de\/","logo":{"@type":"ImageObject","inLanguage":"de","@id":"https:\/\/www.gero.lu\/de\/#\/schema\/logo\/image\/","url":"https:\/\/www.gero.lu\/wp-content\/uploads\/2024\/04\/logo.svg","contentUrl":"https:\/\/www.gero.lu\/wp-content\/uploads\/2024\/04\/logo.svg","width":76,"height":30,"caption":"Gero"},"image":{"@id":"https:\/\/www.gero.lu\/de\/#\/schema\/logo\/image\/"},"sameAs":["https:\/\/www.facebook.com\/Kompetenzzenter\/","https:\/\/www.instagram.com\/gero.kompetenzzenter\/","https:\/\/linkedin.com\/company\/gero-kompetenzzenter-fir-den-alter","https:\/\/www.youtube.com\/channel\/UCJvmJYSeHh3dYQsLHZupj-Q"]}]}},"_links":{"self":[{"href":"https:\/\/www.gero.lu\/de\/wp-json\/wp\/v2\/product\/5889","targetHints":{"allow":["GET"]}}],"collection":[{"href":"https:\/\/www.gero.lu\/de\/wp-json\/wp\/v2\/product"}],"about":[{"href":"https:\/\/www.gero.lu\/de\/wp-json\/wp\/v2\/types\/product"}],"replies":[{"embeddable":true,"href":"https:\/\/www.gero.lu\/de\/wp-json\/wp\/v2\/comments?post=5889"}],"wp:attachment":[{"href":"https:\/\/www.gero.lu\/de\/wp-json\/wp\/v2\/media?parent=5889"}],"wp:term":[{"taxonomy":"product_brand","embeddable":true,"href":"https:\/\/www.gero.lu\/de\/wp-json\/wp\/v2\/product_brand?post=5889"},{"taxonomy":"product_cat","embeddable":true,"href":"https:\/\/www.gero.lu\/de\/wp-json\/wp\/v2\/product_cat?post=5889"},{"taxonomy":"product_tag","embeddable":true,"href":"https:\/\/www.gero.lu\/de\/wp-json\/wp\/v2\/product_tag?post=5889"}],"curies":[{"name":"wp","href":"https:\/\/api.w.org\/{rel}","templated":true}]}}

<p>Leadership<br />
Konzept Leadership-Training<br />
Das vorliegende Konzept richtet sich gezielt an alle, die in verantwortliche Posten Aufgaben wahrnehmen wollen und ihre Kompetenzen in der (zukünftigen) Funktion als Führungskraft professionalisieren wollen.</p>
<p>In dieser Weiterbildung entwickeln die Teilnehmer ihre ganz individuellen Führungs- und Sozialkompetenzen, die sie für die tägliche Bewältigung Ihrer (zukünftigen) Führungsarbeit benötigen.</p>
<p>In der Kürze formuliert heißt das:</p>
<p>•	Wissen um Führung, Führungsaufgaben und Führungsinstrumente<br />
•	Umsetzung des Wissens in konkretes Handeln<br />
•	Erweiterung Ihrer individuellen Führungs- und Sozialkompetenzen </p>
<p>Die Weiterbildung besteht aus 6  Modulen:</p>
<p>Modul 1: Die Rolle der Führungskraft &#8211; 24/01/2024<br />
Modul 2: Kommunikation &#8211; das Führen von Mitarbeitergesprächen, vom Kennlern- bis zum Entlassungsgespräch &#8211; 21/02/2024<br />
Modul 3: Wie führe ich mein Team erfolgreich? 20/03/2024<br />
Modul 4: Konflikte erfolgreich lösen &#8211; 25/04/2024<br />
Modul 5: Stress und Zeitmanagement &#8211; 14/05/2024<br />
Modul 6: Lösungsorientierte Führung &#8211; 04/06/2024</p>

<p>Leadership Konzept Leadership-Training Das vorliegende Konzept richtet sich gezielt an alle, die in verantwortliche Posten Aufgaben wahrnehmen wollen und ihre Kompetenzen in der (zukünftigen) Funktion als Führungskraft professionalisieren wollen. In dieser Weiterbildung entwickeln die Teilnehmer ihre ganz individuellen Führungs- und Sozialkompetenzen, die sie für die tägliche Bewältigung Ihrer (zukünftigen) Führungsarbeit benötigen. In der Kürze formuliert [&hellip;]</p>

<!-- This site is optimized with the Yoast SEO Premium plugin v27.4 (Yoast SEO v27.5) - https://yoast.com/product/yoast-seo-premium-wordpress/ -->
<title>LEADERSHIP MODUL 1 - 6 - GERO</title>
<meta name="robots" content="index, follow, max-snippet:-1, max-image-preview:large, max-video-preview:-1" />
<link rel="canonical" href="https://www.gero.lu/de/produit/leadership-modul-1-6" />
<meta property="og:locale" content="de_DE" />
<meta property="og:type" content="article" />
<meta property="og:title" content="LEADERSHIP MODUL 1 - 6" />
<meta property="og:description" content="Leadership Konzept Leadership-Training Das vorliegende Konzept richtet sich gezielt an alle, die in verantwortliche Posten Aufgaben wahrnehmen wollen und ihre Kompetenzen in der (zukünftigen) Funktion als Führungskraft professionalisieren wollen. In dieser Weiterbildung entwickeln die Teilnehmer ihre ganz individuellen Führungs- und Sozialkompetenzen, die sie für die tägliche Bewältigung Ihrer (zukünftigen) Führungsarbeit benötigen. In der Kürze formuliert [&hellip;]" />
<meta property="og:url" content="https://www.gero.lu/de/produit/leadership-modul-1-6" />
<meta property="og:site_name" content="GERO" />
<meta property="article:publisher" content="https://www.facebook.com/Kompetenzzenter/" />
<meta property="article:modified_time" content="2024-03-26T16:23:09+00:00" />
<meta property="og:image" content="https://www.gero.lu/wp-content/uploads/2021/08/gettyimages-1135289130-2048x2048_RET-1.jpg" />
	<meta property="og:image:width" content="1227" />
	<meta property="og:image:height" content="802" />
	<meta property="og:image:type" content="image/jpeg" />
<meta name="twitter:card" content="summary_large_image" />
<meta name="twitter:label1" content="Geschätzte Lesezeit" />
	<meta name="twitter:data1" content="1 Minute" />
<script type="application/ld+json" class="yoast-schema-graph">{"@context":"https:\/\/schema.org","@graph":[{"@type":"WebPage","@id":"https:\/\/www.gero.lu\/de\/produit\/leadership-modul-1-6","url":"https:\/\/www.gero.lu\/de\/produit\/leadership-modul-1-6","name":"LEADERSHIP MODUL 1 - 6 - GERO","isPartOf":{"@id":"https:\/\/www.gero.lu\/de\/#website"},"datePublished":"2023-08-07T15:25:29+00:00","dateModified":"2024-03-26T16:23:09+00:00","breadcrumb":{"@id":"https:\/\/www.gero.lu\/de\/produit\/leadership-modul-1-6#breadcrumb"},"inLanguage":"de","potentialAction":[{"@type":"ReadAction","target":[["https:\/\/www.gero.lu\/de\/produit\/leadership-modul-1-6"]]}]},{"@type":"BreadcrumbList","@id":"https:\/\/www.gero.lu\/de\/produit\/leadership-modul-1-6#breadcrumb","itemListElement":[{"@type":"ListItem","position":1,"name":"Accueil","item":"https:\/\/www.gero.lu\/de\/"},{"@type":"ListItem","position":2,"name":"Shop","item":"https:\/\/www.gero.lu\/de\/shop"},{"@type":"ListItem","position":3,"name":"LEADERSHIP MODUL 1 &#8211; 6"}]},{"@type":"WebSite","@id":"https:\/\/www.gero.lu\/de\/#website","url":"https:\/\/www.gero.lu\/de\/","name":"Gero","description":"Kompetenzzenter fir den Alter","publisher":{"@id":"https:\/\/www.gero.lu\/de\/#organization"},"potentialAction":[{"@type":"SearchAction","target":{"@type":"EntryPoint","urlTemplate":"https:\/\/www.gero.lu\/de\/?s={search_term_string}"},"query-input":{"@type":"PropertyValueSpecification","valueRequired":true,"valueName":"search_term_string"}}],"inLanguage":"de"},{"@type":"Organization","@id":"https:\/\/www.gero.lu\/de\/#organization","name":"Gero","url":"https:\/\/www.gero.lu\/de\/","logo":{"@type":"ImageObject","inLanguage":"de","@id":"https:\/\/www.gero.lu\/de\/#\/schema\/logo\/image\/","url":"https:\/\/www.gero.lu\/wp-content\/uploads\/2024\/04\/logo.svg","contentUrl":"https:\/\/www.gero.lu\/wp-content\/uploads\/2024\/04\/logo.svg","width":76,"height":30,"caption":"Gero"},"image":{"@id":"https:\/\/www.gero.lu\/de\/#\/schema\/logo\/image\/"},"sameAs":["https:\/\/www.facebook.com\/Kompetenzzenter\/","https:\/\/www.instagram.com\/gero.kompetenzzenter\/","https:\/\/linkedin.com\/company\/gero-kompetenzzenter-fir-den-alter","https:\/\/www.youtube.com\/channel\/UCJvmJYSeHh3dYQsLHZupj-Q"]}]}</script>
<!-- / Yoast SEO Premium plugin. -->

Leadership Konzept Leadership-Training Das vorliegende Konzept richtet sich gezielt an alle, die in verantwortliche Posten Aufgaben wahrnehmen wollen und ihre Kompetenzen in der (zukünftigen) Funktion als Führungskraft professionalisieren wollen. In dieser Weiterbildung entwickeln die Teilnehmer ihre ganz individuellen Führungs- und Sozialkompetenzen, die sie für die tägliche Bewältigung Ihrer (zukünftigen) Führungsarbeit benötigen. In der Kürze formuliert [&hellip;]
