{"id":5837,"date":"2023-07-27T10:21:33","date_gmt":"2023-07-27T10:21:33","guid":{"rendered":"https:\/\/www.gero.lu\/fr\/produit\/achtsamkeits-treffen-entschleunigung-und-selbstfursorge-im-alltag-2"},"modified":"2023-11-13T10:21:39","modified_gmt":"2023-11-13T10:21:39","slug":"achtsamkeits-treffen-entschleunigung-und-selbstfursorge-im-alltag-2","status":"publish","type":"product","link":"https:\/\/www.gero.lu\/de\/produit\/achtsamkeits-treffen-entschleunigung-und-selbstfursorge-im-alltag-2","title":{"rendered":"Achtsamkeits-Treffen: Entschleunigung und Selbstf\u00fcrsorge im Alltag"},"content":{"rendered":"<p>M\u00f6chten Sie Ihr Bed\u00fcrfnis nach mehr Gelassenheit erf\u00fcllen, dann kommen Sie zu unserem monatlichen Achtsamkeitstreffen unter Leitung von Dr. Marie-Paule Theisen (MBSR-Lehrerin), um gemeinsam die Heilkraft der Meditation und Achtsamkeit zu entdecken und zu vertiefen. Die einfachen \u00dcbungen basieren auf dem wissenschaftlichen MBSR- Programm (Mindfulness-Based-Stress Reduction Program) nach J. Kabat-Zinn. Jeder und jede kann erfahren, wie durch die bewusste und wohlwollende Aufmerksamkeitslenkung des Geistes auf den Atem, den K\u00f6rper, die Sinne, die Gedanken und Emotionen, sowohl Meditation als auch Achtsamkeit ge\u00fcbt und praktiziert werden k\u00f6nnen. Im Mittelpunkt stehen: Die f\u00fcnf Achtsamkeitspraktiken, Achtsamkeits\u00fcbungen \u2013 sind sie l\u00e4ngerfristig wirksamer als Schmerzmittel? Wie h\u00e4ngen Achtsamkeit und Wohlbefinden zusammen? Achtsamkeit \u2013 wie es das Gehirn ver\u00e4ndert.<\/p>\n","protected":false},"excerpt":{"rendered":"<p>M\u00f6chten Sie Ihr Bed\u00fcrfnis nach mehr Gelassenheit erf\u00fcllen, dann kommen Sie zu unserem monatlichen Achtsamkeitstreffen unter Leitung von Dr. Marie-Paule Theisen (MBSR-Lehrerin), um gemeinsam die Heilkraft der Meditation und Achtsamkeit zu entdecken und zu vertiefen. Die einfachen \u00dcbungen basieren auf dem wissenschaftlichen MBSR- Programm (Mindfulness-Based-Stress Reduction Program) nach J. Kabat-Zinn. Jeder und jede kann erfahren, [&hellip;]<\/p>\n","protected":false},"featured_media":0,"comment_status":"closed","ping_status":"closed","template":"","meta":{"_acf_changed":false,"inline_featured_image":false},"product_brand":[],"product_cat":[227],"product_tag":[200],"class_list":{"0":"post-5837","1":"product","2":"type-product","3":"status-publish","5":"product_cat-cours","6":"product_tag-sante-senior","8":"first","9":"outofstock","10":"virtual","11":"purchasable","12":"product-type-simple"},"acf":[],"yoast_head":"<!-- This site is optimized with the Yoast SEO Premium plugin v27.4 (Yoast SEO v27.5) - https:\/\/yoast.com\/product\/yoast-seo-premium-wordpress\/ -->\n<title>Achtsamkeits-Treffen: Entschleunigung und Selbstf\u00fcrsorge im Alltag - GERO<\/title>\n<meta name=\"robots\" content=\"index, follow, max-snippet:-1, max-image-preview:large, max-video-preview:-1\" \/>\n<link rel=\"canonical\" href=\"https:\/\/www.gero.lu\/de\/produit\/achtsamkeits-treffen-entschleunigung-und-selbstfursorge-im-alltag-2\" \/>\n<meta property=\"og:locale\" content=\"de_DE\" \/>\n<meta property=\"og:type\" content=\"article\" \/>\n<meta property=\"og:title\" content=\"Achtsamkeits-Treffen: Entschleunigung und Selbstf\u00fcrsorge im Alltag\" \/>\n<meta property=\"og:description\" content=\"M\u00f6chten Sie Ihr Bed\u00fcrfnis nach mehr Gelassenheit erf\u00fcllen, dann kommen Sie zu unserem monatlichen Achtsamkeitstreffen unter Leitung von Dr. Marie-Paule Theisen (MBSR-Lehrerin), um gemeinsam die Heilkraft der Meditation und Achtsamkeit zu entdecken und zu vertiefen. Die einfachen \u00dcbungen basieren auf dem wissenschaftlichen MBSR- Programm (Mindfulness-Based-Stress Reduction Program) nach J. Kabat-Zinn. Jeder und jede kann erfahren, [&hellip;]\" \/>\n<meta property=\"og:url\" content=\"https:\/\/www.gero.lu\/de\/produit\/achtsamkeits-treffen-entschleunigung-und-selbstfursorge-im-alltag-2\" \/>\n<meta property=\"og:site_name\" content=\"GERO\" \/>\n<meta property=\"article:publisher\" content=\"https:\/\/www.facebook.com\/Kompetenzzenter\/\" \/>\n<meta property=\"article:modified_time\" content=\"2023-11-13T10:21:39+00:00\" \/>\n<meta property=\"og:image\" content=\"https:\/\/www.gero.lu\/wp-content\/uploads\/2021\/08\/gettyimages-1135289130-2048x2048_RET-1.jpg\" \/>\n\t<meta property=\"og:image:width\" content=\"1227\" \/>\n\t<meta property=\"og:image:height\" content=\"802\" \/>\n\t<meta property=\"og:image:type\" content=\"image\/jpeg\" \/>\n<meta name=\"twitter:card\" content=\"summary_large_image\" \/>\n<meta name=\"twitter:label1\" content=\"Gesch\u00e4tzte Lesezeit\" \/>\n\t<meta name=\"twitter:data1\" content=\"1\u00a0Minute\" \/>\n<script type=\"application\/ld+json\" class=\"yoast-schema-graph\">{\"@context\":\"https:\\\/\\\/schema.org\",\"@graph\":[{\"@type\":\"WebPage\",\"@id\":\"https:\\\/\\\/www.gero.lu\\\/de\\\/produit\\\/achtsamkeits-treffen-entschleunigung-und-selbstfursorge-im-alltag-2\",\"url\":\"https:\\\/\\\/www.gero.lu\\\/de\\\/produit\\\/achtsamkeits-treffen-entschleunigung-und-selbstfursorge-im-alltag-2\",\"name\":\"Achtsamkeits-Treffen: Entschleunigung und Selbstf\u00fcrsorge im Alltag - GERO\",\"isPartOf\":{\"@id\":\"https:\\\/\\\/www.gero.lu\\\/de\\\/#website\"},\"datePublished\":\"2023-07-27T10:21:33+00:00\",\"dateModified\":\"2023-11-13T10:21:39+00:00\",\"breadcrumb\":{\"@id\":\"https:\\\/\\\/www.gero.lu\\\/de\\\/produit\\\/achtsamkeits-treffen-entschleunigung-und-selbstfursorge-im-alltag-2#breadcrumb\"},\"inLanguage\":\"de\",\"potentialAction\":[{\"@type\":\"ReadAction\",\"target\":[[\"https:\\\/\\\/www.gero.lu\\\/de\\\/produit\\\/achtsamkeits-treffen-entschleunigung-und-selbstfursorge-im-alltag-2\"]]}]},{\"@type\":\"BreadcrumbList\",\"@id\":\"https:\\\/\\\/www.gero.lu\\\/de\\\/produit\\\/achtsamkeits-treffen-entschleunigung-und-selbstfursorge-im-alltag-2#breadcrumb\",\"itemListElement\":[{\"@type\":\"ListItem\",\"position\":1,\"name\":\"Accueil\",\"item\":\"https:\\\/\\\/www.gero.lu\\\/de\\\/\"},{\"@type\":\"ListItem\",\"position\":2,\"name\":\"Shop\",\"item\":\"https:\\\/\\\/www.gero.lu\\\/de\\\/shop\"},{\"@type\":\"ListItem\",\"position\":3,\"name\":\"Achtsamkeits-Treffen: Entschleunigung und Selbstf\u00fcrsorge im Alltag\"}]},{\"@type\":\"WebSite\",\"@id\":\"https:\\\/\\\/www.gero.lu\\\/de\\\/#website\",\"url\":\"https:\\\/\\\/www.gero.lu\\\/de\\\/\",\"name\":\"Gero\",\"description\":\"Kompetenzzenter fir den Alter\",\"publisher\":{\"@id\":\"https:\\\/\\\/www.gero.lu\\\/de\\\/#organization\"},\"potentialAction\":[{\"@type\":\"SearchAction\",\"target\":{\"@type\":\"EntryPoint\",\"urlTemplate\":\"https:\\\/\\\/www.gero.lu\\\/de\\\/?s={search_term_string}\"},\"query-input\":{\"@type\":\"PropertyValueSpecification\",\"valueRequired\":true,\"valueName\":\"search_term_string\"}}],\"inLanguage\":\"de\"},{\"@type\":\"Organization\",\"@id\":\"https:\\\/\\\/www.gero.lu\\\/de\\\/#organization\",\"name\":\"Gero\",\"url\":\"https:\\\/\\\/www.gero.lu\\\/de\\\/\",\"logo\":{\"@type\":\"ImageObject\",\"inLanguage\":\"de\",\"@id\":\"https:\\\/\\\/www.gero.lu\\\/de\\\/#\\\/schema\\\/logo\\\/image\\\/\",\"url\":\"https:\\\/\\\/www.gero.lu\\\/wp-content\\\/uploads\\\/2024\\\/04\\\/logo.svg\",\"contentUrl\":\"https:\\\/\\\/www.gero.lu\\\/wp-content\\\/uploads\\\/2024\\\/04\\\/logo.svg\",\"width\":76,\"height\":30,\"caption\":\"Gero\"},\"image\":{\"@id\":\"https:\\\/\\\/www.gero.lu\\\/de\\\/#\\\/schema\\\/logo\\\/image\\\/\"},\"sameAs\":[\"https:\\\/\\\/www.facebook.com\\\/Kompetenzzenter\\\/\",\"https:\\\/\\\/www.instagram.com\\\/gero.kompetenzzenter\\\/\",\"https:\\\/\\\/linkedin.com\\\/company\\\/gero-kompetenzzenter-fir-den-alter\",\"https:\\\/\\\/www.youtube.com\\\/channel\\\/UCJvmJYSeHh3dYQsLHZupj-Q\"]}]}<\/script>\n<!-- \/ Yoast SEO Premium plugin. -->","yoast_head_json":{"title":"Achtsamkeits-Treffen: Entschleunigung und Selbstf\u00fcrsorge im Alltag - GERO","robots":{"index":"index","follow":"follow","max-snippet":"max-snippet:-1","max-image-preview":"max-image-preview:large","max-video-preview":"max-video-preview:-1"},"canonical":"https:\/\/www.gero.lu\/de\/produit\/achtsamkeits-treffen-entschleunigung-und-selbstfursorge-im-alltag-2","og_locale":"de_DE","og_type":"article","og_title":"Achtsamkeits-Treffen: Entschleunigung und Selbstf\u00fcrsorge im Alltag","og_description":"M\u00f6chten Sie Ihr Bed\u00fcrfnis nach mehr Gelassenheit erf\u00fcllen, dann kommen Sie zu unserem monatlichen Achtsamkeitstreffen unter Leitung von Dr. Marie-Paule Theisen (MBSR-Lehrerin), um gemeinsam die Heilkraft der Meditation und Achtsamkeit zu entdecken und zu vertiefen. Die einfachen \u00dcbungen basieren auf dem wissenschaftlichen MBSR- Programm (Mindfulness-Based-Stress Reduction Program) nach J. Kabat-Zinn. Jeder und jede kann erfahren, [&hellip;]","og_url":"https:\/\/www.gero.lu\/de\/produit\/achtsamkeits-treffen-entschleunigung-und-selbstfursorge-im-alltag-2","og_site_name":"GERO","article_publisher":"https:\/\/www.facebook.com\/Kompetenzzenter\/","article_modified_time":"2023-11-13T10:21:39+00:00","og_image":[{"width":1227,"height":802,"url":"https:\/\/www.gero.lu\/wp-content\/uploads\/2021\/08\/gettyimages-1135289130-2048x2048_RET-1.jpg","type":"image\/jpeg"}],"twitter_card":"summary_large_image","twitter_misc":{"Gesch\u00e4tzte Lesezeit":"1\u00a0Minute"},"schema":{"@context":"https:\/\/schema.org","@graph":[{"@type":"WebPage","@id":"https:\/\/www.gero.lu\/de\/produit\/achtsamkeits-treffen-entschleunigung-und-selbstfursorge-im-alltag-2","url":"https:\/\/www.gero.lu\/de\/produit\/achtsamkeits-treffen-entschleunigung-und-selbstfursorge-im-alltag-2","name":"Achtsamkeits-Treffen: Entschleunigung und Selbstf\u00fcrsorge im Alltag - GERO","isPartOf":{"@id":"https:\/\/www.gero.lu\/de\/#website"},"datePublished":"2023-07-27T10:21:33+00:00","dateModified":"2023-11-13T10:21:39+00:00","breadcrumb":{"@id":"https:\/\/www.gero.lu\/de\/produit\/achtsamkeits-treffen-entschleunigung-und-selbstfursorge-im-alltag-2#breadcrumb"},"inLanguage":"de","potentialAction":[{"@type":"ReadAction","target":[["https:\/\/www.gero.lu\/de\/produit\/achtsamkeits-treffen-entschleunigung-und-selbstfursorge-im-alltag-2"]]}]},{"@type":"BreadcrumbList","@id":"https:\/\/www.gero.lu\/de\/produit\/achtsamkeits-treffen-entschleunigung-und-selbstfursorge-im-alltag-2#breadcrumb","itemListElement":[{"@type":"ListItem","position":1,"name":"Accueil","item":"https:\/\/www.gero.lu\/de\/"},{"@type":"ListItem","position":2,"name":"Shop","item":"https:\/\/www.gero.lu\/de\/shop"},{"@type":"ListItem","position":3,"name":"Achtsamkeits-Treffen: Entschleunigung und Selbstf\u00fcrsorge im Alltag"}]},{"@type":"WebSite","@id":"https:\/\/www.gero.lu\/de\/#website","url":"https:\/\/www.gero.lu\/de\/","name":"Gero","description":"Kompetenzzenter fir den Alter","publisher":{"@id":"https:\/\/www.gero.lu\/de\/#organization"},"potentialAction":[{"@type":"SearchAction","target":{"@type":"EntryPoint","urlTemplate":"https:\/\/www.gero.lu\/de\/?s={search_term_string}"},"query-input":{"@type":"PropertyValueSpecification","valueRequired":true,"valueName":"search_term_string"}}],"inLanguage":"de"},{"@type":"Organization","@id":"https:\/\/www.gero.lu\/de\/#organization","name":"Gero","url":"https:\/\/www.gero.lu\/de\/","logo":{"@type":"ImageObject","inLanguage":"de","@id":"https:\/\/www.gero.lu\/de\/#\/schema\/logo\/image\/","url":"https:\/\/www.gero.lu\/wp-content\/uploads\/2024\/04\/logo.svg","contentUrl":"https:\/\/www.gero.lu\/wp-content\/uploads\/2024\/04\/logo.svg","width":76,"height":30,"caption":"Gero"},"image":{"@id":"https:\/\/www.gero.lu\/de\/#\/schema\/logo\/image\/"},"sameAs":["https:\/\/www.facebook.com\/Kompetenzzenter\/","https:\/\/www.instagram.com\/gero.kompetenzzenter\/","https:\/\/linkedin.com\/company\/gero-kompetenzzenter-fir-den-alter","https:\/\/www.youtube.com\/channel\/UCJvmJYSeHh3dYQsLHZupj-Q"]}]}},"_links":{"self":[{"href":"https:\/\/www.gero.lu\/de\/wp-json\/wp\/v2\/product\/5837","targetHints":{"allow":["GET"]}}],"collection":[{"href":"https:\/\/www.gero.lu\/de\/wp-json\/wp\/v2\/product"}],"about":[{"href":"https:\/\/www.gero.lu\/de\/wp-json\/wp\/v2\/types\/product"}],"replies":[{"embeddable":true,"href":"https:\/\/www.gero.lu\/de\/wp-json\/wp\/v2\/comments?post=5837"}],"wp:attachment":[{"href":"https:\/\/www.gero.lu\/de\/wp-json\/wp\/v2\/media?parent=5837"}],"wp:term":[{"taxonomy":"product_brand","embeddable":true,"href":"https:\/\/www.gero.lu\/de\/wp-json\/wp\/v2\/product_brand?post=5837"},{"taxonomy":"product_cat","embeddable":true,"href":"https:\/\/www.gero.lu\/de\/wp-json\/wp\/v2\/product_cat?post=5837"},{"taxonomy":"product_tag","embeddable":true,"href":"https:\/\/www.gero.lu\/de\/wp-json\/wp\/v2\/product_tag?post=5837"}],"curies":[{"name":"wp","href":"https:\/\/api.w.org\/{rel}","templated":true}]}}

Achtsamkeits-Treffen: Entschleunigung und Selbstfürsorge im Alltag

<p>Möchten Sie Ihr Bedürfnis nach mehr Gelassenheit erfüllen, dann kommen Sie zu unserem monatlichen Achtsamkeitstreffen unter Leitung von Dr. Marie-Paule Theisen (MBSR-Lehrerin), um gemeinsam die Heilkraft der Meditation und Achtsamkeit zu entdecken und zu vertiefen. Die einfachen Übungen basieren auf dem wissenschaftlichen MBSR- Programm (Mindfulness-Based-Stress Reduction Program) nach J. Kabat-Zinn. Jeder und jede kann erfahren, wie durch die bewusste und wohlwollende Aufmerksamkeitslenkung des Geistes auf den Atem, den Körper, die Sinne, die Gedanken und Emotionen, sowohl Meditation als auch Achtsamkeit geübt und praktiziert werden können. Im Mittelpunkt stehen: Die fünf Achtsamkeitspraktiken, Achtsamkeitsübungen – sind sie längerfristig wirksamer als Schmerzmittel? Wie hängen Achtsamkeit und Wohlbefinden zusammen? Achtsamkeit – wie es das Gehirn verändert.</p>

<p>Möchten Sie Ihr Bedürfnis nach mehr Gelassenheit erfüllen, dann kommen Sie zu unserem monatlichen Achtsamkeitstreffen unter Leitung von Dr. Marie-Paule Theisen (MBSR-Lehrerin), um gemeinsam die Heilkraft der Meditation und Achtsamkeit zu entdecken und zu vertiefen. Die einfachen Übungen basieren auf dem wissenschaftlichen MBSR- Programm (Mindfulness-Based-Stress Reduction Program) nach J. Kabat-Zinn. Jeder und jede kann erfahren, [&hellip;]</p>

<!-- This site is optimized with the Yoast SEO Premium plugin v27.4 (Yoast SEO v27.5) - https://yoast.com/product/yoast-seo-premium-wordpress/ -->
<title>Achtsamkeits-Treffen: Entschleunigung und Selbstfürsorge im Alltag - GERO</title>
<meta name="robots" content="index, follow, max-snippet:-1, max-image-preview:large, max-video-preview:-1" />
<link rel="canonical" href="https://www.gero.lu/de/produit/achtsamkeits-treffen-entschleunigung-und-selbstfursorge-im-alltag-2" />
<meta property="og:locale" content="de_DE" />
<meta property="og:type" content="article" />
<meta property="og:title" content="Achtsamkeits-Treffen: Entschleunigung und Selbstfürsorge im Alltag" />
<meta property="og:description" content="Möchten Sie Ihr Bedürfnis nach mehr Gelassenheit erfüllen, dann kommen Sie zu unserem monatlichen Achtsamkeitstreffen unter Leitung von Dr. Marie-Paule Theisen (MBSR-Lehrerin), um gemeinsam die Heilkraft der Meditation und Achtsamkeit zu entdecken und zu vertiefen. Die einfachen Übungen basieren auf dem wissenschaftlichen MBSR- Programm (Mindfulness-Based-Stress Reduction Program) nach J. Kabat-Zinn. Jeder und jede kann erfahren, [&hellip;]" />
<meta property="og:url" content="https://www.gero.lu/de/produit/achtsamkeits-treffen-entschleunigung-und-selbstfursorge-im-alltag-2" />
<meta property="og:site_name" content="GERO" />
<meta property="article:publisher" content="https://www.facebook.com/Kompetenzzenter/" />
<meta property="article:modified_time" content="2023-11-13T10:21:39+00:00" />
<meta property="og:image" content="https://www.gero.lu/wp-content/uploads/2021/08/gettyimages-1135289130-2048x2048_RET-1.jpg" />
	<meta property="og:image:width" content="1227" />
	<meta property="og:image:height" content="802" />
	<meta property="og:image:type" content="image/jpeg" />
<meta name="twitter:card" content="summary_large_image" />
<meta name="twitter:label1" content="Geschätzte Lesezeit" />
	<meta name="twitter:data1" content="1 Minute" />
<script type="application/ld+json" class="yoast-schema-graph">{"@context":"https:\/\/schema.org","@graph":[{"@type":"WebPage","@id":"https:\/\/www.gero.lu\/de\/produit\/achtsamkeits-treffen-entschleunigung-und-selbstfursorge-im-alltag-2","url":"https:\/\/www.gero.lu\/de\/produit\/achtsamkeits-treffen-entschleunigung-und-selbstfursorge-im-alltag-2","name":"Achtsamkeits-Treffen: Entschleunigung und Selbstfürsorge im Alltag - GERO","isPartOf":{"@id":"https:\/\/www.gero.lu\/de\/#website"},"datePublished":"2023-07-27T10:21:33+00:00","dateModified":"2023-11-13T10:21:39+00:00","breadcrumb":{"@id":"https:\/\/www.gero.lu\/de\/produit\/achtsamkeits-treffen-entschleunigung-und-selbstfursorge-im-alltag-2#breadcrumb"},"inLanguage":"de","potentialAction":[{"@type":"ReadAction","target":[["https:\/\/www.gero.lu\/de\/produit\/achtsamkeits-treffen-entschleunigung-und-selbstfursorge-im-alltag-2"]]}]},{"@type":"BreadcrumbList","@id":"https:\/\/www.gero.lu\/de\/produit\/achtsamkeits-treffen-entschleunigung-und-selbstfursorge-im-alltag-2#breadcrumb","itemListElement":[{"@type":"ListItem","position":1,"name":"Accueil","item":"https:\/\/www.gero.lu\/de\/"},{"@type":"ListItem","position":2,"name":"Shop","item":"https:\/\/www.gero.lu\/de\/shop"},{"@type":"ListItem","position":3,"name":"Achtsamkeits-Treffen: Entschleunigung und Selbstfürsorge im Alltag"}]},{"@type":"WebSite","@id":"https:\/\/www.gero.lu\/de\/#website","url":"https:\/\/www.gero.lu\/de\/","name":"Gero","description":"Kompetenzzenter fir den Alter","publisher":{"@id":"https:\/\/www.gero.lu\/de\/#organization"},"potentialAction":[{"@type":"SearchAction","target":{"@type":"EntryPoint","urlTemplate":"https:\/\/www.gero.lu\/de\/?s={search_term_string}"},"query-input":{"@type":"PropertyValueSpecification","valueRequired":true,"valueName":"search_term_string"}}],"inLanguage":"de"},{"@type":"Organization","@id":"https:\/\/www.gero.lu\/de\/#organization","name":"Gero","url":"https:\/\/www.gero.lu\/de\/","logo":{"@type":"ImageObject","inLanguage":"de","@id":"https:\/\/www.gero.lu\/de\/#\/schema\/logo\/image\/","url":"https:\/\/www.gero.lu\/wp-content\/uploads\/2024\/04\/logo.svg","contentUrl":"https:\/\/www.gero.lu\/wp-content\/uploads\/2024\/04\/logo.svg","width":76,"height":30,"caption":"Gero"},"image":{"@id":"https:\/\/www.gero.lu\/de\/#\/schema\/logo\/image\/"},"sameAs":["https:\/\/www.facebook.com\/Kompetenzzenter\/","https:\/\/www.instagram.com\/gero.kompetenzzenter\/","https:\/\/linkedin.com\/company\/gero-kompetenzzenter-fir-den-alter","https:\/\/www.youtube.com\/channel\/UCJvmJYSeHh3dYQsLHZupj-Q"]}]}</script>
<!-- / Yoast SEO Premium plugin. -->

Achtsamkeits-Treffen: Entschleunigung und Selbstfürsorge im Alltag - GERO

Möchten Sie Ihr Bedürfnis nach mehr Gelassenheit erfüllen, dann kommen Sie zu unserem monatlichen Achtsamkeitstreffen unter Leitung von Dr. Marie-Paule Theisen (MBSR-Lehrerin), um gemeinsam die Heilkraft der Meditation und Achtsamkeit zu entdecken und zu vertiefen. Die einfachen Übungen basieren auf dem wissenschaftlichen MBSR- Programm (Mindfulness-Based-Stress Reduction Program) nach J. Kabat-Zinn. Jeder und jede kann erfahren, [&hellip;]
