{"id":5815,"date":"2023-07-21T11:21:23","date_gmt":"2023-07-21T11:21:23","guid":{"rendered":"https:\/\/www.gero.lu\/fr\/produit\/respektvoll-kommunikatioun-an-der-famill"},"modified":"2023-07-21T12:21:25","modified_gmt":"2023-07-21T12:21:25","slug":"respektvoll-kommunikatioun-an-der-famill","status":"publish","type":"product","link":"https:\/\/www.gero.lu\/de\/produit\/respektvoll-kommunikatioun-an-der-famill","title":{"rendered":"Respektvoll Kommunikatioun an der Famill"},"content":{"rendered":"<p>Rolande Fellerich erkl\u00e4rt, wie man Bed\u00fcrfnisse und W\u00fcnsche ausdr\u00fccken kann, ohne andere zu verletzen, wie Missverst\u00e4ndnisse entstehen k\u00f6nnen und welche Techniken es gibt, um schwierige Situationen zu meistern. Au\u00dferdem werden wir sehen, dass es unterschiedliche Kommunikationsstile gibt und wie sich diese auf das famili\u00e4re Zusammenleben auswirken k\u00f6nnen.<\/p>\n","protected":false},"excerpt":{"rendered":"<p>Rolande Fellerich erkl\u00e4rt, wie man Bed\u00fcrfnisse und W\u00fcnsche ausdr\u00fccken kann, ohne andere zu verletzen, wie Missverst\u00e4ndnisse entstehen k\u00f6nnen und welche Techniken es gibt, um schwierige Situationen zu meistern. Au\u00dferdem werden wir sehen, dass es unterschiedliche Kommunikationsstile gibt und wie sich diese auf das famili\u00e4re Zusammenleben auswirken k\u00f6nnen.<\/p>\n","protected":false},"featured_media":0,"comment_status":"closed","ping_status":"closed","template":"","meta":{"_acf_changed":false,"inline_featured_image":false},"product_brand":[],"product_cat":[228],"product_tag":[203],"class_list":{"0":"post-5815","1":"product","2":"type-product","3":"status-publish","5":"product_cat-conference","6":"product_tag-connaissance-de-vie-senior","8":"first","9":"instock","10":"virtual","11":"purchasable","12":"product-type-simple"},"acf":[],"yoast_head":"<!-- This site is optimized with the Yoast SEO Premium plugin v27.4 (Yoast SEO v27.5) - https:\/\/yoast.com\/product\/yoast-seo-premium-wordpress\/ -->\n<title>Respektvoll Kommunikatioun an der Famill - GERO<\/title>\n<meta name=\"robots\" content=\"index, follow, max-snippet:-1, max-image-preview:large, max-video-preview:-1\" \/>\n<link rel=\"canonical\" href=\"https:\/\/www.gero.lu\/de\/produit\/respektvoll-kommunikatioun-an-der-famill\" \/>\n<meta property=\"og:locale\" content=\"de_DE\" \/>\n<meta property=\"og:type\" content=\"article\" \/>\n<meta property=\"og:title\" content=\"Respektvoll Kommunikatioun an der Famill\" \/>\n<meta property=\"og:description\" content=\"Rolande Fellerich erkl\u00e4rt, wie man Bed\u00fcrfnisse und W\u00fcnsche ausdr\u00fccken kann, ohne andere zu verletzen, wie Missverst\u00e4ndnisse entstehen k\u00f6nnen und welche Techniken es gibt, um schwierige Situationen zu meistern. Au\u00dferdem werden wir sehen, dass es unterschiedliche Kommunikationsstile gibt und wie sich diese auf das famili\u00e4re Zusammenleben auswirken k\u00f6nnen.\" \/>\n<meta property=\"og:url\" content=\"https:\/\/www.gero.lu\/de\/produit\/respektvoll-kommunikatioun-an-der-famill\" \/>\n<meta property=\"og:site_name\" content=\"GERO\" \/>\n<meta property=\"article:publisher\" content=\"https:\/\/www.facebook.com\/Kompetenzzenter\/\" \/>\n<meta property=\"article:modified_time\" content=\"2023-07-21T12:21:25+00:00\" \/>\n<meta property=\"og:image\" content=\"https:\/\/www.gero.lu\/wp-content\/uploads\/2021\/08\/gettyimages-1135289130-2048x2048_RET-1.jpg\" \/>\n\t<meta property=\"og:image:width\" content=\"1227\" \/>\n\t<meta property=\"og:image:height\" content=\"802\" \/>\n\t<meta property=\"og:image:type\" content=\"image\/jpeg\" \/>\n<meta name=\"twitter:card\" content=\"summary_large_image\" \/>\n<script type=\"application\/ld+json\" class=\"yoast-schema-graph\">{\"@context\":\"https:\\\/\\\/schema.org\",\"@graph\":[{\"@type\":\"WebPage\",\"@id\":\"https:\\\/\\\/www.gero.lu\\\/de\\\/produit\\\/respektvoll-kommunikatioun-an-der-famill\",\"url\":\"https:\\\/\\\/www.gero.lu\\\/de\\\/produit\\\/respektvoll-kommunikatioun-an-der-famill\",\"name\":\"Respektvoll Kommunikatioun an der Famill - GERO\",\"isPartOf\":{\"@id\":\"https:\\\/\\\/www.gero.lu\\\/de\\\/#website\"},\"datePublished\":\"2023-07-21T11:21:23+00:00\",\"dateModified\":\"2023-07-21T12:21:25+00:00\",\"breadcrumb\":{\"@id\":\"https:\\\/\\\/www.gero.lu\\\/de\\\/produit\\\/respektvoll-kommunikatioun-an-der-famill#breadcrumb\"},\"inLanguage\":\"de\",\"potentialAction\":[{\"@type\":\"ReadAction\",\"target\":[[\"https:\\\/\\\/www.gero.lu\\\/de\\\/produit\\\/respektvoll-kommunikatioun-an-der-famill\"]]}]},{\"@type\":\"BreadcrumbList\",\"@id\":\"https:\\\/\\\/www.gero.lu\\\/de\\\/produit\\\/respektvoll-kommunikatioun-an-der-famill#breadcrumb\",\"itemListElement\":[{\"@type\":\"ListItem\",\"position\":1,\"name\":\"Accueil\",\"item\":\"https:\\\/\\\/www.gero.lu\\\/de\\\/\"},{\"@type\":\"ListItem\",\"position\":2,\"name\":\"Shop\",\"item\":\"https:\\\/\\\/www.gero.lu\\\/de\\\/shop\"},{\"@type\":\"ListItem\",\"position\":3,\"name\":\"Respektvoll Kommunikatioun an der Famill\"}]},{\"@type\":\"WebSite\",\"@id\":\"https:\\\/\\\/www.gero.lu\\\/de\\\/#website\",\"url\":\"https:\\\/\\\/www.gero.lu\\\/de\\\/\",\"name\":\"Gero\",\"description\":\"Kompetenzzenter fir den Alter\",\"publisher\":{\"@id\":\"https:\\\/\\\/www.gero.lu\\\/de\\\/#organization\"},\"potentialAction\":[{\"@type\":\"SearchAction\",\"target\":{\"@type\":\"EntryPoint\",\"urlTemplate\":\"https:\\\/\\\/www.gero.lu\\\/de\\\/?s={search_term_string}\"},\"query-input\":{\"@type\":\"PropertyValueSpecification\",\"valueRequired\":true,\"valueName\":\"search_term_string\"}}],\"inLanguage\":\"de\"},{\"@type\":\"Organization\",\"@id\":\"https:\\\/\\\/www.gero.lu\\\/de\\\/#organization\",\"name\":\"Gero\",\"url\":\"https:\\\/\\\/www.gero.lu\\\/de\\\/\",\"logo\":{\"@type\":\"ImageObject\",\"inLanguage\":\"de\",\"@id\":\"https:\\\/\\\/www.gero.lu\\\/de\\\/#\\\/schema\\\/logo\\\/image\\\/\",\"url\":\"https:\\\/\\\/www.gero.lu\\\/wp-content\\\/uploads\\\/2024\\\/04\\\/logo.svg\",\"contentUrl\":\"https:\\\/\\\/www.gero.lu\\\/wp-content\\\/uploads\\\/2024\\\/04\\\/logo.svg\",\"width\":76,\"height\":30,\"caption\":\"Gero\"},\"image\":{\"@id\":\"https:\\\/\\\/www.gero.lu\\\/de\\\/#\\\/schema\\\/logo\\\/image\\\/\"},\"sameAs\":[\"https:\\\/\\\/www.facebook.com\\\/Kompetenzzenter\\\/\",\"https:\\\/\\\/www.instagram.com\\\/gero.kompetenzzenter\\\/\",\"https:\\\/\\\/linkedin.com\\\/company\\\/gero-kompetenzzenter-fir-den-alter\",\"https:\\\/\\\/www.youtube.com\\\/channel\\\/UCJvmJYSeHh3dYQsLHZupj-Q\"]}]}<\/script>\n<!-- \/ Yoast SEO Premium plugin. -->","yoast_head_json":{"title":"Respektvoll Kommunikatioun an der Famill - GERO","robots":{"index":"index","follow":"follow","max-snippet":"max-snippet:-1","max-image-preview":"max-image-preview:large","max-video-preview":"max-video-preview:-1"},"canonical":"https:\/\/www.gero.lu\/de\/produit\/respektvoll-kommunikatioun-an-der-famill","og_locale":"de_DE","og_type":"article","og_title":"Respektvoll Kommunikatioun an der Famill","og_description":"Rolande Fellerich erkl\u00e4rt, wie man Bed\u00fcrfnisse und W\u00fcnsche ausdr\u00fccken kann, ohne andere zu verletzen, wie Missverst\u00e4ndnisse entstehen k\u00f6nnen und welche Techniken es gibt, um schwierige Situationen zu meistern. Au\u00dferdem werden wir sehen, dass es unterschiedliche Kommunikationsstile gibt und wie sich diese auf das famili\u00e4re Zusammenleben auswirken k\u00f6nnen.","og_url":"https:\/\/www.gero.lu\/de\/produit\/respektvoll-kommunikatioun-an-der-famill","og_site_name":"GERO","article_publisher":"https:\/\/www.facebook.com\/Kompetenzzenter\/","article_modified_time":"2023-07-21T12:21:25+00:00","og_image":[{"width":1227,"height":802,"url":"https:\/\/www.gero.lu\/wp-content\/uploads\/2021\/08\/gettyimages-1135289130-2048x2048_RET-1.jpg","type":"image\/jpeg"}],"twitter_card":"summary_large_image","schema":{"@context":"https:\/\/schema.org","@graph":[{"@type":"WebPage","@id":"https:\/\/www.gero.lu\/de\/produit\/respektvoll-kommunikatioun-an-der-famill","url":"https:\/\/www.gero.lu\/de\/produit\/respektvoll-kommunikatioun-an-der-famill","name":"Respektvoll Kommunikatioun an der Famill - GERO","isPartOf":{"@id":"https:\/\/www.gero.lu\/de\/#website"},"datePublished":"2023-07-21T11:21:23+00:00","dateModified":"2023-07-21T12:21:25+00:00","breadcrumb":{"@id":"https:\/\/www.gero.lu\/de\/produit\/respektvoll-kommunikatioun-an-der-famill#breadcrumb"},"inLanguage":"de","potentialAction":[{"@type":"ReadAction","target":[["https:\/\/www.gero.lu\/de\/produit\/respektvoll-kommunikatioun-an-der-famill"]]}]},{"@type":"BreadcrumbList","@id":"https:\/\/www.gero.lu\/de\/produit\/respektvoll-kommunikatioun-an-der-famill#breadcrumb","itemListElement":[{"@type":"ListItem","position":1,"name":"Accueil","item":"https:\/\/www.gero.lu\/de\/"},{"@type":"ListItem","position":2,"name":"Shop","item":"https:\/\/www.gero.lu\/de\/shop"},{"@type":"ListItem","position":3,"name":"Respektvoll Kommunikatioun an der Famill"}]},{"@type":"WebSite","@id":"https:\/\/www.gero.lu\/de\/#website","url":"https:\/\/www.gero.lu\/de\/","name":"Gero","description":"Kompetenzzenter fir den Alter","publisher":{"@id":"https:\/\/www.gero.lu\/de\/#organization"},"potentialAction":[{"@type":"SearchAction","target":{"@type":"EntryPoint","urlTemplate":"https:\/\/www.gero.lu\/de\/?s={search_term_string}"},"query-input":{"@type":"PropertyValueSpecification","valueRequired":true,"valueName":"search_term_string"}}],"inLanguage":"de"},{"@type":"Organization","@id":"https:\/\/www.gero.lu\/de\/#organization","name":"Gero","url":"https:\/\/www.gero.lu\/de\/","logo":{"@type":"ImageObject","inLanguage":"de","@id":"https:\/\/www.gero.lu\/de\/#\/schema\/logo\/image\/","url":"https:\/\/www.gero.lu\/wp-content\/uploads\/2024\/04\/logo.svg","contentUrl":"https:\/\/www.gero.lu\/wp-content\/uploads\/2024\/04\/logo.svg","width":76,"height":30,"caption":"Gero"},"image":{"@id":"https:\/\/www.gero.lu\/de\/#\/schema\/logo\/image\/"},"sameAs":["https:\/\/www.facebook.com\/Kompetenzzenter\/","https:\/\/www.instagram.com\/gero.kompetenzzenter\/","https:\/\/linkedin.com\/company\/gero-kompetenzzenter-fir-den-alter","https:\/\/www.youtube.com\/channel\/UCJvmJYSeHh3dYQsLHZupj-Q"]}]}},"_links":{"self":[{"href":"https:\/\/www.gero.lu\/de\/wp-json\/wp\/v2\/product\/5815","targetHints":{"allow":["GET"]}}],"collection":[{"href":"https:\/\/www.gero.lu\/de\/wp-json\/wp\/v2\/product"}],"about":[{"href":"https:\/\/www.gero.lu\/de\/wp-json\/wp\/v2\/types\/product"}],"replies":[{"embeddable":true,"href":"https:\/\/www.gero.lu\/de\/wp-json\/wp\/v2\/comments?post=5815"}],"wp:attachment":[{"href":"https:\/\/www.gero.lu\/de\/wp-json\/wp\/v2\/media?parent=5815"}],"wp:term":[{"taxonomy":"product_brand","embeddable":true,"href":"https:\/\/www.gero.lu\/de\/wp-json\/wp\/v2\/product_brand?post=5815"},{"taxonomy":"product_cat","embeddable":true,"href":"https:\/\/www.gero.lu\/de\/wp-json\/wp\/v2\/product_cat?post=5815"},{"taxonomy":"product_tag","embeddable":true,"href":"https:\/\/www.gero.lu\/de\/wp-json\/wp\/v2\/product_tag?post=5815"}],"curies":[{"name":"wp","href":"https:\/\/api.w.org\/{rel}","templated":true}]}}

<p>Rolande Fellerich erklärt, wie man Bedürfnisse und Wünsche ausdrücken kann, ohne andere zu verletzen, wie Missverständnisse entstehen können und welche Techniken es gibt, um schwierige Situationen zu meistern. Außerdem werden wir sehen, dass es unterschiedliche Kommunikationsstile gibt und wie sich diese auf das familiäre Zusammenleben auswirken können.</p>

<!-- This site is optimized with the Yoast SEO Premium plugin v27.4 (Yoast SEO v27.5) - https://yoast.com/product/yoast-seo-premium-wordpress/ -->
<title>Respektvoll Kommunikatioun an der Famill - GERO</title>
<meta name="robots" content="index, follow, max-snippet:-1, max-image-preview:large, max-video-preview:-1" />
<link rel="canonical" href="https://www.gero.lu/de/produit/respektvoll-kommunikatioun-an-der-famill" />
<meta property="og:locale" content="de_DE" />
<meta property="og:type" content="article" />
<meta property="og:title" content="Respektvoll Kommunikatioun an der Famill" />
<meta property="og:description" content="Rolande Fellerich erklärt, wie man Bedürfnisse und Wünsche ausdrücken kann, ohne andere zu verletzen, wie Missverständnisse entstehen können und welche Techniken es gibt, um schwierige Situationen zu meistern. Außerdem werden wir sehen, dass es unterschiedliche Kommunikationsstile gibt und wie sich diese auf das familiäre Zusammenleben auswirken können." />
<meta property="og:url" content="https://www.gero.lu/de/produit/respektvoll-kommunikatioun-an-der-famill" />
<meta property="og:site_name" content="GERO" />
<meta property="article:publisher" content="https://www.facebook.com/Kompetenzzenter/" />
<meta property="article:modified_time" content="2023-07-21T12:21:25+00:00" />
<meta property="og:image" content="https://www.gero.lu/wp-content/uploads/2021/08/gettyimages-1135289130-2048x2048_RET-1.jpg" />
	<meta property="og:image:width" content="1227" />
	<meta property="og:image:height" content="802" />
	<meta property="og:image:type" content="image/jpeg" />
<meta name="twitter:card" content="summary_large_image" />
<script type="application/ld+json" class="yoast-schema-graph">{"@context":"https:\/\/schema.org","@graph":[{"@type":"WebPage","@id":"https:\/\/www.gero.lu\/de\/produit\/respektvoll-kommunikatioun-an-der-famill","url":"https:\/\/www.gero.lu\/de\/produit\/respektvoll-kommunikatioun-an-der-famill","name":"Respektvoll Kommunikatioun an der Famill - GERO","isPartOf":{"@id":"https:\/\/www.gero.lu\/de\/#website"},"datePublished":"2023-07-21T11:21:23+00:00","dateModified":"2023-07-21T12:21:25+00:00","breadcrumb":{"@id":"https:\/\/www.gero.lu\/de\/produit\/respektvoll-kommunikatioun-an-der-famill#breadcrumb"},"inLanguage":"de","potentialAction":[{"@type":"ReadAction","target":[["https:\/\/www.gero.lu\/de\/produit\/respektvoll-kommunikatioun-an-der-famill"]]}]},{"@type":"BreadcrumbList","@id":"https:\/\/www.gero.lu\/de\/produit\/respektvoll-kommunikatioun-an-der-famill#breadcrumb","itemListElement":[{"@type":"ListItem","position":1,"name":"Accueil","item":"https:\/\/www.gero.lu\/de\/"},{"@type":"ListItem","position":2,"name":"Shop","item":"https:\/\/www.gero.lu\/de\/shop"},{"@type":"ListItem","position":3,"name":"Respektvoll Kommunikatioun an der Famill"}]},{"@type":"WebSite","@id":"https:\/\/www.gero.lu\/de\/#website","url":"https:\/\/www.gero.lu\/de\/","name":"Gero","description":"Kompetenzzenter fir den Alter","publisher":{"@id":"https:\/\/www.gero.lu\/de\/#organization"},"potentialAction":[{"@type":"SearchAction","target":{"@type":"EntryPoint","urlTemplate":"https:\/\/www.gero.lu\/de\/?s={search_term_string}"},"query-input":{"@type":"PropertyValueSpecification","valueRequired":true,"valueName":"search_term_string"}}],"inLanguage":"de"},{"@type":"Organization","@id":"https:\/\/www.gero.lu\/de\/#organization","name":"Gero","url":"https:\/\/www.gero.lu\/de\/","logo":{"@type":"ImageObject","inLanguage":"de","@id":"https:\/\/www.gero.lu\/de\/#\/schema\/logo\/image\/","url":"https:\/\/www.gero.lu\/wp-content\/uploads\/2024\/04\/logo.svg","contentUrl":"https:\/\/www.gero.lu\/wp-content\/uploads\/2024\/04\/logo.svg","width":76,"height":30,"caption":"Gero"},"image":{"@id":"https:\/\/www.gero.lu\/de\/#\/schema\/logo\/image\/"},"sameAs":["https:\/\/www.facebook.com\/Kompetenzzenter\/","https:\/\/www.instagram.com\/gero.kompetenzzenter\/","https:\/\/linkedin.com\/company\/gero-kompetenzzenter-fir-den-alter","https:\/\/www.youtube.com\/channel\/UCJvmJYSeHh3dYQsLHZupj-Q"]}]}</script>
<!-- / Yoast SEO Premium plugin. -->

Rolande Fellerich erklärt, wie man Bedürfnisse und Wünsche ausdrücken kann, ohne andere zu verletzen, wie Missverständnisse entstehen können und welche Techniken es gibt, um schwierige Situationen zu meistern. Außerdem werden wir sehen, dass es unterschiedliche Kommunikationsstile gibt und wie sich diese auf das familiäre Zusammenleben auswirken können.
