{"id":5719,"date":"2023-07-04T08:21:30","date_gmt":"2023-07-04T08:21:30","guid":{"rendered":"https:\/\/www.gero.lu\/fr\/produit\/yoga-doux-pour-apaiser-le-corps-et-lesprit-2"},"modified":"2023-07-17T09:21:37","modified_gmt":"2023-07-17T09:21:37","slug":"yoga-doux-pour-apaiser-le-corps-et-lesprit-2","status":"publish","type":"product","link":"https:\/\/www.gero.lu\/de\/produit\/yoga-doux-pour-apaiser-le-corps-et-lesprit-2","title":{"rendered":"Yoga doux pour apaiser le corps et l&#8217;esprit"},"content":{"rendered":"<p>Ce nouveau cours propose un type de yoga doux, sans inversions, centr\u00e9 sur la respiration, la contraction isom\u00e9trique et la relaxation.<br \/>\nCristina Menendez est une instructrice de yoga certifi\u00e9e (RYT 200) par Yoga Alliance et \u00e9galement form\u00e9e aux aspects sp\u00e9cifiques comme l\u2019\u00e9quilibre, l\u2019ost\u00e9oporose, les fascias ou l\u2019arthrite.<\/p>\n<p>Elle est passionn\u00e9e par le yoga et ses effets sur l\u2019esprit, le corps et le bien-\u00eatre g\u00e9n\u00e9ral<br \/>\n\u2013 surtout pour ceux et celles qui ont plus de 60 ans. Pour faciliter l\u2019immersion dans la pratique, elle utilise du mat\u00e9riel de support sp\u00e9cifique au yoga, et explique avec pr\u00e9cision et bienveillance les diff\u00e9rentes positions.<\/p>\n","protected":false},"excerpt":{"rendered":"<p>Ce nouveau cours propose un type de yoga doux, sans inversions, centr\u00e9 sur la respiration, la contraction isom\u00e9trique et la relaxation. Cristina Menendez est une instructrice de yoga certifi\u00e9e (RYT 200) par Yoga Alliance et \u00e9galement form\u00e9e aux aspects sp\u00e9cifiques comme l\u2019\u00e9quilibre, l\u2019ost\u00e9oporose, les fascias ou l\u2019arthrite. Elle est passionn\u00e9e par le yoga et ses [&hellip;]<\/p>\n","protected":false},"featured_media":0,"comment_status":"closed","ping_status":"closed","template":"","meta":{"_acf_changed":false,"inline_featured_image":false},"product_brand":[],"product_cat":[227],"product_tag":[200],"class_list":{"0":"post-5719","1":"product","2":"type-product","3":"status-publish","5":"product_cat-cours","6":"product_tag-sante-senior","8":"first","9":"instock","10":"virtual","11":"purchasable","12":"product-type-simple"},"acf":[],"yoast_head":"<!-- This site is optimized with the Yoast SEO Premium plugin v27.4 (Yoast SEO v27.5) - https:\/\/yoast.com\/product\/yoast-seo-premium-wordpress\/ -->\n<title>Yoga doux pour apaiser le corps et l&#039;esprit - GERO<\/title>\n<meta name=\"robots\" content=\"index, follow, max-snippet:-1, max-image-preview:large, max-video-preview:-1\" \/>\n<link rel=\"canonical\" href=\"https:\/\/www.gero.lu\/de\/produit\/yoga-doux-pour-apaiser-le-corps-et-lesprit-2\" \/>\n<meta property=\"og:locale\" content=\"de_DE\" \/>\n<meta property=\"og:type\" content=\"article\" \/>\n<meta property=\"og:title\" content=\"Yoga doux pour apaiser le corps et l&#039;esprit\" \/>\n<meta property=\"og:description\" content=\"Ce nouveau cours propose un type de yoga doux, sans inversions, centr\u00e9 sur la respiration, la contraction isom\u00e9trique et la relaxation. Cristina Menendez est une instructrice de yoga certifi\u00e9e (RYT 200) par Yoga Alliance et \u00e9galement form\u00e9e aux aspects sp\u00e9cifiques comme l\u2019\u00e9quilibre, l\u2019ost\u00e9oporose, les fascias ou l\u2019arthrite. Elle est passionn\u00e9e par le yoga et ses [&hellip;]\" \/>\n<meta property=\"og:url\" content=\"https:\/\/www.gero.lu\/de\/produit\/yoga-doux-pour-apaiser-le-corps-et-lesprit-2\" \/>\n<meta property=\"og:site_name\" content=\"GERO\" \/>\n<meta property=\"article:publisher\" content=\"https:\/\/www.facebook.com\/Kompetenzzenter\/\" \/>\n<meta property=\"article:modified_time\" content=\"2023-07-17T09:21:37+00:00\" \/>\n<meta property=\"og:image\" content=\"https:\/\/www.gero.lu\/wp-content\/uploads\/2021\/08\/gettyimages-1135289130-2048x2048_RET-1.jpg\" \/>\n\t<meta property=\"og:image:width\" content=\"1227\" \/>\n\t<meta property=\"og:image:height\" content=\"802\" \/>\n\t<meta property=\"og:image:type\" content=\"image\/jpeg\" \/>\n<meta name=\"twitter:card\" content=\"summary_large_image\" \/>\n<meta name=\"twitter:label1\" content=\"Gesch\u00e4tzte Lesezeit\" \/>\n\t<meta name=\"twitter:data1\" content=\"1\u00a0Minute\" \/>\n<script type=\"application\/ld+json\" class=\"yoast-schema-graph\">{\"@context\":\"https:\\\/\\\/schema.org\",\"@graph\":[{\"@type\":\"WebPage\",\"@id\":\"https:\\\/\\\/www.gero.lu\\\/de\\\/produit\\\/yoga-doux-pour-apaiser-le-corps-et-lesprit-2\",\"url\":\"https:\\\/\\\/www.gero.lu\\\/de\\\/produit\\\/yoga-doux-pour-apaiser-le-corps-et-lesprit-2\",\"name\":\"Yoga doux pour apaiser le corps et l'esprit - GERO\",\"isPartOf\":{\"@id\":\"https:\\\/\\\/www.gero.lu\\\/de\\\/#website\"},\"datePublished\":\"2023-07-04T08:21:30+00:00\",\"dateModified\":\"2023-07-17T09:21:37+00:00\",\"breadcrumb\":{\"@id\":\"https:\\\/\\\/www.gero.lu\\\/de\\\/produit\\\/yoga-doux-pour-apaiser-le-corps-et-lesprit-2#breadcrumb\"},\"inLanguage\":\"de\",\"potentialAction\":[{\"@type\":\"ReadAction\",\"target\":[[\"https:\\\/\\\/www.gero.lu\\\/de\\\/produit\\\/yoga-doux-pour-apaiser-le-corps-et-lesprit-2\"]]}]},{\"@type\":\"BreadcrumbList\",\"@id\":\"https:\\\/\\\/www.gero.lu\\\/de\\\/produit\\\/yoga-doux-pour-apaiser-le-corps-et-lesprit-2#breadcrumb\",\"itemListElement\":[{\"@type\":\"ListItem\",\"position\":1,\"name\":\"Accueil\",\"item\":\"https:\\\/\\\/www.gero.lu\\\/de\\\/\"},{\"@type\":\"ListItem\",\"position\":2,\"name\":\"Shop\",\"item\":\"https:\\\/\\\/www.gero.lu\\\/de\\\/shop\"},{\"@type\":\"ListItem\",\"position\":3,\"name\":\"Yoga doux pour apaiser le corps et l&rsquo;esprit\"}]},{\"@type\":\"WebSite\",\"@id\":\"https:\\\/\\\/www.gero.lu\\\/de\\\/#website\",\"url\":\"https:\\\/\\\/www.gero.lu\\\/de\\\/\",\"name\":\"Gero\",\"description\":\"Kompetenzzenter fir den Alter\",\"publisher\":{\"@id\":\"https:\\\/\\\/www.gero.lu\\\/de\\\/#organization\"},\"potentialAction\":[{\"@type\":\"SearchAction\",\"target\":{\"@type\":\"EntryPoint\",\"urlTemplate\":\"https:\\\/\\\/www.gero.lu\\\/de\\\/?s={search_term_string}\"},\"query-input\":{\"@type\":\"PropertyValueSpecification\",\"valueRequired\":true,\"valueName\":\"search_term_string\"}}],\"inLanguage\":\"de\"},{\"@type\":\"Organization\",\"@id\":\"https:\\\/\\\/www.gero.lu\\\/de\\\/#organization\",\"name\":\"Gero\",\"url\":\"https:\\\/\\\/www.gero.lu\\\/de\\\/\",\"logo\":{\"@type\":\"ImageObject\",\"inLanguage\":\"de\",\"@id\":\"https:\\\/\\\/www.gero.lu\\\/de\\\/#\\\/schema\\\/logo\\\/image\\\/\",\"url\":\"https:\\\/\\\/www.gero.lu\\\/wp-content\\\/uploads\\\/2024\\\/04\\\/logo.svg\",\"contentUrl\":\"https:\\\/\\\/www.gero.lu\\\/wp-content\\\/uploads\\\/2024\\\/04\\\/logo.svg\",\"width\":76,\"height\":30,\"caption\":\"Gero\"},\"image\":{\"@id\":\"https:\\\/\\\/www.gero.lu\\\/de\\\/#\\\/schema\\\/logo\\\/image\\\/\"},\"sameAs\":[\"https:\\\/\\\/www.facebook.com\\\/Kompetenzzenter\\\/\",\"https:\\\/\\\/www.instagram.com\\\/gero.kompetenzzenter\\\/\",\"https:\\\/\\\/linkedin.com\\\/company\\\/gero-kompetenzzenter-fir-den-alter\",\"https:\\\/\\\/www.youtube.com\\\/channel\\\/UCJvmJYSeHh3dYQsLHZupj-Q\"]}]}<\/script>\n<!-- \/ Yoast SEO Premium plugin. -->","yoast_head_json":{"title":"Yoga doux pour apaiser le corps et l'esprit - GERO","robots":{"index":"index","follow":"follow","max-snippet":"max-snippet:-1","max-image-preview":"max-image-preview:large","max-video-preview":"max-video-preview:-1"},"canonical":"https:\/\/www.gero.lu\/de\/produit\/yoga-doux-pour-apaiser-le-corps-et-lesprit-2","og_locale":"de_DE","og_type":"article","og_title":"Yoga doux pour apaiser le corps et l'esprit","og_description":"Ce nouveau cours propose un type de yoga doux, sans inversions, centr\u00e9 sur la respiration, la contraction isom\u00e9trique et la relaxation. Cristina Menendez est une instructrice de yoga certifi\u00e9e (RYT 200) par Yoga Alliance et \u00e9galement form\u00e9e aux aspects sp\u00e9cifiques comme l\u2019\u00e9quilibre, l\u2019ost\u00e9oporose, les fascias ou l\u2019arthrite. Elle est passionn\u00e9e par le yoga et ses [&hellip;]","og_url":"https:\/\/www.gero.lu\/de\/produit\/yoga-doux-pour-apaiser-le-corps-et-lesprit-2","og_site_name":"GERO","article_publisher":"https:\/\/www.facebook.com\/Kompetenzzenter\/","article_modified_time":"2023-07-17T09:21:37+00:00","og_image":[{"width":1227,"height":802,"url":"https:\/\/www.gero.lu\/wp-content\/uploads\/2021\/08\/gettyimages-1135289130-2048x2048_RET-1.jpg","type":"image\/jpeg"}],"twitter_card":"summary_large_image","twitter_misc":{"Gesch\u00e4tzte Lesezeit":"1\u00a0Minute"},"schema":{"@context":"https:\/\/schema.org","@graph":[{"@type":"WebPage","@id":"https:\/\/www.gero.lu\/de\/produit\/yoga-doux-pour-apaiser-le-corps-et-lesprit-2","url":"https:\/\/www.gero.lu\/de\/produit\/yoga-doux-pour-apaiser-le-corps-et-lesprit-2","name":"Yoga doux pour apaiser le corps et l'esprit - GERO","isPartOf":{"@id":"https:\/\/www.gero.lu\/de\/#website"},"datePublished":"2023-07-04T08:21:30+00:00","dateModified":"2023-07-17T09:21:37+00:00","breadcrumb":{"@id":"https:\/\/www.gero.lu\/de\/produit\/yoga-doux-pour-apaiser-le-corps-et-lesprit-2#breadcrumb"},"inLanguage":"de","potentialAction":[{"@type":"ReadAction","target":[["https:\/\/www.gero.lu\/de\/produit\/yoga-doux-pour-apaiser-le-corps-et-lesprit-2"]]}]},{"@type":"BreadcrumbList","@id":"https:\/\/www.gero.lu\/de\/produit\/yoga-doux-pour-apaiser-le-corps-et-lesprit-2#breadcrumb","itemListElement":[{"@type":"ListItem","position":1,"name":"Accueil","item":"https:\/\/www.gero.lu\/de\/"},{"@type":"ListItem","position":2,"name":"Shop","item":"https:\/\/www.gero.lu\/de\/shop"},{"@type":"ListItem","position":3,"name":"Yoga doux pour apaiser le corps et l&rsquo;esprit"}]},{"@type":"WebSite","@id":"https:\/\/www.gero.lu\/de\/#website","url":"https:\/\/www.gero.lu\/de\/","name":"Gero","description":"Kompetenzzenter fir den Alter","publisher":{"@id":"https:\/\/www.gero.lu\/de\/#organization"},"potentialAction":[{"@type":"SearchAction","target":{"@type":"EntryPoint","urlTemplate":"https:\/\/www.gero.lu\/de\/?s={search_term_string}"},"query-input":{"@type":"PropertyValueSpecification","valueRequired":true,"valueName":"search_term_string"}}],"inLanguage":"de"},{"@type":"Organization","@id":"https:\/\/www.gero.lu\/de\/#organization","name":"Gero","url":"https:\/\/www.gero.lu\/de\/","logo":{"@type":"ImageObject","inLanguage":"de","@id":"https:\/\/www.gero.lu\/de\/#\/schema\/logo\/image\/","url":"https:\/\/www.gero.lu\/wp-content\/uploads\/2024\/04\/logo.svg","contentUrl":"https:\/\/www.gero.lu\/wp-content\/uploads\/2024\/04\/logo.svg","width":76,"height":30,"caption":"Gero"},"image":{"@id":"https:\/\/www.gero.lu\/de\/#\/schema\/logo\/image\/"},"sameAs":["https:\/\/www.facebook.com\/Kompetenzzenter\/","https:\/\/www.instagram.com\/gero.kompetenzzenter\/","https:\/\/linkedin.com\/company\/gero-kompetenzzenter-fir-den-alter","https:\/\/www.youtube.com\/channel\/UCJvmJYSeHh3dYQsLHZupj-Q"]}]}},"_links":{"self":[{"href":"https:\/\/www.gero.lu\/de\/wp-json\/wp\/v2\/product\/5719","targetHints":{"allow":["GET"]}}],"collection":[{"href":"https:\/\/www.gero.lu\/de\/wp-json\/wp\/v2\/product"}],"about":[{"href":"https:\/\/www.gero.lu\/de\/wp-json\/wp\/v2\/types\/product"}],"replies":[{"embeddable":true,"href":"https:\/\/www.gero.lu\/de\/wp-json\/wp\/v2\/comments?post=5719"}],"wp:attachment":[{"href":"https:\/\/www.gero.lu\/de\/wp-json\/wp\/v2\/media?parent=5719"}],"wp:term":[{"taxonomy":"product_brand","embeddable":true,"href":"https:\/\/www.gero.lu\/de\/wp-json\/wp\/v2\/product_brand?post=5719"},{"taxonomy":"product_cat","embeddable":true,"href":"https:\/\/www.gero.lu\/de\/wp-json\/wp\/v2\/product_cat?post=5719"},{"taxonomy":"product_tag","embeddable":true,"href":"https:\/\/www.gero.lu\/de\/wp-json\/wp\/v2\/product_tag?post=5719"}],"curies":[{"name":"wp","href":"https:\/\/api.w.org\/{rel}","templated":true}]}}

<p>Ce nouveau cours propose un type de yoga doux, sans inversions, centré sur la respiration, la contraction isométrique et la relaxation.<br />
Cristina Menendez est une instructrice de yoga certifiée (RYT 200) par Yoga Alliance et également formée aux aspects spécifiques comme l’équilibre, l’ostéoporose, les fascias ou l’arthrite.</p>
<p>Elle est passionnée par le yoga et ses effets sur l’esprit, le corps et le bien-être général<br />
– surtout pour ceux et celles qui ont plus de 60 ans. Pour faciliter l’immersion dans la pratique, elle utilise du matériel de support spécifique au yoga, et explique avec précision et bienveillance les différentes positions.</p>

<p>Ce nouveau cours propose un type de yoga doux, sans inversions, centré sur la respiration, la contraction isométrique et la relaxation. Cristina Menendez est une instructrice de yoga certifiée (RYT 200) par Yoga Alliance et également formée aux aspects spécifiques comme l’équilibre, l’ostéoporose, les fascias ou l’arthrite. Elle est passionnée par le yoga et ses [&hellip;]</p>

<!-- This site is optimized with the Yoast SEO Premium plugin v27.4 (Yoast SEO v27.5) - https://yoast.com/product/yoast-seo-premium-wordpress/ -->
<title>Yoga doux pour apaiser le corps et l&#039;esprit - GERO</title>
<meta name="robots" content="index, follow, max-snippet:-1, max-image-preview:large, max-video-preview:-1" />
<link rel="canonical" href="https://www.gero.lu/de/produit/yoga-doux-pour-apaiser-le-corps-et-lesprit-2" />
<meta property="og:locale" content="de_DE" />
<meta property="og:type" content="article" />
<meta property="og:title" content="Yoga doux pour apaiser le corps et l&#039;esprit" />
<meta property="og:description" content="Ce nouveau cours propose un type de yoga doux, sans inversions, centré sur la respiration, la contraction isométrique et la relaxation. Cristina Menendez est une instructrice de yoga certifiée (RYT 200) par Yoga Alliance et également formée aux aspects spécifiques comme l’équilibre, l’ostéoporose, les fascias ou l’arthrite. Elle est passionnée par le yoga et ses [&hellip;]" />
<meta property="og:url" content="https://www.gero.lu/de/produit/yoga-doux-pour-apaiser-le-corps-et-lesprit-2" />
<meta property="og:site_name" content="GERO" />
<meta property="article:publisher" content="https://www.facebook.com/Kompetenzzenter/" />
<meta property="article:modified_time" content="2023-07-17T09:21:37+00:00" />
<meta property="og:image" content="https://www.gero.lu/wp-content/uploads/2021/08/gettyimages-1135289130-2048x2048_RET-1.jpg" />
	<meta property="og:image:width" content="1227" />
	<meta property="og:image:height" content="802" />
	<meta property="og:image:type" content="image/jpeg" />
<meta name="twitter:card" content="summary_large_image" />
<meta name="twitter:label1" content="Geschätzte Lesezeit" />
	<meta name="twitter:data1" content="1 Minute" />
<script type="application/ld+json" class="yoast-schema-graph">{"@context":"https:\/\/schema.org","@graph":[{"@type":"WebPage","@id":"https:\/\/www.gero.lu\/de\/produit\/yoga-doux-pour-apaiser-le-corps-et-lesprit-2","url":"https:\/\/www.gero.lu\/de\/produit\/yoga-doux-pour-apaiser-le-corps-et-lesprit-2","name":"Yoga doux pour apaiser le corps et l'esprit - GERO","isPartOf":{"@id":"https:\/\/www.gero.lu\/de\/#website"},"datePublished":"2023-07-04T08:21:30+00:00","dateModified":"2023-07-17T09:21:37+00:00","breadcrumb":{"@id":"https:\/\/www.gero.lu\/de\/produit\/yoga-doux-pour-apaiser-le-corps-et-lesprit-2#breadcrumb"},"inLanguage":"de","potentialAction":[{"@type":"ReadAction","target":[["https:\/\/www.gero.lu\/de\/produit\/yoga-doux-pour-apaiser-le-corps-et-lesprit-2"]]}]},{"@type":"BreadcrumbList","@id":"https:\/\/www.gero.lu\/de\/produit\/yoga-doux-pour-apaiser-le-corps-et-lesprit-2#breadcrumb","itemListElement":[{"@type":"ListItem","position":1,"name":"Accueil","item":"https:\/\/www.gero.lu\/de\/"},{"@type":"ListItem","position":2,"name":"Shop","item":"https:\/\/www.gero.lu\/de\/shop"},{"@type":"ListItem","position":3,"name":"Yoga doux pour apaiser le corps et l&rsquo;esprit"}]},{"@type":"WebSite","@id":"https:\/\/www.gero.lu\/de\/#website","url":"https:\/\/www.gero.lu\/de\/","name":"Gero","description":"Kompetenzzenter fir den Alter","publisher":{"@id":"https:\/\/www.gero.lu\/de\/#organization"},"potentialAction":[{"@type":"SearchAction","target":{"@type":"EntryPoint","urlTemplate":"https:\/\/www.gero.lu\/de\/?s={search_term_string}"},"query-input":{"@type":"PropertyValueSpecification","valueRequired":true,"valueName":"search_term_string"}}],"inLanguage":"de"},{"@type":"Organization","@id":"https:\/\/www.gero.lu\/de\/#organization","name":"Gero","url":"https:\/\/www.gero.lu\/de\/","logo":{"@type":"ImageObject","inLanguage":"de","@id":"https:\/\/www.gero.lu\/de\/#\/schema\/logo\/image\/","url":"https:\/\/www.gero.lu\/wp-content\/uploads\/2024\/04\/logo.svg","contentUrl":"https:\/\/www.gero.lu\/wp-content\/uploads\/2024\/04\/logo.svg","width":76,"height":30,"caption":"Gero"},"image":{"@id":"https:\/\/www.gero.lu\/de\/#\/schema\/logo\/image\/"},"sameAs":["https:\/\/www.facebook.com\/Kompetenzzenter\/","https:\/\/www.instagram.com\/gero.kompetenzzenter\/","https:\/\/linkedin.com\/company\/gero-kompetenzzenter-fir-den-alter","https:\/\/www.youtube.com\/channel\/UCJvmJYSeHh3dYQsLHZupj-Q"]}]}</script>
<!-- / Yoast SEO Premium plugin. -->

Ce nouveau cours propose un type de yoga doux, sans inversions, centré sur la respiration, la contraction isométrique et la relaxation. Cristina Menendez est une instructrice de yoga certifiée (RYT 200) par Yoga Alliance et également formée aux aspects spécifiques comme l’équilibre, l’ostéoporose, les fascias ou l’arthrite. Elle est passionnée par le yoga et ses [&hellip;]
