{"id":4862,"date":"2023-02-01T11:23:12","date_gmt":"2023-02-01T11:23:12","guid":{"rendered":"https:\/\/www.gero.lu\/fr\/produit\/deeskalation-im-alltag-2"},"modified":"2023-10-18T10:22:14","modified_gmt":"2023-10-18T10:22:14","slug":"deeskalation-im-alltag-2","status":"publish","type":"product","link":"https:\/\/www.gero.lu\/de\/produit\/deeskalation-im-alltag-2","title":{"rendered":"Deeskalation im Alltag"},"content":{"rendered":"<p>Im Alltag erleben wir immer wieder Momente, die schnell aus dem Ruder zu geraten scheinen und emotional extrem aufgeladen sind. Dabei werden manchmal zumutbare Grenzen \u00fcberschritten und konstruktive Auseinandersetzungen erschwert. Bei der Konfrontation mit aggressivem Verhalten sollten wir uns bewusstmachen, dass es stets aus einem bestimmten Grund erfolgt und eine gewisse Intention beinhaltet. Erst wenn man beide Aspekte erkennt und versteht, kann man in einer hoch angespannten Situation deeskalierend reagieren. Sei es im Umgang mit Bewohnern\/Klienten, Angeh\u00f6rigen oder aber Kollegen. <\/p>\n<p>In diesem Seminar lernen Sie, wie durch die angemessene Wahrnehmung von Bed\u00fcrfnissen, Problemen und Gef\u00fchlen, die sich hinter der Aggression verbergen, ein hilfreicher Kontakt entstehen kann, um eine weitere Eskalation zu verhindern.<\/p>\n<p>Inhalte<\/p>\n<p>&#8211;\tWie kontrolliere ich mich selbst? (Aufmerksamkeit, Selbstsicherheit, Flexibilit\u00e4t)<br \/>\n&#8211;\tAuseinandersetzung mit der eigenen Wahrnehmung und Bewertungssystemen<br \/>\n&#8211;\tWie kann ich eine akut angespannte Situation erfolgreich entsch\u00e4rfen? (Distanzkontrolle, verbale Deeskalation)<br \/>\n&#8211;\tBesserer Umgang mit Stressbelastung und h\u00f6here Frustrationstoleranz<br \/>\n&#8211;\tHilfreiche Hinweise zu Kommunikation und Gespr\u00e4chsf\u00fchrung zur Kl\u00e4rung und Entlastung<br \/>\n&#8211;\tVerhalten bei potentieller Gewaltt\u00e4tigkeit<\/p>\n","protected":false},"excerpt":{"rendered":"<p>Im Alltag erleben wir immer wieder Momente, die schnell aus dem Ruder zu geraten scheinen und emotional extrem aufgeladen sind. Dabei werden manchmal zumutbare Grenzen \u00fcberschritten und konstruktive Auseinandersetzungen erschwert. Bei der Konfrontation mit aggressivem Verhalten sollten wir uns bewusstmachen, dass es stets aus einem bestimmten Grund erfolgt und eine gewisse Intention beinhaltet. Erst wenn [&hellip;]<\/p>\n","protected":false},"featured_media":0,"comment_status":"closed","ping_status":"closed","template":"","meta":{"_acf_changed":false,"inline_featured_image":false},"product_brand":[],"product_cat":[239],"product_tag":[234],"class_list":{"0":"post-4862","1":"product","2":"type-product","3":"status-publish","5":"product_cat-cours-pro","6":"product_tag-competence-personnelles-pro","8":"first","9":"instock","10":"virtual","11":"purchasable","12":"product-type-simple"},"acf":[],"yoast_head":"<!-- This site is optimized with the Yoast SEO Premium plugin v27.4 (Yoast SEO v27.5) - https:\/\/yoast.com\/product\/yoast-seo-premium-wordpress\/ -->\n<title>Deeskalation im Alltag - GERO<\/title>\n<meta name=\"robots\" content=\"index, follow, max-snippet:-1, max-image-preview:large, max-video-preview:-1\" \/>\n<link rel=\"canonical\" href=\"https:\/\/www.gero.lu\/de\/produit\/deeskalation-im-alltag-2\" \/>\n<meta property=\"og:locale\" content=\"de_DE\" \/>\n<meta property=\"og:type\" content=\"article\" \/>\n<meta property=\"og:title\" content=\"Deeskalation im Alltag\" \/>\n<meta property=\"og:description\" content=\"Im Alltag erleben wir immer wieder Momente, die schnell aus dem Ruder zu geraten scheinen und emotional extrem aufgeladen sind. Dabei werden manchmal zumutbare Grenzen \u00fcberschritten und konstruktive Auseinandersetzungen erschwert. Bei der Konfrontation mit aggressivem Verhalten sollten wir uns bewusstmachen, dass es stets aus einem bestimmten Grund erfolgt und eine gewisse Intention beinhaltet. Erst wenn [&hellip;]\" \/>\n<meta property=\"og:url\" content=\"https:\/\/www.gero.lu\/de\/produit\/deeskalation-im-alltag-2\" \/>\n<meta property=\"og:site_name\" content=\"GERO\" \/>\n<meta property=\"article:publisher\" content=\"https:\/\/www.facebook.com\/Kompetenzzenter\/\" \/>\n<meta property=\"article:modified_time\" content=\"2023-10-18T10:22:14+00:00\" \/>\n<meta property=\"og:image\" content=\"https:\/\/www.gero.lu\/wp-content\/uploads\/2021\/08\/gettyimages-1135289130-2048x2048_RET-1.jpg\" \/>\n\t<meta property=\"og:image:width\" content=\"1227\" \/>\n\t<meta property=\"og:image:height\" content=\"802\" \/>\n\t<meta property=\"og:image:type\" content=\"image\/jpeg\" \/>\n<meta name=\"twitter:card\" content=\"summary_large_image\" \/>\n<meta name=\"twitter:label1\" content=\"Gesch\u00e4tzte Lesezeit\" \/>\n\t<meta name=\"twitter:data1\" content=\"1\u00a0Minute\" \/>\n<script type=\"application\/ld+json\" class=\"yoast-schema-graph\">{\"@context\":\"https:\\\/\\\/schema.org\",\"@graph\":[{\"@type\":\"WebPage\",\"@id\":\"https:\\\/\\\/www.gero.lu\\\/de\\\/produit\\\/deeskalation-im-alltag-2\",\"url\":\"https:\\\/\\\/www.gero.lu\\\/de\\\/produit\\\/deeskalation-im-alltag-2\",\"name\":\"Deeskalation im Alltag - GERO\",\"isPartOf\":{\"@id\":\"https:\\\/\\\/www.gero.lu\\\/de\\\/#website\"},\"datePublished\":\"2023-02-01T11:23:12+00:00\",\"dateModified\":\"2023-10-18T10:22:14+00:00\",\"breadcrumb\":{\"@id\":\"https:\\\/\\\/www.gero.lu\\\/de\\\/produit\\\/deeskalation-im-alltag-2#breadcrumb\"},\"inLanguage\":\"de\",\"potentialAction\":[{\"@type\":\"ReadAction\",\"target\":[[\"https:\\\/\\\/www.gero.lu\\\/de\\\/produit\\\/deeskalation-im-alltag-2\"]]}]},{\"@type\":\"BreadcrumbList\",\"@id\":\"https:\\\/\\\/www.gero.lu\\\/de\\\/produit\\\/deeskalation-im-alltag-2#breadcrumb\",\"itemListElement\":[{\"@type\":\"ListItem\",\"position\":1,\"name\":\"Accueil\",\"item\":\"https:\\\/\\\/www.gero.lu\\\/de\\\/\"},{\"@type\":\"ListItem\",\"position\":2,\"name\":\"Shop\",\"item\":\"https:\\\/\\\/www.gero.lu\\\/de\\\/shop\"},{\"@type\":\"ListItem\",\"position\":3,\"name\":\"Deeskalation im Alltag\"}]},{\"@type\":\"WebSite\",\"@id\":\"https:\\\/\\\/www.gero.lu\\\/de\\\/#website\",\"url\":\"https:\\\/\\\/www.gero.lu\\\/de\\\/\",\"name\":\"Gero\",\"description\":\"Kompetenzzenter fir den Alter\",\"publisher\":{\"@id\":\"https:\\\/\\\/www.gero.lu\\\/de\\\/#organization\"},\"potentialAction\":[{\"@type\":\"SearchAction\",\"target\":{\"@type\":\"EntryPoint\",\"urlTemplate\":\"https:\\\/\\\/www.gero.lu\\\/de\\\/?s={search_term_string}\"},\"query-input\":{\"@type\":\"PropertyValueSpecification\",\"valueRequired\":true,\"valueName\":\"search_term_string\"}}],\"inLanguage\":\"de\"},{\"@type\":\"Organization\",\"@id\":\"https:\\\/\\\/www.gero.lu\\\/de\\\/#organization\",\"name\":\"Gero\",\"url\":\"https:\\\/\\\/www.gero.lu\\\/de\\\/\",\"logo\":{\"@type\":\"ImageObject\",\"inLanguage\":\"de\",\"@id\":\"https:\\\/\\\/www.gero.lu\\\/de\\\/#\\\/schema\\\/logo\\\/image\\\/\",\"url\":\"https:\\\/\\\/www.gero.lu\\\/wp-content\\\/uploads\\\/2024\\\/04\\\/logo.svg\",\"contentUrl\":\"https:\\\/\\\/www.gero.lu\\\/wp-content\\\/uploads\\\/2024\\\/04\\\/logo.svg\",\"width\":76,\"height\":30,\"caption\":\"Gero\"},\"image\":{\"@id\":\"https:\\\/\\\/www.gero.lu\\\/de\\\/#\\\/schema\\\/logo\\\/image\\\/\"},\"sameAs\":[\"https:\\\/\\\/www.facebook.com\\\/Kompetenzzenter\\\/\",\"https:\\\/\\\/www.instagram.com\\\/gero.kompetenzzenter\\\/\",\"https:\\\/\\\/linkedin.com\\\/company\\\/gero-kompetenzzenter-fir-den-alter\",\"https:\\\/\\\/www.youtube.com\\\/channel\\\/UCJvmJYSeHh3dYQsLHZupj-Q\"]}]}<\/script>\n<!-- \/ Yoast SEO Premium plugin. -->","yoast_head_json":{"title":"Deeskalation im Alltag - GERO","robots":{"index":"index","follow":"follow","max-snippet":"max-snippet:-1","max-image-preview":"max-image-preview:large","max-video-preview":"max-video-preview:-1"},"canonical":"https:\/\/www.gero.lu\/de\/produit\/deeskalation-im-alltag-2","og_locale":"de_DE","og_type":"article","og_title":"Deeskalation im Alltag","og_description":"Im Alltag erleben wir immer wieder Momente, die schnell aus dem Ruder zu geraten scheinen und emotional extrem aufgeladen sind. Dabei werden manchmal zumutbare Grenzen \u00fcberschritten und konstruktive Auseinandersetzungen erschwert. Bei der Konfrontation mit aggressivem Verhalten sollten wir uns bewusstmachen, dass es stets aus einem bestimmten Grund erfolgt und eine gewisse Intention beinhaltet. Erst wenn [&hellip;]","og_url":"https:\/\/www.gero.lu\/de\/produit\/deeskalation-im-alltag-2","og_site_name":"GERO","article_publisher":"https:\/\/www.facebook.com\/Kompetenzzenter\/","article_modified_time":"2023-10-18T10:22:14+00:00","og_image":[{"width":1227,"height":802,"url":"https:\/\/www.gero.lu\/wp-content\/uploads\/2021\/08\/gettyimages-1135289130-2048x2048_RET-1.jpg","type":"image\/jpeg"}],"twitter_card":"summary_large_image","twitter_misc":{"Gesch\u00e4tzte Lesezeit":"1\u00a0Minute"},"schema":{"@context":"https:\/\/schema.org","@graph":[{"@type":"WebPage","@id":"https:\/\/www.gero.lu\/de\/produit\/deeskalation-im-alltag-2","url":"https:\/\/www.gero.lu\/de\/produit\/deeskalation-im-alltag-2","name":"Deeskalation im Alltag - GERO","isPartOf":{"@id":"https:\/\/www.gero.lu\/de\/#website"},"datePublished":"2023-02-01T11:23:12+00:00","dateModified":"2023-10-18T10:22:14+00:00","breadcrumb":{"@id":"https:\/\/www.gero.lu\/de\/produit\/deeskalation-im-alltag-2#breadcrumb"},"inLanguage":"de","potentialAction":[{"@type":"ReadAction","target":[["https:\/\/www.gero.lu\/de\/produit\/deeskalation-im-alltag-2"]]}]},{"@type":"BreadcrumbList","@id":"https:\/\/www.gero.lu\/de\/produit\/deeskalation-im-alltag-2#breadcrumb","itemListElement":[{"@type":"ListItem","position":1,"name":"Accueil","item":"https:\/\/www.gero.lu\/de\/"},{"@type":"ListItem","position":2,"name":"Shop","item":"https:\/\/www.gero.lu\/de\/shop"},{"@type":"ListItem","position":3,"name":"Deeskalation im Alltag"}]},{"@type":"WebSite","@id":"https:\/\/www.gero.lu\/de\/#website","url":"https:\/\/www.gero.lu\/de\/","name":"Gero","description":"Kompetenzzenter fir den Alter","publisher":{"@id":"https:\/\/www.gero.lu\/de\/#organization"},"potentialAction":[{"@type":"SearchAction","target":{"@type":"EntryPoint","urlTemplate":"https:\/\/www.gero.lu\/de\/?s={search_term_string}"},"query-input":{"@type":"PropertyValueSpecification","valueRequired":true,"valueName":"search_term_string"}}],"inLanguage":"de"},{"@type":"Organization","@id":"https:\/\/www.gero.lu\/de\/#organization","name":"Gero","url":"https:\/\/www.gero.lu\/de\/","logo":{"@type":"ImageObject","inLanguage":"de","@id":"https:\/\/www.gero.lu\/de\/#\/schema\/logo\/image\/","url":"https:\/\/www.gero.lu\/wp-content\/uploads\/2024\/04\/logo.svg","contentUrl":"https:\/\/www.gero.lu\/wp-content\/uploads\/2024\/04\/logo.svg","width":76,"height":30,"caption":"Gero"},"image":{"@id":"https:\/\/www.gero.lu\/de\/#\/schema\/logo\/image\/"},"sameAs":["https:\/\/www.facebook.com\/Kompetenzzenter\/","https:\/\/www.instagram.com\/gero.kompetenzzenter\/","https:\/\/linkedin.com\/company\/gero-kompetenzzenter-fir-den-alter","https:\/\/www.youtube.com\/channel\/UCJvmJYSeHh3dYQsLHZupj-Q"]}]}},"_links":{"self":[{"href":"https:\/\/www.gero.lu\/de\/wp-json\/wp\/v2\/product\/4862","targetHints":{"allow":["GET"]}}],"collection":[{"href":"https:\/\/www.gero.lu\/de\/wp-json\/wp\/v2\/product"}],"about":[{"href":"https:\/\/www.gero.lu\/de\/wp-json\/wp\/v2\/types\/product"}],"replies":[{"embeddable":true,"href":"https:\/\/www.gero.lu\/de\/wp-json\/wp\/v2\/comments?post=4862"}],"wp:attachment":[{"href":"https:\/\/www.gero.lu\/de\/wp-json\/wp\/v2\/media?parent=4862"}],"wp:term":[{"taxonomy":"product_brand","embeddable":true,"href":"https:\/\/www.gero.lu\/de\/wp-json\/wp\/v2\/product_brand?post=4862"},{"taxonomy":"product_cat","embeddable":true,"href":"https:\/\/www.gero.lu\/de\/wp-json\/wp\/v2\/product_cat?post=4862"},{"taxonomy":"product_tag","embeddable":true,"href":"https:\/\/www.gero.lu\/de\/wp-json\/wp\/v2\/product_tag?post=4862"}],"curies":[{"name":"wp","href":"https:\/\/api.w.org\/{rel}","templated":true}]}}

<p>Im Alltag erleben wir immer wieder Momente, die schnell aus dem Ruder zu geraten scheinen und emotional extrem aufgeladen sind. Dabei werden manchmal zumutbare Grenzen überschritten und konstruktive Auseinandersetzungen erschwert. Bei der Konfrontation mit aggressivem Verhalten sollten wir uns bewusstmachen, dass es stets aus einem bestimmten Grund erfolgt und eine gewisse Intention beinhaltet. Erst wenn man beide Aspekte erkennt und versteht, kann man in einer hoch angespannten Situation deeskalierend reagieren. Sei es im Umgang mit Bewohnern/Klienten, Angehörigen oder aber Kollegen. </p>
<p>In diesem Seminar lernen Sie, wie durch die angemessene Wahrnehmung von Bedürfnissen, Problemen und Gefühlen, die sich hinter der Aggression verbergen, ein hilfreicher Kontakt entstehen kann, um eine weitere Eskalation zu verhindern.</p>
<p>Inhalte</p>
<p>&#8211;	Wie kontrolliere ich mich selbst? (Aufmerksamkeit, Selbstsicherheit, Flexibilität)<br />
&#8211;	Auseinandersetzung mit der eigenen Wahrnehmung und Bewertungssystemen<br />
&#8211;	Wie kann ich eine akut angespannte Situation erfolgreich entschärfen? (Distanzkontrolle, verbale Deeskalation)<br />
&#8211;	Besserer Umgang mit Stressbelastung und höhere Frustrationstoleranz<br />
&#8211;	Hilfreiche Hinweise zu Kommunikation und Gesprächsführung zur Klärung und Entlastung<br />
&#8211;	Verhalten bei potentieller Gewalttätigkeit</p>

<p>Im Alltag erleben wir immer wieder Momente, die schnell aus dem Ruder zu geraten scheinen und emotional extrem aufgeladen sind. Dabei werden manchmal zumutbare Grenzen überschritten und konstruktive Auseinandersetzungen erschwert. Bei der Konfrontation mit aggressivem Verhalten sollten wir uns bewusstmachen, dass es stets aus einem bestimmten Grund erfolgt und eine gewisse Intention beinhaltet. Erst wenn [&hellip;]</p>

<!-- This site is optimized with the Yoast SEO Premium plugin v27.4 (Yoast SEO v27.5) - https://yoast.com/product/yoast-seo-premium-wordpress/ -->
<title>Deeskalation im Alltag - GERO</title>
<meta name="robots" content="index, follow, max-snippet:-1, max-image-preview:large, max-video-preview:-1" />
<link rel="canonical" href="https://www.gero.lu/de/produit/deeskalation-im-alltag-2" />
<meta property="og:locale" content="de_DE" />
<meta property="og:type" content="article" />
<meta property="og:title" content="Deeskalation im Alltag" />
<meta property="og:description" content="Im Alltag erleben wir immer wieder Momente, die schnell aus dem Ruder zu geraten scheinen und emotional extrem aufgeladen sind. Dabei werden manchmal zumutbare Grenzen überschritten und konstruktive Auseinandersetzungen erschwert. Bei der Konfrontation mit aggressivem Verhalten sollten wir uns bewusstmachen, dass es stets aus einem bestimmten Grund erfolgt und eine gewisse Intention beinhaltet. Erst wenn [&hellip;]" />
<meta property="og:url" content="https://www.gero.lu/de/produit/deeskalation-im-alltag-2" />
<meta property="og:site_name" content="GERO" />
<meta property="article:publisher" content="https://www.facebook.com/Kompetenzzenter/" />
<meta property="article:modified_time" content="2023-10-18T10:22:14+00:00" />
<meta property="og:image" content="https://www.gero.lu/wp-content/uploads/2021/08/gettyimages-1135289130-2048x2048_RET-1.jpg" />
	<meta property="og:image:width" content="1227" />
	<meta property="og:image:height" content="802" />
	<meta property="og:image:type" content="image/jpeg" />
<meta name="twitter:card" content="summary_large_image" />
<meta name="twitter:label1" content="Geschätzte Lesezeit" />
	<meta name="twitter:data1" content="1 Minute" />
<script type="application/ld+json" class="yoast-schema-graph">{"@context":"https:\/\/schema.org","@graph":[{"@type":"WebPage","@id":"https:\/\/www.gero.lu\/de\/produit\/deeskalation-im-alltag-2","url":"https:\/\/www.gero.lu\/de\/produit\/deeskalation-im-alltag-2","name":"Deeskalation im Alltag - GERO","isPartOf":{"@id":"https:\/\/www.gero.lu\/de\/#website"},"datePublished":"2023-02-01T11:23:12+00:00","dateModified":"2023-10-18T10:22:14+00:00","breadcrumb":{"@id":"https:\/\/www.gero.lu\/de\/produit\/deeskalation-im-alltag-2#breadcrumb"},"inLanguage":"de","potentialAction":[{"@type":"ReadAction","target":[["https:\/\/www.gero.lu\/de\/produit\/deeskalation-im-alltag-2"]]}]},{"@type":"BreadcrumbList","@id":"https:\/\/www.gero.lu\/de\/produit\/deeskalation-im-alltag-2#breadcrumb","itemListElement":[{"@type":"ListItem","position":1,"name":"Accueil","item":"https:\/\/www.gero.lu\/de\/"},{"@type":"ListItem","position":2,"name":"Shop","item":"https:\/\/www.gero.lu\/de\/shop"},{"@type":"ListItem","position":3,"name":"Deeskalation im Alltag"}]},{"@type":"WebSite","@id":"https:\/\/www.gero.lu\/de\/#website","url":"https:\/\/www.gero.lu\/de\/","name":"Gero","description":"Kompetenzzenter fir den Alter","publisher":{"@id":"https:\/\/www.gero.lu\/de\/#organization"},"potentialAction":[{"@type":"SearchAction","target":{"@type":"EntryPoint","urlTemplate":"https:\/\/www.gero.lu\/de\/?s={search_term_string}"},"query-input":{"@type":"PropertyValueSpecification","valueRequired":true,"valueName":"search_term_string"}}],"inLanguage":"de"},{"@type":"Organization","@id":"https:\/\/www.gero.lu\/de\/#organization","name":"Gero","url":"https:\/\/www.gero.lu\/de\/","logo":{"@type":"ImageObject","inLanguage":"de","@id":"https:\/\/www.gero.lu\/de\/#\/schema\/logo\/image\/","url":"https:\/\/www.gero.lu\/wp-content\/uploads\/2024\/04\/logo.svg","contentUrl":"https:\/\/www.gero.lu\/wp-content\/uploads\/2024\/04\/logo.svg","width":76,"height":30,"caption":"Gero"},"image":{"@id":"https:\/\/www.gero.lu\/de\/#\/schema\/logo\/image\/"},"sameAs":["https:\/\/www.facebook.com\/Kompetenzzenter\/","https:\/\/www.instagram.com\/gero.kompetenzzenter\/","https:\/\/linkedin.com\/company\/gero-kompetenzzenter-fir-den-alter","https:\/\/www.youtube.com\/channel\/UCJvmJYSeHh3dYQsLHZupj-Q"]}]}</script>
<!-- / Yoast SEO Premium plugin. -->

Im Alltag erleben wir immer wieder Momente, die schnell aus dem Ruder zu geraten scheinen und emotional extrem aufgeladen sind. Dabei werden manchmal zumutbare Grenzen überschritten und konstruktive Auseinandersetzungen erschwert. Bei der Konfrontation mit aggressivem Verhalten sollten wir uns bewusstmachen, dass es stets aus einem bestimmten Grund erfolgt und eine gewisse Intention beinhaltet. Erst wenn [&hellip;]
