{"id":4150,"date":"2022-07-29T15:28:49","date_gmt":"2022-07-29T15:28:49","guid":{"rendered":"https:\/\/www.gero.lu\/fr\/produit\/journee-internationale-des-personnes-agees-internationaler-tag-der-alteren-menschen-partie-officielle-offizieller-teil"},"modified":"2022-09-30T15:28:55","modified_gmt":"2022-09-30T15:28:55","slug":"journee-internationale-des-personnes-agees-internationaler-tag-der-alteren-menschen-partie-officielle-offizieller-teil","status":"publish","type":"product","link":"https:\/\/www.gero.lu\/de\/produit\/journee-internationale-des-personnes-agees-internationaler-tag-der-alteren-menschen-partie-officielle-offizieller-teil","title":{"rendered":"Journ\u00e9e internationale des personnes \u00e2g\u00e9es\/Internationaler Tag der \u00e4lteren Menschen &#8222;PARTIE OFFICIELLE\/OFFIZIELLER TEIL&#8220;"},"content":{"rendered":"<p>f\u00fcr alle Interessierten \/ pour tout public<\/p>\n<p>Offizieller Teil<\/p>\n<p>Gru\u00dfwort : Ministerin Corinne Cahen<br \/>\nVorstellung unserer Projekte<br \/>\nTheaterperformance &#8211; Zizou a Zazou<br \/>\n18:00 Uhr : Apero-Konzert mit Kinima<\/p>\n<p>Partie officielle (avec traduction en FR)<\/p>\n<p>Mot d\u2019accueil : Mme la Ministre Corinne Cahen<br \/>\nPr\u00e9sentation de nos projets<br \/>\nPerformance artistique &#8211; Zizou a Zazou<br \/>\n18.00 heures : Ap\u00e9ro Concert avec Kinima<\/p>\n","protected":false},"excerpt":{"rendered":"<p>f\u00fcr alle Interessierten \/ pour tout public Offizieller Teil Gru\u00dfwort : Ministerin Corinne Cahen Vorstellung unserer Projekte Theaterperformance &#8211; Zizou a Zazou 18:00 Uhr : Apero-Konzert mit Kinima Partie officielle (avec traduction en FR) Mot d\u2019accueil : Mme la Ministre Corinne Cahen Pr\u00e9sentation de nos projets Performance artistique &#8211; Zizou a Zazou 18.00 heures : [&hellip;]<\/p>\n","protected":false},"featured_media":0,"comment_status":"closed","ping_status":"closed","template":"","meta":{"_acf_changed":false,"inline_featured_image":false},"product_brand":[],"product_cat":[232],"product_tag":[259],"class_list":{"0":"post-4150","1":"product","2":"type-product","3":"status-publish","5":"product_cat-divers","6":"product_tag-divers-senior","8":"first","9":"instock","10":"virtual","11":"purchasable","12":"product-type-simple"},"acf":[],"yoast_head":"<!-- This site is optimized with the Yoast SEO Premium plugin v27.4 (Yoast SEO v27.4) - https:\/\/yoast.com\/product\/yoast-seo-premium-wordpress\/ -->\n<title>Journ\u00e9e internationale des personnes \u00e2g\u00e9es\/Internationaler Tag der \u00e4lteren Menschen &quot;PARTIE OFFICIELLE\/OFFIZIELLER TEIL&quot; - GERO<\/title>\n<meta name=\"robots\" content=\"index, follow, max-snippet:-1, max-image-preview:large, max-video-preview:-1\" \/>\n<link rel=\"canonical\" href=\"https:\/\/www.gero.lu\/de\/produit\/journee-internationale-des-personnes-agees-internationaler-tag-der-alteren-menschen-partie-officielle-offizieller-teil\" \/>\n<meta property=\"og:locale\" content=\"de_DE\" \/>\n<meta property=\"og:type\" content=\"article\" \/>\n<meta property=\"og:title\" content=\"Journ\u00e9e internationale des personnes \u00e2g\u00e9es\/Internationaler Tag der \u00e4lteren Menschen &quot;PARTIE OFFICIELLE\/OFFIZIELLER TEIL&quot;\" \/>\n<meta property=\"og:description\" content=\"f\u00fcr alle Interessierten \/ pour tout public Offizieller Teil Gru\u00dfwort : Ministerin Corinne Cahen Vorstellung unserer Projekte Theaterperformance &#8211; Zizou a Zazou 18:00 Uhr : Apero-Konzert mit Kinima Partie officielle (avec traduction en FR) Mot d\u2019accueil : Mme la Ministre Corinne Cahen Pr\u00e9sentation de nos projets Performance artistique &#8211; Zizou a Zazou 18.00 heures : [&hellip;]\" \/>\n<meta property=\"og:url\" content=\"https:\/\/www.gero.lu\/de\/produit\/journee-internationale-des-personnes-agees-internationaler-tag-der-alteren-menschen-partie-officielle-offizieller-teil\" \/>\n<meta property=\"og:site_name\" content=\"GERO\" \/>\n<meta property=\"article:publisher\" content=\"https:\/\/www.facebook.com\/Kompetenzzenter\/\" \/>\n<meta property=\"article:modified_time\" content=\"2022-09-30T15:28:55+00:00\" \/>\n<meta property=\"og:image\" content=\"https:\/\/www.gero.lu\/wp-content\/uploads\/2021\/08\/gettyimages-1135289130-2048x2048_RET-1.jpg\" \/>\n\t<meta property=\"og:image:width\" content=\"1227\" \/>\n\t<meta property=\"og:image:height\" content=\"802\" \/>\n\t<meta property=\"og:image:type\" content=\"image\/jpeg\" \/>\n<meta name=\"twitter:card\" content=\"summary_large_image\" \/>\n<meta name=\"twitter:label1\" content=\"Gesch\u00e4tzte Lesezeit\" \/>\n\t<meta name=\"twitter:data1\" content=\"1\u00a0Minute\" \/>\n<script type=\"application\/ld+json\" class=\"yoast-schema-graph\">{\"@context\":\"https:\\\/\\\/schema.org\",\"@graph\":[{\"@type\":\"WebPage\",\"@id\":\"https:\\\/\\\/www.gero.lu\\\/de\\\/produit\\\/journee-internationale-des-personnes-agees-internationaler-tag-der-alteren-menschen-partie-officielle-offizieller-teil\",\"url\":\"https:\\\/\\\/www.gero.lu\\\/de\\\/produit\\\/journee-internationale-des-personnes-agees-internationaler-tag-der-alteren-menschen-partie-officielle-offizieller-teil\",\"name\":\"Journ\u00e9e internationale des personnes \u00e2g\u00e9es\\\/Internationaler Tag der \u00e4lteren Menschen \\\"PARTIE OFFICIELLE\\\/OFFIZIELLER TEIL\\\" - GERO\",\"isPartOf\":{\"@id\":\"https:\\\/\\\/www.gero.lu\\\/de\\\/#website\"},\"datePublished\":\"2022-07-29T15:28:49+00:00\",\"dateModified\":\"2022-09-30T15:28:55+00:00\",\"breadcrumb\":{\"@id\":\"https:\\\/\\\/www.gero.lu\\\/de\\\/produit\\\/journee-internationale-des-personnes-agees-internationaler-tag-der-alteren-menschen-partie-officielle-offizieller-teil#breadcrumb\"},\"inLanguage\":\"de\",\"potentialAction\":[{\"@type\":\"ReadAction\",\"target\":[[\"https:\\\/\\\/www.gero.lu\\\/de\\\/produit\\\/journee-internationale-des-personnes-agees-internationaler-tag-der-alteren-menschen-partie-officielle-offizieller-teil\"]]}]},{\"@type\":\"BreadcrumbList\",\"@id\":\"https:\\\/\\\/www.gero.lu\\\/de\\\/produit\\\/journee-internationale-des-personnes-agees-internationaler-tag-der-alteren-menschen-partie-officielle-offizieller-teil#breadcrumb\",\"itemListElement\":[{\"@type\":\"ListItem\",\"position\":1,\"name\":\"Accueil\",\"item\":\"https:\\\/\\\/www.gero.lu\\\/de\\\/\"},{\"@type\":\"ListItem\",\"position\":2,\"name\":\"Shop\",\"item\":\"https:\\\/\\\/www.gero.lu\\\/de\\\/shop\"},{\"@type\":\"ListItem\",\"position\":3,\"name\":\"Journ\u00e9e internationale des personnes \u00e2g\u00e9es\\\/Internationaler Tag der \u00e4lteren Menschen \u00ab\u00a0PARTIE OFFICIELLE\\\/OFFIZIELLER TEIL\u00a0\u00bb\"}]},{\"@type\":\"WebSite\",\"@id\":\"https:\\\/\\\/www.gero.lu\\\/de\\\/#website\",\"url\":\"https:\\\/\\\/www.gero.lu\\\/de\\\/\",\"name\":\"Gero\",\"description\":\"Kompetenzzenter fir den Alter\",\"publisher\":{\"@id\":\"https:\\\/\\\/www.gero.lu\\\/de\\\/#organization\"},\"potentialAction\":[{\"@type\":\"SearchAction\",\"target\":{\"@type\":\"EntryPoint\",\"urlTemplate\":\"https:\\\/\\\/www.gero.lu\\\/de\\\/?s={search_term_string}\"},\"query-input\":{\"@type\":\"PropertyValueSpecification\",\"valueRequired\":true,\"valueName\":\"search_term_string\"}}],\"inLanguage\":\"de\"},{\"@type\":\"Organization\",\"@id\":\"https:\\\/\\\/www.gero.lu\\\/de\\\/#organization\",\"name\":\"Gero\",\"url\":\"https:\\\/\\\/www.gero.lu\\\/de\\\/\",\"logo\":{\"@type\":\"ImageObject\",\"inLanguage\":\"de\",\"@id\":\"https:\\\/\\\/www.gero.lu\\\/de\\\/#\\\/schema\\\/logo\\\/image\\\/\",\"url\":\"https:\\\/\\\/www.gero.lu\\\/wp-content\\\/uploads\\\/2024\\\/04\\\/logo.svg\",\"contentUrl\":\"https:\\\/\\\/www.gero.lu\\\/wp-content\\\/uploads\\\/2024\\\/04\\\/logo.svg\",\"width\":76,\"height\":30,\"caption\":\"Gero\"},\"image\":{\"@id\":\"https:\\\/\\\/www.gero.lu\\\/de\\\/#\\\/schema\\\/logo\\\/image\\\/\"},\"sameAs\":[\"https:\\\/\\\/www.facebook.com\\\/Kompetenzzenter\\\/\",\"https:\\\/\\\/www.instagram.com\\\/gero.kompetenzzenter\\\/\",\"https:\\\/\\\/linkedin.com\\\/company\\\/gero-kompetenzzenter-fir-den-alter\",\"https:\\\/\\\/www.youtube.com\\\/channel\\\/UCJvmJYSeHh3dYQsLHZupj-Q\"]}]}<\/script>\n<!-- \/ Yoast SEO Premium plugin. -->","yoast_head_json":{"title":"Journ\u00e9e internationale des personnes \u00e2g\u00e9es\/Internationaler Tag der \u00e4lteren Menschen \"PARTIE OFFICIELLE\/OFFIZIELLER TEIL\" - GERO","robots":{"index":"index","follow":"follow","max-snippet":"max-snippet:-1","max-image-preview":"max-image-preview:large","max-video-preview":"max-video-preview:-1"},"canonical":"https:\/\/www.gero.lu\/de\/produit\/journee-internationale-des-personnes-agees-internationaler-tag-der-alteren-menschen-partie-officielle-offizieller-teil","og_locale":"de_DE","og_type":"article","og_title":"Journ\u00e9e internationale des personnes \u00e2g\u00e9es\/Internationaler Tag der \u00e4lteren Menschen \"PARTIE OFFICIELLE\/OFFIZIELLER TEIL\"","og_description":"f\u00fcr alle Interessierten \/ pour tout public Offizieller Teil Gru\u00dfwort : Ministerin Corinne Cahen Vorstellung unserer Projekte Theaterperformance &#8211; Zizou a Zazou 18:00 Uhr : Apero-Konzert mit Kinima Partie officielle (avec traduction en FR) Mot d\u2019accueil : Mme la Ministre Corinne Cahen Pr\u00e9sentation de nos projets Performance artistique &#8211; Zizou a Zazou 18.00 heures : [&hellip;]","og_url":"https:\/\/www.gero.lu\/de\/produit\/journee-internationale-des-personnes-agees-internationaler-tag-der-alteren-menschen-partie-officielle-offizieller-teil","og_site_name":"GERO","article_publisher":"https:\/\/www.facebook.com\/Kompetenzzenter\/","article_modified_time":"2022-09-30T15:28:55+00:00","og_image":[{"width":1227,"height":802,"url":"https:\/\/www.gero.lu\/wp-content\/uploads\/2021\/08\/gettyimages-1135289130-2048x2048_RET-1.jpg","type":"image\/jpeg"}],"twitter_card":"summary_large_image","twitter_misc":{"Gesch\u00e4tzte Lesezeit":"1\u00a0Minute"},"schema":{"@context":"https:\/\/schema.org","@graph":[{"@type":"WebPage","@id":"https:\/\/www.gero.lu\/de\/produit\/journee-internationale-des-personnes-agees-internationaler-tag-der-alteren-menschen-partie-officielle-offizieller-teil","url":"https:\/\/www.gero.lu\/de\/produit\/journee-internationale-des-personnes-agees-internationaler-tag-der-alteren-menschen-partie-officielle-offizieller-teil","name":"Journ\u00e9e internationale des personnes \u00e2g\u00e9es\/Internationaler Tag der \u00e4lteren Menschen \"PARTIE OFFICIELLE\/OFFIZIELLER TEIL\" - GERO","isPartOf":{"@id":"https:\/\/www.gero.lu\/de\/#website"},"datePublished":"2022-07-29T15:28:49+00:00","dateModified":"2022-09-30T15:28:55+00:00","breadcrumb":{"@id":"https:\/\/www.gero.lu\/de\/produit\/journee-internationale-des-personnes-agees-internationaler-tag-der-alteren-menschen-partie-officielle-offizieller-teil#breadcrumb"},"inLanguage":"de","potentialAction":[{"@type":"ReadAction","target":[["https:\/\/www.gero.lu\/de\/produit\/journee-internationale-des-personnes-agees-internationaler-tag-der-alteren-menschen-partie-officielle-offizieller-teil"]]}]},{"@type":"BreadcrumbList","@id":"https:\/\/www.gero.lu\/de\/produit\/journee-internationale-des-personnes-agees-internationaler-tag-der-alteren-menschen-partie-officielle-offizieller-teil#breadcrumb","itemListElement":[{"@type":"ListItem","position":1,"name":"Accueil","item":"https:\/\/www.gero.lu\/de\/"},{"@type":"ListItem","position":2,"name":"Shop","item":"https:\/\/www.gero.lu\/de\/shop"},{"@type":"ListItem","position":3,"name":"Journ\u00e9e internationale des personnes \u00e2g\u00e9es\/Internationaler Tag der \u00e4lteren Menschen \u00ab\u00a0PARTIE OFFICIELLE\/OFFIZIELLER TEIL\u00a0\u00bb"}]},{"@type":"WebSite","@id":"https:\/\/www.gero.lu\/de\/#website","url":"https:\/\/www.gero.lu\/de\/","name":"Gero","description":"Kompetenzzenter fir den Alter","publisher":{"@id":"https:\/\/www.gero.lu\/de\/#organization"},"potentialAction":[{"@type":"SearchAction","target":{"@type":"EntryPoint","urlTemplate":"https:\/\/www.gero.lu\/de\/?s={search_term_string}"},"query-input":{"@type":"PropertyValueSpecification","valueRequired":true,"valueName":"search_term_string"}}],"inLanguage":"de"},{"@type":"Organization","@id":"https:\/\/www.gero.lu\/de\/#organization","name":"Gero","url":"https:\/\/www.gero.lu\/de\/","logo":{"@type":"ImageObject","inLanguage":"de","@id":"https:\/\/www.gero.lu\/de\/#\/schema\/logo\/image\/","url":"https:\/\/www.gero.lu\/wp-content\/uploads\/2024\/04\/logo.svg","contentUrl":"https:\/\/www.gero.lu\/wp-content\/uploads\/2024\/04\/logo.svg","width":76,"height":30,"caption":"Gero"},"image":{"@id":"https:\/\/www.gero.lu\/de\/#\/schema\/logo\/image\/"},"sameAs":["https:\/\/www.facebook.com\/Kompetenzzenter\/","https:\/\/www.instagram.com\/gero.kompetenzzenter\/","https:\/\/linkedin.com\/company\/gero-kompetenzzenter-fir-den-alter","https:\/\/www.youtube.com\/channel\/UCJvmJYSeHh3dYQsLHZupj-Q"]}]}},"_links":{"self":[{"href":"https:\/\/www.gero.lu\/de\/wp-json\/wp\/v2\/product\/4150","targetHints":{"allow":["GET"]}}],"collection":[{"href":"https:\/\/www.gero.lu\/de\/wp-json\/wp\/v2\/product"}],"about":[{"href":"https:\/\/www.gero.lu\/de\/wp-json\/wp\/v2\/types\/product"}],"replies":[{"embeddable":true,"href":"https:\/\/www.gero.lu\/de\/wp-json\/wp\/v2\/comments?post=4150"}],"wp:attachment":[{"href":"https:\/\/www.gero.lu\/de\/wp-json\/wp\/v2\/media?parent=4150"}],"wp:term":[{"taxonomy":"product_brand","embeddable":true,"href":"https:\/\/www.gero.lu\/de\/wp-json\/wp\/v2\/product_brand?post=4150"},{"taxonomy":"product_cat","embeddable":true,"href":"https:\/\/www.gero.lu\/de\/wp-json\/wp\/v2\/product_cat?post=4150"},{"taxonomy":"product_tag","embeddable":true,"href":"https:\/\/www.gero.lu\/de\/wp-json\/wp\/v2\/product_tag?post=4150"}],"curies":[{"name":"wp","href":"https:\/\/api.w.org\/{rel}","templated":true}]}}

Journée internationale des personnes âgées/Internationaler Tag der älteren Menschen &#8222;PARTIE OFFICIELLE/OFFIZIELLER TEIL&#8220;

<p>für alle Interessierten / pour tout public</p>
<p>Offizieller Teil</p>
<p>Grußwort : Ministerin Corinne Cahen<br />
Vorstellung unserer Projekte<br />
Theaterperformance &#8211; Zizou a Zazou<br />
18:00 Uhr : Apero-Konzert mit Kinima</p>
<p>Partie officielle (avec traduction en FR)</p>
<p>Mot d’accueil : Mme la Ministre Corinne Cahen<br />
Présentation de nos projets<br />
Performance artistique &#8211; Zizou a Zazou<br />
18.00 heures : Apéro Concert avec Kinima</p>

<p>für alle Interessierten / pour tout public Offizieller Teil Grußwort : Ministerin Corinne Cahen Vorstellung unserer Projekte Theaterperformance &#8211; Zizou a Zazou 18:00 Uhr : Apero-Konzert mit Kinima Partie officielle (avec traduction en FR) Mot d’accueil : Mme la Ministre Corinne Cahen Présentation de nos projets Performance artistique &#8211; Zizou a Zazou 18.00 heures : [&hellip;]</p>

<!-- This site is optimized with the Yoast SEO Premium plugin v27.4 (Yoast SEO v27.4) - https://yoast.com/product/yoast-seo-premium-wordpress/ -->
<title>Journée internationale des personnes âgées/Internationaler Tag der älteren Menschen &quot;PARTIE OFFICIELLE/OFFIZIELLER TEIL&quot; - GERO</title>
<meta name="robots" content="index, follow, max-snippet:-1, max-image-preview:large, max-video-preview:-1" />
<link rel="canonical" href="https://www.gero.lu/de/produit/journee-internationale-des-personnes-agees-internationaler-tag-der-alteren-menschen-partie-officielle-offizieller-teil" />
<meta property="og:locale" content="de_DE" />
<meta property="og:type" content="article" />
<meta property="og:title" content="Journée internationale des personnes âgées/Internationaler Tag der älteren Menschen &quot;PARTIE OFFICIELLE/OFFIZIELLER TEIL&quot;" />
<meta property="og:description" content="für alle Interessierten / pour tout public Offizieller Teil Grußwort : Ministerin Corinne Cahen Vorstellung unserer Projekte Theaterperformance &#8211; Zizou a Zazou 18:00 Uhr : Apero-Konzert mit Kinima Partie officielle (avec traduction en FR) Mot d’accueil : Mme la Ministre Corinne Cahen Présentation de nos projets Performance artistique &#8211; Zizou a Zazou 18.00 heures : [&hellip;]" />
<meta property="og:url" content="https://www.gero.lu/de/produit/journee-internationale-des-personnes-agees-internationaler-tag-der-alteren-menschen-partie-officielle-offizieller-teil" />
<meta property="og:site_name" content="GERO" />
<meta property="article:publisher" content="https://www.facebook.com/Kompetenzzenter/" />
<meta property="article:modified_time" content="2022-09-30T15:28:55+00:00" />
<meta property="og:image" content="https://www.gero.lu/wp-content/uploads/2021/08/gettyimages-1135289130-2048x2048_RET-1.jpg" />
	<meta property="og:image:width" content="1227" />
	<meta property="og:image:height" content="802" />
	<meta property="og:image:type" content="image/jpeg" />
<meta name="twitter:card" content="summary_large_image" />
<meta name="twitter:label1" content="Geschätzte Lesezeit" />
	<meta name="twitter:data1" content="1 Minute" />
<script type="application/ld+json" class="yoast-schema-graph">{"@context":"https:\/\/schema.org","@graph":[{"@type":"WebPage","@id":"https:\/\/www.gero.lu\/de\/produit\/journee-internationale-des-personnes-agees-internationaler-tag-der-alteren-menschen-partie-officielle-offizieller-teil","url":"https:\/\/www.gero.lu\/de\/produit\/journee-internationale-des-personnes-agees-internationaler-tag-der-alteren-menschen-partie-officielle-offizieller-teil","name":"Journée internationale des personnes âgées\/Internationaler Tag der älteren Menschen \"PARTIE OFFICIELLE\/OFFIZIELLER TEIL\" - GERO","isPartOf":{"@id":"https:\/\/www.gero.lu\/de\/#website"},"datePublished":"2022-07-29T15:28:49+00:00","dateModified":"2022-09-30T15:28:55+00:00","breadcrumb":{"@id":"https:\/\/www.gero.lu\/de\/produit\/journee-internationale-des-personnes-agees-internationaler-tag-der-alteren-menschen-partie-officielle-offizieller-teil#breadcrumb"},"inLanguage":"de","potentialAction":[{"@type":"ReadAction","target":[["https:\/\/www.gero.lu\/de\/produit\/journee-internationale-des-personnes-agees-internationaler-tag-der-alteren-menschen-partie-officielle-offizieller-teil"]]}]},{"@type":"BreadcrumbList","@id":"https:\/\/www.gero.lu\/de\/produit\/journee-internationale-des-personnes-agees-internationaler-tag-der-alteren-menschen-partie-officielle-offizieller-teil#breadcrumb","itemListElement":[{"@type":"ListItem","position":1,"name":"Accueil","item":"https:\/\/www.gero.lu\/de\/"},{"@type":"ListItem","position":2,"name":"Shop","item":"https:\/\/www.gero.lu\/de\/shop"},{"@type":"ListItem","position":3,"name":"Journée internationale des personnes âgées\/Internationaler Tag der älteren Menschen « PARTIE OFFICIELLE\/OFFIZIELLER TEIL »"}]},{"@type":"WebSite","@id":"https:\/\/www.gero.lu\/de\/#website","url":"https:\/\/www.gero.lu\/de\/","name":"Gero","description":"Kompetenzzenter fir den Alter","publisher":{"@id":"https:\/\/www.gero.lu\/de\/#organization"},"potentialAction":[{"@type":"SearchAction","target":{"@type":"EntryPoint","urlTemplate":"https:\/\/www.gero.lu\/de\/?s={search_term_string}"},"query-input":{"@type":"PropertyValueSpecification","valueRequired":true,"valueName":"search_term_string"}}],"inLanguage":"de"},{"@type":"Organization","@id":"https:\/\/www.gero.lu\/de\/#organization","name":"Gero","url":"https:\/\/www.gero.lu\/de\/","logo":{"@type":"ImageObject","inLanguage":"de","@id":"https:\/\/www.gero.lu\/de\/#\/schema\/logo\/image\/","url":"https:\/\/www.gero.lu\/wp-content\/uploads\/2024\/04\/logo.svg","contentUrl":"https:\/\/www.gero.lu\/wp-content\/uploads\/2024\/04\/logo.svg","width":76,"height":30,"caption":"Gero"},"image":{"@id":"https:\/\/www.gero.lu\/de\/#\/schema\/logo\/image\/"},"sameAs":["https:\/\/www.facebook.com\/Kompetenzzenter\/","https:\/\/www.instagram.com\/gero.kompetenzzenter\/","https:\/\/linkedin.com\/company\/gero-kompetenzzenter-fir-den-alter","https:\/\/www.youtube.com\/channel\/UCJvmJYSeHh3dYQsLHZupj-Q"]}]}</script>
<!-- / Yoast SEO Premium plugin. -->

Journée internationale des personnes âgées/Internationaler Tag der älteren Menschen "PARTIE OFFICIELLE/OFFIZIELLER TEIL" - GERO

Journée internationale des personnes âgées/Internationaler Tag der älteren Menschen "PARTIE OFFICIELLE/OFFIZIELLER TEIL"

für alle Interessierten / pour tout public Offizieller Teil Grußwort : Ministerin Corinne Cahen Vorstellung unserer Projekte Theaterperformance &#8211; Zizou a Zazou 18:00 Uhr : Apero-Konzert mit Kinima Partie officielle (avec traduction en FR) Mot d’accueil : Mme la Ministre Corinne Cahen Présentation de nos projets Performance artistique &#8211; Zizou a Zazou 18.00 heures : [&hellip;]

Journée internationale des personnes âgées/Internationaler Tag der älteren Menschen « PARTIE OFFICIELLE/OFFIZIELLER TEIL »
