{"id":4059,"date":"2022-07-07T08:21:28","date_gmt":"2022-07-07T08:21:28","guid":{"rendered":"https:\/\/www.gero.lu\/fr\/produit\/relax-mit-yoga-nidra-teil-2"},"modified":"2022-11-08T08:22:10","modified_gmt":"2022-11-08T08:22:10","slug":"relax-mit-yoga-nidra-teil-2","status":"publish","type":"product","link":"https:\/\/www.gero.lu\/de\/produit\/relax-mit-yoga-nidra-teil-2","title":{"rendered":"Relax ! Mit Yoga Nidra (Teil 2)"},"content":{"rendered":"<p>Einfach mal kurz ausklinken aus dem Alltag? Dann erleben Sie mit Kursleiterin Nora Schlesser eine erholsame Auszeit beim Yoga Nidra.<\/p>\n<p>Yoga Nidra ist keine Variante des beliebten Hatha Yoga, in dem Asanas ge\u00fcbt werden, sondern hier steht Pratyahara, der R\u00fcckzug der Sinne, im Mittelpunkt. Der Begriff kommst aus dem Sanskritt. Yoga bedeutet Vereinigung oder auf einen Punkt gerichtet sein, Nidra hei\u00dft Schlaf. Yoga Nidra ist ein Mentaltraining, das die Kreativit\u00e4t verbessert und eine positiven Einfluss auf psychosomatische Krankheiten hat. Im Zustand v\u00f6lliger Entspannung erfahren Sie Zugang zum Unterbewusstsein, wo Sie durch ein Sankalpa, einen bewussten Vorsatz, Ver\u00e4nderungsprozesse anregen k\u00f6nnen. Diese Tiefenentspannungstechnik wird im Liegen ausge\u00fcbt, kann aber auch im Sitzen praktiziert werden.<\/p>\n<p>Bitte bringen Sie eine Yoga\/Sportmatte, eine Decke, evt. ein (Sitz)kissen und eine Wasserflasche mit. Achten Sie auf bequeme Kleidung, damit nichts Ihrer v\u00f6lligen Entspannung im Wege steht.<\/p>\n<p>Sie k\u00f6nnen auch beide Kursreihen (Teil 1 &amp; Teil 2) belegen.<\/p>\n","protected":false},"excerpt":{"rendered":"<p>Einfach mal kurz ausklinken aus dem Alltag? Dann erleben Sie mit Kursleiterin Nora Schlesser eine erholsame Auszeit beim Yoga Nidra. Yoga Nidra ist keine Variante des beliebten Hatha Yoga, in dem Asanas ge\u00fcbt werden, sondern hier steht Pratyahara, der R\u00fcckzug der Sinne, im Mittelpunkt. Der Begriff kommst aus dem Sanskritt. Yoga bedeutet Vereinigung oder auf [&hellip;]<\/p>\n","protected":false},"featured_media":0,"comment_status":"closed","ping_status":"closed","template":"","meta":{"_acf_changed":false,"inline_featured_image":false},"product_brand":[],"product_cat":[227],"product_tag":[200],"class_list":{"0":"post-4059","1":"product","2":"type-product","3":"status-publish","5":"product_cat-cours","6":"product_tag-sante-senior","8":"first","9":"instock","10":"virtual","11":"purchasable","12":"product-type-simple"},"acf":[],"yoast_head":"<!-- This site is optimized with the Yoast SEO Premium plugin v27.4 (Yoast SEO v27.5) - https:\/\/yoast.com\/product\/yoast-seo-premium-wordpress\/ -->\n<title>Relax ! Mit Yoga Nidra (Teil 2) - GERO<\/title>\n<meta name=\"robots\" content=\"index, follow, max-snippet:-1, max-image-preview:large, max-video-preview:-1\" \/>\n<link rel=\"canonical\" href=\"https:\/\/www.gero.lu\/de\/produit\/relax-mit-yoga-nidra-teil-2\" \/>\n<meta property=\"og:locale\" content=\"de_DE\" \/>\n<meta property=\"og:type\" content=\"article\" \/>\n<meta property=\"og:title\" content=\"Relax ! Mit Yoga Nidra (Teil 2)\" \/>\n<meta property=\"og:description\" content=\"Einfach mal kurz ausklinken aus dem Alltag? Dann erleben Sie mit Kursleiterin Nora Schlesser eine erholsame Auszeit beim Yoga Nidra. Yoga Nidra ist keine Variante des beliebten Hatha Yoga, in dem Asanas ge\u00fcbt werden, sondern hier steht Pratyahara, der R\u00fcckzug der Sinne, im Mittelpunkt. Der Begriff kommst aus dem Sanskritt. Yoga bedeutet Vereinigung oder auf [&hellip;]\" \/>\n<meta property=\"og:url\" content=\"https:\/\/www.gero.lu\/de\/produit\/relax-mit-yoga-nidra-teil-2\" \/>\n<meta property=\"og:site_name\" content=\"GERO\" \/>\n<meta property=\"article:publisher\" content=\"https:\/\/www.facebook.com\/Kompetenzzenter\/\" \/>\n<meta property=\"article:modified_time\" content=\"2022-11-08T08:22:10+00:00\" \/>\n<meta property=\"og:image\" content=\"https:\/\/www.gero.lu\/wp-content\/uploads\/2021\/08\/gettyimages-1135289130-2048x2048_RET-1.jpg\" \/>\n\t<meta property=\"og:image:width\" content=\"1227\" \/>\n\t<meta property=\"og:image:height\" content=\"802\" \/>\n\t<meta property=\"og:image:type\" content=\"image\/jpeg\" \/>\n<meta name=\"twitter:card\" content=\"summary_large_image\" \/>\n<meta name=\"twitter:label1\" content=\"Gesch\u00e4tzte Lesezeit\" \/>\n\t<meta name=\"twitter:data1\" content=\"1\u00a0Minute\" \/>\n<script type=\"application\/ld+json\" class=\"yoast-schema-graph\">{\"@context\":\"https:\\\/\\\/schema.org\",\"@graph\":[{\"@type\":\"WebPage\",\"@id\":\"https:\\\/\\\/www.gero.lu\\\/de\\\/produit\\\/relax-mit-yoga-nidra-teil-2\",\"url\":\"https:\\\/\\\/www.gero.lu\\\/de\\\/produit\\\/relax-mit-yoga-nidra-teil-2\",\"name\":\"Relax ! Mit Yoga Nidra (Teil 2) - GERO\",\"isPartOf\":{\"@id\":\"https:\\\/\\\/www.gero.lu\\\/de\\\/#website\"},\"datePublished\":\"2022-07-07T08:21:28+00:00\",\"dateModified\":\"2022-11-08T08:22:10+00:00\",\"breadcrumb\":{\"@id\":\"https:\\\/\\\/www.gero.lu\\\/de\\\/produit\\\/relax-mit-yoga-nidra-teil-2#breadcrumb\"},\"inLanguage\":\"de\",\"potentialAction\":[{\"@type\":\"ReadAction\",\"target\":[[\"https:\\\/\\\/www.gero.lu\\\/de\\\/produit\\\/relax-mit-yoga-nidra-teil-2\"]]}]},{\"@type\":\"BreadcrumbList\",\"@id\":\"https:\\\/\\\/www.gero.lu\\\/de\\\/produit\\\/relax-mit-yoga-nidra-teil-2#breadcrumb\",\"itemListElement\":[{\"@type\":\"ListItem\",\"position\":1,\"name\":\"Accueil\",\"item\":\"https:\\\/\\\/www.gero.lu\\\/de\\\/\"},{\"@type\":\"ListItem\",\"position\":2,\"name\":\"Shop\",\"item\":\"https:\\\/\\\/www.gero.lu\\\/de\\\/shop\"},{\"@type\":\"ListItem\",\"position\":3,\"name\":\"Relax ! Mit Yoga Nidra (Teil 2)\"}]},{\"@type\":\"WebSite\",\"@id\":\"https:\\\/\\\/www.gero.lu\\\/de\\\/#website\",\"url\":\"https:\\\/\\\/www.gero.lu\\\/de\\\/\",\"name\":\"Gero\",\"description\":\"Kompetenzzenter fir den Alter\",\"publisher\":{\"@id\":\"https:\\\/\\\/www.gero.lu\\\/de\\\/#organization\"},\"potentialAction\":[{\"@type\":\"SearchAction\",\"target\":{\"@type\":\"EntryPoint\",\"urlTemplate\":\"https:\\\/\\\/www.gero.lu\\\/de\\\/?s={search_term_string}\"},\"query-input\":{\"@type\":\"PropertyValueSpecification\",\"valueRequired\":true,\"valueName\":\"search_term_string\"}}],\"inLanguage\":\"de\"},{\"@type\":\"Organization\",\"@id\":\"https:\\\/\\\/www.gero.lu\\\/de\\\/#organization\",\"name\":\"Gero\",\"url\":\"https:\\\/\\\/www.gero.lu\\\/de\\\/\",\"logo\":{\"@type\":\"ImageObject\",\"inLanguage\":\"de\",\"@id\":\"https:\\\/\\\/www.gero.lu\\\/de\\\/#\\\/schema\\\/logo\\\/image\\\/\",\"url\":\"https:\\\/\\\/www.gero.lu\\\/wp-content\\\/uploads\\\/2024\\\/04\\\/logo.svg\",\"contentUrl\":\"https:\\\/\\\/www.gero.lu\\\/wp-content\\\/uploads\\\/2024\\\/04\\\/logo.svg\",\"width\":76,\"height\":30,\"caption\":\"Gero\"},\"image\":{\"@id\":\"https:\\\/\\\/www.gero.lu\\\/de\\\/#\\\/schema\\\/logo\\\/image\\\/\"},\"sameAs\":[\"https:\\\/\\\/www.facebook.com\\\/Kompetenzzenter\\\/\",\"https:\\\/\\\/www.instagram.com\\\/gero.kompetenzzenter\\\/\",\"https:\\\/\\\/linkedin.com\\\/company\\\/gero-kompetenzzenter-fir-den-alter\",\"https:\\\/\\\/www.youtube.com\\\/channel\\\/UCJvmJYSeHh3dYQsLHZupj-Q\"]}]}<\/script>\n<!-- \/ Yoast SEO Premium plugin. -->","yoast_head_json":{"title":"Relax ! Mit Yoga Nidra (Teil 2) - GERO","robots":{"index":"index","follow":"follow","max-snippet":"max-snippet:-1","max-image-preview":"max-image-preview:large","max-video-preview":"max-video-preview:-1"},"canonical":"https:\/\/www.gero.lu\/de\/produit\/relax-mit-yoga-nidra-teil-2","og_locale":"de_DE","og_type":"article","og_title":"Relax ! Mit Yoga Nidra (Teil 2)","og_description":"Einfach mal kurz ausklinken aus dem Alltag? Dann erleben Sie mit Kursleiterin Nora Schlesser eine erholsame Auszeit beim Yoga Nidra. Yoga Nidra ist keine Variante des beliebten Hatha Yoga, in dem Asanas ge\u00fcbt werden, sondern hier steht Pratyahara, der R\u00fcckzug der Sinne, im Mittelpunkt. Der Begriff kommst aus dem Sanskritt. Yoga bedeutet Vereinigung oder auf [&hellip;]","og_url":"https:\/\/www.gero.lu\/de\/produit\/relax-mit-yoga-nidra-teil-2","og_site_name":"GERO","article_publisher":"https:\/\/www.facebook.com\/Kompetenzzenter\/","article_modified_time":"2022-11-08T08:22:10+00:00","og_image":[{"width":1227,"height":802,"url":"https:\/\/www.gero.lu\/wp-content\/uploads\/2021\/08\/gettyimages-1135289130-2048x2048_RET-1.jpg","type":"image\/jpeg"}],"twitter_card":"summary_large_image","twitter_misc":{"Gesch\u00e4tzte Lesezeit":"1\u00a0Minute"},"schema":{"@context":"https:\/\/schema.org","@graph":[{"@type":"WebPage","@id":"https:\/\/www.gero.lu\/de\/produit\/relax-mit-yoga-nidra-teil-2","url":"https:\/\/www.gero.lu\/de\/produit\/relax-mit-yoga-nidra-teil-2","name":"Relax ! Mit Yoga Nidra (Teil 2) - GERO","isPartOf":{"@id":"https:\/\/www.gero.lu\/de\/#website"},"datePublished":"2022-07-07T08:21:28+00:00","dateModified":"2022-11-08T08:22:10+00:00","breadcrumb":{"@id":"https:\/\/www.gero.lu\/de\/produit\/relax-mit-yoga-nidra-teil-2#breadcrumb"},"inLanguage":"de","potentialAction":[{"@type":"ReadAction","target":[["https:\/\/www.gero.lu\/de\/produit\/relax-mit-yoga-nidra-teil-2"]]}]},{"@type":"BreadcrumbList","@id":"https:\/\/www.gero.lu\/de\/produit\/relax-mit-yoga-nidra-teil-2#breadcrumb","itemListElement":[{"@type":"ListItem","position":1,"name":"Accueil","item":"https:\/\/www.gero.lu\/de\/"},{"@type":"ListItem","position":2,"name":"Shop","item":"https:\/\/www.gero.lu\/de\/shop"},{"@type":"ListItem","position":3,"name":"Relax ! Mit Yoga Nidra (Teil 2)"}]},{"@type":"WebSite","@id":"https:\/\/www.gero.lu\/de\/#website","url":"https:\/\/www.gero.lu\/de\/","name":"Gero","description":"Kompetenzzenter fir den Alter","publisher":{"@id":"https:\/\/www.gero.lu\/de\/#organization"},"potentialAction":[{"@type":"SearchAction","target":{"@type":"EntryPoint","urlTemplate":"https:\/\/www.gero.lu\/de\/?s={search_term_string}"},"query-input":{"@type":"PropertyValueSpecification","valueRequired":true,"valueName":"search_term_string"}}],"inLanguage":"de"},{"@type":"Organization","@id":"https:\/\/www.gero.lu\/de\/#organization","name":"Gero","url":"https:\/\/www.gero.lu\/de\/","logo":{"@type":"ImageObject","inLanguage":"de","@id":"https:\/\/www.gero.lu\/de\/#\/schema\/logo\/image\/","url":"https:\/\/www.gero.lu\/wp-content\/uploads\/2024\/04\/logo.svg","contentUrl":"https:\/\/www.gero.lu\/wp-content\/uploads\/2024\/04\/logo.svg","width":76,"height":30,"caption":"Gero"},"image":{"@id":"https:\/\/www.gero.lu\/de\/#\/schema\/logo\/image\/"},"sameAs":["https:\/\/www.facebook.com\/Kompetenzzenter\/","https:\/\/www.instagram.com\/gero.kompetenzzenter\/","https:\/\/linkedin.com\/company\/gero-kompetenzzenter-fir-den-alter","https:\/\/www.youtube.com\/channel\/UCJvmJYSeHh3dYQsLHZupj-Q"]}]}},"_links":{"self":[{"href":"https:\/\/www.gero.lu\/de\/wp-json\/wp\/v2\/product\/4059","targetHints":{"allow":["GET"]}}],"collection":[{"href":"https:\/\/www.gero.lu\/de\/wp-json\/wp\/v2\/product"}],"about":[{"href":"https:\/\/www.gero.lu\/de\/wp-json\/wp\/v2\/types\/product"}],"replies":[{"embeddable":true,"href":"https:\/\/www.gero.lu\/de\/wp-json\/wp\/v2\/comments?post=4059"}],"wp:attachment":[{"href":"https:\/\/www.gero.lu\/de\/wp-json\/wp\/v2\/media?parent=4059"}],"wp:term":[{"taxonomy":"product_brand","embeddable":true,"href":"https:\/\/www.gero.lu\/de\/wp-json\/wp\/v2\/product_brand?post=4059"},{"taxonomy":"product_cat","embeddable":true,"href":"https:\/\/www.gero.lu\/de\/wp-json\/wp\/v2\/product_cat?post=4059"},{"taxonomy":"product_tag","embeddable":true,"href":"https:\/\/www.gero.lu\/de\/wp-json\/wp\/v2\/product_tag?post=4059"}],"curies":[{"name":"wp","href":"https:\/\/api.w.org\/{rel}","templated":true}]}}

<p>Einfach mal kurz ausklinken aus dem Alltag? Dann erleben Sie mit Kursleiterin Nora Schlesser eine erholsame Auszeit beim Yoga Nidra.</p>
<p>Yoga Nidra ist keine Variante des beliebten Hatha Yoga, in dem Asanas geübt werden, sondern hier steht Pratyahara, der Rückzug der Sinne, im Mittelpunkt. Der Begriff kommst aus dem Sanskritt. Yoga bedeutet Vereinigung oder auf einen Punkt gerichtet sein, Nidra heißt Schlaf. Yoga Nidra ist ein Mentaltraining, das die Kreativität verbessert und eine positiven Einfluss auf psychosomatische Krankheiten hat. Im Zustand völliger Entspannung erfahren Sie Zugang zum Unterbewusstsein, wo Sie durch ein Sankalpa, einen bewussten Vorsatz, Veränderungsprozesse anregen können. Diese Tiefenentspannungstechnik wird im Liegen ausgeübt, kann aber auch im Sitzen praktiziert werden.</p>
<p>Bitte bringen Sie eine Yoga/Sportmatte, eine Decke, evt. ein (Sitz)kissen und eine Wasserflasche mit. Achten Sie auf bequeme Kleidung, damit nichts Ihrer völligen Entspannung im Wege steht.</p>
<p>Sie können auch beide Kursreihen (Teil 1 &amp; Teil 2) belegen.</p>

<p>Einfach mal kurz ausklinken aus dem Alltag? Dann erleben Sie mit Kursleiterin Nora Schlesser eine erholsame Auszeit beim Yoga Nidra. Yoga Nidra ist keine Variante des beliebten Hatha Yoga, in dem Asanas geübt werden, sondern hier steht Pratyahara, der Rückzug der Sinne, im Mittelpunkt. Der Begriff kommst aus dem Sanskritt. Yoga bedeutet Vereinigung oder auf [&hellip;]</p>

<!-- This site is optimized with the Yoast SEO Premium plugin v27.4 (Yoast SEO v27.5) - https://yoast.com/product/yoast-seo-premium-wordpress/ -->
<title>Relax ! Mit Yoga Nidra (Teil 2) - GERO</title>
<meta name="robots" content="index, follow, max-snippet:-1, max-image-preview:large, max-video-preview:-1" />
<link rel="canonical" href="https://www.gero.lu/de/produit/relax-mit-yoga-nidra-teil-2" />
<meta property="og:locale" content="de_DE" />
<meta property="og:type" content="article" />
<meta property="og:title" content="Relax ! Mit Yoga Nidra (Teil 2)" />
<meta property="og:description" content="Einfach mal kurz ausklinken aus dem Alltag? Dann erleben Sie mit Kursleiterin Nora Schlesser eine erholsame Auszeit beim Yoga Nidra. Yoga Nidra ist keine Variante des beliebten Hatha Yoga, in dem Asanas geübt werden, sondern hier steht Pratyahara, der Rückzug der Sinne, im Mittelpunkt. Der Begriff kommst aus dem Sanskritt. Yoga bedeutet Vereinigung oder auf [&hellip;]" />
<meta property="og:url" content="https://www.gero.lu/de/produit/relax-mit-yoga-nidra-teil-2" />
<meta property="og:site_name" content="GERO" />
<meta property="article:publisher" content="https://www.facebook.com/Kompetenzzenter/" />
<meta property="article:modified_time" content="2022-11-08T08:22:10+00:00" />
<meta property="og:image" content="https://www.gero.lu/wp-content/uploads/2021/08/gettyimages-1135289130-2048x2048_RET-1.jpg" />
	<meta property="og:image:width" content="1227" />
	<meta property="og:image:height" content="802" />
	<meta property="og:image:type" content="image/jpeg" />
<meta name="twitter:card" content="summary_large_image" />
<meta name="twitter:label1" content="Geschätzte Lesezeit" />
	<meta name="twitter:data1" content="1 Minute" />
<script type="application/ld+json" class="yoast-schema-graph">{"@context":"https:\/\/schema.org","@graph":[{"@type":"WebPage","@id":"https:\/\/www.gero.lu\/de\/produit\/relax-mit-yoga-nidra-teil-2","url":"https:\/\/www.gero.lu\/de\/produit\/relax-mit-yoga-nidra-teil-2","name":"Relax ! Mit Yoga Nidra (Teil 2) - GERO","isPartOf":{"@id":"https:\/\/www.gero.lu\/de\/#website"},"datePublished":"2022-07-07T08:21:28+00:00","dateModified":"2022-11-08T08:22:10+00:00","breadcrumb":{"@id":"https:\/\/www.gero.lu\/de\/produit\/relax-mit-yoga-nidra-teil-2#breadcrumb"},"inLanguage":"de","potentialAction":[{"@type":"ReadAction","target":[["https:\/\/www.gero.lu\/de\/produit\/relax-mit-yoga-nidra-teil-2"]]}]},{"@type":"BreadcrumbList","@id":"https:\/\/www.gero.lu\/de\/produit\/relax-mit-yoga-nidra-teil-2#breadcrumb","itemListElement":[{"@type":"ListItem","position":1,"name":"Accueil","item":"https:\/\/www.gero.lu\/de\/"},{"@type":"ListItem","position":2,"name":"Shop","item":"https:\/\/www.gero.lu\/de\/shop"},{"@type":"ListItem","position":3,"name":"Relax ! Mit Yoga Nidra (Teil 2)"}]},{"@type":"WebSite","@id":"https:\/\/www.gero.lu\/de\/#website","url":"https:\/\/www.gero.lu\/de\/","name":"Gero","description":"Kompetenzzenter fir den Alter","publisher":{"@id":"https:\/\/www.gero.lu\/de\/#organization"},"potentialAction":[{"@type":"SearchAction","target":{"@type":"EntryPoint","urlTemplate":"https:\/\/www.gero.lu\/de\/?s={search_term_string}"},"query-input":{"@type":"PropertyValueSpecification","valueRequired":true,"valueName":"search_term_string"}}],"inLanguage":"de"},{"@type":"Organization","@id":"https:\/\/www.gero.lu\/de\/#organization","name":"Gero","url":"https:\/\/www.gero.lu\/de\/","logo":{"@type":"ImageObject","inLanguage":"de","@id":"https:\/\/www.gero.lu\/de\/#\/schema\/logo\/image\/","url":"https:\/\/www.gero.lu\/wp-content\/uploads\/2024\/04\/logo.svg","contentUrl":"https:\/\/www.gero.lu\/wp-content\/uploads\/2024\/04\/logo.svg","width":76,"height":30,"caption":"Gero"},"image":{"@id":"https:\/\/www.gero.lu\/de\/#\/schema\/logo\/image\/"},"sameAs":["https:\/\/www.facebook.com\/Kompetenzzenter\/","https:\/\/www.instagram.com\/gero.kompetenzzenter\/","https:\/\/linkedin.com\/company\/gero-kompetenzzenter-fir-den-alter","https:\/\/www.youtube.com\/channel\/UCJvmJYSeHh3dYQsLHZupj-Q"]}]}</script>
<!-- / Yoast SEO Premium plugin. -->

Einfach mal kurz ausklinken aus dem Alltag? Dann erleben Sie mit Kursleiterin Nora Schlesser eine erholsame Auszeit beim Yoga Nidra. Yoga Nidra ist keine Variante des beliebten Hatha Yoga, in dem Asanas geübt werden, sondern hier steht Pratyahara, der Rückzug der Sinne, im Mittelpunkt. Der Begriff kommst aus dem Sanskritt. Yoga bedeutet Vereinigung oder auf [&hellip;]
