{"id":3915,"date":"2022-05-25T07:21:49","date_gmt":"2022-05-25T07:21:49","guid":{"rendered":"https:\/\/www.gero.lu\/fr\/produit\/luxemburgs-koloniale-vergangenheit"},"modified":"2022-07-04T08:21:43","modified_gmt":"2022-07-04T08:21:43","slug":"luxemburgs-koloniale-vergangenheit","status":"publish","type":"product","link":"https:\/\/www.gero.lu\/de\/produit\/luxemburgs-koloniale-vergangenheit","title":{"rendered":"Luxemburgs koloniale Vergangenheit"},"content":{"rendered":"<p>Hat Luxemburg eine koloniale Vergangenheit? Viele Luxemburger*innen w\u00fcrden sicherlich mit einem klaren Nein antworten, denn der luxemburgische Staat war nie eine Kolonialmacht. Die Sonderausstellung im Nationalmuseum f\u00fcr Geschichte und Kunst (MNHA) macht der \u00d6ffentlichkeit Zeugnisse aus privaten und institutionellen Sammlungen zug\u00e4nglich und zeigt die Komplexit\u00e4t der kolonialen Beziehungen Luxemburgs. Dar\u00fcber hinaus gibt das Museum neun Menschen von heute das Wort, deren Leben eng mit Luxemburg verbunden und durch die koloniale Vergangenheit gepr\u00e4gt sind.<\/p>\n","protected":false},"excerpt":{"rendered":"<p>Hat Luxemburg eine koloniale Vergangenheit? Viele Luxemburger*innen w\u00fcrden sicherlich mit einem klaren Nein antworten, denn der luxemburgische Staat war nie eine Kolonialmacht. Die Sonderausstellung im Nationalmuseum f\u00fcr Geschichte und Kunst (MNHA) macht der \u00d6ffentlichkeit Zeugnisse aus privaten und institutionellen Sammlungen zug\u00e4nglich und zeigt die Komplexit\u00e4t der kolonialen Beziehungen Luxemburgs. Dar\u00fcber hinaus gibt das Museum neun [&hellip;]<\/p>\n","protected":false},"featured_media":0,"comment_status":"closed","ping_status":"closed","template":"","meta":{"_acf_changed":false,"inline_featured_image":false},"product_brand":[],"product_cat":[230],"product_tag":[199],"class_list":{"0":"post-3915","1":"product","2":"type-product","3":"status-publish","5":"product_cat-visite","6":"product_tag-culture-senior","8":"first","9":"instock","10":"virtual","11":"purchasable","12":"product-type-simple"},"acf":[],"yoast_head":"<!-- This site is optimized with the Yoast SEO Premium plugin v27.4 (Yoast SEO v27.5) - https:\/\/yoast.com\/product\/yoast-seo-premium-wordpress\/ -->\n<title>Luxemburgs koloniale Vergangenheit - GERO<\/title>\n<meta name=\"robots\" content=\"index, follow, max-snippet:-1, max-image-preview:large, max-video-preview:-1\" \/>\n<link rel=\"canonical\" href=\"https:\/\/www.gero.lu\/de\/produit\/luxemburgs-koloniale-vergangenheit\" \/>\n<meta property=\"og:locale\" content=\"de_DE\" \/>\n<meta property=\"og:type\" content=\"article\" \/>\n<meta property=\"og:title\" content=\"Luxemburgs koloniale Vergangenheit\" \/>\n<meta property=\"og:description\" content=\"Hat Luxemburg eine koloniale Vergangenheit? Viele Luxemburger*innen w\u00fcrden sicherlich mit einem klaren Nein antworten, denn der luxemburgische Staat war nie eine Kolonialmacht. Die Sonderausstellung im Nationalmuseum f\u00fcr Geschichte und Kunst (MNHA) macht der \u00d6ffentlichkeit Zeugnisse aus privaten und institutionellen Sammlungen zug\u00e4nglich und zeigt die Komplexit\u00e4t der kolonialen Beziehungen Luxemburgs. Dar\u00fcber hinaus gibt das Museum neun [&hellip;]\" \/>\n<meta property=\"og:url\" content=\"https:\/\/www.gero.lu\/de\/produit\/luxemburgs-koloniale-vergangenheit\" \/>\n<meta property=\"og:site_name\" content=\"GERO\" \/>\n<meta property=\"article:publisher\" content=\"https:\/\/www.facebook.com\/Kompetenzzenter\/\" \/>\n<meta property=\"article:modified_time\" content=\"2022-07-04T08:21:43+00:00\" \/>\n<meta property=\"og:image\" content=\"https:\/\/www.gero.lu\/wp-content\/uploads\/2021\/08\/gettyimages-1135289130-2048x2048_RET-1.jpg\" \/>\n\t<meta property=\"og:image:width\" content=\"1227\" \/>\n\t<meta property=\"og:image:height\" content=\"802\" \/>\n\t<meta property=\"og:image:type\" content=\"image\/jpeg\" \/>\n<meta name=\"twitter:card\" content=\"summary_large_image\" \/>\n<script type=\"application\/ld+json\" class=\"yoast-schema-graph\">{\"@context\":\"https:\\\/\\\/schema.org\",\"@graph\":[{\"@type\":\"WebPage\",\"@id\":\"https:\\\/\\\/www.gero.lu\\\/de\\\/produit\\\/luxemburgs-koloniale-vergangenheit\",\"url\":\"https:\\\/\\\/www.gero.lu\\\/de\\\/produit\\\/luxemburgs-koloniale-vergangenheit\",\"name\":\"Luxemburgs koloniale Vergangenheit - GERO\",\"isPartOf\":{\"@id\":\"https:\\\/\\\/www.gero.lu\\\/de\\\/#website\"},\"datePublished\":\"2022-05-25T07:21:49+00:00\",\"dateModified\":\"2022-07-04T08:21:43+00:00\",\"breadcrumb\":{\"@id\":\"https:\\\/\\\/www.gero.lu\\\/de\\\/produit\\\/luxemburgs-koloniale-vergangenheit#breadcrumb\"},\"inLanguage\":\"de\",\"potentialAction\":[{\"@type\":\"ReadAction\",\"target\":[[\"https:\\\/\\\/www.gero.lu\\\/de\\\/produit\\\/luxemburgs-koloniale-vergangenheit\"]]}]},{\"@type\":\"BreadcrumbList\",\"@id\":\"https:\\\/\\\/www.gero.lu\\\/de\\\/produit\\\/luxemburgs-koloniale-vergangenheit#breadcrumb\",\"itemListElement\":[{\"@type\":\"ListItem\",\"position\":1,\"name\":\"Accueil\",\"item\":\"https:\\\/\\\/www.gero.lu\\\/de\\\/\"},{\"@type\":\"ListItem\",\"position\":2,\"name\":\"Shop\",\"item\":\"https:\\\/\\\/www.gero.lu\\\/de\\\/shop\"},{\"@type\":\"ListItem\",\"position\":3,\"name\":\"Luxemburgs koloniale Vergangenheit\"}]},{\"@type\":\"WebSite\",\"@id\":\"https:\\\/\\\/www.gero.lu\\\/de\\\/#website\",\"url\":\"https:\\\/\\\/www.gero.lu\\\/de\\\/\",\"name\":\"Gero\",\"description\":\"Kompetenzzenter fir den Alter\",\"publisher\":{\"@id\":\"https:\\\/\\\/www.gero.lu\\\/de\\\/#organization\"},\"potentialAction\":[{\"@type\":\"SearchAction\",\"target\":{\"@type\":\"EntryPoint\",\"urlTemplate\":\"https:\\\/\\\/www.gero.lu\\\/de\\\/?s={search_term_string}\"},\"query-input\":{\"@type\":\"PropertyValueSpecification\",\"valueRequired\":true,\"valueName\":\"search_term_string\"}}],\"inLanguage\":\"de\"},{\"@type\":\"Organization\",\"@id\":\"https:\\\/\\\/www.gero.lu\\\/de\\\/#organization\",\"name\":\"Gero\",\"url\":\"https:\\\/\\\/www.gero.lu\\\/de\\\/\",\"logo\":{\"@type\":\"ImageObject\",\"inLanguage\":\"de\",\"@id\":\"https:\\\/\\\/www.gero.lu\\\/de\\\/#\\\/schema\\\/logo\\\/image\\\/\",\"url\":\"https:\\\/\\\/www.gero.lu\\\/wp-content\\\/uploads\\\/2024\\\/04\\\/logo.svg\",\"contentUrl\":\"https:\\\/\\\/www.gero.lu\\\/wp-content\\\/uploads\\\/2024\\\/04\\\/logo.svg\",\"width\":76,\"height\":30,\"caption\":\"Gero\"},\"image\":{\"@id\":\"https:\\\/\\\/www.gero.lu\\\/de\\\/#\\\/schema\\\/logo\\\/image\\\/\"},\"sameAs\":[\"https:\\\/\\\/www.facebook.com\\\/Kompetenzzenter\\\/\",\"https:\\\/\\\/www.instagram.com\\\/gero.kompetenzzenter\\\/\",\"https:\\\/\\\/linkedin.com\\\/company\\\/gero-kompetenzzenter-fir-den-alter\",\"https:\\\/\\\/www.youtube.com\\\/channel\\\/UCJvmJYSeHh3dYQsLHZupj-Q\"]}]}<\/script>\n<!-- \/ Yoast SEO Premium plugin. -->","yoast_head_json":{"title":"Luxemburgs koloniale Vergangenheit - GERO","robots":{"index":"index","follow":"follow","max-snippet":"max-snippet:-1","max-image-preview":"max-image-preview:large","max-video-preview":"max-video-preview:-1"},"canonical":"https:\/\/www.gero.lu\/de\/produit\/luxemburgs-koloniale-vergangenheit","og_locale":"de_DE","og_type":"article","og_title":"Luxemburgs koloniale Vergangenheit","og_description":"Hat Luxemburg eine koloniale Vergangenheit? Viele Luxemburger*innen w\u00fcrden sicherlich mit einem klaren Nein antworten, denn der luxemburgische Staat war nie eine Kolonialmacht. Die Sonderausstellung im Nationalmuseum f\u00fcr Geschichte und Kunst (MNHA) macht der \u00d6ffentlichkeit Zeugnisse aus privaten und institutionellen Sammlungen zug\u00e4nglich und zeigt die Komplexit\u00e4t der kolonialen Beziehungen Luxemburgs. Dar\u00fcber hinaus gibt das Museum neun [&hellip;]","og_url":"https:\/\/www.gero.lu\/de\/produit\/luxemburgs-koloniale-vergangenheit","og_site_name":"GERO","article_publisher":"https:\/\/www.facebook.com\/Kompetenzzenter\/","article_modified_time":"2022-07-04T08:21:43+00:00","og_image":[{"width":1227,"height":802,"url":"https:\/\/www.gero.lu\/wp-content\/uploads\/2021\/08\/gettyimages-1135289130-2048x2048_RET-1.jpg","type":"image\/jpeg"}],"twitter_card":"summary_large_image","schema":{"@context":"https:\/\/schema.org","@graph":[{"@type":"WebPage","@id":"https:\/\/www.gero.lu\/de\/produit\/luxemburgs-koloniale-vergangenheit","url":"https:\/\/www.gero.lu\/de\/produit\/luxemburgs-koloniale-vergangenheit","name":"Luxemburgs koloniale Vergangenheit - GERO","isPartOf":{"@id":"https:\/\/www.gero.lu\/de\/#website"},"datePublished":"2022-05-25T07:21:49+00:00","dateModified":"2022-07-04T08:21:43+00:00","breadcrumb":{"@id":"https:\/\/www.gero.lu\/de\/produit\/luxemburgs-koloniale-vergangenheit#breadcrumb"},"inLanguage":"de","potentialAction":[{"@type":"ReadAction","target":[["https:\/\/www.gero.lu\/de\/produit\/luxemburgs-koloniale-vergangenheit"]]}]},{"@type":"BreadcrumbList","@id":"https:\/\/www.gero.lu\/de\/produit\/luxemburgs-koloniale-vergangenheit#breadcrumb","itemListElement":[{"@type":"ListItem","position":1,"name":"Accueil","item":"https:\/\/www.gero.lu\/de\/"},{"@type":"ListItem","position":2,"name":"Shop","item":"https:\/\/www.gero.lu\/de\/shop"},{"@type":"ListItem","position":3,"name":"Luxemburgs koloniale Vergangenheit"}]},{"@type":"WebSite","@id":"https:\/\/www.gero.lu\/de\/#website","url":"https:\/\/www.gero.lu\/de\/","name":"Gero","description":"Kompetenzzenter fir den Alter","publisher":{"@id":"https:\/\/www.gero.lu\/de\/#organization"},"potentialAction":[{"@type":"SearchAction","target":{"@type":"EntryPoint","urlTemplate":"https:\/\/www.gero.lu\/de\/?s={search_term_string}"},"query-input":{"@type":"PropertyValueSpecification","valueRequired":true,"valueName":"search_term_string"}}],"inLanguage":"de"},{"@type":"Organization","@id":"https:\/\/www.gero.lu\/de\/#organization","name":"Gero","url":"https:\/\/www.gero.lu\/de\/","logo":{"@type":"ImageObject","inLanguage":"de","@id":"https:\/\/www.gero.lu\/de\/#\/schema\/logo\/image\/","url":"https:\/\/www.gero.lu\/wp-content\/uploads\/2024\/04\/logo.svg","contentUrl":"https:\/\/www.gero.lu\/wp-content\/uploads\/2024\/04\/logo.svg","width":76,"height":30,"caption":"Gero"},"image":{"@id":"https:\/\/www.gero.lu\/de\/#\/schema\/logo\/image\/"},"sameAs":["https:\/\/www.facebook.com\/Kompetenzzenter\/","https:\/\/www.instagram.com\/gero.kompetenzzenter\/","https:\/\/linkedin.com\/company\/gero-kompetenzzenter-fir-den-alter","https:\/\/www.youtube.com\/channel\/UCJvmJYSeHh3dYQsLHZupj-Q"]}]}},"_links":{"self":[{"href":"https:\/\/www.gero.lu\/de\/wp-json\/wp\/v2\/product\/3915","targetHints":{"allow":["GET"]}}],"collection":[{"href":"https:\/\/www.gero.lu\/de\/wp-json\/wp\/v2\/product"}],"about":[{"href":"https:\/\/www.gero.lu\/de\/wp-json\/wp\/v2\/types\/product"}],"replies":[{"embeddable":true,"href":"https:\/\/www.gero.lu\/de\/wp-json\/wp\/v2\/comments?post=3915"}],"wp:attachment":[{"href":"https:\/\/www.gero.lu\/de\/wp-json\/wp\/v2\/media?parent=3915"}],"wp:term":[{"taxonomy":"product_brand","embeddable":true,"href":"https:\/\/www.gero.lu\/de\/wp-json\/wp\/v2\/product_brand?post=3915"},{"taxonomy":"product_cat","embeddable":true,"href":"https:\/\/www.gero.lu\/de\/wp-json\/wp\/v2\/product_cat?post=3915"},{"taxonomy":"product_tag","embeddable":true,"href":"https:\/\/www.gero.lu\/de\/wp-json\/wp\/v2\/product_tag?post=3915"}],"curies":[{"name":"wp","href":"https:\/\/api.w.org\/{rel}","templated":true}]}}

<p>Hat Luxemburg eine koloniale Vergangenheit? Viele Luxemburger*innen würden sicherlich mit einem klaren Nein antworten, denn der luxemburgische Staat war nie eine Kolonialmacht. Die Sonderausstellung im Nationalmuseum für Geschichte und Kunst (MNHA) macht der Öffentlichkeit Zeugnisse aus privaten und institutionellen Sammlungen zugänglich und zeigt die Komplexität der kolonialen Beziehungen Luxemburgs. Darüber hinaus gibt das Museum neun Menschen von heute das Wort, deren Leben eng mit Luxemburg verbunden und durch die koloniale Vergangenheit geprägt sind.</p>

<p>Hat Luxemburg eine koloniale Vergangenheit? Viele Luxemburger*innen würden sicherlich mit einem klaren Nein antworten, denn der luxemburgische Staat war nie eine Kolonialmacht. Die Sonderausstellung im Nationalmuseum für Geschichte und Kunst (MNHA) macht der Öffentlichkeit Zeugnisse aus privaten und institutionellen Sammlungen zugänglich und zeigt die Komplexität der kolonialen Beziehungen Luxemburgs. Darüber hinaus gibt das Museum neun [&hellip;]</p>

<!-- This site is optimized with the Yoast SEO Premium plugin v27.4 (Yoast SEO v27.5) - https://yoast.com/product/yoast-seo-premium-wordpress/ -->
<title>Luxemburgs koloniale Vergangenheit - GERO</title>
<meta name="robots" content="index, follow, max-snippet:-1, max-image-preview:large, max-video-preview:-1" />
<link rel="canonical" href="https://www.gero.lu/de/produit/luxemburgs-koloniale-vergangenheit" />
<meta property="og:locale" content="de_DE" />
<meta property="og:type" content="article" />
<meta property="og:title" content="Luxemburgs koloniale Vergangenheit" />
<meta property="og:description" content="Hat Luxemburg eine koloniale Vergangenheit? Viele Luxemburger*innen würden sicherlich mit einem klaren Nein antworten, denn der luxemburgische Staat war nie eine Kolonialmacht. Die Sonderausstellung im Nationalmuseum für Geschichte und Kunst (MNHA) macht der Öffentlichkeit Zeugnisse aus privaten und institutionellen Sammlungen zugänglich und zeigt die Komplexität der kolonialen Beziehungen Luxemburgs. Darüber hinaus gibt das Museum neun [&hellip;]" />
<meta property="og:url" content="https://www.gero.lu/de/produit/luxemburgs-koloniale-vergangenheit" />
<meta property="og:site_name" content="GERO" />
<meta property="article:publisher" content="https://www.facebook.com/Kompetenzzenter/" />
<meta property="article:modified_time" content="2022-07-04T08:21:43+00:00" />
<meta property="og:image" content="https://www.gero.lu/wp-content/uploads/2021/08/gettyimages-1135289130-2048x2048_RET-1.jpg" />
	<meta property="og:image:width" content="1227" />
	<meta property="og:image:height" content="802" />
	<meta property="og:image:type" content="image/jpeg" />
<meta name="twitter:card" content="summary_large_image" />
<script type="application/ld+json" class="yoast-schema-graph">{"@context":"https:\/\/schema.org","@graph":[{"@type":"WebPage","@id":"https:\/\/www.gero.lu\/de\/produit\/luxemburgs-koloniale-vergangenheit","url":"https:\/\/www.gero.lu\/de\/produit\/luxemburgs-koloniale-vergangenheit","name":"Luxemburgs koloniale Vergangenheit - GERO","isPartOf":{"@id":"https:\/\/www.gero.lu\/de\/#website"},"datePublished":"2022-05-25T07:21:49+00:00","dateModified":"2022-07-04T08:21:43+00:00","breadcrumb":{"@id":"https:\/\/www.gero.lu\/de\/produit\/luxemburgs-koloniale-vergangenheit#breadcrumb"},"inLanguage":"de","potentialAction":[{"@type":"ReadAction","target":[["https:\/\/www.gero.lu\/de\/produit\/luxemburgs-koloniale-vergangenheit"]]}]},{"@type":"BreadcrumbList","@id":"https:\/\/www.gero.lu\/de\/produit\/luxemburgs-koloniale-vergangenheit#breadcrumb","itemListElement":[{"@type":"ListItem","position":1,"name":"Accueil","item":"https:\/\/www.gero.lu\/de\/"},{"@type":"ListItem","position":2,"name":"Shop","item":"https:\/\/www.gero.lu\/de\/shop"},{"@type":"ListItem","position":3,"name":"Luxemburgs koloniale Vergangenheit"}]},{"@type":"WebSite","@id":"https:\/\/www.gero.lu\/de\/#website","url":"https:\/\/www.gero.lu\/de\/","name":"Gero","description":"Kompetenzzenter fir den Alter","publisher":{"@id":"https:\/\/www.gero.lu\/de\/#organization"},"potentialAction":[{"@type":"SearchAction","target":{"@type":"EntryPoint","urlTemplate":"https:\/\/www.gero.lu\/de\/?s={search_term_string}"},"query-input":{"@type":"PropertyValueSpecification","valueRequired":true,"valueName":"search_term_string"}}],"inLanguage":"de"},{"@type":"Organization","@id":"https:\/\/www.gero.lu\/de\/#organization","name":"Gero","url":"https:\/\/www.gero.lu\/de\/","logo":{"@type":"ImageObject","inLanguage":"de","@id":"https:\/\/www.gero.lu\/de\/#\/schema\/logo\/image\/","url":"https:\/\/www.gero.lu\/wp-content\/uploads\/2024\/04\/logo.svg","contentUrl":"https:\/\/www.gero.lu\/wp-content\/uploads\/2024\/04\/logo.svg","width":76,"height":30,"caption":"Gero"},"image":{"@id":"https:\/\/www.gero.lu\/de\/#\/schema\/logo\/image\/"},"sameAs":["https:\/\/www.facebook.com\/Kompetenzzenter\/","https:\/\/www.instagram.com\/gero.kompetenzzenter\/","https:\/\/linkedin.com\/company\/gero-kompetenzzenter-fir-den-alter","https:\/\/www.youtube.com\/channel\/UCJvmJYSeHh3dYQsLHZupj-Q"]}]}</script>
<!-- / Yoast SEO Premium plugin. -->

Hat Luxemburg eine koloniale Vergangenheit? Viele Luxemburger*innen würden sicherlich mit einem klaren Nein antworten, denn der luxemburgische Staat war nie eine Kolonialmacht. Die Sonderausstellung im Nationalmuseum für Geschichte und Kunst (MNHA) macht der Öffentlichkeit Zeugnisse aus privaten und institutionellen Sammlungen zugänglich und zeigt die Komplexität der kolonialen Beziehungen Luxemburgs. Darüber hinaus gibt das Museum neun [&hellip;]
