{"id":3597,"date":"2022-03-10T16:25:17","date_gmt":"2022-03-10T16:25:17","guid":{"rendered":"https:\/\/www.gero.lu\/produit\/effet-des-pratiques-de-pleine-conscience-et-de-compassion-chez-les-professionnels-de-la-sante-et-du-social"},"modified":"2022-12-06T10:21:29","modified_gmt":"2022-12-06T10:21:29","slug":"effet-des-pratiques-de-pleine-conscience-et-de-compassion-chez-les-professionnels-de-la-sante-et-du-social","status":"publish","type":"product","link":"https:\/\/www.gero.lu\/de\/produit\/effet-des-pratiques-de-pleine-conscience-et-de-compassion-chez-les-professionnels-de-la-sante-et-du-social","title":{"rendered":"Effet des pratiques de pleine conscience et de compassion chez les professionnels de la sant\u00e9 et du social"},"content":{"rendered":"<p>Lorsque nous utilisons le mot m\u00e9ditation, nous entendons l&#8217;entra\u00eenement \u00e0 la pleine conscience ou mindfulness \/ Achtsamkeit. C&#8217;est la capacit\u00e9 de percevoir le moment pr\u00e9sent tel qu&#8217;il est, avec toutes ses facettes. Gr\u00e2ce \u00e0 des exercices  de pleine conscience, nous apprenons peu \u00e0 peu \u00e0 nous arr\u00eater et \u00e0 cultiver la bienveillance, la bont\u00e9 et la compassion d&#8217;instant en instant.  Il ne s&#8217;agit pas de viser un \u00e9tat de vide mental, mais au contraire d&#8217;apprendre des moyens habiles pour faire face plus sereinement au stress de la vie quotidienne, afin d&#8217;avoir recours \u00e0 son refuge int\u00e9rieur.<br \/>\nEn effet, la pleine conscience permet de se lib\u00e9rer des sch\u00e9mas d&#8217;habitudes contraignants, afin de vivre cette vie pr\u00e9cieuse autant que possible sans souffrance, sans stress mais sereinement avec bonheur.<br \/>\nLe cours est compos\u00e9 d\u2019\u00e9l\u00e9ments th\u00e9oriques (PowerPoint)  et d\u2019exercices  pratiques de pleine conscience \/mindfulness.<\/p>\n<p>Th\u00e8mes :<br \/>\n&#8211;  Que signifie la m\u00e9ditation de pleine conscience ? &#8222;Pas besoin d&#8217;\u00eatre tib\u00e9tain pour m\u00e9diter&#8220;.<br \/>\n&#8211;  Neuroplasticit\u00e9 et m\u00e9ditation de pleine conscience : une fontaine de jouvence pour le cerveau ou bien   pourquoi la pratique de la pleine conscience est si importante dans le vieillissement ?<br \/>\n&#8211;  Effet des pratiques de pleine conscience et de compassion chez les professionnels de la sant\u00e9 : Metta \/ Tonglen<br \/>\n&#8211;  Implications \u00e9thiques de la pleine conscience : Percevoir sans juger.<br \/>\n&#8211;  \u00catre en pleine conscience, se montrer solidaire.<\/p>\n","protected":false},"excerpt":{"rendered":"<p>Lorsque nous utilisons le mot m\u00e9ditation, nous entendons l&#8217;entra\u00eenement \u00e0 la pleine conscience ou mindfulness \/ Achtsamkeit. C&#8217;est la capacit\u00e9 de percevoir le moment pr\u00e9sent tel qu&#8217;il est, avec toutes ses facettes. Gr\u00e2ce \u00e0 des exercices de pleine conscience, nous apprenons peu \u00e0 peu \u00e0 nous arr\u00eater et \u00e0 cultiver la bienveillance, la bont\u00e9 et [&hellip;]<\/p>\n","protected":false},"featured_media":0,"comment_status":"closed","ping_status":"closed","template":"","meta":{"_acf_changed":false,"inline_featured_image":false},"product_brand":[],"product_cat":[239],"product_tag":[234],"class_list":{"0":"post-3597","1":"product","2":"type-product","3":"status-publish","5":"product_cat-cours-pro","6":"product_tag-competence-personnelles-pro","8":"first","9":"instock","10":"virtual","11":"purchasable","12":"product-type-simple"},"acf":[],"yoast_head":"<!-- This site is optimized with the Yoast SEO Premium plugin v27.4 (Yoast SEO v27.5) - https:\/\/yoast.com\/product\/yoast-seo-premium-wordpress\/ -->\n<title>Effet des pratiques de pleine conscience et de compassion chez les professionnels de la sant\u00e9 et du social - GERO<\/title>\n<meta name=\"robots\" content=\"index, follow, max-snippet:-1, max-image-preview:large, max-video-preview:-1\" \/>\n<link rel=\"canonical\" href=\"https:\/\/www.gero.lu\/de\/produit\/effet-des-pratiques-de-pleine-conscience-et-de-compassion-chez-les-professionnels-de-la-sante-et-du-social\" \/>\n<meta property=\"og:locale\" content=\"de_DE\" \/>\n<meta property=\"og:type\" content=\"article\" \/>\n<meta property=\"og:title\" content=\"Effet des pratiques de pleine conscience et de compassion chez les professionnels de la sant\u00e9 et du social\" \/>\n<meta property=\"og:description\" content=\"Lorsque nous utilisons le mot m\u00e9ditation, nous entendons l&#8217;entra\u00eenement \u00e0 la pleine conscience ou mindfulness \/ Achtsamkeit. C&#8217;est la capacit\u00e9 de percevoir le moment pr\u00e9sent tel qu&#8217;il est, avec toutes ses facettes. Gr\u00e2ce \u00e0 des exercices de pleine conscience, nous apprenons peu \u00e0 peu \u00e0 nous arr\u00eater et \u00e0 cultiver la bienveillance, la bont\u00e9 et [&hellip;]\" \/>\n<meta property=\"og:url\" content=\"https:\/\/www.gero.lu\/de\/produit\/effet-des-pratiques-de-pleine-conscience-et-de-compassion-chez-les-professionnels-de-la-sante-et-du-social\" \/>\n<meta property=\"og:site_name\" content=\"GERO\" \/>\n<meta property=\"article:publisher\" content=\"https:\/\/www.facebook.com\/Kompetenzzenter\/\" \/>\n<meta property=\"article:modified_time\" content=\"2022-12-06T10:21:29+00:00\" \/>\n<meta property=\"og:image\" content=\"https:\/\/www.gero.lu\/wp-content\/uploads\/2021\/08\/gettyimages-1135289130-2048x2048_RET-1.jpg\" \/>\n\t<meta property=\"og:image:width\" content=\"1227\" \/>\n\t<meta property=\"og:image:height\" content=\"802\" \/>\n\t<meta property=\"og:image:type\" content=\"image\/jpeg\" \/>\n<meta name=\"twitter:card\" content=\"summary_large_image\" \/>\n<meta name=\"twitter:label1\" content=\"Gesch\u00e4tzte Lesezeit\" \/>\n\t<meta name=\"twitter:data1\" content=\"1\u00a0Minute\" \/>\n<script type=\"application\/ld+json\" class=\"yoast-schema-graph\">{\"@context\":\"https:\\\/\\\/schema.org\",\"@graph\":[{\"@type\":\"WebPage\",\"@id\":\"https:\\\/\\\/www.gero.lu\\\/de\\\/produit\\\/effet-des-pratiques-de-pleine-conscience-et-de-compassion-chez-les-professionnels-de-la-sante-et-du-social\",\"url\":\"https:\\\/\\\/www.gero.lu\\\/de\\\/produit\\\/effet-des-pratiques-de-pleine-conscience-et-de-compassion-chez-les-professionnels-de-la-sante-et-du-social\",\"name\":\"Effet des pratiques de pleine conscience et de compassion chez les professionnels de la sant\u00e9 et du social - GERO\",\"isPartOf\":{\"@id\":\"https:\\\/\\\/www.gero.lu\\\/de\\\/#website\"},\"datePublished\":\"2022-03-10T16:25:17+00:00\",\"dateModified\":\"2022-12-06T10:21:29+00:00\",\"breadcrumb\":{\"@id\":\"https:\\\/\\\/www.gero.lu\\\/de\\\/produit\\\/effet-des-pratiques-de-pleine-conscience-et-de-compassion-chez-les-professionnels-de-la-sante-et-du-social#breadcrumb\"},\"inLanguage\":\"de\",\"potentialAction\":[{\"@type\":\"ReadAction\",\"target\":[[\"https:\\\/\\\/www.gero.lu\\\/de\\\/produit\\\/effet-des-pratiques-de-pleine-conscience-et-de-compassion-chez-les-professionnels-de-la-sante-et-du-social\"]]}]},{\"@type\":\"BreadcrumbList\",\"@id\":\"https:\\\/\\\/www.gero.lu\\\/de\\\/produit\\\/effet-des-pratiques-de-pleine-conscience-et-de-compassion-chez-les-professionnels-de-la-sante-et-du-social#breadcrumb\",\"itemListElement\":[{\"@type\":\"ListItem\",\"position\":1,\"name\":\"Accueil\",\"item\":\"https:\\\/\\\/www.gero.lu\\\/de\\\/\"},{\"@type\":\"ListItem\",\"position\":2,\"name\":\"Shop\",\"item\":\"https:\\\/\\\/www.gero.lu\\\/de\\\/shop\"},{\"@type\":\"ListItem\",\"position\":3,\"name\":\"Effet des pratiques de pleine conscience et de compassion chez les professionnels de la sant\u00e9 et du social\"}]},{\"@type\":\"WebSite\",\"@id\":\"https:\\\/\\\/www.gero.lu\\\/de\\\/#website\",\"url\":\"https:\\\/\\\/www.gero.lu\\\/de\\\/\",\"name\":\"Gero\",\"description\":\"Kompetenzzenter fir den Alter\",\"publisher\":{\"@id\":\"https:\\\/\\\/www.gero.lu\\\/de\\\/#organization\"},\"potentialAction\":[{\"@type\":\"SearchAction\",\"target\":{\"@type\":\"EntryPoint\",\"urlTemplate\":\"https:\\\/\\\/www.gero.lu\\\/de\\\/?s={search_term_string}\"},\"query-input\":{\"@type\":\"PropertyValueSpecification\",\"valueRequired\":true,\"valueName\":\"search_term_string\"}}],\"inLanguage\":\"de\"},{\"@type\":\"Organization\",\"@id\":\"https:\\\/\\\/www.gero.lu\\\/de\\\/#organization\",\"name\":\"Gero\",\"url\":\"https:\\\/\\\/www.gero.lu\\\/de\\\/\",\"logo\":{\"@type\":\"ImageObject\",\"inLanguage\":\"de\",\"@id\":\"https:\\\/\\\/www.gero.lu\\\/de\\\/#\\\/schema\\\/logo\\\/image\\\/\",\"url\":\"https:\\\/\\\/www.gero.lu\\\/wp-content\\\/uploads\\\/2024\\\/04\\\/logo.svg\",\"contentUrl\":\"https:\\\/\\\/www.gero.lu\\\/wp-content\\\/uploads\\\/2024\\\/04\\\/logo.svg\",\"width\":76,\"height\":30,\"caption\":\"Gero\"},\"image\":{\"@id\":\"https:\\\/\\\/www.gero.lu\\\/de\\\/#\\\/schema\\\/logo\\\/image\\\/\"},\"sameAs\":[\"https:\\\/\\\/www.facebook.com\\\/Kompetenzzenter\\\/\",\"https:\\\/\\\/www.instagram.com\\\/gero.kompetenzzenter\\\/\",\"https:\\\/\\\/linkedin.com\\\/company\\\/gero-kompetenzzenter-fir-den-alter\",\"https:\\\/\\\/www.youtube.com\\\/channel\\\/UCJvmJYSeHh3dYQsLHZupj-Q\"]}]}<\/script>\n<!-- \/ Yoast SEO Premium plugin. -->","yoast_head_json":{"title":"Effet des pratiques de pleine conscience et de compassion chez les professionnels de la sant\u00e9 et du social - GERO","robots":{"index":"index","follow":"follow","max-snippet":"max-snippet:-1","max-image-preview":"max-image-preview:large","max-video-preview":"max-video-preview:-1"},"canonical":"https:\/\/www.gero.lu\/de\/produit\/effet-des-pratiques-de-pleine-conscience-et-de-compassion-chez-les-professionnels-de-la-sante-et-du-social","og_locale":"de_DE","og_type":"article","og_title":"Effet des pratiques de pleine conscience et de compassion chez les professionnels de la sant\u00e9 et du social","og_description":"Lorsque nous utilisons le mot m\u00e9ditation, nous entendons l&#8217;entra\u00eenement \u00e0 la pleine conscience ou mindfulness \/ Achtsamkeit. C&#8217;est la capacit\u00e9 de percevoir le moment pr\u00e9sent tel qu&#8217;il est, avec toutes ses facettes. Gr\u00e2ce \u00e0 des exercices de pleine conscience, nous apprenons peu \u00e0 peu \u00e0 nous arr\u00eater et \u00e0 cultiver la bienveillance, la bont\u00e9 et [&hellip;]","og_url":"https:\/\/www.gero.lu\/de\/produit\/effet-des-pratiques-de-pleine-conscience-et-de-compassion-chez-les-professionnels-de-la-sante-et-du-social","og_site_name":"GERO","article_publisher":"https:\/\/www.facebook.com\/Kompetenzzenter\/","article_modified_time":"2022-12-06T10:21:29+00:00","og_image":[{"width":1227,"height":802,"url":"https:\/\/www.gero.lu\/wp-content\/uploads\/2021\/08\/gettyimages-1135289130-2048x2048_RET-1.jpg","type":"image\/jpeg"}],"twitter_card":"summary_large_image","twitter_misc":{"Gesch\u00e4tzte Lesezeit":"1\u00a0Minute"},"schema":{"@context":"https:\/\/schema.org","@graph":[{"@type":"WebPage","@id":"https:\/\/www.gero.lu\/de\/produit\/effet-des-pratiques-de-pleine-conscience-et-de-compassion-chez-les-professionnels-de-la-sante-et-du-social","url":"https:\/\/www.gero.lu\/de\/produit\/effet-des-pratiques-de-pleine-conscience-et-de-compassion-chez-les-professionnels-de-la-sante-et-du-social","name":"Effet des pratiques de pleine conscience et de compassion chez les professionnels de la sant\u00e9 et du social - GERO","isPartOf":{"@id":"https:\/\/www.gero.lu\/de\/#website"},"datePublished":"2022-03-10T16:25:17+00:00","dateModified":"2022-12-06T10:21:29+00:00","breadcrumb":{"@id":"https:\/\/www.gero.lu\/de\/produit\/effet-des-pratiques-de-pleine-conscience-et-de-compassion-chez-les-professionnels-de-la-sante-et-du-social#breadcrumb"},"inLanguage":"de","potentialAction":[{"@type":"ReadAction","target":[["https:\/\/www.gero.lu\/de\/produit\/effet-des-pratiques-de-pleine-conscience-et-de-compassion-chez-les-professionnels-de-la-sante-et-du-social"]]}]},{"@type":"BreadcrumbList","@id":"https:\/\/www.gero.lu\/de\/produit\/effet-des-pratiques-de-pleine-conscience-et-de-compassion-chez-les-professionnels-de-la-sante-et-du-social#breadcrumb","itemListElement":[{"@type":"ListItem","position":1,"name":"Accueil","item":"https:\/\/www.gero.lu\/de\/"},{"@type":"ListItem","position":2,"name":"Shop","item":"https:\/\/www.gero.lu\/de\/shop"},{"@type":"ListItem","position":3,"name":"Effet des pratiques de pleine conscience et de compassion chez les professionnels de la sant\u00e9 et du social"}]},{"@type":"WebSite","@id":"https:\/\/www.gero.lu\/de\/#website","url":"https:\/\/www.gero.lu\/de\/","name":"Gero","description":"Kompetenzzenter fir den Alter","publisher":{"@id":"https:\/\/www.gero.lu\/de\/#organization"},"potentialAction":[{"@type":"SearchAction","target":{"@type":"EntryPoint","urlTemplate":"https:\/\/www.gero.lu\/de\/?s={search_term_string}"},"query-input":{"@type":"PropertyValueSpecification","valueRequired":true,"valueName":"search_term_string"}}],"inLanguage":"de"},{"@type":"Organization","@id":"https:\/\/www.gero.lu\/de\/#organization","name":"Gero","url":"https:\/\/www.gero.lu\/de\/","logo":{"@type":"ImageObject","inLanguage":"de","@id":"https:\/\/www.gero.lu\/de\/#\/schema\/logo\/image\/","url":"https:\/\/www.gero.lu\/wp-content\/uploads\/2024\/04\/logo.svg","contentUrl":"https:\/\/www.gero.lu\/wp-content\/uploads\/2024\/04\/logo.svg","width":76,"height":30,"caption":"Gero"},"image":{"@id":"https:\/\/www.gero.lu\/de\/#\/schema\/logo\/image\/"},"sameAs":["https:\/\/www.facebook.com\/Kompetenzzenter\/","https:\/\/www.instagram.com\/gero.kompetenzzenter\/","https:\/\/linkedin.com\/company\/gero-kompetenzzenter-fir-den-alter","https:\/\/www.youtube.com\/channel\/UCJvmJYSeHh3dYQsLHZupj-Q"]}]}},"_links":{"self":[{"href":"https:\/\/www.gero.lu\/de\/wp-json\/wp\/v2\/product\/3597","targetHints":{"allow":["GET"]}}],"collection":[{"href":"https:\/\/www.gero.lu\/de\/wp-json\/wp\/v2\/product"}],"about":[{"href":"https:\/\/www.gero.lu\/de\/wp-json\/wp\/v2\/types\/product"}],"replies":[{"embeddable":true,"href":"https:\/\/www.gero.lu\/de\/wp-json\/wp\/v2\/comments?post=3597"}],"wp:attachment":[{"href":"https:\/\/www.gero.lu\/de\/wp-json\/wp\/v2\/media?parent=3597"}],"wp:term":[{"taxonomy":"product_brand","embeddable":true,"href":"https:\/\/www.gero.lu\/de\/wp-json\/wp\/v2\/product_brand?post=3597"},{"taxonomy":"product_cat","embeddable":true,"href":"https:\/\/www.gero.lu\/de\/wp-json\/wp\/v2\/product_cat?post=3597"},{"taxonomy":"product_tag","embeddable":true,"href":"https:\/\/www.gero.lu\/de\/wp-json\/wp\/v2\/product_tag?post=3597"}],"curies":[{"name":"wp","href":"https:\/\/api.w.org\/{rel}","templated":true}]}}

Effet des pratiques de pleine conscience et de compassion chez les professionnels de la santé et du social

<p>Lorsque nous utilisons le mot méditation, nous entendons l&#8217;entraînement à la pleine conscience ou mindfulness / Achtsamkeit. C&#8217;est la capacité de percevoir le moment présent tel qu&#8217;il est, avec toutes ses facettes. Grâce à des exercices  de pleine conscience, nous apprenons peu à peu à nous arrêter et à cultiver la bienveillance, la bonté et la compassion d&#8217;instant en instant.  Il ne s&#8217;agit pas de viser un état de vide mental, mais au contraire d&#8217;apprendre des moyens habiles pour faire face plus sereinement au stress de la vie quotidienne, afin d&#8217;avoir recours à son refuge intérieur.<br />
En effet, la pleine conscience permet de se libérer des schémas d&#8217;habitudes contraignants, afin de vivre cette vie précieuse autant que possible sans souffrance, sans stress mais sereinement avec bonheur.<br />
Le cours est composé d’éléments théoriques (PowerPoint)  et d’exercices  pratiques de pleine conscience /mindfulness.</p>
<p>Thèmes :<br />
&#8211;  Que signifie la méditation de pleine conscience ? &#8222;Pas besoin d&#8217;être tibétain pour méditer&#8220;.<br />
&#8211;  Neuroplasticité et méditation de pleine conscience : une fontaine de jouvence pour le cerveau ou bien   pourquoi la pratique de la pleine conscience est si importante dans le vieillissement ?<br />
&#8211;  Effet des pratiques de pleine conscience et de compassion chez les professionnels de la santé : Metta / Tonglen<br />
&#8211;  Implications éthiques de la pleine conscience : Percevoir sans juger.<br />
&#8211;  Être en pleine conscience, se montrer solidaire.</p>

<p>Lorsque nous utilisons le mot méditation, nous entendons l&#8217;entraînement à la pleine conscience ou mindfulness / Achtsamkeit. C&#8217;est la capacité de percevoir le moment présent tel qu&#8217;il est, avec toutes ses facettes. Grâce à des exercices de pleine conscience, nous apprenons peu à peu à nous arrêter et à cultiver la bienveillance, la bonté et [&hellip;]</p>

<!-- This site is optimized with the Yoast SEO Premium plugin v27.4 (Yoast SEO v27.5) - https://yoast.com/product/yoast-seo-premium-wordpress/ -->
<title>Effet des pratiques de pleine conscience et de compassion chez les professionnels de la santé et du social - GERO</title>
<meta name="robots" content="index, follow, max-snippet:-1, max-image-preview:large, max-video-preview:-1" />
<link rel="canonical" href="https://www.gero.lu/de/produit/effet-des-pratiques-de-pleine-conscience-et-de-compassion-chez-les-professionnels-de-la-sante-et-du-social" />
<meta property="og:locale" content="de_DE" />
<meta property="og:type" content="article" />
<meta property="og:title" content="Effet des pratiques de pleine conscience et de compassion chez les professionnels de la santé et du social" />
<meta property="og:description" content="Lorsque nous utilisons le mot méditation, nous entendons l&#8217;entraînement à la pleine conscience ou mindfulness / Achtsamkeit. C&#8217;est la capacité de percevoir le moment présent tel qu&#8217;il est, avec toutes ses facettes. Grâce à des exercices de pleine conscience, nous apprenons peu à peu à nous arrêter et à cultiver la bienveillance, la bonté et [&hellip;]" />
<meta property="og:url" content="https://www.gero.lu/de/produit/effet-des-pratiques-de-pleine-conscience-et-de-compassion-chez-les-professionnels-de-la-sante-et-du-social" />
<meta property="og:site_name" content="GERO" />
<meta property="article:publisher" content="https://www.facebook.com/Kompetenzzenter/" />
<meta property="article:modified_time" content="2022-12-06T10:21:29+00:00" />
<meta property="og:image" content="https://www.gero.lu/wp-content/uploads/2021/08/gettyimages-1135289130-2048x2048_RET-1.jpg" />
	<meta property="og:image:width" content="1227" />
	<meta property="og:image:height" content="802" />
	<meta property="og:image:type" content="image/jpeg" />
<meta name="twitter:card" content="summary_large_image" />
<meta name="twitter:label1" content="Geschätzte Lesezeit" />
	<meta name="twitter:data1" content="1 Minute" />
<script type="application/ld+json" class="yoast-schema-graph">{"@context":"https:\/\/schema.org","@graph":[{"@type":"WebPage","@id":"https:\/\/www.gero.lu\/de\/produit\/effet-des-pratiques-de-pleine-conscience-et-de-compassion-chez-les-professionnels-de-la-sante-et-du-social","url":"https:\/\/www.gero.lu\/de\/produit\/effet-des-pratiques-de-pleine-conscience-et-de-compassion-chez-les-professionnels-de-la-sante-et-du-social","name":"Effet des pratiques de pleine conscience et de compassion chez les professionnels de la santé et du social - GERO","isPartOf":{"@id":"https:\/\/www.gero.lu\/de\/#website"},"datePublished":"2022-03-10T16:25:17+00:00","dateModified":"2022-12-06T10:21:29+00:00","breadcrumb":{"@id":"https:\/\/www.gero.lu\/de\/produit\/effet-des-pratiques-de-pleine-conscience-et-de-compassion-chez-les-professionnels-de-la-sante-et-du-social#breadcrumb"},"inLanguage":"de","potentialAction":[{"@type":"ReadAction","target":[["https:\/\/www.gero.lu\/de\/produit\/effet-des-pratiques-de-pleine-conscience-et-de-compassion-chez-les-professionnels-de-la-sante-et-du-social"]]}]},{"@type":"BreadcrumbList","@id":"https:\/\/www.gero.lu\/de\/produit\/effet-des-pratiques-de-pleine-conscience-et-de-compassion-chez-les-professionnels-de-la-sante-et-du-social#breadcrumb","itemListElement":[{"@type":"ListItem","position":1,"name":"Accueil","item":"https:\/\/www.gero.lu\/de\/"},{"@type":"ListItem","position":2,"name":"Shop","item":"https:\/\/www.gero.lu\/de\/shop"},{"@type":"ListItem","position":3,"name":"Effet des pratiques de pleine conscience et de compassion chez les professionnels de la santé et du social"}]},{"@type":"WebSite","@id":"https:\/\/www.gero.lu\/de\/#website","url":"https:\/\/www.gero.lu\/de\/","name":"Gero","description":"Kompetenzzenter fir den Alter","publisher":{"@id":"https:\/\/www.gero.lu\/de\/#organization"},"potentialAction":[{"@type":"SearchAction","target":{"@type":"EntryPoint","urlTemplate":"https:\/\/www.gero.lu\/de\/?s={search_term_string}"},"query-input":{"@type":"PropertyValueSpecification","valueRequired":true,"valueName":"search_term_string"}}],"inLanguage":"de"},{"@type":"Organization","@id":"https:\/\/www.gero.lu\/de\/#organization","name":"Gero","url":"https:\/\/www.gero.lu\/de\/","logo":{"@type":"ImageObject","inLanguage":"de","@id":"https:\/\/www.gero.lu\/de\/#\/schema\/logo\/image\/","url":"https:\/\/www.gero.lu\/wp-content\/uploads\/2024\/04\/logo.svg","contentUrl":"https:\/\/www.gero.lu\/wp-content\/uploads\/2024\/04\/logo.svg","width":76,"height":30,"caption":"Gero"},"image":{"@id":"https:\/\/www.gero.lu\/de\/#\/schema\/logo\/image\/"},"sameAs":["https:\/\/www.facebook.com\/Kompetenzzenter\/","https:\/\/www.instagram.com\/gero.kompetenzzenter\/","https:\/\/linkedin.com\/company\/gero-kompetenzzenter-fir-den-alter","https:\/\/www.youtube.com\/channel\/UCJvmJYSeHh3dYQsLHZupj-Q"]}]}</script>
<!-- / Yoast SEO Premium plugin. -->

Effet des pratiques de pleine conscience et de compassion chez les professionnels de la santé et du social - GERO

Lorsque nous utilisons le mot méditation, nous entendons l&#8217;entraînement à la pleine conscience ou mindfulness / Achtsamkeit. C&#8217;est la capacité de percevoir le moment présent tel qu&#8217;il est, avec toutes ses facettes. Grâce à des exercices de pleine conscience, nous apprenons peu à peu à nous arrêter et à cultiver la bienveillance, la bonté et [&hellip;]
