{"id":3441,"date":"2022-02-23T14:21:58","date_gmt":"2022-02-23T14:21:58","guid":{"rendered":"https:\/\/www.gero.lu\/produit\/leadership-module-6-le-management-axe-sur-la-solution"},"modified":"2022-02-23T14:21:58","modified_gmt":"2022-02-23T14:21:58","slug":"leadership-module-6-le-management-axe-sur-la-solution","status":"publish","type":"product","link":"https:\/\/www.gero.lu\/de\/produit\/leadership-module-6-le-management-axe-sur-la-solution","title":{"rendered":"LEADERSHIP module 6 &#8211; Le management ax\u00e9 sur la solution"},"content":{"rendered":"<p>Les techniques de base et les attitudes du coaching professionnel constituent le point de d\u00e9part d\u2019une nouvelle r\u00e9flexion dans le management et font partie d\u2019un mod\u00e8le d\u2019action ax\u00e9 sur les ressources. Celui-ci ouvre \u00e0 l\u2019avenir de nouvelles possibilit\u00e9s dans la vie professionnelle quotidienne.<br \/>\nAvec une question bien pos\u00e9e, les discussions sont orient\u00e9es dans une nouvelle direction utile. Un regard diff\u00e9rent permet d\u2019analyser les situations quotidiennes et d\u2019en tirer ressources et profits.<br \/>\nLes diff\u00e9rents points abord\u00e9s dans cette formation sont :<br \/>\n&#8211;\tStyle de conduite propre et niveau de maturit\u00e9 des employ\u00e9s<br \/>\n&#8211;\tObjectifs du leadership ax\u00e9 sur la solution<br \/>\n&#8211;\tFondements et attitudes dans le leadership ax\u00e9 sur la solution<br \/>\n&#8211;\tLa concr\u00e9tisation de la nouvelle conception du leadership<br \/>\n&#8211;\tImpact de la nouvelle approche sur la gestion du personnel ?<br \/>\n&#8211;\tOutils de management dans la vie quotidienne<\/p>\n","protected":false},"excerpt":{"rendered":"<p>Les techniques de base et les attitudes du coaching professionnel constituent le point de d\u00e9part d\u2019une nouvelle r\u00e9flexion dans le management et font partie d\u2019un mod\u00e8le d\u2019action ax\u00e9 sur les ressources. Celui-ci ouvre \u00e0 l\u2019avenir de nouvelles possibilit\u00e9s dans la vie professionnelle quotidienne. Avec une question bien pos\u00e9e, les discussions sont orient\u00e9es dans une nouvelle [&hellip;]<\/p>\n","protected":false},"featured_media":0,"comment_status":"","ping_status":"closed","template":"","meta":{"_acf_changed":false,"inline_featured_image":false},"product_brand":[],"product_cat":[239],"product_tag":[233],"class_list":{"0":"post-3441","1":"product","2":"type-product","3":"status-publish","5":"product_cat-cours-pro","6":"product_tag-management-leadership-pro","8":"first","9":"instock","10":"virtual","11":"purchasable","12":"product-type-simple"},"acf":[],"yoast_head":"<!-- This site is optimized with the Yoast SEO Premium plugin v27.4 (Yoast SEO v27.5) - https:\/\/yoast.com\/product\/yoast-seo-premium-wordpress\/ -->\n<title>LEADERSHIP module 6 - Le management ax\u00e9 sur la solution - GERO<\/title>\n<meta name=\"robots\" content=\"index, follow, max-snippet:-1, max-image-preview:large, max-video-preview:-1\" \/>\n<link rel=\"canonical\" href=\"https:\/\/www.gero.lu\/de\/produit\/leadership-module-6-le-management-axe-sur-la-solution\" \/>\n<meta property=\"og:locale\" content=\"de_DE\" \/>\n<meta property=\"og:type\" content=\"article\" \/>\n<meta property=\"og:title\" content=\"LEADERSHIP module 6 - Le management ax\u00e9 sur la solution\" \/>\n<meta property=\"og:description\" content=\"Les techniques de base et les attitudes du coaching professionnel constituent le point de d\u00e9part d\u2019une nouvelle r\u00e9flexion dans le management et font partie d\u2019un mod\u00e8le d\u2019action ax\u00e9 sur les ressources. Celui-ci ouvre \u00e0 l\u2019avenir de nouvelles possibilit\u00e9s dans la vie professionnelle quotidienne. Avec une question bien pos\u00e9e, les discussions sont orient\u00e9es dans une nouvelle [&hellip;]\" \/>\n<meta property=\"og:url\" content=\"https:\/\/www.gero.lu\/de\/produit\/leadership-module-6-le-management-axe-sur-la-solution\" \/>\n<meta property=\"og:site_name\" content=\"GERO\" \/>\n<meta property=\"article:publisher\" content=\"https:\/\/www.facebook.com\/Kompetenzzenter\/\" \/>\n<meta property=\"og:image\" content=\"https:\/\/www.gero.lu\/wp-content\/uploads\/2021\/08\/gettyimages-1135289130-2048x2048_RET-1.jpg\" \/>\n\t<meta property=\"og:image:width\" content=\"1227\" \/>\n\t<meta property=\"og:image:height\" content=\"802\" \/>\n\t<meta property=\"og:image:type\" content=\"image\/jpeg\" \/>\n<meta name=\"twitter:card\" content=\"summary_large_image\" \/>\n<meta name=\"twitter:label1\" content=\"Gesch\u00e4tzte Lesezeit\" \/>\n\t<meta name=\"twitter:data1\" content=\"1\u00a0Minute\" \/>\n<script type=\"application\/ld+json\" class=\"yoast-schema-graph\">{\"@context\":\"https:\\\/\\\/schema.org\",\"@graph\":[{\"@type\":\"WebPage\",\"@id\":\"https:\\\/\\\/www.gero.lu\\\/de\\\/produit\\\/leadership-module-6-le-management-axe-sur-la-solution\",\"url\":\"https:\\\/\\\/www.gero.lu\\\/de\\\/produit\\\/leadership-module-6-le-management-axe-sur-la-solution\",\"name\":\"LEADERSHIP module 6 - Le management ax\u00e9 sur la solution - GERO\",\"isPartOf\":{\"@id\":\"https:\\\/\\\/www.gero.lu\\\/de\\\/#website\"},\"datePublished\":\"2022-02-23T14:21:58+00:00\",\"breadcrumb\":{\"@id\":\"https:\\\/\\\/www.gero.lu\\\/de\\\/produit\\\/leadership-module-6-le-management-axe-sur-la-solution#breadcrumb\"},\"inLanguage\":\"de\",\"potentialAction\":[{\"@type\":\"ReadAction\",\"target\":[[\"https:\\\/\\\/www.gero.lu\\\/de\\\/produit\\\/leadership-module-6-le-management-axe-sur-la-solution\"]]}]},{\"@type\":\"BreadcrumbList\",\"@id\":\"https:\\\/\\\/www.gero.lu\\\/de\\\/produit\\\/leadership-module-6-le-management-axe-sur-la-solution#breadcrumb\",\"itemListElement\":[{\"@type\":\"ListItem\",\"position\":1,\"name\":\"Accueil\",\"item\":\"https:\\\/\\\/www.gero.lu\\\/de\\\/\"},{\"@type\":\"ListItem\",\"position\":2,\"name\":\"Shop\",\"item\":\"https:\\\/\\\/www.gero.lu\\\/de\\\/shop\"},{\"@type\":\"ListItem\",\"position\":3,\"name\":\"LEADERSHIP module 6 &#8211; Le management ax\u00e9 sur la solution\"}]},{\"@type\":\"WebSite\",\"@id\":\"https:\\\/\\\/www.gero.lu\\\/de\\\/#website\",\"url\":\"https:\\\/\\\/www.gero.lu\\\/de\\\/\",\"name\":\"Gero\",\"description\":\"Kompetenzzenter fir den Alter\",\"publisher\":{\"@id\":\"https:\\\/\\\/www.gero.lu\\\/de\\\/#organization\"},\"potentialAction\":[{\"@type\":\"SearchAction\",\"target\":{\"@type\":\"EntryPoint\",\"urlTemplate\":\"https:\\\/\\\/www.gero.lu\\\/de\\\/?s={search_term_string}\"},\"query-input\":{\"@type\":\"PropertyValueSpecification\",\"valueRequired\":true,\"valueName\":\"search_term_string\"}}],\"inLanguage\":\"de\"},{\"@type\":\"Organization\",\"@id\":\"https:\\\/\\\/www.gero.lu\\\/de\\\/#organization\",\"name\":\"Gero\",\"url\":\"https:\\\/\\\/www.gero.lu\\\/de\\\/\",\"logo\":{\"@type\":\"ImageObject\",\"inLanguage\":\"de\",\"@id\":\"https:\\\/\\\/www.gero.lu\\\/de\\\/#\\\/schema\\\/logo\\\/image\\\/\",\"url\":\"https:\\\/\\\/www.gero.lu\\\/wp-content\\\/uploads\\\/2024\\\/04\\\/logo.svg\",\"contentUrl\":\"https:\\\/\\\/www.gero.lu\\\/wp-content\\\/uploads\\\/2024\\\/04\\\/logo.svg\",\"width\":76,\"height\":30,\"caption\":\"Gero\"},\"image\":{\"@id\":\"https:\\\/\\\/www.gero.lu\\\/de\\\/#\\\/schema\\\/logo\\\/image\\\/\"},\"sameAs\":[\"https:\\\/\\\/www.facebook.com\\\/Kompetenzzenter\\\/\",\"https:\\\/\\\/www.instagram.com\\\/gero.kompetenzzenter\\\/\",\"https:\\\/\\\/linkedin.com\\\/company\\\/gero-kompetenzzenter-fir-den-alter\",\"https:\\\/\\\/www.youtube.com\\\/channel\\\/UCJvmJYSeHh3dYQsLHZupj-Q\"]}]}<\/script>\n<!-- \/ Yoast SEO Premium plugin. -->","yoast_head_json":{"title":"LEADERSHIP module 6 - Le management ax\u00e9 sur la solution - GERO","robots":{"index":"index","follow":"follow","max-snippet":"max-snippet:-1","max-image-preview":"max-image-preview:large","max-video-preview":"max-video-preview:-1"},"canonical":"https:\/\/www.gero.lu\/de\/produit\/leadership-module-6-le-management-axe-sur-la-solution","og_locale":"de_DE","og_type":"article","og_title":"LEADERSHIP module 6 - Le management ax\u00e9 sur la solution","og_description":"Les techniques de base et les attitudes du coaching professionnel constituent le point de d\u00e9part d\u2019une nouvelle r\u00e9flexion dans le management et font partie d\u2019un mod\u00e8le d\u2019action ax\u00e9 sur les ressources. Celui-ci ouvre \u00e0 l\u2019avenir de nouvelles possibilit\u00e9s dans la vie professionnelle quotidienne. Avec une question bien pos\u00e9e, les discussions sont orient\u00e9es dans une nouvelle [&hellip;]","og_url":"https:\/\/www.gero.lu\/de\/produit\/leadership-module-6-le-management-axe-sur-la-solution","og_site_name":"GERO","article_publisher":"https:\/\/www.facebook.com\/Kompetenzzenter\/","og_image":[{"width":1227,"height":802,"url":"https:\/\/www.gero.lu\/wp-content\/uploads\/2021\/08\/gettyimages-1135289130-2048x2048_RET-1.jpg","type":"image\/jpeg"}],"twitter_card":"summary_large_image","twitter_misc":{"Gesch\u00e4tzte Lesezeit":"1\u00a0Minute"},"schema":{"@context":"https:\/\/schema.org","@graph":[{"@type":"WebPage","@id":"https:\/\/www.gero.lu\/de\/produit\/leadership-module-6-le-management-axe-sur-la-solution","url":"https:\/\/www.gero.lu\/de\/produit\/leadership-module-6-le-management-axe-sur-la-solution","name":"LEADERSHIP module 6 - Le management ax\u00e9 sur la solution - GERO","isPartOf":{"@id":"https:\/\/www.gero.lu\/de\/#website"},"datePublished":"2022-02-23T14:21:58+00:00","breadcrumb":{"@id":"https:\/\/www.gero.lu\/de\/produit\/leadership-module-6-le-management-axe-sur-la-solution#breadcrumb"},"inLanguage":"de","potentialAction":[{"@type":"ReadAction","target":[["https:\/\/www.gero.lu\/de\/produit\/leadership-module-6-le-management-axe-sur-la-solution"]]}]},{"@type":"BreadcrumbList","@id":"https:\/\/www.gero.lu\/de\/produit\/leadership-module-6-le-management-axe-sur-la-solution#breadcrumb","itemListElement":[{"@type":"ListItem","position":1,"name":"Accueil","item":"https:\/\/www.gero.lu\/de\/"},{"@type":"ListItem","position":2,"name":"Shop","item":"https:\/\/www.gero.lu\/de\/shop"},{"@type":"ListItem","position":3,"name":"LEADERSHIP module 6 &#8211; Le management ax\u00e9 sur la solution"}]},{"@type":"WebSite","@id":"https:\/\/www.gero.lu\/de\/#website","url":"https:\/\/www.gero.lu\/de\/","name":"Gero","description":"Kompetenzzenter fir den Alter","publisher":{"@id":"https:\/\/www.gero.lu\/de\/#organization"},"potentialAction":[{"@type":"SearchAction","target":{"@type":"EntryPoint","urlTemplate":"https:\/\/www.gero.lu\/de\/?s={search_term_string}"},"query-input":{"@type":"PropertyValueSpecification","valueRequired":true,"valueName":"search_term_string"}}],"inLanguage":"de"},{"@type":"Organization","@id":"https:\/\/www.gero.lu\/de\/#organization","name":"Gero","url":"https:\/\/www.gero.lu\/de\/","logo":{"@type":"ImageObject","inLanguage":"de","@id":"https:\/\/www.gero.lu\/de\/#\/schema\/logo\/image\/","url":"https:\/\/www.gero.lu\/wp-content\/uploads\/2024\/04\/logo.svg","contentUrl":"https:\/\/www.gero.lu\/wp-content\/uploads\/2024\/04\/logo.svg","width":76,"height":30,"caption":"Gero"},"image":{"@id":"https:\/\/www.gero.lu\/de\/#\/schema\/logo\/image\/"},"sameAs":["https:\/\/www.facebook.com\/Kompetenzzenter\/","https:\/\/www.instagram.com\/gero.kompetenzzenter\/","https:\/\/linkedin.com\/company\/gero-kompetenzzenter-fir-den-alter","https:\/\/www.youtube.com\/channel\/UCJvmJYSeHh3dYQsLHZupj-Q"]}]}},"_links":{"self":[{"href":"https:\/\/www.gero.lu\/de\/wp-json\/wp\/v2\/product\/3441","targetHints":{"allow":["GET"]}}],"collection":[{"href":"https:\/\/www.gero.lu\/de\/wp-json\/wp\/v2\/product"}],"about":[{"href":"https:\/\/www.gero.lu\/de\/wp-json\/wp\/v2\/types\/product"}],"replies":[{"embeddable":true,"href":"https:\/\/www.gero.lu\/de\/wp-json\/wp\/v2\/comments?post=3441"}],"wp:attachment":[{"href":"https:\/\/www.gero.lu\/de\/wp-json\/wp\/v2\/media?parent=3441"}],"wp:term":[{"taxonomy":"product_brand","embeddable":true,"href":"https:\/\/www.gero.lu\/de\/wp-json\/wp\/v2\/product_brand?post=3441"},{"taxonomy":"product_cat","embeddable":true,"href":"https:\/\/www.gero.lu\/de\/wp-json\/wp\/v2\/product_cat?post=3441"},{"taxonomy":"product_tag","embeddable":true,"href":"https:\/\/www.gero.lu\/de\/wp-json\/wp\/v2\/product_tag?post=3441"}],"curies":[{"name":"wp","href":"https:\/\/api.w.org\/{rel}","templated":true}]}}

LEADERSHIP module 6 &#8211; Le management axé sur la solution

<p>Les techniques de base et les attitudes du coaching professionnel constituent le point de départ d’une nouvelle réflexion dans le management et font partie d’un modèle d’action axé sur les ressources. Celui-ci ouvre à l’avenir de nouvelles possibilités dans la vie professionnelle quotidienne.<br />
Avec une question bien posée, les discussions sont orientées dans une nouvelle direction utile. Un regard différent permet d’analyser les situations quotidiennes et d’en tirer ressources et profits.<br />
Les différents points abordés dans cette formation sont :<br />
&#8211;	Style de conduite propre et niveau de maturité des employés<br />
&#8211;	Objectifs du leadership axé sur la solution<br />
&#8211;	Fondements et attitudes dans le leadership axé sur la solution<br />
&#8211;	La concrétisation de la nouvelle conception du leadership<br />
&#8211;	Impact de la nouvelle approche sur la gestion du personnel ?<br />
&#8211;	Outils de management dans la vie quotidienne</p>

<p>Les techniques de base et les attitudes du coaching professionnel constituent le point de départ d’une nouvelle réflexion dans le management et font partie d’un modèle d’action axé sur les ressources. Celui-ci ouvre à l’avenir de nouvelles possibilités dans la vie professionnelle quotidienne. Avec une question bien posée, les discussions sont orientées dans une nouvelle [&hellip;]</p>

<!-- This site is optimized with the Yoast SEO Premium plugin v27.4 (Yoast SEO v27.5) - https://yoast.com/product/yoast-seo-premium-wordpress/ -->
<title>LEADERSHIP module 6 - Le management axé sur la solution - GERO</title>
<meta name="robots" content="index, follow, max-snippet:-1, max-image-preview:large, max-video-preview:-1" />
<link rel="canonical" href="https://www.gero.lu/de/produit/leadership-module-6-le-management-axe-sur-la-solution" />
<meta property="og:locale" content="de_DE" />
<meta property="og:type" content="article" />
<meta property="og:title" content="LEADERSHIP module 6 - Le management axé sur la solution" />
<meta property="og:description" content="Les techniques de base et les attitudes du coaching professionnel constituent le point de départ d’une nouvelle réflexion dans le management et font partie d’un modèle d’action axé sur les ressources. Celui-ci ouvre à l’avenir de nouvelles possibilités dans la vie professionnelle quotidienne. Avec une question bien posée, les discussions sont orientées dans une nouvelle [&hellip;]" />
<meta property="og:url" content="https://www.gero.lu/de/produit/leadership-module-6-le-management-axe-sur-la-solution" />
<meta property="og:site_name" content="GERO" />
<meta property="article:publisher" content="https://www.facebook.com/Kompetenzzenter/" />
<meta property="og:image" content="https://www.gero.lu/wp-content/uploads/2021/08/gettyimages-1135289130-2048x2048_RET-1.jpg" />
	<meta property="og:image:width" content="1227" />
	<meta property="og:image:height" content="802" />
	<meta property="og:image:type" content="image/jpeg" />
<meta name="twitter:card" content="summary_large_image" />
<meta name="twitter:label1" content="Geschätzte Lesezeit" />
	<meta name="twitter:data1" content="1 Minute" />
<script type="application/ld+json" class="yoast-schema-graph">{"@context":"https:\/\/schema.org","@graph":[{"@type":"WebPage","@id":"https:\/\/www.gero.lu\/de\/produit\/leadership-module-6-le-management-axe-sur-la-solution","url":"https:\/\/www.gero.lu\/de\/produit\/leadership-module-6-le-management-axe-sur-la-solution","name":"LEADERSHIP module 6 - Le management axé sur la solution - GERO","isPartOf":{"@id":"https:\/\/www.gero.lu\/de\/#website"},"datePublished":"2022-02-23T14:21:58+00:00","breadcrumb":{"@id":"https:\/\/www.gero.lu\/de\/produit\/leadership-module-6-le-management-axe-sur-la-solution#breadcrumb"},"inLanguage":"de","potentialAction":[{"@type":"ReadAction","target":[["https:\/\/www.gero.lu\/de\/produit\/leadership-module-6-le-management-axe-sur-la-solution"]]}]},{"@type":"BreadcrumbList","@id":"https:\/\/www.gero.lu\/de\/produit\/leadership-module-6-le-management-axe-sur-la-solution#breadcrumb","itemListElement":[{"@type":"ListItem","position":1,"name":"Accueil","item":"https:\/\/www.gero.lu\/de\/"},{"@type":"ListItem","position":2,"name":"Shop","item":"https:\/\/www.gero.lu\/de\/shop"},{"@type":"ListItem","position":3,"name":"LEADERSHIP module 6 &#8211; Le management axé sur la solution"}]},{"@type":"WebSite","@id":"https:\/\/www.gero.lu\/de\/#website","url":"https:\/\/www.gero.lu\/de\/","name":"Gero","description":"Kompetenzzenter fir den Alter","publisher":{"@id":"https:\/\/www.gero.lu\/de\/#organization"},"potentialAction":[{"@type":"SearchAction","target":{"@type":"EntryPoint","urlTemplate":"https:\/\/www.gero.lu\/de\/?s={search_term_string}"},"query-input":{"@type":"PropertyValueSpecification","valueRequired":true,"valueName":"search_term_string"}}],"inLanguage":"de"},{"@type":"Organization","@id":"https:\/\/www.gero.lu\/de\/#organization","name":"Gero","url":"https:\/\/www.gero.lu\/de\/","logo":{"@type":"ImageObject","inLanguage":"de","@id":"https:\/\/www.gero.lu\/de\/#\/schema\/logo\/image\/","url":"https:\/\/www.gero.lu\/wp-content\/uploads\/2024\/04\/logo.svg","contentUrl":"https:\/\/www.gero.lu\/wp-content\/uploads\/2024\/04\/logo.svg","width":76,"height":30,"caption":"Gero"},"image":{"@id":"https:\/\/www.gero.lu\/de\/#\/schema\/logo\/image\/"},"sameAs":["https:\/\/www.facebook.com\/Kompetenzzenter\/","https:\/\/www.instagram.com\/gero.kompetenzzenter\/","https:\/\/linkedin.com\/company\/gero-kompetenzzenter-fir-den-alter","https:\/\/www.youtube.com\/channel\/UCJvmJYSeHh3dYQsLHZupj-Q"]}]}</script>
<!-- / Yoast SEO Premium plugin. -->

LEADERSHIP module 6 - Le management axé sur la solution - GERO

LEADERSHIP module 6 - Le management axé sur la solution

Les techniques de base et les attitudes du coaching professionnel constituent le point de départ d’une nouvelle réflexion dans le management et font partie d’un modèle d’action axé sur les ressources. Celui-ci ouvre à l’avenir de nouvelles possibilités dans la vie professionnelle quotidienne. Avec une question bien posée, les discussions sont orientées dans une nouvelle [&hellip;]
