{"id":3439,"date":"2022-02-23T14:21:55","date_gmt":"2022-02-23T14:21:55","guid":{"rendered":"https:\/\/www.gero.lu\/produit\/professionelle-kommunikation-am-telefon"},"modified":"2022-02-23T14:21:55","modified_gmt":"2022-02-23T14:21:55","slug":"professionelle-kommunikation-am-telefon","status":"publish","type":"product","link":"https:\/\/www.gero.lu\/de\/produit\/professionelle-kommunikation-am-telefon","title":{"rendered":"Professionelle Kommunikation am Telefon"},"content":{"rendered":"<p>Diese praxisorientierte Weiterbildung richtet sich an administrative Fachkr\u00e4fte im sozialen Bereich, damit diese in beispielhafter Weise am Telefon ihre Einrichtung professionell nach au\u00dfen vertreten k\u00f6nnen, dies auch in schwierigen Situationen.<br \/>\nIn diesem Seminar werden wir uns mit folgenden Fragen besch\u00e4ftigen:<br \/>\n&#8211;\tDie Stimme, ein verkanntes Instrument<br \/>\n&#8211;\tWie wirke ich am Telefon, wenn ich l\u00e4chle?<br \/>\n&#8211;\tKommunikation: To do\u2018s und Reizformulierungen<br \/>\n&#8211;\tDie Kunst der Frage<br \/>\n&#8211;\tAktives Zuh\u00f6ren<br \/>\n&#8211;\tUmgang mit eigenem Stress und Emotionen, wie werde ich sicher?<br \/>\n&#8211;\tKundenbetreuung und Empfang: meine innere Haltung und Werte<br \/>\n&#8211;\tWas bedeutet eine hochwertige Servicequalit\u00e4t am Telefon?<br \/>\n&#8211;\tKundenbegleitung, was braucht mein Gegen\u00fcber?<br \/>\n&#8211;\tUmgang mit \u00c4rger und Beschwerden<br \/>\n&#8211;\tMultitasking: was hat Vorrang?<\/p>\n","protected":false},"excerpt":{"rendered":"<p>Diese praxisorientierte Weiterbildung richtet sich an administrative Fachkr\u00e4fte im sozialen Bereich, damit diese in beispielhafter Weise am Telefon ihre Einrichtung professionell nach au\u00dfen vertreten k\u00f6nnen, dies auch in schwierigen Situationen. In diesem Seminar werden wir uns mit folgenden Fragen besch\u00e4ftigen: &#8211; Die Stimme, ein verkanntes Instrument &#8211; Wie wirke ich am Telefon, wenn ich l\u00e4chle? [&hellip;]<\/p>\n","protected":false},"featured_media":0,"comment_status":"","ping_status":"closed","template":"","meta":{"_acf_changed":false,"inline_featured_image":false},"product_brand":[],"product_cat":[239],"product_tag":[238],"class_list":{"0":"post-3439","1":"product","2":"type-product","3":"status-publish","5":"product_cat-cours-pro","6":"product_tag-divers-pro","8":"first","9":"instock","10":"virtual","11":"purchasable","12":"product-type-simple"},"acf":[],"yoast_head":"<!-- This site is optimized with the Yoast SEO Premium plugin v27.4 (Yoast SEO v27.5) - https:\/\/yoast.com\/product\/yoast-seo-premium-wordpress\/ -->\n<title>Professionelle Kommunikation am Telefon - GERO<\/title>\n<meta name=\"robots\" content=\"index, follow, max-snippet:-1, max-image-preview:large, max-video-preview:-1\" \/>\n<link rel=\"canonical\" href=\"https:\/\/www.gero.lu\/de\/produit\/professionelle-kommunikation-am-telefon\" \/>\n<meta property=\"og:locale\" content=\"de_DE\" \/>\n<meta property=\"og:type\" content=\"article\" \/>\n<meta property=\"og:title\" content=\"Professionelle Kommunikation am Telefon\" \/>\n<meta property=\"og:description\" content=\"Diese praxisorientierte Weiterbildung richtet sich an administrative Fachkr\u00e4fte im sozialen Bereich, damit diese in beispielhafter Weise am Telefon ihre Einrichtung professionell nach au\u00dfen vertreten k\u00f6nnen, dies auch in schwierigen Situationen. In diesem Seminar werden wir uns mit folgenden Fragen besch\u00e4ftigen: &#8211; Die Stimme, ein verkanntes Instrument &#8211; Wie wirke ich am Telefon, wenn ich l\u00e4chle? [&hellip;]\" \/>\n<meta property=\"og:url\" content=\"https:\/\/www.gero.lu\/de\/produit\/professionelle-kommunikation-am-telefon\" \/>\n<meta property=\"og:site_name\" content=\"GERO\" \/>\n<meta property=\"article:publisher\" content=\"https:\/\/www.facebook.com\/Kompetenzzenter\/\" \/>\n<meta property=\"og:image\" content=\"https:\/\/www.gero.lu\/wp-content\/uploads\/2021\/08\/gettyimages-1135289130-2048x2048_RET-1.jpg\" \/>\n\t<meta property=\"og:image:width\" content=\"1227\" \/>\n\t<meta property=\"og:image:height\" content=\"802\" \/>\n\t<meta property=\"og:image:type\" content=\"image\/jpeg\" \/>\n<meta name=\"twitter:card\" content=\"summary_large_image\" \/>\n<meta name=\"twitter:label1\" content=\"Gesch\u00e4tzte Lesezeit\" \/>\n\t<meta name=\"twitter:data1\" content=\"1\u00a0Minute\" \/>\n<script type=\"application\/ld+json\" class=\"yoast-schema-graph\">{\"@context\":\"https:\\\/\\\/schema.org\",\"@graph\":[{\"@type\":\"WebPage\",\"@id\":\"https:\\\/\\\/www.gero.lu\\\/de\\\/produit\\\/professionelle-kommunikation-am-telefon\",\"url\":\"https:\\\/\\\/www.gero.lu\\\/de\\\/produit\\\/professionelle-kommunikation-am-telefon\",\"name\":\"Professionelle Kommunikation am Telefon - GERO\",\"isPartOf\":{\"@id\":\"https:\\\/\\\/www.gero.lu\\\/de\\\/#website\"},\"datePublished\":\"2022-02-23T14:21:55+00:00\",\"breadcrumb\":{\"@id\":\"https:\\\/\\\/www.gero.lu\\\/de\\\/produit\\\/professionelle-kommunikation-am-telefon#breadcrumb\"},\"inLanguage\":\"de\",\"potentialAction\":[{\"@type\":\"ReadAction\",\"target\":[[\"https:\\\/\\\/www.gero.lu\\\/de\\\/produit\\\/professionelle-kommunikation-am-telefon\"]]}]},{\"@type\":\"BreadcrumbList\",\"@id\":\"https:\\\/\\\/www.gero.lu\\\/de\\\/produit\\\/professionelle-kommunikation-am-telefon#breadcrumb\",\"itemListElement\":[{\"@type\":\"ListItem\",\"position\":1,\"name\":\"Accueil\",\"item\":\"https:\\\/\\\/www.gero.lu\\\/de\\\/\"},{\"@type\":\"ListItem\",\"position\":2,\"name\":\"Shop\",\"item\":\"https:\\\/\\\/www.gero.lu\\\/de\\\/shop\"},{\"@type\":\"ListItem\",\"position\":3,\"name\":\"Professionelle Kommunikation am Telefon\"}]},{\"@type\":\"WebSite\",\"@id\":\"https:\\\/\\\/www.gero.lu\\\/de\\\/#website\",\"url\":\"https:\\\/\\\/www.gero.lu\\\/de\\\/\",\"name\":\"Gero\",\"description\":\"Kompetenzzenter fir den Alter\",\"publisher\":{\"@id\":\"https:\\\/\\\/www.gero.lu\\\/de\\\/#organization\"},\"potentialAction\":[{\"@type\":\"SearchAction\",\"target\":{\"@type\":\"EntryPoint\",\"urlTemplate\":\"https:\\\/\\\/www.gero.lu\\\/de\\\/?s={search_term_string}\"},\"query-input\":{\"@type\":\"PropertyValueSpecification\",\"valueRequired\":true,\"valueName\":\"search_term_string\"}}],\"inLanguage\":\"de\"},{\"@type\":\"Organization\",\"@id\":\"https:\\\/\\\/www.gero.lu\\\/de\\\/#organization\",\"name\":\"Gero\",\"url\":\"https:\\\/\\\/www.gero.lu\\\/de\\\/\",\"logo\":{\"@type\":\"ImageObject\",\"inLanguage\":\"de\",\"@id\":\"https:\\\/\\\/www.gero.lu\\\/de\\\/#\\\/schema\\\/logo\\\/image\\\/\",\"url\":\"https:\\\/\\\/www.gero.lu\\\/wp-content\\\/uploads\\\/2024\\\/04\\\/logo.svg\",\"contentUrl\":\"https:\\\/\\\/www.gero.lu\\\/wp-content\\\/uploads\\\/2024\\\/04\\\/logo.svg\",\"width\":76,\"height\":30,\"caption\":\"Gero\"},\"image\":{\"@id\":\"https:\\\/\\\/www.gero.lu\\\/de\\\/#\\\/schema\\\/logo\\\/image\\\/\"},\"sameAs\":[\"https:\\\/\\\/www.facebook.com\\\/Kompetenzzenter\\\/\",\"https:\\\/\\\/www.instagram.com\\\/gero.kompetenzzenter\\\/\",\"https:\\\/\\\/linkedin.com\\\/company\\\/gero-kompetenzzenter-fir-den-alter\",\"https:\\\/\\\/www.youtube.com\\\/channel\\\/UCJvmJYSeHh3dYQsLHZupj-Q\"]}]}<\/script>\n<!-- \/ Yoast SEO Premium plugin. -->","yoast_head_json":{"title":"Professionelle Kommunikation am Telefon - GERO","robots":{"index":"index","follow":"follow","max-snippet":"max-snippet:-1","max-image-preview":"max-image-preview:large","max-video-preview":"max-video-preview:-1"},"canonical":"https:\/\/www.gero.lu\/de\/produit\/professionelle-kommunikation-am-telefon","og_locale":"de_DE","og_type":"article","og_title":"Professionelle Kommunikation am Telefon","og_description":"Diese praxisorientierte Weiterbildung richtet sich an administrative Fachkr\u00e4fte im sozialen Bereich, damit diese in beispielhafter Weise am Telefon ihre Einrichtung professionell nach au\u00dfen vertreten k\u00f6nnen, dies auch in schwierigen Situationen. In diesem Seminar werden wir uns mit folgenden Fragen besch\u00e4ftigen: &#8211; Die Stimme, ein verkanntes Instrument &#8211; Wie wirke ich am Telefon, wenn ich l\u00e4chle? [&hellip;]","og_url":"https:\/\/www.gero.lu\/de\/produit\/professionelle-kommunikation-am-telefon","og_site_name":"GERO","article_publisher":"https:\/\/www.facebook.com\/Kompetenzzenter\/","og_image":[{"width":1227,"height":802,"url":"https:\/\/www.gero.lu\/wp-content\/uploads\/2021\/08\/gettyimages-1135289130-2048x2048_RET-1.jpg","type":"image\/jpeg"}],"twitter_card":"summary_large_image","twitter_misc":{"Gesch\u00e4tzte Lesezeit":"1\u00a0Minute"},"schema":{"@context":"https:\/\/schema.org","@graph":[{"@type":"WebPage","@id":"https:\/\/www.gero.lu\/de\/produit\/professionelle-kommunikation-am-telefon","url":"https:\/\/www.gero.lu\/de\/produit\/professionelle-kommunikation-am-telefon","name":"Professionelle Kommunikation am Telefon - GERO","isPartOf":{"@id":"https:\/\/www.gero.lu\/de\/#website"},"datePublished":"2022-02-23T14:21:55+00:00","breadcrumb":{"@id":"https:\/\/www.gero.lu\/de\/produit\/professionelle-kommunikation-am-telefon#breadcrumb"},"inLanguage":"de","potentialAction":[{"@type":"ReadAction","target":[["https:\/\/www.gero.lu\/de\/produit\/professionelle-kommunikation-am-telefon"]]}]},{"@type":"BreadcrumbList","@id":"https:\/\/www.gero.lu\/de\/produit\/professionelle-kommunikation-am-telefon#breadcrumb","itemListElement":[{"@type":"ListItem","position":1,"name":"Accueil","item":"https:\/\/www.gero.lu\/de\/"},{"@type":"ListItem","position":2,"name":"Shop","item":"https:\/\/www.gero.lu\/de\/shop"},{"@type":"ListItem","position":3,"name":"Professionelle Kommunikation am Telefon"}]},{"@type":"WebSite","@id":"https:\/\/www.gero.lu\/de\/#website","url":"https:\/\/www.gero.lu\/de\/","name":"Gero","description":"Kompetenzzenter fir den Alter","publisher":{"@id":"https:\/\/www.gero.lu\/de\/#organization"},"potentialAction":[{"@type":"SearchAction","target":{"@type":"EntryPoint","urlTemplate":"https:\/\/www.gero.lu\/de\/?s={search_term_string}"},"query-input":{"@type":"PropertyValueSpecification","valueRequired":true,"valueName":"search_term_string"}}],"inLanguage":"de"},{"@type":"Organization","@id":"https:\/\/www.gero.lu\/de\/#organization","name":"Gero","url":"https:\/\/www.gero.lu\/de\/","logo":{"@type":"ImageObject","inLanguage":"de","@id":"https:\/\/www.gero.lu\/de\/#\/schema\/logo\/image\/","url":"https:\/\/www.gero.lu\/wp-content\/uploads\/2024\/04\/logo.svg","contentUrl":"https:\/\/www.gero.lu\/wp-content\/uploads\/2024\/04\/logo.svg","width":76,"height":30,"caption":"Gero"},"image":{"@id":"https:\/\/www.gero.lu\/de\/#\/schema\/logo\/image\/"},"sameAs":["https:\/\/www.facebook.com\/Kompetenzzenter\/","https:\/\/www.instagram.com\/gero.kompetenzzenter\/","https:\/\/linkedin.com\/company\/gero-kompetenzzenter-fir-den-alter","https:\/\/www.youtube.com\/channel\/UCJvmJYSeHh3dYQsLHZupj-Q"]}]}},"_links":{"self":[{"href":"https:\/\/www.gero.lu\/de\/wp-json\/wp\/v2\/product\/3439","targetHints":{"allow":["GET"]}}],"collection":[{"href":"https:\/\/www.gero.lu\/de\/wp-json\/wp\/v2\/product"}],"about":[{"href":"https:\/\/www.gero.lu\/de\/wp-json\/wp\/v2\/types\/product"}],"replies":[{"embeddable":true,"href":"https:\/\/www.gero.lu\/de\/wp-json\/wp\/v2\/comments?post=3439"}],"wp:attachment":[{"href":"https:\/\/www.gero.lu\/de\/wp-json\/wp\/v2\/media?parent=3439"}],"wp:term":[{"taxonomy":"product_brand","embeddable":true,"href":"https:\/\/www.gero.lu\/de\/wp-json\/wp\/v2\/product_brand?post=3439"},{"taxonomy":"product_cat","embeddable":true,"href":"https:\/\/www.gero.lu\/de\/wp-json\/wp\/v2\/product_cat?post=3439"},{"taxonomy":"product_tag","embeddable":true,"href":"https:\/\/www.gero.lu\/de\/wp-json\/wp\/v2\/product_tag?post=3439"}],"curies":[{"name":"wp","href":"https:\/\/api.w.org\/{rel}","templated":true}]}}

<p>Diese praxisorientierte Weiterbildung richtet sich an administrative Fachkräfte im sozialen Bereich, damit diese in beispielhafter Weise am Telefon ihre Einrichtung professionell nach außen vertreten können, dies auch in schwierigen Situationen.<br />
In diesem Seminar werden wir uns mit folgenden Fragen beschäftigen:<br />
&#8211;	Die Stimme, ein verkanntes Instrument<br />
&#8211;	Wie wirke ich am Telefon, wenn ich lächle?<br />
&#8211;	Kommunikation: To do‘s und Reizformulierungen<br />
&#8211;	Die Kunst der Frage<br />
&#8211;	Aktives Zuhören<br />
&#8211;	Umgang mit eigenem Stress und Emotionen, wie werde ich sicher?<br />
&#8211;	Kundenbetreuung und Empfang: meine innere Haltung und Werte<br />
&#8211;	Was bedeutet eine hochwertige Servicequalität am Telefon?<br />
&#8211;	Kundenbegleitung, was braucht mein Gegenüber?<br />
&#8211;	Umgang mit Ärger und Beschwerden<br />
&#8211;	Multitasking: was hat Vorrang?</p>

<p>Diese praxisorientierte Weiterbildung richtet sich an administrative Fachkräfte im sozialen Bereich, damit diese in beispielhafter Weise am Telefon ihre Einrichtung professionell nach außen vertreten können, dies auch in schwierigen Situationen. In diesem Seminar werden wir uns mit folgenden Fragen beschäftigen: &#8211; Die Stimme, ein verkanntes Instrument &#8211; Wie wirke ich am Telefon, wenn ich lächle? [&hellip;]</p>

<!-- This site is optimized with the Yoast SEO Premium plugin v27.4 (Yoast SEO v27.5) - https://yoast.com/product/yoast-seo-premium-wordpress/ -->
<title>Professionelle Kommunikation am Telefon - GERO</title>
<meta name="robots" content="index, follow, max-snippet:-1, max-image-preview:large, max-video-preview:-1" />
<link rel="canonical" href="https://www.gero.lu/de/produit/professionelle-kommunikation-am-telefon" />
<meta property="og:locale" content="de_DE" />
<meta property="og:type" content="article" />
<meta property="og:title" content="Professionelle Kommunikation am Telefon" />
<meta property="og:description" content="Diese praxisorientierte Weiterbildung richtet sich an administrative Fachkräfte im sozialen Bereich, damit diese in beispielhafter Weise am Telefon ihre Einrichtung professionell nach außen vertreten können, dies auch in schwierigen Situationen. In diesem Seminar werden wir uns mit folgenden Fragen beschäftigen: &#8211; Die Stimme, ein verkanntes Instrument &#8211; Wie wirke ich am Telefon, wenn ich lächle? [&hellip;]" />
<meta property="og:url" content="https://www.gero.lu/de/produit/professionelle-kommunikation-am-telefon" />
<meta property="og:site_name" content="GERO" />
<meta property="article:publisher" content="https://www.facebook.com/Kompetenzzenter/" />
<meta property="og:image" content="https://www.gero.lu/wp-content/uploads/2021/08/gettyimages-1135289130-2048x2048_RET-1.jpg" />
	<meta property="og:image:width" content="1227" />
	<meta property="og:image:height" content="802" />
	<meta property="og:image:type" content="image/jpeg" />
<meta name="twitter:card" content="summary_large_image" />
<meta name="twitter:label1" content="Geschätzte Lesezeit" />
	<meta name="twitter:data1" content="1 Minute" />
<script type="application/ld+json" class="yoast-schema-graph">{"@context":"https:\/\/schema.org","@graph":[{"@type":"WebPage","@id":"https:\/\/www.gero.lu\/de\/produit\/professionelle-kommunikation-am-telefon","url":"https:\/\/www.gero.lu\/de\/produit\/professionelle-kommunikation-am-telefon","name":"Professionelle Kommunikation am Telefon - GERO","isPartOf":{"@id":"https:\/\/www.gero.lu\/de\/#website"},"datePublished":"2022-02-23T14:21:55+00:00","breadcrumb":{"@id":"https:\/\/www.gero.lu\/de\/produit\/professionelle-kommunikation-am-telefon#breadcrumb"},"inLanguage":"de","potentialAction":[{"@type":"ReadAction","target":[["https:\/\/www.gero.lu\/de\/produit\/professionelle-kommunikation-am-telefon"]]}]},{"@type":"BreadcrumbList","@id":"https:\/\/www.gero.lu\/de\/produit\/professionelle-kommunikation-am-telefon#breadcrumb","itemListElement":[{"@type":"ListItem","position":1,"name":"Accueil","item":"https:\/\/www.gero.lu\/de\/"},{"@type":"ListItem","position":2,"name":"Shop","item":"https:\/\/www.gero.lu\/de\/shop"},{"@type":"ListItem","position":3,"name":"Professionelle Kommunikation am Telefon"}]},{"@type":"WebSite","@id":"https:\/\/www.gero.lu\/de\/#website","url":"https:\/\/www.gero.lu\/de\/","name":"Gero","description":"Kompetenzzenter fir den Alter","publisher":{"@id":"https:\/\/www.gero.lu\/de\/#organization"},"potentialAction":[{"@type":"SearchAction","target":{"@type":"EntryPoint","urlTemplate":"https:\/\/www.gero.lu\/de\/?s={search_term_string}"},"query-input":{"@type":"PropertyValueSpecification","valueRequired":true,"valueName":"search_term_string"}}],"inLanguage":"de"},{"@type":"Organization","@id":"https:\/\/www.gero.lu\/de\/#organization","name":"Gero","url":"https:\/\/www.gero.lu\/de\/","logo":{"@type":"ImageObject","inLanguage":"de","@id":"https:\/\/www.gero.lu\/de\/#\/schema\/logo\/image\/","url":"https:\/\/www.gero.lu\/wp-content\/uploads\/2024\/04\/logo.svg","contentUrl":"https:\/\/www.gero.lu\/wp-content\/uploads\/2024\/04\/logo.svg","width":76,"height":30,"caption":"Gero"},"image":{"@id":"https:\/\/www.gero.lu\/de\/#\/schema\/logo\/image\/"},"sameAs":["https:\/\/www.facebook.com\/Kompetenzzenter\/","https:\/\/www.instagram.com\/gero.kompetenzzenter\/","https:\/\/linkedin.com\/company\/gero-kompetenzzenter-fir-den-alter","https:\/\/www.youtube.com\/channel\/UCJvmJYSeHh3dYQsLHZupj-Q"]}]}</script>
<!-- / Yoast SEO Premium plugin. -->

Diese praxisorientierte Weiterbildung richtet sich an administrative Fachkräfte im sozialen Bereich, damit diese in beispielhafter Weise am Telefon ihre Einrichtung professionell nach außen vertreten können, dies auch in schwierigen Situationen. In diesem Seminar werden wir uns mit folgenden Fragen beschäftigen: &#8211; Die Stimme, ein verkanntes Instrument &#8211; Wie wirke ich am Telefon, wenn ich lächle? [&hellip;]
