{"id":3393,"date":"2022-02-22T13:55:58","date_gmt":"2022-02-22T13:55:58","guid":{"rendered":"https:\/\/www.gero.lu\/produit\/selbstbestimmung-am-ende-des-lebens"},"modified":"2022-02-22T13:55:58","modified_gmt":"2022-02-22T13:55:58","slug":"selbstbestimmung-am-ende-des-lebens","status":"publish","type":"product","link":"https:\/\/www.gero.lu\/de\/produit\/selbstbestimmung-am-ende-des-lebens","title":{"rendered":"Selbstbestimmung am Ende des Lebens"},"content":{"rendered":"<p>Das Gesetz von 2009 erm\u00f6glicht einem Kranken, in verschiedenen F\u00e4llen hier in Luxemburg auf eine aktive Sterbehilfe zur\u00fcckgreifen zu k\u00f6nnen.<br \/>\nIn welchen Situationen ist dies der Fall? Was ist der Unterschied zwischen dem assistiertem Freitod und der Sterbehilfe, zwischen der Patientenverf\u00fcgung und den Bestimmungen zum Lebensende?<br \/>\nDer Tod und das Leiden werden in unserer Gesellschaft oft tabuisiert. Besonders in der Pflegehilfe werden wir jedoch st\u00e4ndig mit dem Lebensende konfrontiert. Wie k\u00f6nnen wir f\u00fcr uns selbst einen entspannten Umgang mit diesen Themen finden?<br \/>\nIn diesem Seminar besch\u00e4ftigen wir uns unter anderem mit den folgenden Fragen:<br \/>\n&#8211;\tSterbehilfe und assistierter Freitod<br \/>\n&#8211;\tBestimmungen zum Lebensende<br \/>\n&#8211;\tVertrauensperson<br \/>\n&#8211;\tKommunikation<br \/>\n&#8211;\tNetzwerkarbeit<br \/>\n&#8211;\tVerantwortung und Selbstbestimmung<\/p>\n","protected":false},"excerpt":{"rendered":"<p>Das Gesetz von 2009 erm\u00f6glicht einem Kranken, in verschiedenen F\u00e4llen hier in Luxemburg auf eine aktive Sterbehilfe zur\u00fcckgreifen zu k\u00f6nnen. In welchen Situationen ist dies der Fall? Was ist der Unterschied zwischen dem assistiertem Freitod und der Sterbehilfe, zwischen der Patientenverf\u00fcgung und den Bestimmungen zum Lebensende? Der Tod und das Leiden werden in unserer Gesellschaft [&hellip;]<\/p>\n","protected":false},"featured_media":0,"comment_status":"","ping_status":"closed","template":"","meta":{"_acf_changed":false,"inline_featured_image":false},"product_brand":[],"product_cat":[239],"product_tag":[237],"class_list":{"0":"post-3393","1":"product","2":"type-product","3":"status-publish","5":"product_cat-cours-pro","6":"product_tag-soins-encadrement-therapie-pro","8":"first","9":"instock","10":"virtual","11":"purchasable","12":"product-type-simple"},"acf":[],"yoast_head":"<!-- This site is optimized with the Yoast SEO Premium plugin v27.4 (Yoast SEO v27.5) - https:\/\/yoast.com\/product\/yoast-seo-premium-wordpress\/ -->\n<title>Selbstbestimmung am Ende des Lebens - GERO<\/title>\n<meta name=\"robots\" content=\"index, follow, max-snippet:-1, max-image-preview:large, max-video-preview:-1\" \/>\n<link rel=\"canonical\" href=\"https:\/\/www.gero.lu\/de\/produit\/selbstbestimmung-am-ende-des-lebens\" \/>\n<meta property=\"og:locale\" content=\"de_DE\" \/>\n<meta property=\"og:type\" content=\"article\" \/>\n<meta property=\"og:title\" content=\"Selbstbestimmung am Ende des Lebens\" \/>\n<meta property=\"og:description\" content=\"Das Gesetz von 2009 erm\u00f6glicht einem Kranken, in verschiedenen F\u00e4llen hier in Luxemburg auf eine aktive Sterbehilfe zur\u00fcckgreifen zu k\u00f6nnen. In welchen Situationen ist dies der Fall? Was ist der Unterschied zwischen dem assistiertem Freitod und der Sterbehilfe, zwischen der Patientenverf\u00fcgung und den Bestimmungen zum Lebensende? Der Tod und das Leiden werden in unserer Gesellschaft [&hellip;]\" \/>\n<meta property=\"og:url\" content=\"https:\/\/www.gero.lu\/de\/produit\/selbstbestimmung-am-ende-des-lebens\" \/>\n<meta property=\"og:site_name\" content=\"GERO\" \/>\n<meta property=\"article:publisher\" content=\"https:\/\/www.facebook.com\/Kompetenzzenter\/\" \/>\n<meta property=\"og:image\" content=\"https:\/\/www.gero.lu\/wp-content\/uploads\/2021\/08\/gettyimages-1135289130-2048x2048_RET-1.jpg\" \/>\n\t<meta property=\"og:image:width\" content=\"1227\" \/>\n\t<meta property=\"og:image:height\" content=\"802\" \/>\n\t<meta property=\"og:image:type\" content=\"image\/jpeg\" \/>\n<meta name=\"twitter:card\" content=\"summary_large_image\" \/>\n<meta name=\"twitter:label1\" content=\"Gesch\u00e4tzte Lesezeit\" \/>\n\t<meta name=\"twitter:data1\" content=\"1\u00a0Minute\" \/>\n<script type=\"application\/ld+json\" class=\"yoast-schema-graph\">{\"@context\":\"https:\\\/\\\/schema.org\",\"@graph\":[{\"@type\":\"WebPage\",\"@id\":\"https:\\\/\\\/www.gero.lu\\\/de\\\/produit\\\/selbstbestimmung-am-ende-des-lebens\",\"url\":\"https:\\\/\\\/www.gero.lu\\\/de\\\/produit\\\/selbstbestimmung-am-ende-des-lebens\",\"name\":\"Selbstbestimmung am Ende des Lebens - GERO\",\"isPartOf\":{\"@id\":\"https:\\\/\\\/www.gero.lu\\\/de\\\/#website\"},\"datePublished\":\"2022-02-22T13:55:58+00:00\",\"breadcrumb\":{\"@id\":\"https:\\\/\\\/www.gero.lu\\\/de\\\/produit\\\/selbstbestimmung-am-ende-des-lebens#breadcrumb\"},\"inLanguage\":\"de\",\"potentialAction\":[{\"@type\":\"ReadAction\",\"target\":[[\"https:\\\/\\\/www.gero.lu\\\/de\\\/produit\\\/selbstbestimmung-am-ende-des-lebens\"]]}]},{\"@type\":\"BreadcrumbList\",\"@id\":\"https:\\\/\\\/www.gero.lu\\\/de\\\/produit\\\/selbstbestimmung-am-ende-des-lebens#breadcrumb\",\"itemListElement\":[{\"@type\":\"ListItem\",\"position\":1,\"name\":\"Accueil\",\"item\":\"https:\\\/\\\/www.gero.lu\\\/de\\\/\"},{\"@type\":\"ListItem\",\"position\":2,\"name\":\"Shop\",\"item\":\"https:\\\/\\\/www.gero.lu\\\/de\\\/shop\"},{\"@type\":\"ListItem\",\"position\":3,\"name\":\"Selbstbestimmung am Ende des Lebens\"}]},{\"@type\":\"WebSite\",\"@id\":\"https:\\\/\\\/www.gero.lu\\\/de\\\/#website\",\"url\":\"https:\\\/\\\/www.gero.lu\\\/de\\\/\",\"name\":\"Gero\",\"description\":\"Kompetenzzenter fir den Alter\",\"publisher\":{\"@id\":\"https:\\\/\\\/www.gero.lu\\\/de\\\/#organization\"},\"potentialAction\":[{\"@type\":\"SearchAction\",\"target\":{\"@type\":\"EntryPoint\",\"urlTemplate\":\"https:\\\/\\\/www.gero.lu\\\/de\\\/?s={search_term_string}\"},\"query-input\":{\"@type\":\"PropertyValueSpecification\",\"valueRequired\":true,\"valueName\":\"search_term_string\"}}],\"inLanguage\":\"de\"},{\"@type\":\"Organization\",\"@id\":\"https:\\\/\\\/www.gero.lu\\\/de\\\/#organization\",\"name\":\"Gero\",\"url\":\"https:\\\/\\\/www.gero.lu\\\/de\\\/\",\"logo\":{\"@type\":\"ImageObject\",\"inLanguage\":\"de\",\"@id\":\"https:\\\/\\\/www.gero.lu\\\/de\\\/#\\\/schema\\\/logo\\\/image\\\/\",\"url\":\"https:\\\/\\\/www.gero.lu\\\/wp-content\\\/uploads\\\/2024\\\/04\\\/logo.svg\",\"contentUrl\":\"https:\\\/\\\/www.gero.lu\\\/wp-content\\\/uploads\\\/2024\\\/04\\\/logo.svg\",\"width\":76,\"height\":30,\"caption\":\"Gero\"},\"image\":{\"@id\":\"https:\\\/\\\/www.gero.lu\\\/de\\\/#\\\/schema\\\/logo\\\/image\\\/\"},\"sameAs\":[\"https:\\\/\\\/www.facebook.com\\\/Kompetenzzenter\\\/\",\"https:\\\/\\\/www.instagram.com\\\/gero.kompetenzzenter\\\/\",\"https:\\\/\\\/linkedin.com\\\/company\\\/gero-kompetenzzenter-fir-den-alter\",\"https:\\\/\\\/www.youtube.com\\\/channel\\\/UCJvmJYSeHh3dYQsLHZupj-Q\"]}]}<\/script>\n<!-- \/ Yoast SEO Premium plugin. -->","yoast_head_json":{"title":"Selbstbestimmung am Ende des Lebens - GERO","robots":{"index":"index","follow":"follow","max-snippet":"max-snippet:-1","max-image-preview":"max-image-preview:large","max-video-preview":"max-video-preview:-1"},"canonical":"https:\/\/www.gero.lu\/de\/produit\/selbstbestimmung-am-ende-des-lebens","og_locale":"de_DE","og_type":"article","og_title":"Selbstbestimmung am Ende des Lebens","og_description":"Das Gesetz von 2009 erm\u00f6glicht einem Kranken, in verschiedenen F\u00e4llen hier in Luxemburg auf eine aktive Sterbehilfe zur\u00fcckgreifen zu k\u00f6nnen. In welchen Situationen ist dies der Fall? Was ist der Unterschied zwischen dem assistiertem Freitod und der Sterbehilfe, zwischen der Patientenverf\u00fcgung und den Bestimmungen zum Lebensende? Der Tod und das Leiden werden in unserer Gesellschaft [&hellip;]","og_url":"https:\/\/www.gero.lu\/de\/produit\/selbstbestimmung-am-ende-des-lebens","og_site_name":"GERO","article_publisher":"https:\/\/www.facebook.com\/Kompetenzzenter\/","og_image":[{"width":1227,"height":802,"url":"https:\/\/www.gero.lu\/wp-content\/uploads\/2021\/08\/gettyimages-1135289130-2048x2048_RET-1.jpg","type":"image\/jpeg"}],"twitter_card":"summary_large_image","twitter_misc":{"Gesch\u00e4tzte Lesezeit":"1\u00a0Minute"},"schema":{"@context":"https:\/\/schema.org","@graph":[{"@type":"WebPage","@id":"https:\/\/www.gero.lu\/de\/produit\/selbstbestimmung-am-ende-des-lebens","url":"https:\/\/www.gero.lu\/de\/produit\/selbstbestimmung-am-ende-des-lebens","name":"Selbstbestimmung am Ende des Lebens - GERO","isPartOf":{"@id":"https:\/\/www.gero.lu\/de\/#website"},"datePublished":"2022-02-22T13:55:58+00:00","breadcrumb":{"@id":"https:\/\/www.gero.lu\/de\/produit\/selbstbestimmung-am-ende-des-lebens#breadcrumb"},"inLanguage":"de","potentialAction":[{"@type":"ReadAction","target":[["https:\/\/www.gero.lu\/de\/produit\/selbstbestimmung-am-ende-des-lebens"]]}]},{"@type":"BreadcrumbList","@id":"https:\/\/www.gero.lu\/de\/produit\/selbstbestimmung-am-ende-des-lebens#breadcrumb","itemListElement":[{"@type":"ListItem","position":1,"name":"Accueil","item":"https:\/\/www.gero.lu\/de\/"},{"@type":"ListItem","position":2,"name":"Shop","item":"https:\/\/www.gero.lu\/de\/shop"},{"@type":"ListItem","position":3,"name":"Selbstbestimmung am Ende des Lebens"}]},{"@type":"WebSite","@id":"https:\/\/www.gero.lu\/de\/#website","url":"https:\/\/www.gero.lu\/de\/","name":"Gero","description":"Kompetenzzenter fir den Alter","publisher":{"@id":"https:\/\/www.gero.lu\/de\/#organization"},"potentialAction":[{"@type":"SearchAction","target":{"@type":"EntryPoint","urlTemplate":"https:\/\/www.gero.lu\/de\/?s={search_term_string}"},"query-input":{"@type":"PropertyValueSpecification","valueRequired":true,"valueName":"search_term_string"}}],"inLanguage":"de"},{"@type":"Organization","@id":"https:\/\/www.gero.lu\/de\/#organization","name":"Gero","url":"https:\/\/www.gero.lu\/de\/","logo":{"@type":"ImageObject","inLanguage":"de","@id":"https:\/\/www.gero.lu\/de\/#\/schema\/logo\/image\/","url":"https:\/\/www.gero.lu\/wp-content\/uploads\/2024\/04\/logo.svg","contentUrl":"https:\/\/www.gero.lu\/wp-content\/uploads\/2024\/04\/logo.svg","width":76,"height":30,"caption":"Gero"},"image":{"@id":"https:\/\/www.gero.lu\/de\/#\/schema\/logo\/image\/"},"sameAs":["https:\/\/www.facebook.com\/Kompetenzzenter\/","https:\/\/www.instagram.com\/gero.kompetenzzenter\/","https:\/\/linkedin.com\/company\/gero-kompetenzzenter-fir-den-alter","https:\/\/www.youtube.com\/channel\/UCJvmJYSeHh3dYQsLHZupj-Q"]}]}},"_links":{"self":[{"href":"https:\/\/www.gero.lu\/de\/wp-json\/wp\/v2\/product\/3393","targetHints":{"allow":["GET"]}}],"collection":[{"href":"https:\/\/www.gero.lu\/de\/wp-json\/wp\/v2\/product"}],"about":[{"href":"https:\/\/www.gero.lu\/de\/wp-json\/wp\/v2\/types\/product"}],"replies":[{"embeddable":true,"href":"https:\/\/www.gero.lu\/de\/wp-json\/wp\/v2\/comments?post=3393"}],"wp:attachment":[{"href":"https:\/\/www.gero.lu\/de\/wp-json\/wp\/v2\/media?parent=3393"}],"wp:term":[{"taxonomy":"product_brand","embeddable":true,"href":"https:\/\/www.gero.lu\/de\/wp-json\/wp\/v2\/product_brand?post=3393"},{"taxonomy":"product_cat","embeddable":true,"href":"https:\/\/www.gero.lu\/de\/wp-json\/wp\/v2\/product_cat?post=3393"},{"taxonomy":"product_tag","embeddable":true,"href":"https:\/\/www.gero.lu\/de\/wp-json\/wp\/v2\/product_tag?post=3393"}],"curies":[{"name":"wp","href":"https:\/\/api.w.org\/{rel}","templated":true}]}}

<p>Das Gesetz von 2009 ermöglicht einem Kranken, in verschiedenen Fällen hier in Luxemburg auf eine aktive Sterbehilfe zurückgreifen zu können.<br />
In welchen Situationen ist dies der Fall? Was ist der Unterschied zwischen dem assistiertem Freitod und der Sterbehilfe, zwischen der Patientenverfügung und den Bestimmungen zum Lebensende?<br />
Der Tod und das Leiden werden in unserer Gesellschaft oft tabuisiert. Besonders in der Pflegehilfe werden wir jedoch ständig mit dem Lebensende konfrontiert. Wie können wir für uns selbst einen entspannten Umgang mit diesen Themen finden?<br />
In diesem Seminar beschäftigen wir uns unter anderem mit den folgenden Fragen:<br />
&#8211;	Sterbehilfe und assistierter Freitod<br />
&#8211;	Bestimmungen zum Lebensende<br />
&#8211;	Vertrauensperson<br />
&#8211;	Kommunikation<br />
&#8211;	Netzwerkarbeit<br />
&#8211;	Verantwortung und Selbstbestimmung</p>

<p>Das Gesetz von 2009 ermöglicht einem Kranken, in verschiedenen Fällen hier in Luxemburg auf eine aktive Sterbehilfe zurückgreifen zu können. In welchen Situationen ist dies der Fall? Was ist der Unterschied zwischen dem assistiertem Freitod und der Sterbehilfe, zwischen der Patientenverfügung und den Bestimmungen zum Lebensende? Der Tod und das Leiden werden in unserer Gesellschaft [&hellip;]</p>

<!-- This site is optimized with the Yoast SEO Premium plugin v27.4 (Yoast SEO v27.5) - https://yoast.com/product/yoast-seo-premium-wordpress/ -->
<title>Selbstbestimmung am Ende des Lebens - GERO</title>
<meta name="robots" content="index, follow, max-snippet:-1, max-image-preview:large, max-video-preview:-1" />
<link rel="canonical" href="https://www.gero.lu/de/produit/selbstbestimmung-am-ende-des-lebens" />
<meta property="og:locale" content="de_DE" />
<meta property="og:type" content="article" />
<meta property="og:title" content="Selbstbestimmung am Ende des Lebens" />
<meta property="og:description" content="Das Gesetz von 2009 ermöglicht einem Kranken, in verschiedenen Fällen hier in Luxemburg auf eine aktive Sterbehilfe zurückgreifen zu können. In welchen Situationen ist dies der Fall? Was ist der Unterschied zwischen dem assistiertem Freitod und der Sterbehilfe, zwischen der Patientenverfügung und den Bestimmungen zum Lebensende? Der Tod und das Leiden werden in unserer Gesellschaft [&hellip;]" />
<meta property="og:url" content="https://www.gero.lu/de/produit/selbstbestimmung-am-ende-des-lebens" />
<meta property="og:site_name" content="GERO" />
<meta property="article:publisher" content="https://www.facebook.com/Kompetenzzenter/" />
<meta property="og:image" content="https://www.gero.lu/wp-content/uploads/2021/08/gettyimages-1135289130-2048x2048_RET-1.jpg" />
	<meta property="og:image:width" content="1227" />
	<meta property="og:image:height" content="802" />
	<meta property="og:image:type" content="image/jpeg" />
<meta name="twitter:card" content="summary_large_image" />
<meta name="twitter:label1" content="Geschätzte Lesezeit" />
	<meta name="twitter:data1" content="1 Minute" />
<script type="application/ld+json" class="yoast-schema-graph">{"@context":"https:\/\/schema.org","@graph":[{"@type":"WebPage","@id":"https:\/\/www.gero.lu\/de\/produit\/selbstbestimmung-am-ende-des-lebens","url":"https:\/\/www.gero.lu\/de\/produit\/selbstbestimmung-am-ende-des-lebens","name":"Selbstbestimmung am Ende des Lebens - GERO","isPartOf":{"@id":"https:\/\/www.gero.lu\/de\/#website"},"datePublished":"2022-02-22T13:55:58+00:00","breadcrumb":{"@id":"https:\/\/www.gero.lu\/de\/produit\/selbstbestimmung-am-ende-des-lebens#breadcrumb"},"inLanguage":"de","potentialAction":[{"@type":"ReadAction","target":[["https:\/\/www.gero.lu\/de\/produit\/selbstbestimmung-am-ende-des-lebens"]]}]},{"@type":"BreadcrumbList","@id":"https:\/\/www.gero.lu\/de\/produit\/selbstbestimmung-am-ende-des-lebens#breadcrumb","itemListElement":[{"@type":"ListItem","position":1,"name":"Accueil","item":"https:\/\/www.gero.lu\/de\/"},{"@type":"ListItem","position":2,"name":"Shop","item":"https:\/\/www.gero.lu\/de\/shop"},{"@type":"ListItem","position":3,"name":"Selbstbestimmung am Ende des Lebens"}]},{"@type":"WebSite","@id":"https:\/\/www.gero.lu\/de\/#website","url":"https:\/\/www.gero.lu\/de\/","name":"Gero","description":"Kompetenzzenter fir den Alter","publisher":{"@id":"https:\/\/www.gero.lu\/de\/#organization"},"potentialAction":[{"@type":"SearchAction","target":{"@type":"EntryPoint","urlTemplate":"https:\/\/www.gero.lu\/de\/?s={search_term_string}"},"query-input":{"@type":"PropertyValueSpecification","valueRequired":true,"valueName":"search_term_string"}}],"inLanguage":"de"},{"@type":"Organization","@id":"https:\/\/www.gero.lu\/de\/#organization","name":"Gero","url":"https:\/\/www.gero.lu\/de\/","logo":{"@type":"ImageObject","inLanguage":"de","@id":"https:\/\/www.gero.lu\/de\/#\/schema\/logo\/image\/","url":"https:\/\/www.gero.lu\/wp-content\/uploads\/2024\/04\/logo.svg","contentUrl":"https:\/\/www.gero.lu\/wp-content\/uploads\/2024\/04\/logo.svg","width":76,"height":30,"caption":"Gero"},"image":{"@id":"https:\/\/www.gero.lu\/de\/#\/schema\/logo\/image\/"},"sameAs":["https:\/\/www.facebook.com\/Kompetenzzenter\/","https:\/\/www.instagram.com\/gero.kompetenzzenter\/","https:\/\/linkedin.com\/company\/gero-kompetenzzenter-fir-den-alter","https:\/\/www.youtube.com\/channel\/UCJvmJYSeHh3dYQsLHZupj-Q"]}]}</script>
<!-- / Yoast SEO Premium plugin. -->

Das Gesetz von 2009 ermöglicht einem Kranken, in verschiedenen Fällen hier in Luxemburg auf eine aktive Sterbehilfe zurückgreifen zu können. In welchen Situationen ist dies der Fall? Was ist der Unterschied zwischen dem assistiertem Freitod und der Sterbehilfe, zwischen der Patientenverfügung und den Bestimmungen zum Lebensende? Der Tod und das Leiden werden in unserer Gesellschaft [&hellip;]
