{"id":3385,"date":"2022-02-22T13:55:56","date_gmt":"2022-02-22T13:55:56","guid":{"rendered":"https:\/\/www.gero.lu\/produit\/basale-stimulation"},"modified":"2022-04-29T13:23:40","modified_gmt":"2022-04-29T13:23:40","slug":"basale-stimulation","status":"publish","type":"product","link":"https:\/\/www.gero.lu\/de\/produit\/basale-stimulation","title":{"rendered":"Basale Stimulation"},"content":{"rendered":"<p>Basale Stimulation ist ein Konzept, das urspr\u00fcnglich von dem Sonderp\u00e4dagogen Andreas Fr\u00f6hlich entwickelt und sp\u00e4ter gemeinsam mit der Diplom-P\u00e4dagogin Christel Bienstein in die Erwachsenenpflege \u00fcbertragen wurde. Zentraler Ausgangspunkt war, dass auch apallische und komat\u00f6se Menschen das elementare Bed\u00fcrfnis nach Wahrnehmung, Bewegung und Kommunikation versp\u00fcren. Basale Stimulation in der Pflege versucht, beeintr\u00e4chtigten Menschen Wahrnehmungserfahrungen zu erm\u00f6glichen, sie in ihrem Erleben zu begleiten und ihre F\u00e4higkeiten zu f\u00f6rdern. Dabei kommt es nicht nur darauf an, \u201ewas\u201c wir tun, sondern auch darauf, \u201ewie\u201c wir es tun, um hilfreiche Erfahrungen des eigenen K\u00f6rpers und der Umwelt zu erm\u00f6glichen. <\/p>\n<p>Entscheidend ist die Ber\u00fchrungsqualit\u00e4t, womit unsere H\u00e4nde einmal mehr unser wichtigstes Werkzeug sind.<\/p>\n<p>In diesem Seminar werden wir uns mit folgenden Fragen besch\u00e4ftigen:<br \/>\nZielgruppen von BS; Entwicklung der Wahrnehmung; Grunds\u00e4tze\/Ziele und Mittel der BS; Haltung und Voraussetzungen auf Seiten der Pflegekraft\/des Begleiters; Exkurs \u201eMenschen mit Demenz und ihre Kommunikationsebenen\u201d; Professionelle N\u00e4he und Distanz; Selbsterleben und nat\u00fcrliche Verhaltensmuster; Exkurs \u201eBegleitung von Menschen am Lebensende\u201c; Anregungen in Bezug auf die Wahrnehmungsebenen; Lagerungsarten; praktische \u00dcbungen; Atemstimulierende Einreibung<\/p>\n","protected":false},"excerpt":{"rendered":"<p>Basale Stimulation ist ein Konzept, das urspr\u00fcnglich von dem Sonderp\u00e4dagogen Andreas Fr\u00f6hlich entwickelt und sp\u00e4ter gemeinsam mit der Diplom-P\u00e4dagogin Christel Bienstein in die Erwachsenenpflege \u00fcbertragen wurde. Zentraler Ausgangspunkt war, dass auch apallische und komat\u00f6se Menschen das elementare Bed\u00fcrfnis nach Wahrnehmung, Bewegung und Kommunikation versp\u00fcren. Basale Stimulation in der Pflege versucht, beeintr\u00e4chtigten Menschen Wahrnehmungserfahrungen zu erm\u00f6glichen, [&hellip;]<\/p>\n","protected":false},"featured_media":0,"comment_status":"closed","ping_status":"closed","template":"","meta":{"_acf_changed":false,"inline_featured_image":false},"product_brand":[],"product_cat":[241],"product_tag":[237],"class_list":{"0":"post-3385","1":"product","2":"type-product","3":"status-publish","5":"product_cat-workshop-pro","6":"product_tag-soins-encadrement-therapie-pro","8":"first","9":"instock","10":"virtual","11":"purchasable","12":"product-type-simple"},"acf":[],"yoast_head":"<!-- This site is optimized with the Yoast SEO Premium plugin v27.4 (Yoast SEO v27.5) - https:\/\/yoast.com\/product\/yoast-seo-premium-wordpress\/ -->\n<title>Basale Stimulation - GERO<\/title>\n<meta name=\"robots\" content=\"index, follow, max-snippet:-1, max-image-preview:large, max-video-preview:-1\" \/>\n<link rel=\"canonical\" href=\"https:\/\/www.gero.lu\/de\/produit\/basale-stimulation\" \/>\n<meta property=\"og:locale\" content=\"de_DE\" \/>\n<meta property=\"og:type\" content=\"article\" \/>\n<meta property=\"og:title\" content=\"Basale Stimulation\" \/>\n<meta property=\"og:description\" content=\"Basale Stimulation ist ein Konzept, das urspr\u00fcnglich von dem Sonderp\u00e4dagogen Andreas Fr\u00f6hlich entwickelt und sp\u00e4ter gemeinsam mit der Diplom-P\u00e4dagogin Christel Bienstein in die Erwachsenenpflege \u00fcbertragen wurde. Zentraler Ausgangspunkt war, dass auch apallische und komat\u00f6se Menschen das elementare Bed\u00fcrfnis nach Wahrnehmung, Bewegung und Kommunikation versp\u00fcren. Basale Stimulation in der Pflege versucht, beeintr\u00e4chtigten Menschen Wahrnehmungserfahrungen zu erm\u00f6glichen, [&hellip;]\" \/>\n<meta property=\"og:url\" content=\"https:\/\/www.gero.lu\/de\/produit\/basale-stimulation\" \/>\n<meta property=\"og:site_name\" content=\"GERO\" \/>\n<meta property=\"article:publisher\" content=\"https:\/\/www.facebook.com\/Kompetenzzenter\/\" \/>\n<meta property=\"article:modified_time\" content=\"2022-04-29T13:23:40+00:00\" \/>\n<meta property=\"og:image\" content=\"https:\/\/www.gero.lu\/wp-content\/uploads\/2021\/08\/gettyimages-1135289130-2048x2048_RET-1.jpg\" \/>\n\t<meta property=\"og:image:width\" content=\"1227\" \/>\n\t<meta property=\"og:image:height\" content=\"802\" \/>\n\t<meta property=\"og:image:type\" content=\"image\/jpeg\" \/>\n<meta name=\"twitter:card\" content=\"summary_large_image\" \/>\n<meta name=\"twitter:label1\" content=\"Gesch\u00e4tzte Lesezeit\" \/>\n\t<meta name=\"twitter:data1\" content=\"1\u00a0Minute\" \/>\n<script type=\"application\/ld+json\" class=\"yoast-schema-graph\">{\"@context\":\"https:\\\/\\\/schema.org\",\"@graph\":[{\"@type\":\"WebPage\",\"@id\":\"https:\\\/\\\/www.gero.lu\\\/de\\\/produit\\\/basale-stimulation\",\"url\":\"https:\\\/\\\/www.gero.lu\\\/de\\\/produit\\\/basale-stimulation\",\"name\":\"Basale Stimulation - GERO\",\"isPartOf\":{\"@id\":\"https:\\\/\\\/www.gero.lu\\\/de\\\/#website\"},\"datePublished\":\"2022-02-22T13:55:56+00:00\",\"dateModified\":\"2022-04-29T13:23:40+00:00\",\"breadcrumb\":{\"@id\":\"https:\\\/\\\/www.gero.lu\\\/de\\\/produit\\\/basale-stimulation#breadcrumb\"},\"inLanguage\":\"de\",\"potentialAction\":[{\"@type\":\"ReadAction\",\"target\":[[\"https:\\\/\\\/www.gero.lu\\\/de\\\/produit\\\/basale-stimulation\"]]}]},{\"@type\":\"BreadcrumbList\",\"@id\":\"https:\\\/\\\/www.gero.lu\\\/de\\\/produit\\\/basale-stimulation#breadcrumb\",\"itemListElement\":[{\"@type\":\"ListItem\",\"position\":1,\"name\":\"Accueil\",\"item\":\"https:\\\/\\\/www.gero.lu\\\/de\\\/\"},{\"@type\":\"ListItem\",\"position\":2,\"name\":\"Shop\",\"item\":\"https:\\\/\\\/www.gero.lu\\\/de\\\/shop\"},{\"@type\":\"ListItem\",\"position\":3,\"name\":\"Basale Stimulation\"}]},{\"@type\":\"WebSite\",\"@id\":\"https:\\\/\\\/www.gero.lu\\\/de\\\/#website\",\"url\":\"https:\\\/\\\/www.gero.lu\\\/de\\\/\",\"name\":\"Gero\",\"description\":\"Kompetenzzenter fir den Alter\",\"publisher\":{\"@id\":\"https:\\\/\\\/www.gero.lu\\\/de\\\/#organization\"},\"potentialAction\":[{\"@type\":\"SearchAction\",\"target\":{\"@type\":\"EntryPoint\",\"urlTemplate\":\"https:\\\/\\\/www.gero.lu\\\/de\\\/?s={search_term_string}\"},\"query-input\":{\"@type\":\"PropertyValueSpecification\",\"valueRequired\":true,\"valueName\":\"search_term_string\"}}],\"inLanguage\":\"de\"},{\"@type\":\"Organization\",\"@id\":\"https:\\\/\\\/www.gero.lu\\\/de\\\/#organization\",\"name\":\"Gero\",\"url\":\"https:\\\/\\\/www.gero.lu\\\/de\\\/\",\"logo\":{\"@type\":\"ImageObject\",\"inLanguage\":\"de\",\"@id\":\"https:\\\/\\\/www.gero.lu\\\/de\\\/#\\\/schema\\\/logo\\\/image\\\/\",\"url\":\"https:\\\/\\\/www.gero.lu\\\/wp-content\\\/uploads\\\/2024\\\/04\\\/logo.svg\",\"contentUrl\":\"https:\\\/\\\/www.gero.lu\\\/wp-content\\\/uploads\\\/2024\\\/04\\\/logo.svg\",\"width\":76,\"height\":30,\"caption\":\"Gero\"},\"image\":{\"@id\":\"https:\\\/\\\/www.gero.lu\\\/de\\\/#\\\/schema\\\/logo\\\/image\\\/\"},\"sameAs\":[\"https:\\\/\\\/www.facebook.com\\\/Kompetenzzenter\\\/\",\"https:\\\/\\\/www.instagram.com\\\/gero.kompetenzzenter\\\/\",\"https:\\\/\\\/linkedin.com\\\/company\\\/gero-kompetenzzenter-fir-den-alter\",\"https:\\\/\\\/www.youtube.com\\\/channel\\\/UCJvmJYSeHh3dYQsLHZupj-Q\"]}]}<\/script>\n<!-- \/ Yoast SEO Premium plugin. -->","yoast_head_json":{"title":"Basale Stimulation - GERO","robots":{"index":"index","follow":"follow","max-snippet":"max-snippet:-1","max-image-preview":"max-image-preview:large","max-video-preview":"max-video-preview:-1"},"canonical":"https:\/\/www.gero.lu\/de\/produit\/basale-stimulation","og_locale":"de_DE","og_type":"article","og_title":"Basale Stimulation","og_description":"Basale Stimulation ist ein Konzept, das urspr\u00fcnglich von dem Sonderp\u00e4dagogen Andreas Fr\u00f6hlich entwickelt und sp\u00e4ter gemeinsam mit der Diplom-P\u00e4dagogin Christel Bienstein in die Erwachsenenpflege \u00fcbertragen wurde. Zentraler Ausgangspunkt war, dass auch apallische und komat\u00f6se Menschen das elementare Bed\u00fcrfnis nach Wahrnehmung, Bewegung und Kommunikation versp\u00fcren. Basale Stimulation in der Pflege versucht, beeintr\u00e4chtigten Menschen Wahrnehmungserfahrungen zu erm\u00f6glichen, [&hellip;]","og_url":"https:\/\/www.gero.lu\/de\/produit\/basale-stimulation","og_site_name":"GERO","article_publisher":"https:\/\/www.facebook.com\/Kompetenzzenter\/","article_modified_time":"2022-04-29T13:23:40+00:00","og_image":[{"width":1227,"height":802,"url":"https:\/\/www.gero.lu\/wp-content\/uploads\/2021\/08\/gettyimages-1135289130-2048x2048_RET-1.jpg","type":"image\/jpeg"}],"twitter_card":"summary_large_image","twitter_misc":{"Gesch\u00e4tzte Lesezeit":"1\u00a0Minute"},"schema":{"@context":"https:\/\/schema.org","@graph":[{"@type":"WebPage","@id":"https:\/\/www.gero.lu\/de\/produit\/basale-stimulation","url":"https:\/\/www.gero.lu\/de\/produit\/basale-stimulation","name":"Basale Stimulation - GERO","isPartOf":{"@id":"https:\/\/www.gero.lu\/de\/#website"},"datePublished":"2022-02-22T13:55:56+00:00","dateModified":"2022-04-29T13:23:40+00:00","breadcrumb":{"@id":"https:\/\/www.gero.lu\/de\/produit\/basale-stimulation#breadcrumb"},"inLanguage":"de","potentialAction":[{"@type":"ReadAction","target":[["https:\/\/www.gero.lu\/de\/produit\/basale-stimulation"]]}]},{"@type":"BreadcrumbList","@id":"https:\/\/www.gero.lu\/de\/produit\/basale-stimulation#breadcrumb","itemListElement":[{"@type":"ListItem","position":1,"name":"Accueil","item":"https:\/\/www.gero.lu\/de\/"},{"@type":"ListItem","position":2,"name":"Shop","item":"https:\/\/www.gero.lu\/de\/shop"},{"@type":"ListItem","position":3,"name":"Basale Stimulation"}]},{"@type":"WebSite","@id":"https:\/\/www.gero.lu\/de\/#website","url":"https:\/\/www.gero.lu\/de\/","name":"Gero","description":"Kompetenzzenter fir den Alter","publisher":{"@id":"https:\/\/www.gero.lu\/de\/#organization"},"potentialAction":[{"@type":"SearchAction","target":{"@type":"EntryPoint","urlTemplate":"https:\/\/www.gero.lu\/de\/?s={search_term_string}"},"query-input":{"@type":"PropertyValueSpecification","valueRequired":true,"valueName":"search_term_string"}}],"inLanguage":"de"},{"@type":"Organization","@id":"https:\/\/www.gero.lu\/de\/#organization","name":"Gero","url":"https:\/\/www.gero.lu\/de\/","logo":{"@type":"ImageObject","inLanguage":"de","@id":"https:\/\/www.gero.lu\/de\/#\/schema\/logo\/image\/","url":"https:\/\/www.gero.lu\/wp-content\/uploads\/2024\/04\/logo.svg","contentUrl":"https:\/\/www.gero.lu\/wp-content\/uploads\/2024\/04\/logo.svg","width":76,"height":30,"caption":"Gero"},"image":{"@id":"https:\/\/www.gero.lu\/de\/#\/schema\/logo\/image\/"},"sameAs":["https:\/\/www.facebook.com\/Kompetenzzenter\/","https:\/\/www.instagram.com\/gero.kompetenzzenter\/","https:\/\/linkedin.com\/company\/gero-kompetenzzenter-fir-den-alter","https:\/\/www.youtube.com\/channel\/UCJvmJYSeHh3dYQsLHZupj-Q"]}]}},"_links":{"self":[{"href":"https:\/\/www.gero.lu\/de\/wp-json\/wp\/v2\/product\/3385","targetHints":{"allow":["GET"]}}],"collection":[{"href":"https:\/\/www.gero.lu\/de\/wp-json\/wp\/v2\/product"}],"about":[{"href":"https:\/\/www.gero.lu\/de\/wp-json\/wp\/v2\/types\/product"}],"replies":[{"embeddable":true,"href":"https:\/\/www.gero.lu\/de\/wp-json\/wp\/v2\/comments?post=3385"}],"wp:attachment":[{"href":"https:\/\/www.gero.lu\/de\/wp-json\/wp\/v2\/media?parent=3385"}],"wp:term":[{"taxonomy":"product_brand","embeddable":true,"href":"https:\/\/www.gero.lu\/de\/wp-json\/wp\/v2\/product_brand?post=3385"},{"taxonomy":"product_cat","embeddable":true,"href":"https:\/\/www.gero.lu\/de\/wp-json\/wp\/v2\/product_cat?post=3385"},{"taxonomy":"product_tag","embeddable":true,"href":"https:\/\/www.gero.lu\/de\/wp-json\/wp\/v2\/product_tag?post=3385"}],"curies":[{"name":"wp","href":"https:\/\/api.w.org\/{rel}","templated":true}]}}

<p>Basale Stimulation ist ein Konzept, das ursprünglich von dem Sonderpädagogen Andreas Fröhlich entwickelt und später gemeinsam mit der Diplom-Pädagogin Christel Bienstein in die Erwachsenenpflege übertragen wurde. Zentraler Ausgangspunkt war, dass auch apallische und komatöse Menschen das elementare Bedürfnis nach Wahrnehmung, Bewegung und Kommunikation verspüren. Basale Stimulation in der Pflege versucht, beeinträchtigten Menschen Wahrnehmungserfahrungen zu ermöglichen, sie in ihrem Erleben zu begleiten und ihre Fähigkeiten zu fördern. Dabei kommt es nicht nur darauf an, „was“ wir tun, sondern auch darauf, „wie“ wir es tun, um hilfreiche Erfahrungen des eigenen Körpers und der Umwelt zu ermöglichen. </p>
<p>Entscheidend ist die Berührungsqualität, womit unsere Hände einmal mehr unser wichtigstes Werkzeug sind.</p>
<p>In diesem Seminar werden wir uns mit folgenden Fragen beschäftigen:<br />
Zielgruppen von BS; Entwicklung der Wahrnehmung; Grundsätze/Ziele und Mittel der BS; Haltung und Voraussetzungen auf Seiten der Pflegekraft/des Begleiters; Exkurs „Menschen mit Demenz und ihre Kommunikationsebenen”; Professionelle Nähe und Distanz; Selbsterleben und natürliche Verhaltensmuster; Exkurs „Begleitung von Menschen am Lebensende“; Anregungen in Bezug auf die Wahrnehmungsebenen; Lagerungsarten; praktische Übungen; Atemstimulierende Einreibung</p>

<p>Basale Stimulation ist ein Konzept, das ursprünglich von dem Sonderpädagogen Andreas Fröhlich entwickelt und später gemeinsam mit der Diplom-Pädagogin Christel Bienstein in die Erwachsenenpflege übertragen wurde. Zentraler Ausgangspunkt war, dass auch apallische und komatöse Menschen das elementare Bedürfnis nach Wahrnehmung, Bewegung und Kommunikation verspüren. Basale Stimulation in der Pflege versucht, beeinträchtigten Menschen Wahrnehmungserfahrungen zu ermöglichen, [&hellip;]</p>

<!-- This site is optimized with the Yoast SEO Premium plugin v27.4 (Yoast SEO v27.5) - https://yoast.com/product/yoast-seo-premium-wordpress/ -->
<title>Basale Stimulation - GERO</title>
<meta name="robots" content="index, follow, max-snippet:-1, max-image-preview:large, max-video-preview:-1" />
<link rel="canonical" href="https://www.gero.lu/de/produit/basale-stimulation" />
<meta property="og:locale" content="de_DE" />
<meta property="og:type" content="article" />
<meta property="og:title" content="Basale Stimulation" />
<meta property="og:description" content="Basale Stimulation ist ein Konzept, das ursprünglich von dem Sonderpädagogen Andreas Fröhlich entwickelt und später gemeinsam mit der Diplom-Pädagogin Christel Bienstein in die Erwachsenenpflege übertragen wurde. Zentraler Ausgangspunkt war, dass auch apallische und komatöse Menschen das elementare Bedürfnis nach Wahrnehmung, Bewegung und Kommunikation verspüren. Basale Stimulation in der Pflege versucht, beeinträchtigten Menschen Wahrnehmungserfahrungen zu ermöglichen, [&hellip;]" />
<meta property="og:url" content="https://www.gero.lu/de/produit/basale-stimulation" />
<meta property="og:site_name" content="GERO" />
<meta property="article:publisher" content="https://www.facebook.com/Kompetenzzenter/" />
<meta property="article:modified_time" content="2022-04-29T13:23:40+00:00" />
<meta property="og:image" content="https://www.gero.lu/wp-content/uploads/2021/08/gettyimages-1135289130-2048x2048_RET-1.jpg" />
	<meta property="og:image:width" content="1227" />
	<meta property="og:image:height" content="802" />
	<meta property="og:image:type" content="image/jpeg" />
<meta name="twitter:card" content="summary_large_image" />
<meta name="twitter:label1" content="Geschätzte Lesezeit" />
	<meta name="twitter:data1" content="1 Minute" />
<script type="application/ld+json" class="yoast-schema-graph">{"@context":"https:\/\/schema.org","@graph":[{"@type":"WebPage","@id":"https:\/\/www.gero.lu\/de\/produit\/basale-stimulation","url":"https:\/\/www.gero.lu\/de\/produit\/basale-stimulation","name":"Basale Stimulation - GERO","isPartOf":{"@id":"https:\/\/www.gero.lu\/de\/#website"},"datePublished":"2022-02-22T13:55:56+00:00","dateModified":"2022-04-29T13:23:40+00:00","breadcrumb":{"@id":"https:\/\/www.gero.lu\/de\/produit\/basale-stimulation#breadcrumb"},"inLanguage":"de","potentialAction":[{"@type":"ReadAction","target":[["https:\/\/www.gero.lu\/de\/produit\/basale-stimulation"]]}]},{"@type":"BreadcrumbList","@id":"https:\/\/www.gero.lu\/de\/produit\/basale-stimulation#breadcrumb","itemListElement":[{"@type":"ListItem","position":1,"name":"Accueil","item":"https:\/\/www.gero.lu\/de\/"},{"@type":"ListItem","position":2,"name":"Shop","item":"https:\/\/www.gero.lu\/de\/shop"},{"@type":"ListItem","position":3,"name":"Basale Stimulation"}]},{"@type":"WebSite","@id":"https:\/\/www.gero.lu\/de\/#website","url":"https:\/\/www.gero.lu\/de\/","name":"Gero","description":"Kompetenzzenter fir den Alter","publisher":{"@id":"https:\/\/www.gero.lu\/de\/#organization"},"potentialAction":[{"@type":"SearchAction","target":{"@type":"EntryPoint","urlTemplate":"https:\/\/www.gero.lu\/de\/?s={search_term_string}"},"query-input":{"@type":"PropertyValueSpecification","valueRequired":true,"valueName":"search_term_string"}}],"inLanguage":"de"},{"@type":"Organization","@id":"https:\/\/www.gero.lu\/de\/#organization","name":"Gero","url":"https:\/\/www.gero.lu\/de\/","logo":{"@type":"ImageObject","inLanguage":"de","@id":"https:\/\/www.gero.lu\/de\/#\/schema\/logo\/image\/","url":"https:\/\/www.gero.lu\/wp-content\/uploads\/2024\/04\/logo.svg","contentUrl":"https:\/\/www.gero.lu\/wp-content\/uploads\/2024\/04\/logo.svg","width":76,"height":30,"caption":"Gero"},"image":{"@id":"https:\/\/www.gero.lu\/de\/#\/schema\/logo\/image\/"},"sameAs":["https:\/\/www.facebook.com\/Kompetenzzenter\/","https:\/\/www.instagram.com\/gero.kompetenzzenter\/","https:\/\/linkedin.com\/company\/gero-kompetenzzenter-fir-den-alter","https:\/\/www.youtube.com\/channel\/UCJvmJYSeHh3dYQsLHZupj-Q"]}]}</script>
<!-- / Yoast SEO Premium plugin. -->

Basale Stimulation ist ein Konzept, das ursprünglich von dem Sonderpädagogen Andreas Fröhlich entwickelt und später gemeinsam mit der Diplom-Pädagogin Christel Bienstein in die Erwachsenenpflege übertragen wurde. Zentraler Ausgangspunkt war, dass auch apallische und komatöse Menschen das elementare Bedürfnis nach Wahrnehmung, Bewegung und Kommunikation verspüren. Basale Stimulation in der Pflege versucht, beeinträchtigten Menschen Wahrnehmungserfahrungen zu ermöglichen, [&hellip;]
