{"id":3382,"date":"2022-02-22T13:55:56","date_gmt":"2022-02-22T13:55:56","guid":{"rendered":"https:\/\/www.gero.lu\/produit\/kommunikation"},"modified":"2022-06-02T08:22:35","modified_gmt":"2022-06-02T08:22:35","slug":"kommunikation","status":"publish","type":"product","link":"https:\/\/www.gero.lu\/de\/produit\/kommunikation","title":{"rendered":"Kommunikation"},"content":{"rendered":"<p>Mit Hilfe von 3 kurzen Filmen werden f\u00fcr die Kommunikation mit demenzkranken Menschen relevante Themen aufgegriffen wie Langeweile, Depression, Apathie oder Besinnlichkeit. Ebenso geht es in den Filmen um im beruflichen Alltag bedeutsame Inhalte wie den Umgang mit N\u00e4he und Distanz sowie um Konflikte mit Angeh\u00f6rigen, Sexualit\u00e4t sowie um das Selbstbild von Mitarbeiter*innen bezogen auf Menschen mit Demenz. In einem H\u00f6rspiel werden \u00fcbergriffige Situationen und der Umgang damit im Team, dargestellt. Eine Analyse der vorgestellten Situationen erfolgt gemeinsam mit dem Dozenten mittels Feedback-Gespr\u00e4chen in der Gruppe.<br \/>\nIn diesem Modul erlernen die Mitarbeiter*innen, an einer besseren Kommunikation zwischen den Mitgliedern eines Teams mitzuwirken, die verschiedenen Arten verbaler und nonverbaler Kommunikation bei Klient*innen (Bewohner*innen) und ihren Angeh\u00f6rigen in angemessener Weise zu interpretieren, sich der Kontaktbed\u00fcrfnisse von Menschen bewusst zu sein sowie R\u00fcckzug, Apathie und Isolationstendenzen zu erkennen.<\/p>\n","protected":false},"excerpt":{"rendered":"<p>Mit Hilfe von 3 kurzen Filmen werden f\u00fcr die Kommunikation mit demenzkranken Menschen relevante Themen aufgegriffen wie Langeweile, Depression, Apathie oder Besinnlichkeit. Ebenso geht es in den Filmen um im beruflichen Alltag bedeutsame Inhalte wie den Umgang mit N\u00e4he und Distanz sowie um Konflikte mit Angeh\u00f6rigen, Sexualit\u00e4t sowie um das Selbstbild von Mitarbeiter*innen bezogen auf [&hellip;]<\/p>\n","protected":false},"featured_media":0,"comment_status":"closed","ping_status":"closed","template":"","meta":{"_acf_changed":false,"inline_featured_image":false},"product_brand":[],"product_cat":[239],"product_tag":[237],"class_list":{"0":"post-3382","1":"product","2":"type-product","3":"status-publish","5":"product_cat-cours-pro","6":"product_tag-soins-encadrement-therapie-pro","8":"first","9":"instock","10":"virtual","11":"purchasable","12":"product-type-simple"},"acf":[],"yoast_head":"<!-- This site is optimized with the Yoast SEO Premium plugin v27.4 (Yoast SEO v27.5) - https:\/\/yoast.com\/product\/yoast-seo-premium-wordpress\/ -->\n<title>Kommunikation - GERO<\/title>\n<meta name=\"robots\" content=\"index, follow, max-snippet:-1, max-image-preview:large, max-video-preview:-1\" \/>\n<link rel=\"canonical\" href=\"https:\/\/www.gero.lu\/de\/produit\/kommunikation\" \/>\n<meta property=\"og:locale\" content=\"de_DE\" \/>\n<meta property=\"og:type\" content=\"article\" \/>\n<meta property=\"og:title\" content=\"Kommunikation\" \/>\n<meta property=\"og:description\" content=\"Mit Hilfe von 3 kurzen Filmen werden f\u00fcr die Kommunikation mit demenzkranken Menschen relevante Themen aufgegriffen wie Langeweile, Depression, Apathie oder Besinnlichkeit. Ebenso geht es in den Filmen um im beruflichen Alltag bedeutsame Inhalte wie den Umgang mit N\u00e4he und Distanz sowie um Konflikte mit Angeh\u00f6rigen, Sexualit\u00e4t sowie um das Selbstbild von Mitarbeiter*innen bezogen auf [&hellip;]\" \/>\n<meta property=\"og:url\" content=\"https:\/\/www.gero.lu\/de\/produit\/kommunikation\" \/>\n<meta property=\"og:site_name\" content=\"GERO\" \/>\n<meta property=\"article:publisher\" content=\"https:\/\/www.facebook.com\/Kompetenzzenter\/\" \/>\n<meta property=\"article:modified_time\" content=\"2022-06-02T08:22:35+00:00\" \/>\n<meta property=\"og:image\" content=\"https:\/\/www.gero.lu\/wp-content\/uploads\/2021\/08\/gettyimages-1135289130-2048x2048_RET-1.jpg\" \/>\n\t<meta property=\"og:image:width\" content=\"1227\" \/>\n\t<meta property=\"og:image:height\" content=\"802\" \/>\n\t<meta property=\"og:image:type\" content=\"image\/jpeg\" \/>\n<meta name=\"twitter:card\" content=\"summary_large_image\" \/>\n<meta name=\"twitter:label1\" content=\"Gesch\u00e4tzte Lesezeit\" \/>\n\t<meta name=\"twitter:data1\" content=\"1\u00a0Minute\" \/>\n<script type=\"application\/ld+json\" class=\"yoast-schema-graph\">{\"@context\":\"https:\\\/\\\/schema.org\",\"@graph\":[{\"@type\":\"WebPage\",\"@id\":\"https:\\\/\\\/www.gero.lu\\\/de\\\/produit\\\/kommunikation\",\"url\":\"https:\\\/\\\/www.gero.lu\\\/de\\\/produit\\\/kommunikation\",\"name\":\"Kommunikation - GERO\",\"isPartOf\":{\"@id\":\"https:\\\/\\\/www.gero.lu\\\/de\\\/#website\"},\"datePublished\":\"2022-02-22T13:55:56+00:00\",\"dateModified\":\"2022-06-02T08:22:35+00:00\",\"breadcrumb\":{\"@id\":\"https:\\\/\\\/www.gero.lu\\\/de\\\/produit\\\/kommunikation#breadcrumb\"},\"inLanguage\":\"de\",\"potentialAction\":[{\"@type\":\"ReadAction\",\"target\":[[\"https:\\\/\\\/www.gero.lu\\\/de\\\/produit\\\/kommunikation\"]]}]},{\"@type\":\"BreadcrumbList\",\"@id\":\"https:\\\/\\\/www.gero.lu\\\/de\\\/produit\\\/kommunikation#breadcrumb\",\"itemListElement\":[{\"@type\":\"ListItem\",\"position\":1,\"name\":\"Accueil\",\"item\":\"https:\\\/\\\/www.gero.lu\\\/de\\\/\"},{\"@type\":\"ListItem\",\"position\":2,\"name\":\"Shop\",\"item\":\"https:\\\/\\\/www.gero.lu\\\/de\\\/shop\"},{\"@type\":\"ListItem\",\"position\":3,\"name\":\"Kommunikation\"}]},{\"@type\":\"WebSite\",\"@id\":\"https:\\\/\\\/www.gero.lu\\\/de\\\/#website\",\"url\":\"https:\\\/\\\/www.gero.lu\\\/de\\\/\",\"name\":\"Gero\",\"description\":\"Kompetenzzenter fir den Alter\",\"publisher\":{\"@id\":\"https:\\\/\\\/www.gero.lu\\\/de\\\/#organization\"},\"potentialAction\":[{\"@type\":\"SearchAction\",\"target\":{\"@type\":\"EntryPoint\",\"urlTemplate\":\"https:\\\/\\\/www.gero.lu\\\/de\\\/?s={search_term_string}\"},\"query-input\":{\"@type\":\"PropertyValueSpecification\",\"valueRequired\":true,\"valueName\":\"search_term_string\"}}],\"inLanguage\":\"de\"},{\"@type\":\"Organization\",\"@id\":\"https:\\\/\\\/www.gero.lu\\\/de\\\/#organization\",\"name\":\"Gero\",\"url\":\"https:\\\/\\\/www.gero.lu\\\/de\\\/\",\"logo\":{\"@type\":\"ImageObject\",\"inLanguage\":\"de\",\"@id\":\"https:\\\/\\\/www.gero.lu\\\/de\\\/#\\\/schema\\\/logo\\\/image\\\/\",\"url\":\"https:\\\/\\\/www.gero.lu\\\/wp-content\\\/uploads\\\/2024\\\/04\\\/logo.svg\",\"contentUrl\":\"https:\\\/\\\/www.gero.lu\\\/wp-content\\\/uploads\\\/2024\\\/04\\\/logo.svg\",\"width\":76,\"height\":30,\"caption\":\"Gero\"},\"image\":{\"@id\":\"https:\\\/\\\/www.gero.lu\\\/de\\\/#\\\/schema\\\/logo\\\/image\\\/\"},\"sameAs\":[\"https:\\\/\\\/www.facebook.com\\\/Kompetenzzenter\\\/\",\"https:\\\/\\\/www.instagram.com\\\/gero.kompetenzzenter\\\/\",\"https:\\\/\\\/linkedin.com\\\/company\\\/gero-kompetenzzenter-fir-den-alter\",\"https:\\\/\\\/www.youtube.com\\\/channel\\\/UCJvmJYSeHh3dYQsLHZupj-Q\"]}]}<\/script>\n<!-- \/ Yoast SEO Premium plugin. -->","yoast_head_json":{"title":"Kommunikation - GERO","robots":{"index":"index","follow":"follow","max-snippet":"max-snippet:-1","max-image-preview":"max-image-preview:large","max-video-preview":"max-video-preview:-1"},"canonical":"https:\/\/www.gero.lu\/de\/produit\/kommunikation","og_locale":"de_DE","og_type":"article","og_title":"Kommunikation","og_description":"Mit Hilfe von 3 kurzen Filmen werden f\u00fcr die Kommunikation mit demenzkranken Menschen relevante Themen aufgegriffen wie Langeweile, Depression, Apathie oder Besinnlichkeit. Ebenso geht es in den Filmen um im beruflichen Alltag bedeutsame Inhalte wie den Umgang mit N\u00e4he und Distanz sowie um Konflikte mit Angeh\u00f6rigen, Sexualit\u00e4t sowie um das Selbstbild von Mitarbeiter*innen bezogen auf [&hellip;]","og_url":"https:\/\/www.gero.lu\/de\/produit\/kommunikation","og_site_name":"GERO","article_publisher":"https:\/\/www.facebook.com\/Kompetenzzenter\/","article_modified_time":"2022-06-02T08:22:35+00:00","og_image":[{"width":1227,"height":802,"url":"https:\/\/www.gero.lu\/wp-content\/uploads\/2021\/08\/gettyimages-1135289130-2048x2048_RET-1.jpg","type":"image\/jpeg"}],"twitter_card":"summary_large_image","twitter_misc":{"Gesch\u00e4tzte Lesezeit":"1\u00a0Minute"},"schema":{"@context":"https:\/\/schema.org","@graph":[{"@type":"WebPage","@id":"https:\/\/www.gero.lu\/de\/produit\/kommunikation","url":"https:\/\/www.gero.lu\/de\/produit\/kommunikation","name":"Kommunikation - GERO","isPartOf":{"@id":"https:\/\/www.gero.lu\/de\/#website"},"datePublished":"2022-02-22T13:55:56+00:00","dateModified":"2022-06-02T08:22:35+00:00","breadcrumb":{"@id":"https:\/\/www.gero.lu\/de\/produit\/kommunikation#breadcrumb"},"inLanguage":"de","potentialAction":[{"@type":"ReadAction","target":[["https:\/\/www.gero.lu\/de\/produit\/kommunikation"]]}]},{"@type":"BreadcrumbList","@id":"https:\/\/www.gero.lu\/de\/produit\/kommunikation#breadcrumb","itemListElement":[{"@type":"ListItem","position":1,"name":"Accueil","item":"https:\/\/www.gero.lu\/de\/"},{"@type":"ListItem","position":2,"name":"Shop","item":"https:\/\/www.gero.lu\/de\/shop"},{"@type":"ListItem","position":3,"name":"Kommunikation"}]},{"@type":"WebSite","@id":"https:\/\/www.gero.lu\/de\/#website","url":"https:\/\/www.gero.lu\/de\/","name":"Gero","description":"Kompetenzzenter fir den Alter","publisher":{"@id":"https:\/\/www.gero.lu\/de\/#organization"},"potentialAction":[{"@type":"SearchAction","target":{"@type":"EntryPoint","urlTemplate":"https:\/\/www.gero.lu\/de\/?s={search_term_string}"},"query-input":{"@type":"PropertyValueSpecification","valueRequired":true,"valueName":"search_term_string"}}],"inLanguage":"de"},{"@type":"Organization","@id":"https:\/\/www.gero.lu\/de\/#organization","name":"Gero","url":"https:\/\/www.gero.lu\/de\/","logo":{"@type":"ImageObject","inLanguage":"de","@id":"https:\/\/www.gero.lu\/de\/#\/schema\/logo\/image\/","url":"https:\/\/www.gero.lu\/wp-content\/uploads\/2024\/04\/logo.svg","contentUrl":"https:\/\/www.gero.lu\/wp-content\/uploads\/2024\/04\/logo.svg","width":76,"height":30,"caption":"Gero"},"image":{"@id":"https:\/\/www.gero.lu\/de\/#\/schema\/logo\/image\/"},"sameAs":["https:\/\/www.facebook.com\/Kompetenzzenter\/","https:\/\/www.instagram.com\/gero.kompetenzzenter\/","https:\/\/linkedin.com\/company\/gero-kompetenzzenter-fir-den-alter","https:\/\/www.youtube.com\/channel\/UCJvmJYSeHh3dYQsLHZupj-Q"]}]}},"_links":{"self":[{"href":"https:\/\/www.gero.lu\/de\/wp-json\/wp\/v2\/product\/3382","targetHints":{"allow":["GET"]}}],"collection":[{"href":"https:\/\/www.gero.lu\/de\/wp-json\/wp\/v2\/product"}],"about":[{"href":"https:\/\/www.gero.lu\/de\/wp-json\/wp\/v2\/types\/product"}],"replies":[{"embeddable":true,"href":"https:\/\/www.gero.lu\/de\/wp-json\/wp\/v2\/comments?post=3382"}],"wp:attachment":[{"href":"https:\/\/www.gero.lu\/de\/wp-json\/wp\/v2\/media?parent=3382"}],"wp:term":[{"taxonomy":"product_brand","embeddable":true,"href":"https:\/\/www.gero.lu\/de\/wp-json\/wp\/v2\/product_brand?post=3382"},{"taxonomy":"product_cat","embeddable":true,"href":"https:\/\/www.gero.lu\/de\/wp-json\/wp\/v2\/product_cat?post=3382"},{"taxonomy":"product_tag","embeddable":true,"href":"https:\/\/www.gero.lu\/de\/wp-json\/wp\/v2\/product_tag?post=3382"}],"curies":[{"name":"wp","href":"https:\/\/api.w.org\/{rel}","templated":true}]}}

<p>Mit Hilfe von 3 kurzen Filmen werden für die Kommunikation mit demenzkranken Menschen relevante Themen aufgegriffen wie Langeweile, Depression, Apathie oder Besinnlichkeit. Ebenso geht es in den Filmen um im beruflichen Alltag bedeutsame Inhalte wie den Umgang mit Nähe und Distanz sowie um Konflikte mit Angehörigen, Sexualität sowie um das Selbstbild von Mitarbeiter*innen bezogen auf Menschen mit Demenz. In einem Hörspiel werden übergriffige Situationen und der Umgang damit im Team, dargestellt. Eine Analyse der vorgestellten Situationen erfolgt gemeinsam mit dem Dozenten mittels Feedback-Gesprächen in der Gruppe.<br />
In diesem Modul erlernen die Mitarbeiter*innen, an einer besseren Kommunikation zwischen den Mitgliedern eines Teams mitzuwirken, die verschiedenen Arten verbaler und nonverbaler Kommunikation bei Klient*innen (Bewohner*innen) und ihren Angehörigen in angemessener Weise zu interpretieren, sich der Kontaktbedürfnisse von Menschen bewusst zu sein sowie Rückzug, Apathie und Isolationstendenzen zu erkennen.</p>

<p>Mit Hilfe von 3 kurzen Filmen werden für die Kommunikation mit demenzkranken Menschen relevante Themen aufgegriffen wie Langeweile, Depression, Apathie oder Besinnlichkeit. Ebenso geht es in den Filmen um im beruflichen Alltag bedeutsame Inhalte wie den Umgang mit Nähe und Distanz sowie um Konflikte mit Angehörigen, Sexualität sowie um das Selbstbild von Mitarbeiter*innen bezogen auf [&hellip;]</p>

<!-- This site is optimized with the Yoast SEO Premium plugin v27.4 (Yoast SEO v27.5) - https://yoast.com/product/yoast-seo-premium-wordpress/ -->
<title>Kommunikation - GERO</title>
<meta name="robots" content="index, follow, max-snippet:-1, max-image-preview:large, max-video-preview:-1" />
<link rel="canonical" href="https://www.gero.lu/de/produit/kommunikation" />
<meta property="og:locale" content="de_DE" />
<meta property="og:type" content="article" />
<meta property="og:title" content="Kommunikation" />
<meta property="og:description" content="Mit Hilfe von 3 kurzen Filmen werden für die Kommunikation mit demenzkranken Menschen relevante Themen aufgegriffen wie Langeweile, Depression, Apathie oder Besinnlichkeit. Ebenso geht es in den Filmen um im beruflichen Alltag bedeutsame Inhalte wie den Umgang mit Nähe und Distanz sowie um Konflikte mit Angehörigen, Sexualität sowie um das Selbstbild von Mitarbeiter*innen bezogen auf [&hellip;]" />
<meta property="og:url" content="https://www.gero.lu/de/produit/kommunikation" />
<meta property="og:site_name" content="GERO" />
<meta property="article:publisher" content="https://www.facebook.com/Kompetenzzenter/" />
<meta property="article:modified_time" content="2022-06-02T08:22:35+00:00" />
<meta property="og:image" content="https://www.gero.lu/wp-content/uploads/2021/08/gettyimages-1135289130-2048x2048_RET-1.jpg" />
	<meta property="og:image:width" content="1227" />
	<meta property="og:image:height" content="802" />
	<meta property="og:image:type" content="image/jpeg" />
<meta name="twitter:card" content="summary_large_image" />
<meta name="twitter:label1" content="Geschätzte Lesezeit" />
	<meta name="twitter:data1" content="1 Minute" />
<script type="application/ld+json" class="yoast-schema-graph">{"@context":"https:\/\/schema.org","@graph":[{"@type":"WebPage","@id":"https:\/\/www.gero.lu\/de\/produit\/kommunikation","url":"https:\/\/www.gero.lu\/de\/produit\/kommunikation","name":"Kommunikation - GERO","isPartOf":{"@id":"https:\/\/www.gero.lu\/de\/#website"},"datePublished":"2022-02-22T13:55:56+00:00","dateModified":"2022-06-02T08:22:35+00:00","breadcrumb":{"@id":"https:\/\/www.gero.lu\/de\/produit\/kommunikation#breadcrumb"},"inLanguage":"de","potentialAction":[{"@type":"ReadAction","target":[["https:\/\/www.gero.lu\/de\/produit\/kommunikation"]]}]},{"@type":"BreadcrumbList","@id":"https:\/\/www.gero.lu\/de\/produit\/kommunikation#breadcrumb","itemListElement":[{"@type":"ListItem","position":1,"name":"Accueil","item":"https:\/\/www.gero.lu\/de\/"},{"@type":"ListItem","position":2,"name":"Shop","item":"https:\/\/www.gero.lu\/de\/shop"},{"@type":"ListItem","position":3,"name":"Kommunikation"}]},{"@type":"WebSite","@id":"https:\/\/www.gero.lu\/de\/#website","url":"https:\/\/www.gero.lu\/de\/","name":"Gero","description":"Kompetenzzenter fir den Alter","publisher":{"@id":"https:\/\/www.gero.lu\/de\/#organization"},"potentialAction":[{"@type":"SearchAction","target":{"@type":"EntryPoint","urlTemplate":"https:\/\/www.gero.lu\/de\/?s={search_term_string}"},"query-input":{"@type":"PropertyValueSpecification","valueRequired":true,"valueName":"search_term_string"}}],"inLanguage":"de"},{"@type":"Organization","@id":"https:\/\/www.gero.lu\/de\/#organization","name":"Gero","url":"https:\/\/www.gero.lu\/de\/","logo":{"@type":"ImageObject","inLanguage":"de","@id":"https:\/\/www.gero.lu\/de\/#\/schema\/logo\/image\/","url":"https:\/\/www.gero.lu\/wp-content\/uploads\/2024\/04\/logo.svg","contentUrl":"https:\/\/www.gero.lu\/wp-content\/uploads\/2024\/04\/logo.svg","width":76,"height":30,"caption":"Gero"},"image":{"@id":"https:\/\/www.gero.lu\/de\/#\/schema\/logo\/image\/"},"sameAs":["https:\/\/www.facebook.com\/Kompetenzzenter\/","https:\/\/www.instagram.com\/gero.kompetenzzenter\/","https:\/\/linkedin.com\/company\/gero-kompetenzzenter-fir-den-alter","https:\/\/www.youtube.com\/channel\/UCJvmJYSeHh3dYQsLHZupj-Q"]}]}</script>
<!-- / Yoast SEO Premium plugin. -->

Mit Hilfe von 3 kurzen Filmen werden für die Kommunikation mit demenzkranken Menschen relevante Themen aufgegriffen wie Langeweile, Depression, Apathie oder Besinnlichkeit. Ebenso geht es in den Filmen um im beruflichen Alltag bedeutsame Inhalte wie den Umgang mit Nähe und Distanz sowie um Konflikte mit Angehörigen, Sexualität sowie um das Selbstbild von Mitarbeiter*innen bezogen auf [&hellip;]
