{"id":1624,"date":"2021-12-08T09:25:27","date_gmt":"2021-12-08T09:25:27","guid":{"rendered":"https:\/\/rbs.webdev.lu\/?post_type=product&#038;p=1624"},"modified":"2022-03-25T14:31:49","modified_gmt":"2022-03-25T14:31:49","slug":"aarmeleitsteppecher","status":"publish","type":"product","link":"https:\/\/www.gero.lu\/de\/produit\/aarmeleitsteppecher","title":{"rendered":"AARMELEITSTEPPECHER"},"content":{"rendered":"","protected":false},"excerpt":{"rendered":"<p><strong>Tapis du milieu rural luxembourgeois<\/strong><\/p>\n<p>Fr\u00fcher wurde nichts weggeworfen und \u201eAarmeleitsteppercher\u201c gab es noch in vielen l\u00e4ndlichen H\u00e4usern bis in die 1950er Jahre. Eine Sammlung alter Teppiche, Aussagen von Frauen, die diese noch selber n\u00e4hten sowie Beispiele, wie diese Luxemburger Tradition des Patchworks heute neu interpretiert wird.<\/p>\n","protected":false},"featured_media":1625,"comment_status":"closed","ping_status":"closed","template":"","meta":{"_acf_changed":false,"inline_featured_image":false},"product_brand":[],"product_cat":[54,53],"product_tag":[],"class_list":{"0":"post-1624","1":"product","2":"type-product","3":"status-publish","4":"has-post-thumbnail","6":"product_cat-livres","7":"product_cat-produits","9":"first","10":"instock","11":"featured","12":"shipping-taxable","13":"purchasable","14":"product-type-simple"},"acf":[],"yoast_head":"<!-- This site is optimized with the Yoast SEO Premium plugin v27.4 (Yoast SEO v27.5) - https:\/\/yoast.com\/product\/yoast-seo-premium-wordpress\/ -->\n<title>AARMELEITSTEPPECHER - GERO<\/title>\n<meta name=\"robots\" content=\"index, follow, max-snippet:-1, max-image-preview:large, max-video-preview:-1\" \/>\n<link rel=\"canonical\" href=\"https:\/\/www.gero.lu\/de\/produit\/aarmeleitsteppecher\" \/>\n<meta property=\"og:locale\" content=\"de_DE\" \/>\n<meta property=\"og:type\" content=\"article\" \/>\n<meta property=\"og:title\" content=\"AARMELEITSTEPPECHER\" \/>\n<meta property=\"og:description\" content=\"Tapis du milieu rural luxembourgeois  Fr\u00fcher wurde nichts weggeworfen und \u201eAarmeleitsteppercher\u201c gab es noch in vielen l\u00e4ndlichen H\u00e4usern bis in die 1950er Jahre. Eine Sammlung alter Teppiche, Aussagen von Frauen, die diese noch selber n\u00e4hten sowie Beispiele, wie diese Luxemburger Tradition des Patchworks heute neu interpretiert wird.\" \/>\n<meta property=\"og:url\" content=\"https:\/\/www.gero.lu\/de\/produit\/aarmeleitsteppecher\" \/>\n<meta property=\"og:site_name\" content=\"GERO\" \/>\n<meta property=\"article:publisher\" content=\"https:\/\/www.facebook.com\/Kompetenzzenter\/\" \/>\n<meta property=\"article:modified_time\" content=\"2022-03-25T14:31:49+00:00\" \/>\n<meta property=\"og:image\" content=\"https:\/\/www.gero.lu\/wp-content\/uploads\/2021\/12\/aarmeleitsteppecher.jpg\" \/>\n\t<meta property=\"og:image:width\" content=\"418\" \/>\n\t<meta property=\"og:image:height\" content=\"331\" \/>\n\t<meta property=\"og:image:type\" content=\"image\/jpeg\" \/>\n<meta name=\"twitter:card\" content=\"summary_large_image\" \/>\n<script type=\"application\/ld+json\" class=\"yoast-schema-graph\">{\"@context\":\"https:\\\/\\\/schema.org\",\"@graph\":[{\"@type\":\"WebPage\",\"@id\":\"https:\\\/\\\/www.gero.lu\\\/de\\\/produit\\\/aarmeleitsteppecher\",\"url\":\"https:\\\/\\\/www.gero.lu\\\/de\\\/produit\\\/aarmeleitsteppecher\",\"name\":\"AARMELEITSTEPPECHER - GERO\",\"isPartOf\":{\"@id\":\"https:\\\/\\\/www.gero.lu\\\/de\\\/#website\"},\"primaryImageOfPage\":{\"@id\":\"https:\\\/\\\/www.gero.lu\\\/de\\\/produit\\\/aarmeleitsteppecher#primaryimage\"},\"image\":{\"@id\":\"https:\\\/\\\/www.gero.lu\\\/produit\\\/aarmeleitsteppecher#primaryimage\"},\"thumbnailUrl\":\"https:\\\/\\\/www.gero.lu\\\/wp-content\\\/uploads\\\/2021\\\/12\\\/aarmeleitsteppecher.jpg\",\"datePublished\":\"2021-12-08T09:25:27+00:00\",\"dateModified\":\"2022-03-25T14:31:49+00:00\",\"breadcrumb\":{\"@id\":\"https:\\\/\\\/www.gero.lu\\\/de\\\/produit\\\/aarmeleitsteppecher#breadcrumb\"},\"inLanguage\":\"de\",\"potentialAction\":[{\"@type\":\"ReadAction\",\"target\":[[\"https:\\\/\\\/www.gero.lu\\\/de\\\/produit\\\/aarmeleitsteppecher\"]]}]},{\"@type\":\"ImageObject\",\"inLanguage\":\"de\",\"@id\":\"https:\\\/\\\/www.gero.lu\\\/de\\\/produit\\\/aarmeleitsteppecher#primaryimage\",\"url\":\"https:\\\/\\\/www.gero.lu\\\/wp-content\\\/uploads\\\/2021\\\/12\\\/aarmeleitsteppecher.jpg\",\"contentUrl\":\"https:\\\/\\\/www.gero.lu\\\/wp-content\\\/uploads\\\/2021\\\/12\\\/aarmeleitsteppecher.jpg\",\"width\":418,\"height\":331},{\"@type\":\"BreadcrumbList\",\"@id\":\"https:\\\/\\\/www.gero.lu\\\/de\\\/produit\\\/aarmeleitsteppecher#breadcrumb\",\"itemListElement\":[{\"@type\":\"ListItem\",\"position\":1,\"name\":\"Accueil\",\"item\":\"https:\\\/\\\/www.gero.lu\\\/de\\\/\"},{\"@type\":\"ListItem\",\"position\":2,\"name\":\"Shop\",\"item\":\"https:\\\/\\\/www.gero.lu\\\/de\\\/shop\"},{\"@type\":\"ListItem\",\"position\":3,\"name\":\"AARMELEITSTEPPECHER\"}]},{\"@type\":\"WebSite\",\"@id\":\"https:\\\/\\\/www.gero.lu\\\/de\\\/#website\",\"url\":\"https:\\\/\\\/www.gero.lu\\\/de\\\/\",\"name\":\"Gero\",\"description\":\"Kompetenzzenter fir den Alter\",\"publisher\":{\"@id\":\"https:\\\/\\\/www.gero.lu\\\/de\\\/#organization\"},\"potentialAction\":[{\"@type\":\"SearchAction\",\"target\":{\"@type\":\"EntryPoint\",\"urlTemplate\":\"https:\\\/\\\/www.gero.lu\\\/de\\\/?s={search_term_string}\"},\"query-input\":{\"@type\":\"PropertyValueSpecification\",\"valueRequired\":true,\"valueName\":\"search_term_string\"}}],\"inLanguage\":\"de\"},{\"@type\":\"Organization\",\"@id\":\"https:\\\/\\\/www.gero.lu\\\/de\\\/#organization\",\"name\":\"Gero\",\"url\":\"https:\\\/\\\/www.gero.lu\\\/de\\\/\",\"logo\":{\"@type\":\"ImageObject\",\"inLanguage\":\"de\",\"@id\":\"https:\\\/\\\/www.gero.lu\\\/de\\\/#\\\/schema\\\/logo\\\/image\\\/\",\"url\":\"https:\\\/\\\/www.gero.lu\\\/wp-content\\\/uploads\\\/2024\\\/04\\\/logo.svg\",\"contentUrl\":\"https:\\\/\\\/www.gero.lu\\\/wp-content\\\/uploads\\\/2024\\\/04\\\/logo.svg\",\"width\":76,\"height\":30,\"caption\":\"Gero\"},\"image\":{\"@id\":\"https:\\\/\\\/www.gero.lu\\\/de\\\/#\\\/schema\\\/logo\\\/image\\\/\"},\"sameAs\":[\"https:\\\/\\\/www.facebook.com\\\/Kompetenzzenter\\\/\",\"https:\\\/\\\/www.instagram.com\\\/gero.kompetenzzenter\\\/\",\"https:\\\/\\\/linkedin.com\\\/company\\\/gero-kompetenzzenter-fir-den-alter\",\"https:\\\/\\\/www.youtube.com\\\/channel\\\/UCJvmJYSeHh3dYQsLHZupj-Q\"]}]}<\/script>\n<!-- \/ Yoast SEO Premium plugin. -->","yoast_head_json":{"title":"AARMELEITSTEPPECHER - GERO","robots":{"index":"index","follow":"follow","max-snippet":"max-snippet:-1","max-image-preview":"max-image-preview:large","max-video-preview":"max-video-preview:-1"},"canonical":"https:\/\/www.gero.lu\/de\/produit\/aarmeleitsteppecher","og_locale":"de_DE","og_type":"article","og_title":"AARMELEITSTEPPECHER","og_description":"Tapis du milieu rural luxembourgeois  Fr\u00fcher wurde nichts weggeworfen und \u201eAarmeleitsteppercher\u201c gab es noch in vielen l\u00e4ndlichen H\u00e4usern bis in die 1950er Jahre. Eine Sammlung alter Teppiche, Aussagen von Frauen, die diese noch selber n\u00e4hten sowie Beispiele, wie diese Luxemburger Tradition des Patchworks heute neu interpretiert wird.","og_url":"https:\/\/www.gero.lu\/de\/produit\/aarmeleitsteppecher","og_site_name":"GERO","article_publisher":"https:\/\/www.facebook.com\/Kompetenzzenter\/","article_modified_time":"2022-03-25T14:31:49+00:00","og_image":[{"width":418,"height":331,"url":"https:\/\/www.gero.lu\/wp-content\/uploads\/2021\/12\/aarmeleitsteppecher.jpg","type":"image\/jpeg"}],"twitter_card":"summary_large_image","schema":{"@context":"https:\/\/schema.org","@graph":[{"@type":"WebPage","@id":"https:\/\/www.gero.lu\/de\/produit\/aarmeleitsteppecher","url":"https:\/\/www.gero.lu\/de\/produit\/aarmeleitsteppecher","name":"AARMELEITSTEPPECHER - GERO","isPartOf":{"@id":"https:\/\/www.gero.lu\/de\/#website"},"primaryImageOfPage":{"@id":"https:\/\/www.gero.lu\/de\/produit\/aarmeleitsteppecher#primaryimage"},"image":{"@id":"https:\/\/www.gero.lu\/produit\/aarmeleitsteppecher#primaryimage"},"thumbnailUrl":"https:\/\/www.gero.lu\/wp-content\/uploads\/2021\/12\/aarmeleitsteppecher.jpg","datePublished":"2021-12-08T09:25:27+00:00","dateModified":"2022-03-25T14:31:49+00:00","breadcrumb":{"@id":"https:\/\/www.gero.lu\/de\/produit\/aarmeleitsteppecher#breadcrumb"},"inLanguage":"de","potentialAction":[{"@type":"ReadAction","target":[["https:\/\/www.gero.lu\/de\/produit\/aarmeleitsteppecher"]]}]},{"@type":"ImageObject","inLanguage":"de","@id":"https:\/\/www.gero.lu\/de\/produit\/aarmeleitsteppecher#primaryimage","url":"https:\/\/www.gero.lu\/wp-content\/uploads\/2021\/12\/aarmeleitsteppecher.jpg","contentUrl":"https:\/\/www.gero.lu\/wp-content\/uploads\/2021\/12\/aarmeleitsteppecher.jpg","width":418,"height":331},{"@type":"BreadcrumbList","@id":"https:\/\/www.gero.lu\/de\/produit\/aarmeleitsteppecher#breadcrumb","itemListElement":[{"@type":"ListItem","position":1,"name":"Accueil","item":"https:\/\/www.gero.lu\/de\/"},{"@type":"ListItem","position":2,"name":"Shop","item":"https:\/\/www.gero.lu\/de\/shop"},{"@type":"ListItem","position":3,"name":"AARMELEITSTEPPECHER"}]},{"@type":"WebSite","@id":"https:\/\/www.gero.lu\/de\/#website","url":"https:\/\/www.gero.lu\/de\/","name":"Gero","description":"Kompetenzzenter fir den Alter","publisher":{"@id":"https:\/\/www.gero.lu\/de\/#organization"},"potentialAction":[{"@type":"SearchAction","target":{"@type":"EntryPoint","urlTemplate":"https:\/\/www.gero.lu\/de\/?s={search_term_string}"},"query-input":{"@type":"PropertyValueSpecification","valueRequired":true,"valueName":"search_term_string"}}],"inLanguage":"de"},{"@type":"Organization","@id":"https:\/\/www.gero.lu\/de\/#organization","name":"Gero","url":"https:\/\/www.gero.lu\/de\/","logo":{"@type":"ImageObject","inLanguage":"de","@id":"https:\/\/www.gero.lu\/de\/#\/schema\/logo\/image\/","url":"https:\/\/www.gero.lu\/wp-content\/uploads\/2024\/04\/logo.svg","contentUrl":"https:\/\/www.gero.lu\/wp-content\/uploads\/2024\/04\/logo.svg","width":76,"height":30,"caption":"Gero"},"image":{"@id":"https:\/\/www.gero.lu\/de\/#\/schema\/logo\/image\/"},"sameAs":["https:\/\/www.facebook.com\/Kompetenzzenter\/","https:\/\/www.instagram.com\/gero.kompetenzzenter\/","https:\/\/linkedin.com\/company\/gero-kompetenzzenter-fir-den-alter","https:\/\/www.youtube.com\/channel\/UCJvmJYSeHh3dYQsLHZupj-Q"]}]}},"_links":{"self":[{"href":"https:\/\/www.gero.lu\/de\/wp-json\/wp\/v2\/product\/1624","targetHints":{"allow":["GET"]}}],"collection":[{"href":"https:\/\/www.gero.lu\/de\/wp-json\/wp\/v2\/product"}],"about":[{"href":"https:\/\/www.gero.lu\/de\/wp-json\/wp\/v2\/types\/product"}],"replies":[{"embeddable":true,"href":"https:\/\/www.gero.lu\/de\/wp-json\/wp\/v2\/comments?post=1624"}],"wp:featuredmedia":[{"embeddable":true,"href":"https:\/\/www.gero.lu\/de\/wp-json\/wp\/v2\/media\/1625"}],"wp:attachment":[{"href":"https:\/\/www.gero.lu\/de\/wp-json\/wp\/v2\/media?parent=1624"}],"wp:term":[{"taxonomy":"product_brand","embeddable":true,"href":"https:\/\/www.gero.lu\/de\/wp-json\/wp\/v2\/product_brand?post=1624"},{"taxonomy":"product_cat","embeddable":true,"href":"https:\/\/www.gero.lu\/de\/wp-json\/wp\/v2\/product_cat?post=1624"},{"taxonomy":"product_tag","embeddable":true,"href":"https:\/\/www.gero.lu\/de\/wp-json\/wp\/v2\/product_tag?post=1624"}],"curies":[{"name":"wp","href":"https:\/\/api.w.org\/{rel}","templated":true}]}}

<p><strong>Tapis du milieu rural luxembourgeois</strong></p>
<p>Früher wurde nichts weggeworfen und „Aarmeleitsteppercher“ gab es noch in vielen ländlichen Häusern bis in die 1950er Jahre. Eine Sammlung alter Teppiche, Aussagen von Frauen, die diese noch selber nähten sowie Beispiele, wie diese Luxemburger Tradition des Patchworks heute neu interpretiert wird.</p>

<!-- This site is optimized with the Yoast SEO Premium plugin v27.4 (Yoast SEO v27.5) - https://yoast.com/product/yoast-seo-premium-wordpress/ -->
<title>AARMELEITSTEPPECHER - GERO</title>
<meta name="robots" content="index, follow, max-snippet:-1, max-image-preview:large, max-video-preview:-1" />
<link rel="canonical" href="https://www.gero.lu/de/produit/aarmeleitsteppecher" />
<meta property="og:locale" content="de_DE" />
<meta property="og:type" content="article" />
<meta property="og:title" content="AARMELEITSTEPPECHER" />
<meta property="og:description" content="Tapis du milieu rural luxembourgeois  Früher wurde nichts weggeworfen und „Aarmeleitsteppercher“ gab es noch in vielen ländlichen Häusern bis in die 1950er Jahre. Eine Sammlung alter Teppiche, Aussagen von Frauen, die diese noch selber nähten sowie Beispiele, wie diese Luxemburger Tradition des Patchworks heute neu interpretiert wird." />
<meta property="og:url" content="https://www.gero.lu/de/produit/aarmeleitsteppecher" />
<meta property="og:site_name" content="GERO" />
<meta property="article:publisher" content="https://www.facebook.com/Kompetenzzenter/" />
<meta property="article:modified_time" content="2022-03-25T14:31:49+00:00" />
<meta property="og:image" content="https://www.gero.lu/wp-content/uploads/2021/12/aarmeleitsteppecher.jpg" />
	<meta property="og:image:width" content="418" />
	<meta property="og:image:height" content="331" />
	<meta property="og:image:type" content="image/jpeg" />
<meta name="twitter:card" content="summary_large_image" />
<script type="application/ld+json" class="yoast-schema-graph">{"@context":"https:\/\/schema.org","@graph":[{"@type":"WebPage","@id":"https:\/\/www.gero.lu\/de\/produit\/aarmeleitsteppecher","url":"https:\/\/www.gero.lu\/de\/produit\/aarmeleitsteppecher","name":"AARMELEITSTEPPECHER - GERO","isPartOf":{"@id":"https:\/\/www.gero.lu\/de\/#website"},"primaryImageOfPage":{"@id":"https:\/\/www.gero.lu\/de\/produit\/aarmeleitsteppecher#primaryimage"},"image":{"@id":"https:\/\/www.gero.lu\/produit\/aarmeleitsteppecher#primaryimage"},"thumbnailUrl":"https:\/\/www.gero.lu\/wp-content\/uploads\/2021\/12\/aarmeleitsteppecher.jpg","datePublished":"2021-12-08T09:25:27+00:00","dateModified":"2022-03-25T14:31:49+00:00","breadcrumb":{"@id":"https:\/\/www.gero.lu\/de\/produit\/aarmeleitsteppecher#breadcrumb"},"inLanguage":"de","potentialAction":[{"@type":"ReadAction","target":[["https:\/\/www.gero.lu\/de\/produit\/aarmeleitsteppecher"]]}]},{"@type":"ImageObject","inLanguage":"de","@id":"https:\/\/www.gero.lu\/de\/produit\/aarmeleitsteppecher#primaryimage","url":"https:\/\/www.gero.lu\/wp-content\/uploads\/2021\/12\/aarmeleitsteppecher.jpg","contentUrl":"https:\/\/www.gero.lu\/wp-content\/uploads\/2021\/12\/aarmeleitsteppecher.jpg","width":418,"height":331},{"@type":"BreadcrumbList","@id":"https:\/\/www.gero.lu\/de\/produit\/aarmeleitsteppecher#breadcrumb","itemListElement":[{"@type":"ListItem","position":1,"name":"Accueil","item":"https:\/\/www.gero.lu\/de\/"},{"@type":"ListItem","position":2,"name":"Shop","item":"https:\/\/www.gero.lu\/de\/shop"},{"@type":"ListItem","position":3,"name":"AARMELEITSTEPPECHER"}]},{"@type":"WebSite","@id":"https:\/\/www.gero.lu\/de\/#website","url":"https:\/\/www.gero.lu\/de\/","name":"Gero","description":"Kompetenzzenter fir den Alter","publisher":{"@id":"https:\/\/www.gero.lu\/de\/#organization"},"potentialAction":[{"@type":"SearchAction","target":{"@type":"EntryPoint","urlTemplate":"https:\/\/www.gero.lu\/de\/?s={search_term_string}"},"query-input":{"@type":"PropertyValueSpecification","valueRequired":true,"valueName":"search_term_string"}}],"inLanguage":"de"},{"@type":"Organization","@id":"https:\/\/www.gero.lu\/de\/#organization","name":"Gero","url":"https:\/\/www.gero.lu\/de\/","logo":{"@type":"ImageObject","inLanguage":"de","@id":"https:\/\/www.gero.lu\/de\/#\/schema\/logo\/image\/","url":"https:\/\/www.gero.lu\/wp-content\/uploads\/2024\/04\/logo.svg","contentUrl":"https:\/\/www.gero.lu\/wp-content\/uploads\/2024\/04\/logo.svg","width":76,"height":30,"caption":"Gero"},"image":{"@id":"https:\/\/www.gero.lu\/de\/#\/schema\/logo\/image\/"},"sameAs":["https:\/\/www.facebook.com\/Kompetenzzenter\/","https:\/\/www.instagram.com\/gero.kompetenzzenter\/","https:\/\/linkedin.com\/company\/gero-kompetenzzenter-fir-den-alter","https:\/\/www.youtube.com\/channel\/UCJvmJYSeHh3dYQsLHZupj-Q"]}]}</script>
<!-- / Yoast SEO Premium plugin. -->

Tapis du milieu rural luxembourgeois  Früher wurde nichts weggeworfen und „Aarmeleitsteppercher“ gab es noch in vielen ländlichen Häusern bis in die 1950er Jahre. Eine Sammlung alter Teppiche, Aussagen von Frauen, die diese noch selber nähten sowie Beispiele, wie diese Luxemburger Tradition des Patchworks heute neu interpretiert wird.
