{"id":11967,"date":"2026-09-02T12:00:14","date_gmt":"2026-09-02T12:00:14","guid":{"rendered":"https:\/\/www.gero.lu\/produit\/therapeutisches-gammeln-wenn-pflege-sich-dem-menschen-anpasst"},"modified":"2026-09-04T07:00:15","modified_gmt":"2026-09-04T07:00:15","slug":"therapeutisches-gammeln-wenn-pflege-sich-dem-menschen-anpasst","status":"publish","type":"product","link":"https:\/\/www.gero.lu\/de\/produit\/therapeutisches-gammeln-wenn-pflege-sich-dem-menschen-anpasst","title":{"rendered":"Therapeutisches Gammeln \u2013 wenn Pflege sich dem Menschen anpasst"},"content":{"rendered":"<p>Was passiert, wenn sich Pflege am Rhythmus der Bewohner orientiert \u2013 und nicht umgekehrt?<br \/>\n\u201eTherapeutisches Gammeln\u201c steht f\u00fcr einen konsequent personenzentrierten Ansatz in der Begleitung von Menschen mit fortgeschrittener Demenz. Starre Tagesstrukturen, feste Aufsteh-, Essens- oder Besch\u00e4ftigungszeiten treten in den Hintergrund. <\/p>\n<p>Entscheidend sind die individuellen Bed\u00fcrfnisse und das aktuelle Wohlbefinden des Menschen mit fortgeschrittener Demenz.<\/p>\n<p>Am Beispiel der \u201eGammel-Oase\u201c im AWO Julie-Kolb-Seniorenzentrum zeigt Christian L\u00f6bel in seinem Vortrag, wie ein entstrukturierter Alltag in der Praxis funktionieren kann, und warum weniger Struktur nicht weniger professionelle Pflege bedeutet.<\/p>\n<p>Im Mittelpunkt stehen Selbstbestimmung, Beziehung, Wohlbefinden und Lebensqualit\u00e4t, aber auch die Frage, was dieser Ansatz f\u00fcr Mitarbeitende, Angeh\u00f6rige und die Organisation einer Pflegeeinrichtung bedeutet.<\/p>\n<p>Ein Vortrag mit anschlie\u00dfender Diskussion \u00fcber den Mut, Gewohntes infrage zu stellen \u2013 und dar\u00fcber, warum \u201eeinfach mal gammeln d\u00fcrfen\u201c hochprofessionelle Pflege sein kann.<\/p>\n","protected":false},"excerpt":{"rendered":"<p>Was passiert, wenn sich Pflege am Rhythmus der Bewohner orientiert \u2013 und nicht umgekehrt? \u201eTherapeutisches Gammeln\u201c steht f\u00fcr einen konsequent personenzentrierten Ansatz in der Begleitung von Menschen mit fortgeschrittener Demenz. Starre Tagesstrukturen, feste Aufsteh-, Essens- oder Besch\u00e4ftigungszeiten treten in den Hintergrund. Entscheidend sind die individuellen Bed\u00fcrfnisse und das aktuelle Wohlbefinden des Menschen mit fortgeschrittener Demenz. [&hellip;]<\/p>\n","protected":false},"featured_media":0,"comment_status":"closed","ping_status":"closed","template":"","meta":{"_acf_changed":false,"inline_featured_image":false},"product_brand":[],"product_cat":[240],"product_tag":[234],"class_list":["post-11967","product","type-product","status-publish","product_cat-conference-pro","product_tag-competence-personnelles-pro","first","instock","virtual","purchasable","product-type-simple"],"acf":[],"yoast_head":"<!-- This site is optimized with the Yoast SEO Premium plugin v28.3 (Yoast SEO v28.4) - https:\/\/yoast.com\/product\/yoast-seo-premium-wordpress\/ -->\n<title>Therapeutisches Gammeln \u2013 wenn Pflege sich dem Menschen anpasst - GERO<\/title>\n<meta name=\"robots\" content=\"index, follow, max-snippet:-1, max-image-preview:large, max-video-preview:-1\" \/>\n<link rel=\"canonical\" href=\"https:\/\/www.gero.lu\/de\/produit\/therapeutisches-gammeln-wenn-pflege-sich-dem-menschen-anpasst\" \/>\n<meta property=\"og:locale\" content=\"de_DE\" \/>\n<meta property=\"og:type\" content=\"article\" \/>\n<meta property=\"og:title\" content=\"Therapeutisches Gammeln \u2013 wenn Pflege sich dem Menschen anpasst\" \/>\n<meta property=\"og:description\" content=\"Was passiert, wenn sich Pflege am Rhythmus der Bewohner orientiert \u2013 und nicht umgekehrt? \u201eTherapeutisches Gammeln\u201c steht f\u00fcr einen konsequent personenzentrierten Ansatz in der Begleitung von Menschen mit fortgeschrittener Demenz. Starre Tagesstrukturen, feste Aufsteh-, Essens- oder Besch\u00e4ftigungszeiten treten in den Hintergrund. Entscheidend sind die individuellen Bed\u00fcrfnisse und das aktuelle Wohlbefinden des Menschen mit fortgeschrittener Demenz. [&hellip;]\" \/>\n<meta property=\"og:url\" content=\"https:\/\/www.gero.lu\/de\/produit\/therapeutisches-gammeln-wenn-pflege-sich-dem-menschen-anpasst\" \/>\n<meta property=\"og:site_name\" content=\"GERO\" \/>\n<meta property=\"article:publisher\" content=\"https:\/\/www.facebook.com\/Kompetenzzenter\/\" \/>\n<meta property=\"article:modified_time\" content=\"2026-09-04T07:00:15+00:00\" \/>\n<meta property=\"og:image\" content=\"https:\/\/www.gero.lu\/wp-content\/uploads\/2021\/08\/gettyimages-1135289130-2048x2048_RET-1.jpg\" \/>\n\t<meta property=\"og:image:width\" content=\"1227\" \/>\n\t<meta property=\"og:image:height\" content=\"802\" \/>\n\t<meta property=\"og:image:type\" content=\"image\/jpeg\" \/>\n<meta name=\"twitter:card\" content=\"summary_large_image\" \/>\n<meta name=\"twitter:label1\" content=\"Gesch\u00e4tzte Lesezeit\" \/>\n\t<meta name=\"twitter:data1\" content=\"1\u00a0Minute\" \/>\n<script type=\"application\/ld+json\" class=\"yoast-schema-graph\">{\"@context\":\"https:\\\/\\\/schema.org\",\"@graph\":[{\"@type\":\"WebPage\",\"@id\":\"https:\\\/\\\/www.gero.lu\\\/de\\\/produit\\\/therapeutisches-gammeln-wenn-pflege-sich-dem-menschen-anpasst\",\"url\":\"https:\\\/\\\/www.gero.lu\\\/de\\\/produit\\\/therapeutisches-gammeln-wenn-pflege-sich-dem-menschen-anpasst\",\"name\":\"Therapeutisches Gammeln \u2013 wenn Pflege sich dem Menschen anpasst - GERO\",\"isPartOf\":{\"@id\":\"https:\\\/\\\/www.gero.lu\\\/de\\\/#website\"},\"datePublished\":\"2026-09-02T12:00:14+00:00\",\"dateModified\":\"2026-09-04T07:00:15+00:00\",\"breadcrumb\":{\"@id\":\"https:\\\/\\\/www.gero.lu\\\/de\\\/produit\\\/therapeutisches-gammeln-wenn-pflege-sich-dem-menschen-anpasst#breadcrumb\"},\"inLanguage\":\"de\",\"potentialAction\":[{\"@type\":\"ReadAction\",\"target\":[[\"https:\\\/\\\/www.gero.lu\\\/de\\\/produit\\\/therapeutisches-gammeln-wenn-pflege-sich-dem-menschen-anpasst\"]]}]},{\"@type\":\"BreadcrumbList\",\"@id\":\"https:\\\/\\\/www.gero.lu\\\/de\\\/produit\\\/therapeutisches-gammeln-wenn-pflege-sich-dem-menschen-anpasst#breadcrumb\",\"itemListElement\":[{\"@type\":\"ListItem\",\"position\":1,\"name\":\"Accueil\",\"item\":\"https:\\\/\\\/www.gero.lu\\\/de\\\/\"},{\"@type\":\"ListItem\",\"position\":2,\"name\":\"Shop\",\"item\":\"https:\\\/\\\/www.gero.lu\\\/de\\\/shop\"},{\"@type\":\"ListItem\",\"position\":3,\"name\":\"Therapeutisches Gammeln \u2013 wenn Pflege sich dem Menschen anpasst\"}]},{\"@type\":\"WebSite\",\"@id\":\"https:\\\/\\\/www.gero.lu\\\/de\\\/#website\",\"url\":\"https:\\\/\\\/www.gero.lu\\\/de\\\/\",\"name\":\"Gero\",\"description\":\"Kompetenzzenter fir den Alter\",\"publisher\":{\"@id\":\"https:\\\/\\\/www.gero.lu\\\/de\\\/#organization\"},\"potentialAction\":[{\"@type\":\"SearchAction\",\"target\":{\"@type\":\"EntryPoint\",\"urlTemplate\":\"https:\\\/\\\/www.gero.lu\\\/de\\\/?s={search_term_string}\"},\"query-input\":{\"@type\":\"PropertyValueSpecification\",\"valueRequired\":true,\"valueName\":\"search_term_string\"}}],\"inLanguage\":\"de\"},{\"@type\":\"Organization\",\"@id\":\"https:\\\/\\\/www.gero.lu\\\/de\\\/#organization\",\"name\":\"Gero\",\"url\":\"https:\\\/\\\/www.gero.lu\\\/de\\\/\",\"logo\":{\"@type\":\"ImageObject\",\"inLanguage\":\"de\",\"@id\":\"https:\\\/\\\/www.gero.lu\\\/de\\\/#\\\/schema\\\/logo\\\/image\\\/\",\"url\":\"https:\\\/\\\/www.gero.lu\\\/wp-content\\\/uploads\\\/2024\\\/04\\\/logo.svg\",\"contentUrl\":\"https:\\\/\\\/www.gero.lu\\\/wp-content\\\/uploads\\\/2024\\\/04\\\/logo.svg\",\"width\":76,\"height\":30,\"caption\":\"Gero\"},\"image\":{\"@id\":\"https:\\\/\\\/www.gero.lu\\\/de\\\/#\\\/schema\\\/logo\\\/image\\\/\"},\"sameAs\":[\"https:\\\/\\\/www.facebook.com\\\/Kompetenzzenter\\\/\",\"https:\\\/\\\/www.instagram.com\\\/gero.kompetenzzenter\\\/\",\"https:\\\/\\\/linkedin.com\\\/company\\\/gero-kompetenzzenter-fir-den-alter\",\"https:\\\/\\\/www.youtube.com\\\/channel\\\/UCJvmJYSeHh3dYQsLHZupj-Q\"]}]}<\/script>\n<!-- \/ Yoast SEO Premium plugin. -->","yoast_head_json":{"title":"Therapeutisches Gammeln \u2013 wenn Pflege sich dem Menschen anpasst - GERO","robots":{"index":"index","follow":"follow","max-snippet":"max-snippet:-1","max-image-preview":"max-image-preview:large","max-video-preview":"max-video-preview:-1"},"canonical":"https:\/\/www.gero.lu\/de\/produit\/therapeutisches-gammeln-wenn-pflege-sich-dem-menschen-anpasst","og_locale":"de_DE","og_type":"article","og_title":"Therapeutisches Gammeln \u2013 wenn Pflege sich dem Menschen anpasst","og_description":"Was passiert, wenn sich Pflege am Rhythmus der Bewohner orientiert \u2013 und nicht umgekehrt? \u201eTherapeutisches Gammeln\u201c steht f\u00fcr einen konsequent personenzentrierten Ansatz in der Begleitung von Menschen mit fortgeschrittener Demenz. Starre Tagesstrukturen, feste Aufsteh-, Essens- oder Besch\u00e4ftigungszeiten treten in den Hintergrund. Entscheidend sind die individuellen Bed\u00fcrfnisse und das aktuelle Wohlbefinden des Menschen mit fortgeschrittener Demenz. [&hellip;]","og_url":"https:\/\/www.gero.lu\/de\/produit\/therapeutisches-gammeln-wenn-pflege-sich-dem-menschen-anpasst","og_site_name":"GERO","article_publisher":"https:\/\/www.facebook.com\/Kompetenzzenter\/","article_modified_time":"2026-09-04T07:00:15+00:00","og_image":[{"width":1227,"height":802,"url":"https:\/\/www.gero.lu\/wp-content\/uploads\/2021\/08\/gettyimages-1135289130-2048x2048_RET-1.jpg","type":"image\/jpeg"}],"twitter_card":"summary_large_image","twitter_misc":{"Gesch\u00e4tzte Lesezeit":"1\u00a0Minute"},"schema":{"@context":"https:\/\/schema.org","@graph":[{"@type":"WebPage","@id":"https:\/\/www.gero.lu\/de\/produit\/therapeutisches-gammeln-wenn-pflege-sich-dem-menschen-anpasst","url":"https:\/\/www.gero.lu\/de\/produit\/therapeutisches-gammeln-wenn-pflege-sich-dem-menschen-anpasst","name":"Therapeutisches Gammeln \u2013 wenn Pflege sich dem Menschen anpasst - GERO","isPartOf":{"@id":"https:\/\/www.gero.lu\/de\/#website"},"datePublished":"2026-09-02T12:00:14+00:00","dateModified":"2026-09-04T07:00:15+00:00","breadcrumb":{"@id":"https:\/\/www.gero.lu\/de\/produit\/therapeutisches-gammeln-wenn-pflege-sich-dem-menschen-anpasst#breadcrumb"},"inLanguage":"de","potentialAction":[{"@type":"ReadAction","target":[["https:\/\/www.gero.lu\/de\/produit\/therapeutisches-gammeln-wenn-pflege-sich-dem-menschen-anpasst"]]}]},{"@type":"BreadcrumbList","@id":"https:\/\/www.gero.lu\/de\/produit\/therapeutisches-gammeln-wenn-pflege-sich-dem-menschen-anpasst#breadcrumb","itemListElement":[{"@type":"ListItem","position":1,"name":"Accueil","item":"https:\/\/www.gero.lu\/de\/"},{"@type":"ListItem","position":2,"name":"Shop","item":"https:\/\/www.gero.lu\/de\/shop"},{"@type":"ListItem","position":3,"name":"Therapeutisches Gammeln \u2013 wenn Pflege sich dem Menschen anpasst"}]},{"@type":"WebSite","@id":"https:\/\/www.gero.lu\/de\/#website","url":"https:\/\/www.gero.lu\/de\/","name":"Gero","description":"Kompetenzzenter fir den Alter","publisher":{"@id":"https:\/\/www.gero.lu\/de\/#organization"},"potentialAction":[{"@type":"SearchAction","target":{"@type":"EntryPoint","urlTemplate":"https:\/\/www.gero.lu\/de\/?s={search_term_string}"},"query-input":{"@type":"PropertyValueSpecification","valueRequired":true,"valueName":"search_term_string"}}],"inLanguage":"de"},{"@type":"Organization","@id":"https:\/\/www.gero.lu\/de\/#organization","name":"Gero","url":"https:\/\/www.gero.lu\/de\/","logo":{"@type":"ImageObject","inLanguage":"de","@id":"https:\/\/www.gero.lu\/de\/#\/schema\/logo\/image\/","url":"https:\/\/www.gero.lu\/wp-content\/uploads\/2024\/04\/logo.svg","contentUrl":"https:\/\/www.gero.lu\/wp-content\/uploads\/2024\/04\/logo.svg","width":76,"height":30,"caption":"Gero"},"image":{"@id":"https:\/\/www.gero.lu\/de\/#\/schema\/logo\/image\/"},"sameAs":["https:\/\/www.facebook.com\/Kompetenzzenter\/","https:\/\/www.instagram.com\/gero.kompetenzzenter\/","https:\/\/linkedin.com\/company\/gero-kompetenzzenter-fir-den-alter","https:\/\/www.youtube.com\/channel\/UCJvmJYSeHh3dYQsLHZupj-Q"]}]}},"_links":{"self":[{"href":"https:\/\/www.gero.lu\/de\/wp-json\/wp\/v2\/product\/11967","targetHints":{"allow":["GET"]}}],"collection":[{"href":"https:\/\/www.gero.lu\/de\/wp-json\/wp\/v2\/product"}],"about":[{"href":"https:\/\/www.gero.lu\/de\/wp-json\/wp\/v2\/types\/product"}],"replies":[{"embeddable":true,"href":"https:\/\/www.gero.lu\/de\/wp-json\/wp\/v2\/comments?post=11967"}],"wp:attachment":[{"href":"https:\/\/www.gero.lu\/de\/wp-json\/wp\/v2\/media?parent=11967"}],"wp:term":[{"taxonomy":"product_brand","embeddable":true,"href":"https:\/\/www.gero.lu\/de\/wp-json\/wp\/v2\/product_brand?post=11967"},{"taxonomy":"product_cat","embeddable":true,"href":"https:\/\/www.gero.lu\/de\/wp-json\/wp\/v2\/product_cat?post=11967"},{"taxonomy":"product_tag","embeddable":true,"href":"https:\/\/www.gero.lu\/de\/wp-json\/wp\/v2\/product_tag?post=11967"}],"curies":[{"name":"wp","href":"https:\/\/api.w.org\/{rel}","templated":true}]}}

<p>Was passiert, wenn sich Pflege am Rhythmus der Bewohner orientiert – und nicht umgekehrt?<br />
„Therapeutisches Gammeln“ steht für einen konsequent personenzentrierten Ansatz in der Begleitung von Menschen mit fortgeschrittener Demenz. Starre Tagesstrukturen, feste Aufsteh-, Essens- oder Beschäftigungszeiten treten in den Hintergrund. </p>
<p>Entscheidend sind die individuellen Bedürfnisse und das aktuelle Wohlbefinden des Menschen mit fortgeschrittener Demenz.</p>
<p>Am Beispiel der „Gammel-Oase“ im AWO Julie-Kolb-Seniorenzentrum zeigt Christian Löbel in seinem Vortrag, wie ein entstrukturierter Alltag in der Praxis funktionieren kann, und warum weniger Struktur nicht weniger professionelle Pflege bedeutet.</p>
<p>Im Mittelpunkt stehen Selbstbestimmung, Beziehung, Wohlbefinden und Lebensqualität, aber auch die Frage, was dieser Ansatz für Mitarbeitende, Angehörige und die Organisation einer Pflegeeinrichtung bedeutet.</p>
<p>Ein Vortrag mit anschließender Diskussion über den Mut, Gewohntes infrage zu stellen – und darüber, warum „einfach mal gammeln dürfen“ hochprofessionelle Pflege sein kann.</p>

<p>Was passiert, wenn sich Pflege am Rhythmus der Bewohner orientiert – und nicht umgekehrt? „Therapeutisches Gammeln“ steht für einen konsequent personenzentrierten Ansatz in der Begleitung von Menschen mit fortgeschrittener Demenz. Starre Tagesstrukturen, feste Aufsteh-, Essens- oder Beschäftigungszeiten treten in den Hintergrund. Entscheidend sind die individuellen Bedürfnisse und das aktuelle Wohlbefinden des Menschen mit fortgeschrittener Demenz. [&hellip;]</p>

<!-- This site is optimized with the Yoast SEO Premium plugin v28.3 (Yoast SEO v28.4) - https://yoast.com/product/yoast-seo-premium-wordpress/ -->
<title>Therapeutisches Gammeln – wenn Pflege sich dem Menschen anpasst - GERO</title>
<meta name="robots" content="index, follow, max-snippet:-1, max-image-preview:large, max-video-preview:-1" />
<link rel="canonical" href="https://www.gero.lu/de/produit/therapeutisches-gammeln-wenn-pflege-sich-dem-menschen-anpasst" />
<meta property="og:locale" content="de_DE" />
<meta property="og:type" content="article" />
<meta property="og:title" content="Therapeutisches Gammeln – wenn Pflege sich dem Menschen anpasst" />
<meta property="og:description" content="Was passiert, wenn sich Pflege am Rhythmus der Bewohner orientiert – und nicht umgekehrt? „Therapeutisches Gammeln“ steht für einen konsequent personenzentrierten Ansatz in der Begleitung von Menschen mit fortgeschrittener Demenz. Starre Tagesstrukturen, feste Aufsteh-, Essens- oder Beschäftigungszeiten treten in den Hintergrund. Entscheidend sind die individuellen Bedürfnisse und das aktuelle Wohlbefinden des Menschen mit fortgeschrittener Demenz. [&hellip;]" />
<meta property="og:url" content="https://www.gero.lu/de/produit/therapeutisches-gammeln-wenn-pflege-sich-dem-menschen-anpasst" />
<meta property="og:site_name" content="GERO" />
<meta property="article:publisher" content="https://www.facebook.com/Kompetenzzenter/" />
<meta property="article:modified_time" content="2026-09-04T07:00:15+00:00" />
<meta property="og:image" content="https://www.gero.lu/wp-content/uploads/2021/08/gettyimages-1135289130-2048x2048_RET-1.jpg" />
	<meta property="og:image:width" content="1227" />
	<meta property="og:image:height" content="802" />
	<meta property="og:image:type" content="image/jpeg" />
<meta name="twitter:card" content="summary_large_image" />
<meta name="twitter:label1" content="Geschätzte Lesezeit" />
	<meta name="twitter:data1" content="1 Minute" />
<script type="application/ld+json" class="yoast-schema-graph">{"@context":"https:\/\/schema.org","@graph":[{"@type":"WebPage","@id":"https:\/\/www.gero.lu\/de\/produit\/therapeutisches-gammeln-wenn-pflege-sich-dem-menschen-anpasst","url":"https:\/\/www.gero.lu\/de\/produit\/therapeutisches-gammeln-wenn-pflege-sich-dem-menschen-anpasst","name":"Therapeutisches Gammeln – wenn Pflege sich dem Menschen anpasst - GERO","isPartOf":{"@id":"https:\/\/www.gero.lu\/de\/#website"},"datePublished":"2026-09-02T12:00:14+00:00","dateModified":"2026-09-04T07:00:15+00:00","breadcrumb":{"@id":"https:\/\/www.gero.lu\/de\/produit\/therapeutisches-gammeln-wenn-pflege-sich-dem-menschen-anpasst#breadcrumb"},"inLanguage":"de","potentialAction":[{"@type":"ReadAction","target":[["https:\/\/www.gero.lu\/de\/produit\/therapeutisches-gammeln-wenn-pflege-sich-dem-menschen-anpasst"]]}]},{"@type":"BreadcrumbList","@id":"https:\/\/www.gero.lu\/de\/produit\/therapeutisches-gammeln-wenn-pflege-sich-dem-menschen-anpasst#breadcrumb","itemListElement":[{"@type":"ListItem","position":1,"name":"Accueil","item":"https:\/\/www.gero.lu\/de\/"},{"@type":"ListItem","position":2,"name":"Shop","item":"https:\/\/www.gero.lu\/de\/shop"},{"@type":"ListItem","position":3,"name":"Therapeutisches Gammeln – wenn Pflege sich dem Menschen anpasst"}]},{"@type":"WebSite","@id":"https:\/\/www.gero.lu\/de\/#website","url":"https:\/\/www.gero.lu\/de\/","name":"Gero","description":"Kompetenzzenter fir den Alter","publisher":{"@id":"https:\/\/www.gero.lu\/de\/#organization"},"potentialAction":[{"@type":"SearchAction","target":{"@type":"EntryPoint","urlTemplate":"https:\/\/www.gero.lu\/de\/?s={search_term_string}"},"query-input":{"@type":"PropertyValueSpecification","valueRequired":true,"valueName":"search_term_string"}}],"inLanguage":"de"},{"@type":"Organization","@id":"https:\/\/www.gero.lu\/de\/#organization","name":"Gero","url":"https:\/\/www.gero.lu\/de\/","logo":{"@type":"ImageObject","inLanguage":"de","@id":"https:\/\/www.gero.lu\/de\/#\/schema\/logo\/image\/","url":"https:\/\/www.gero.lu\/wp-content\/uploads\/2024\/04\/logo.svg","contentUrl":"https:\/\/www.gero.lu\/wp-content\/uploads\/2024\/04\/logo.svg","width":76,"height":30,"caption":"Gero"},"image":{"@id":"https:\/\/www.gero.lu\/de\/#\/schema\/logo\/image\/"},"sameAs":["https:\/\/www.facebook.com\/Kompetenzzenter\/","https:\/\/www.instagram.com\/gero.kompetenzzenter\/","https:\/\/linkedin.com\/company\/gero-kompetenzzenter-fir-den-alter","https:\/\/www.youtube.com\/channel\/UCJvmJYSeHh3dYQsLHZupj-Q"]}]}</script>
<!-- / Yoast SEO Premium plugin. -->

Was passiert, wenn sich Pflege am Rhythmus der Bewohner orientiert – und nicht umgekehrt? „Therapeutisches Gammeln“ steht für einen konsequent personenzentrierten Ansatz in der Begleitung von Menschen mit fortgeschrittener Demenz. Starre Tagesstrukturen, feste Aufsteh-, Essens- oder Beschäftigungszeiten treten in den Hintergrund. Entscheidend sind die individuellen Bedürfnisse und das aktuelle Wohlbefinden des Menschen mit fortgeschrittener Demenz. [&hellip;]
