{"id":11855,"date":"2026-08-18T10:30:05","date_gmt":"2026-08-18T10:30:05","guid":{"rendered":"https:\/\/www.gero.lu\/produit\/leadership-in-7-modulen"},"modified":"2026-08-18T10:30:05","modified_gmt":"2026-08-18T10:30:05","slug":"leadership-in-7-modulen","status":"publish","type":"product","link":"https:\/\/www.gero.lu\/de\/produit\/leadership-in-7-modulen","title":{"rendered":"LEADERSHIP IN 7 MODULEN"},"content":{"rendered":"<p>Dieses 7-t\u00e4gige F\u00fchrungsseminar bereitet Sie umfassend auf die anspruchsvollen Herausforderungen als F\u00fchrungskraft in der Pflege vor.<\/p>\n<p>Im Zentrum steht das Erlangen von Rollenklarheit und die Entwicklung eines authentischen F\u00fchrungsstils, der durch kontinuierliche Selbstreflexion gest\u00e4rkt wird. Da der Pflegealltag von hoher Belastung gepr\u00e4gt ist, lernen Sie zudem, Stress fr\u00fchzeitig zu erkennen und durch gezielte Resilienz Strategien gesund zu bew\u00e4ltigen. <\/p>\n<p>Ein weiterer Schwerpunkt liegt auf der Teamdynamik und der professionellen Kommunikation. Sie erfahren, wie Sie Teamentwicklungsprozesse aktiv steuern und verschiedene Gespr\u00e4chsformen im oft hektischen Stations- oder Einrichtungsalltag effektiv einsetzen. Durch das Etablieren einer wertsch\u00e4tzenden Feedback-Kultur sowie das Beherrschen von Konfliktl\u00f6sungs- und Mediationsmethoden sichern Sie ein harmonisches und stabiles Arbeitsklima. Abschlie\u00dfend vermittelt das Seminar praxisnahe Werkzeuge zur Steigerung der Mitarbeiterzufriedenheit. <\/p>\n<p>Sie lernen wirksame Motivationsans\u00e4tze kennen, meistern die vertrauensvolle Delegation von Verantwortung zur Entlastung des Teams und optimieren Ihr eigenes Zeitmanagement durch klare Priorit\u00e4tensetzung. So werden Sie bef\u00e4higt, auch notwendige Ver\u00e4nderungsprozesse in Ihrer Pflegeeinrichtung erfolgreich und mitarbeiterorientiert zu begleiten.<\/p>\n<p>Die sieben Tage umfassen jeweils einen eigenen Schwerpunkt: <\/p>\n<p>Tag 1: F\u00fchrung<br \/>\nTag 2: Selbstreflexion und Stressmanagement<br \/>\nTag 3: Teamentwicklung<br \/>\nTag 4: Kommunikation<br \/>\nTag 5: Konfliktmanagement<br \/>\nTag 6: Zeitmanagement und Change-Management<br \/>\nTag 7: Motivation und Transfer<\/p>\n<p>Zielgruppe: F\u00fchrungskr\u00e4fte und solche, die es werden wollen<\/p>\n<p>Die Weiterbildung besteht aus 7 Modulen, die als Ganzes gebucht werden m\u00fcssen.<\/p>\n","protected":false},"excerpt":{"rendered":"<p>Dieses 7-t\u00e4gige F\u00fchrungsseminar bereitet Sie umfassend auf die anspruchsvollen Herausforderungen als F\u00fchrungskraft in der Pflege vor. Im Zentrum steht das Erlangen von Rollenklarheit und die Entwicklung eines authentischen F\u00fchrungsstils, der durch kontinuierliche Selbstreflexion gest\u00e4rkt wird. Da der Pflegealltag von hoher Belastung gepr\u00e4gt ist, lernen Sie zudem, Stress fr\u00fchzeitig zu erkennen und durch gezielte Resilienz Strategien [&hellip;]<\/p>\n","protected":false},"featured_media":0,"comment_status":"","ping_status":"closed","template":"","meta":{"_acf_changed":false,"inline_featured_image":false},"product_brand":[],"product_cat":[239],"product_tag":[233],"class_list":["post-11855","product","type-product","status-publish","product_cat-cours-pro","product_tag-management-leadership-pro","first","instock","virtual","purchasable","product-type-simple"],"acf":[],"yoast_head":"<!-- This site is optimized with the Yoast SEO Premium plugin v28.3 (Yoast SEO v28.4) - https:\/\/yoast.com\/product\/yoast-seo-premium-wordpress\/ -->\n<title>LEADERSHIP IN 7 MODULEN - GERO<\/title>\n<meta name=\"robots\" content=\"index, follow, max-snippet:-1, max-image-preview:large, max-video-preview:-1\" \/>\n<link rel=\"canonical\" href=\"https:\/\/www.gero.lu\/de\/produit\/leadership-in-7-modulen\" \/>\n<meta property=\"og:locale\" content=\"de_DE\" \/>\n<meta property=\"og:type\" content=\"article\" \/>\n<meta property=\"og:title\" content=\"LEADERSHIP IN 7 MODULEN\" \/>\n<meta property=\"og:description\" content=\"Dieses 7-t\u00e4gige F\u00fchrungsseminar bereitet Sie umfassend auf die anspruchsvollen Herausforderungen als F\u00fchrungskraft in der Pflege vor. Im Zentrum steht das Erlangen von Rollenklarheit und die Entwicklung eines authentischen F\u00fchrungsstils, der durch kontinuierliche Selbstreflexion gest\u00e4rkt wird. Da der Pflegealltag von hoher Belastung gepr\u00e4gt ist, lernen Sie zudem, Stress fr\u00fchzeitig zu erkennen und durch gezielte Resilienz Strategien [&hellip;]\" \/>\n<meta property=\"og:url\" content=\"https:\/\/www.gero.lu\/de\/produit\/leadership-in-7-modulen\" \/>\n<meta property=\"og:site_name\" content=\"GERO\" \/>\n<meta property=\"article:publisher\" content=\"https:\/\/www.facebook.com\/Kompetenzzenter\/\" \/>\n<meta property=\"og:image\" content=\"https:\/\/www.gero.lu\/wp-content\/uploads\/2021\/08\/gettyimages-1135289130-2048x2048_RET-1.jpg\" \/>\n\t<meta property=\"og:image:width\" content=\"1227\" \/>\n\t<meta property=\"og:image:height\" content=\"802\" \/>\n\t<meta property=\"og:image:type\" content=\"image\/jpeg\" \/>\n<meta name=\"twitter:card\" content=\"summary_large_image\" \/>\n<meta name=\"twitter:label1\" content=\"Gesch\u00e4tzte Lesezeit\" \/>\n\t<meta name=\"twitter:data1\" content=\"1\u00a0Minute\" \/>\n<script type=\"application\/ld+json\" class=\"yoast-schema-graph\">{\"@context\":\"https:\\\/\\\/schema.org\",\"@graph\":[{\"@type\":\"WebPage\",\"@id\":\"https:\\\/\\\/www.gero.lu\\\/de\\\/produit\\\/leadership-in-7-modulen\",\"url\":\"https:\\\/\\\/www.gero.lu\\\/de\\\/produit\\\/leadership-in-7-modulen\",\"name\":\"LEADERSHIP IN 7 MODULEN - GERO\",\"isPartOf\":{\"@id\":\"https:\\\/\\\/www.gero.lu\\\/de\\\/#website\"},\"datePublished\":\"2026-08-18T10:30:05+00:00\",\"breadcrumb\":{\"@id\":\"https:\\\/\\\/www.gero.lu\\\/de\\\/produit\\\/leadership-in-7-modulen#breadcrumb\"},\"inLanguage\":\"de\",\"potentialAction\":[{\"@type\":\"ReadAction\",\"target\":[[\"https:\\\/\\\/www.gero.lu\\\/de\\\/produit\\\/leadership-in-7-modulen\"]]}]},{\"@type\":\"BreadcrumbList\",\"@id\":\"https:\\\/\\\/www.gero.lu\\\/de\\\/produit\\\/leadership-in-7-modulen#breadcrumb\",\"itemListElement\":[{\"@type\":\"ListItem\",\"position\":1,\"name\":\"Accueil\",\"item\":\"https:\\\/\\\/www.gero.lu\\\/de\\\/\"},{\"@type\":\"ListItem\",\"position\":2,\"name\":\"Shop\",\"item\":\"https:\\\/\\\/www.gero.lu\\\/de\\\/shop\"},{\"@type\":\"ListItem\",\"position\":3,\"name\":\"LEADERSHIP IN 7 MODULEN\"}]},{\"@type\":\"WebSite\",\"@id\":\"https:\\\/\\\/www.gero.lu\\\/de\\\/#website\",\"url\":\"https:\\\/\\\/www.gero.lu\\\/de\\\/\",\"name\":\"Gero\",\"description\":\"Kompetenzzenter fir den Alter\",\"publisher\":{\"@id\":\"https:\\\/\\\/www.gero.lu\\\/de\\\/#organization\"},\"potentialAction\":[{\"@type\":\"SearchAction\",\"target\":{\"@type\":\"EntryPoint\",\"urlTemplate\":\"https:\\\/\\\/www.gero.lu\\\/de\\\/?s={search_term_string}\"},\"query-input\":{\"@type\":\"PropertyValueSpecification\",\"valueRequired\":true,\"valueName\":\"search_term_string\"}}],\"inLanguage\":\"de\"},{\"@type\":\"Organization\",\"@id\":\"https:\\\/\\\/www.gero.lu\\\/de\\\/#organization\",\"name\":\"Gero\",\"url\":\"https:\\\/\\\/www.gero.lu\\\/de\\\/\",\"logo\":{\"@type\":\"ImageObject\",\"inLanguage\":\"de\",\"@id\":\"https:\\\/\\\/www.gero.lu\\\/de\\\/#\\\/schema\\\/logo\\\/image\\\/\",\"url\":\"https:\\\/\\\/www.gero.lu\\\/wp-content\\\/uploads\\\/2024\\\/04\\\/logo.svg\",\"contentUrl\":\"https:\\\/\\\/www.gero.lu\\\/wp-content\\\/uploads\\\/2024\\\/04\\\/logo.svg\",\"width\":76,\"height\":30,\"caption\":\"Gero\"},\"image\":{\"@id\":\"https:\\\/\\\/www.gero.lu\\\/de\\\/#\\\/schema\\\/logo\\\/image\\\/\"},\"sameAs\":[\"https:\\\/\\\/www.facebook.com\\\/Kompetenzzenter\\\/\",\"https:\\\/\\\/www.instagram.com\\\/gero.kompetenzzenter\\\/\",\"https:\\\/\\\/linkedin.com\\\/company\\\/gero-kompetenzzenter-fir-den-alter\",\"https:\\\/\\\/www.youtube.com\\\/channel\\\/UCJvmJYSeHh3dYQsLHZupj-Q\"]}]}<\/script>\n<!-- \/ Yoast SEO Premium plugin. -->","yoast_head_json":{"title":"LEADERSHIP IN 7 MODULEN - GERO","robots":{"index":"index","follow":"follow","max-snippet":"max-snippet:-1","max-image-preview":"max-image-preview:large","max-video-preview":"max-video-preview:-1"},"canonical":"https:\/\/www.gero.lu\/de\/produit\/leadership-in-7-modulen","og_locale":"de_DE","og_type":"article","og_title":"LEADERSHIP IN 7 MODULEN","og_description":"Dieses 7-t\u00e4gige F\u00fchrungsseminar bereitet Sie umfassend auf die anspruchsvollen Herausforderungen als F\u00fchrungskraft in der Pflege vor. Im Zentrum steht das Erlangen von Rollenklarheit und die Entwicklung eines authentischen F\u00fchrungsstils, der durch kontinuierliche Selbstreflexion gest\u00e4rkt wird. Da der Pflegealltag von hoher Belastung gepr\u00e4gt ist, lernen Sie zudem, Stress fr\u00fchzeitig zu erkennen und durch gezielte Resilienz Strategien [&hellip;]","og_url":"https:\/\/www.gero.lu\/de\/produit\/leadership-in-7-modulen","og_site_name":"GERO","article_publisher":"https:\/\/www.facebook.com\/Kompetenzzenter\/","og_image":[{"width":1227,"height":802,"url":"https:\/\/www.gero.lu\/wp-content\/uploads\/2021\/08\/gettyimages-1135289130-2048x2048_RET-1.jpg","type":"image\/jpeg"}],"twitter_card":"summary_large_image","twitter_misc":{"Gesch\u00e4tzte Lesezeit":"1\u00a0Minute"},"schema":{"@context":"https:\/\/schema.org","@graph":[{"@type":"WebPage","@id":"https:\/\/www.gero.lu\/de\/produit\/leadership-in-7-modulen","url":"https:\/\/www.gero.lu\/de\/produit\/leadership-in-7-modulen","name":"LEADERSHIP IN 7 MODULEN - GERO","isPartOf":{"@id":"https:\/\/www.gero.lu\/de\/#website"},"datePublished":"2026-08-18T10:30:05+00:00","breadcrumb":{"@id":"https:\/\/www.gero.lu\/de\/produit\/leadership-in-7-modulen#breadcrumb"},"inLanguage":"de","potentialAction":[{"@type":"ReadAction","target":[["https:\/\/www.gero.lu\/de\/produit\/leadership-in-7-modulen"]]}]},{"@type":"BreadcrumbList","@id":"https:\/\/www.gero.lu\/de\/produit\/leadership-in-7-modulen#breadcrumb","itemListElement":[{"@type":"ListItem","position":1,"name":"Accueil","item":"https:\/\/www.gero.lu\/de\/"},{"@type":"ListItem","position":2,"name":"Shop","item":"https:\/\/www.gero.lu\/de\/shop"},{"@type":"ListItem","position":3,"name":"LEADERSHIP IN 7 MODULEN"}]},{"@type":"WebSite","@id":"https:\/\/www.gero.lu\/de\/#website","url":"https:\/\/www.gero.lu\/de\/","name":"Gero","description":"Kompetenzzenter fir den Alter","publisher":{"@id":"https:\/\/www.gero.lu\/de\/#organization"},"potentialAction":[{"@type":"SearchAction","target":{"@type":"EntryPoint","urlTemplate":"https:\/\/www.gero.lu\/de\/?s={search_term_string}"},"query-input":{"@type":"PropertyValueSpecification","valueRequired":true,"valueName":"search_term_string"}}],"inLanguage":"de"},{"@type":"Organization","@id":"https:\/\/www.gero.lu\/de\/#organization","name":"Gero","url":"https:\/\/www.gero.lu\/de\/","logo":{"@type":"ImageObject","inLanguage":"de","@id":"https:\/\/www.gero.lu\/de\/#\/schema\/logo\/image\/","url":"https:\/\/www.gero.lu\/wp-content\/uploads\/2024\/04\/logo.svg","contentUrl":"https:\/\/www.gero.lu\/wp-content\/uploads\/2024\/04\/logo.svg","width":76,"height":30,"caption":"Gero"},"image":{"@id":"https:\/\/www.gero.lu\/de\/#\/schema\/logo\/image\/"},"sameAs":["https:\/\/www.facebook.com\/Kompetenzzenter\/","https:\/\/www.instagram.com\/gero.kompetenzzenter\/","https:\/\/linkedin.com\/company\/gero-kompetenzzenter-fir-den-alter","https:\/\/www.youtube.com\/channel\/UCJvmJYSeHh3dYQsLHZupj-Q"]}]}},"_links":{"self":[{"href":"https:\/\/www.gero.lu\/de\/wp-json\/wp\/v2\/product\/11855","targetHints":{"allow":["GET"]}}],"collection":[{"href":"https:\/\/www.gero.lu\/de\/wp-json\/wp\/v2\/product"}],"about":[{"href":"https:\/\/www.gero.lu\/de\/wp-json\/wp\/v2\/types\/product"}],"replies":[{"embeddable":true,"href":"https:\/\/www.gero.lu\/de\/wp-json\/wp\/v2\/comments?post=11855"}],"wp:attachment":[{"href":"https:\/\/www.gero.lu\/de\/wp-json\/wp\/v2\/media?parent=11855"}],"wp:term":[{"taxonomy":"product_brand","embeddable":true,"href":"https:\/\/www.gero.lu\/de\/wp-json\/wp\/v2\/product_brand?post=11855"},{"taxonomy":"product_cat","embeddable":true,"href":"https:\/\/www.gero.lu\/de\/wp-json\/wp\/v2\/product_cat?post=11855"},{"taxonomy":"product_tag","embeddable":true,"href":"https:\/\/www.gero.lu\/de\/wp-json\/wp\/v2\/product_tag?post=11855"}],"curies":[{"name":"wp","href":"https:\/\/api.w.org\/{rel}","templated":true}]}}

<p>Dieses 7-tägige Führungsseminar bereitet Sie umfassend auf die anspruchsvollen Herausforderungen als Führungskraft in der Pflege vor.</p>
<p>Im Zentrum steht das Erlangen von Rollenklarheit und die Entwicklung eines authentischen Führungsstils, der durch kontinuierliche Selbstreflexion gestärkt wird. Da der Pflegealltag von hoher Belastung geprägt ist, lernen Sie zudem, Stress frühzeitig zu erkennen und durch gezielte Resilienz Strategien gesund zu bewältigen. </p>
<p>Ein weiterer Schwerpunkt liegt auf der Teamdynamik und der professionellen Kommunikation. Sie erfahren, wie Sie Teamentwicklungsprozesse aktiv steuern und verschiedene Gesprächsformen im oft hektischen Stations- oder Einrichtungsalltag effektiv einsetzen. Durch das Etablieren einer wertschätzenden Feedback-Kultur sowie das Beherrschen von Konfliktlösungs- und Mediationsmethoden sichern Sie ein harmonisches und stabiles Arbeitsklima. Abschließend vermittelt das Seminar praxisnahe Werkzeuge zur Steigerung der Mitarbeiterzufriedenheit. </p>
<p>Sie lernen wirksame Motivationsansätze kennen, meistern die vertrauensvolle Delegation von Verantwortung zur Entlastung des Teams und optimieren Ihr eigenes Zeitmanagement durch klare Prioritätensetzung. So werden Sie befähigt, auch notwendige Veränderungsprozesse in Ihrer Pflegeeinrichtung erfolgreich und mitarbeiterorientiert zu begleiten.</p>
<p>Die sieben Tage umfassen jeweils einen eigenen Schwerpunkt: </p>
<p>Tag 1: Führung<br />
Tag 2: Selbstreflexion und Stressmanagement<br />
Tag 3: Teamentwicklung<br />
Tag 4: Kommunikation<br />
Tag 5: Konfliktmanagement<br />
Tag 6: Zeitmanagement und Change-Management<br />
Tag 7: Motivation und Transfer</p>
<p>Zielgruppe: Führungskräfte und solche, die es werden wollen</p>
<p>Die Weiterbildung besteht aus 7 Modulen, die als Ganzes gebucht werden müssen.</p>

<p>Dieses 7-tägige Führungsseminar bereitet Sie umfassend auf die anspruchsvollen Herausforderungen als Führungskraft in der Pflege vor. Im Zentrum steht das Erlangen von Rollenklarheit und die Entwicklung eines authentischen Führungsstils, der durch kontinuierliche Selbstreflexion gestärkt wird. Da der Pflegealltag von hoher Belastung geprägt ist, lernen Sie zudem, Stress frühzeitig zu erkennen und durch gezielte Resilienz Strategien [&hellip;]</p>

<!-- This site is optimized with the Yoast SEO Premium plugin v28.3 (Yoast SEO v28.4) - https://yoast.com/product/yoast-seo-premium-wordpress/ -->
<title>LEADERSHIP IN 7 MODULEN - GERO</title>
<meta name="robots" content="index, follow, max-snippet:-1, max-image-preview:large, max-video-preview:-1" />
<link rel="canonical" href="https://www.gero.lu/de/produit/leadership-in-7-modulen" />
<meta property="og:locale" content="de_DE" />
<meta property="og:type" content="article" />
<meta property="og:title" content="LEADERSHIP IN 7 MODULEN" />
<meta property="og:description" content="Dieses 7-tägige Führungsseminar bereitet Sie umfassend auf die anspruchsvollen Herausforderungen als Führungskraft in der Pflege vor. Im Zentrum steht das Erlangen von Rollenklarheit und die Entwicklung eines authentischen Führungsstils, der durch kontinuierliche Selbstreflexion gestärkt wird. Da der Pflegealltag von hoher Belastung geprägt ist, lernen Sie zudem, Stress frühzeitig zu erkennen und durch gezielte Resilienz Strategien [&hellip;]" />
<meta property="og:url" content="https://www.gero.lu/de/produit/leadership-in-7-modulen" />
<meta property="og:site_name" content="GERO" />
<meta property="article:publisher" content="https://www.facebook.com/Kompetenzzenter/" />
<meta property="og:image" content="https://www.gero.lu/wp-content/uploads/2021/08/gettyimages-1135289130-2048x2048_RET-1.jpg" />
	<meta property="og:image:width" content="1227" />
	<meta property="og:image:height" content="802" />
	<meta property="og:image:type" content="image/jpeg" />
<meta name="twitter:card" content="summary_large_image" />
<meta name="twitter:label1" content="Geschätzte Lesezeit" />
	<meta name="twitter:data1" content="1 Minute" />
<script type="application/ld+json" class="yoast-schema-graph">{"@context":"https:\/\/schema.org","@graph":[{"@type":"WebPage","@id":"https:\/\/www.gero.lu\/de\/produit\/leadership-in-7-modulen","url":"https:\/\/www.gero.lu\/de\/produit\/leadership-in-7-modulen","name":"LEADERSHIP IN 7 MODULEN - GERO","isPartOf":{"@id":"https:\/\/www.gero.lu\/de\/#website"},"datePublished":"2026-08-18T10:30:05+00:00","breadcrumb":{"@id":"https:\/\/www.gero.lu\/de\/produit\/leadership-in-7-modulen#breadcrumb"},"inLanguage":"de","potentialAction":[{"@type":"ReadAction","target":[["https:\/\/www.gero.lu\/de\/produit\/leadership-in-7-modulen"]]}]},{"@type":"BreadcrumbList","@id":"https:\/\/www.gero.lu\/de\/produit\/leadership-in-7-modulen#breadcrumb","itemListElement":[{"@type":"ListItem","position":1,"name":"Accueil","item":"https:\/\/www.gero.lu\/de\/"},{"@type":"ListItem","position":2,"name":"Shop","item":"https:\/\/www.gero.lu\/de\/shop"},{"@type":"ListItem","position":3,"name":"LEADERSHIP IN 7 MODULEN"}]},{"@type":"WebSite","@id":"https:\/\/www.gero.lu\/de\/#website","url":"https:\/\/www.gero.lu\/de\/","name":"Gero","description":"Kompetenzzenter fir den Alter","publisher":{"@id":"https:\/\/www.gero.lu\/de\/#organization"},"potentialAction":[{"@type":"SearchAction","target":{"@type":"EntryPoint","urlTemplate":"https:\/\/www.gero.lu\/de\/?s={search_term_string}"},"query-input":{"@type":"PropertyValueSpecification","valueRequired":true,"valueName":"search_term_string"}}],"inLanguage":"de"},{"@type":"Organization","@id":"https:\/\/www.gero.lu\/de\/#organization","name":"Gero","url":"https:\/\/www.gero.lu\/de\/","logo":{"@type":"ImageObject","inLanguage":"de","@id":"https:\/\/www.gero.lu\/de\/#\/schema\/logo\/image\/","url":"https:\/\/www.gero.lu\/wp-content\/uploads\/2024\/04\/logo.svg","contentUrl":"https:\/\/www.gero.lu\/wp-content\/uploads\/2024\/04\/logo.svg","width":76,"height":30,"caption":"Gero"},"image":{"@id":"https:\/\/www.gero.lu\/de\/#\/schema\/logo\/image\/"},"sameAs":["https:\/\/www.facebook.com\/Kompetenzzenter\/","https:\/\/www.instagram.com\/gero.kompetenzzenter\/","https:\/\/linkedin.com\/company\/gero-kompetenzzenter-fir-den-alter","https:\/\/www.youtube.com\/channel\/UCJvmJYSeHh3dYQsLHZupj-Q"]}]}</script>
<!-- / Yoast SEO Premium plugin. -->

Dieses 7-tägige Führungsseminar bereitet Sie umfassend auf die anspruchsvollen Herausforderungen als Führungskraft in der Pflege vor. Im Zentrum steht das Erlangen von Rollenklarheit und die Entwicklung eines authentischen Führungsstils, der durch kontinuierliche Selbstreflexion gestärkt wird. Da der Pflegealltag von hoher Belastung geprägt ist, lernen Sie zudem, Stress frühzeitig zu erkennen und durch gezielte Resilienz Strategien [&hellip;]
