{"id":11207,"date":"2026-04-17T08:51:49","date_gmt":"2026-04-17T08:51:49","guid":{"rendered":"https:\/\/www.gero.lu\/produit\/einfuhrung-in-die-gartentherapie"},"modified":"2026-04-17T08:51:49","modified_gmt":"2026-04-17T08:51:49","slug":"einfuhrung-in-die-gartentherapie","status":"publish","type":"product","link":"https:\/\/www.gero.lu\/de\/produit\/einfuhrung-in-die-gartentherapie","title":{"rendered":"Einf\u00fchrung in die Gartentherapie"},"content":{"rendered":"<p>Gartentherapie als ganzheitlicher Ansatz in der Betreuung<\/p>\n<p>Die Gartentherapie ist eine traditionelle Therapieform, die ihre Urspr\u00fcnge bereits in den Klosterg\u00e4rten fr\u00fcherer Zeiten hat. Sie f\u00fchrt uns zu unserem Ursprung zur\u00fcck \u2013 in die Natur. Auf nat\u00fcrliche Weise erm\u00f6glicht sie es, Bewohner*innen in Bewegung zu bringen und den gesamten Bewegungsapparat zu f\u00f6rdern, ohne dass dies als klassisches Training wahrgenommen wird.<\/p>\n<p>Gartentherapie spricht alle Sinne an, l\u00e4sst Natur intensiv erleben und kann biografische Erinnerungen wachrufen. Sie wird als sinnstiftend erlebt, wirkt beruhigend und kann somit eine wertvolle Erg\u00e4nzung oder Alternative zu medikament\u00f6sen Ma\u00dfnahmen darstellen.<\/p>\n<p>Nahezu jeder Mensch verbindet positive Erlebnisse mit der Natur \u2013 genau hier setzt die Gartentherapie an: lebensnah, aktivierend und mit einem nat\u00fcrlichen \u201eKick\u201c an Vitamin D. Das Seminar vermittelt erste theoretische Grundlagen sowie konkrete, praxisnahe Anregungen zur direkten Umsetzung im Arbeitsalltag.<\/p>\n<p>Inhalte:<br \/>\n\uf02d\tWas ist Gartentherapie?<br \/>\n\uf02d\tZiele der Gartentherapie<br \/>\n\uf02d\tIst Gartentherapie ohne Garten m\u00f6glich?<br \/>\n\uf02d\tEinsatz der Gartentherapie bei \u00e4lteren Menschen<br \/>\n\uf02d\tNaturerfahrung im Alltag \u2013 auch beim Leben in einer Pflegeeinrichtung<br \/>\n\uf02d\tVorstellung und Erarbeitung von Gartentherapie- Einheiten<br \/>\n\uf02d\tIdeensammlung und Vorstellung konkreter Themen und Aktivit\u00e4ten<br \/>\n\uf02d\tPraktische \u00dcbungen zur Selbsterfahrung<\/p>\n<p>Zielgruppe : Aide Socio-Familiale, Auxiliaire de Vie, Ergotherapeut*in, Erzieher*in, Krankenpfleger*in, Krankenpflegerhelfer*in, Physiotherapeut*in, Psycholog*in und andere relevante Berufsgruppen<\/p>\n","protected":false},"excerpt":{"rendered":"<p>Gartentherapie als ganzheitlicher Ansatz in der Betreuung Die Gartentherapie ist eine traditionelle Therapieform, die ihre Urspr\u00fcnge bereits in den Klosterg\u00e4rten fr\u00fcherer Zeiten hat. Sie f\u00fchrt uns zu unserem Ursprung zur\u00fcck \u2013 in die Natur. Auf nat\u00fcrliche Weise erm\u00f6glicht sie es, Bewohner*innen in Bewegung zu bringen und den gesamten Bewegungsapparat zu f\u00f6rdern, ohne dass dies als [&hellip;]<\/p>\n","protected":false},"featured_media":0,"comment_status":"","ping_status":"closed","template":"","meta":{"_acf_changed":false,"inline_featured_image":false},"product_brand":[],"product_cat":[241],"product_tag":[237],"class_list":{"0":"post-11207","1":"product","2":"type-product","3":"status-publish","5":"product_cat-workshop-pro","6":"product_tag-soins-encadrement-therapie-pro","8":"first","9":"instock","10":"virtual","11":"purchasable","12":"product-type-simple"},"acf":[],"yoast_head":"<!-- This site is optimized with the Yoast SEO Premium plugin v27.4 (Yoast SEO v27.5) - https:\/\/yoast.com\/product\/yoast-seo-premium-wordpress\/ -->\n<title>Einf\u00fchrung in die Gartentherapie - GERO<\/title>\n<meta name=\"robots\" content=\"index, follow, max-snippet:-1, max-image-preview:large, max-video-preview:-1\" \/>\n<link rel=\"canonical\" href=\"https:\/\/www.gero.lu\/de\/produit\/einfuhrung-in-die-gartentherapie\" \/>\n<meta property=\"og:locale\" content=\"de_DE\" \/>\n<meta property=\"og:type\" content=\"article\" \/>\n<meta property=\"og:title\" content=\"Einf\u00fchrung in die Gartentherapie\" \/>\n<meta property=\"og:description\" content=\"Gartentherapie als ganzheitlicher Ansatz in der Betreuung Die Gartentherapie ist eine traditionelle Therapieform, die ihre Urspr\u00fcnge bereits in den Klosterg\u00e4rten fr\u00fcherer Zeiten hat. Sie f\u00fchrt uns zu unserem Ursprung zur\u00fcck \u2013 in die Natur. Auf nat\u00fcrliche Weise erm\u00f6glicht sie es, Bewohner*innen in Bewegung zu bringen und den gesamten Bewegungsapparat zu f\u00f6rdern, ohne dass dies als [&hellip;]\" \/>\n<meta property=\"og:url\" content=\"https:\/\/www.gero.lu\/de\/produit\/einfuhrung-in-die-gartentherapie\" \/>\n<meta property=\"og:site_name\" content=\"GERO\" \/>\n<meta property=\"article:publisher\" content=\"https:\/\/www.facebook.com\/Kompetenzzenter\/\" \/>\n<meta property=\"og:image\" content=\"https:\/\/www.gero.lu\/wp-content\/uploads\/2021\/08\/gettyimages-1135289130-2048x2048_RET-1.jpg\" \/>\n\t<meta property=\"og:image:width\" content=\"1227\" \/>\n\t<meta property=\"og:image:height\" content=\"802\" \/>\n\t<meta property=\"og:image:type\" content=\"image\/jpeg\" \/>\n<meta name=\"twitter:card\" content=\"summary_large_image\" \/>\n<meta name=\"twitter:label1\" content=\"Gesch\u00e4tzte Lesezeit\" \/>\n\t<meta name=\"twitter:data1\" content=\"1\u00a0Minute\" \/>\n<script type=\"application\/ld+json\" class=\"yoast-schema-graph\">{\"@context\":\"https:\\\/\\\/schema.org\",\"@graph\":[{\"@type\":\"WebPage\",\"@id\":\"https:\\\/\\\/www.gero.lu\\\/de\\\/produit\\\/einfuhrung-in-die-gartentherapie\",\"url\":\"https:\\\/\\\/www.gero.lu\\\/de\\\/produit\\\/einfuhrung-in-die-gartentherapie\",\"name\":\"Einf\u00fchrung in die Gartentherapie - GERO\",\"isPartOf\":{\"@id\":\"https:\\\/\\\/www.gero.lu\\\/de\\\/#website\"},\"datePublished\":\"2026-04-17T08:51:49+00:00\",\"breadcrumb\":{\"@id\":\"https:\\\/\\\/www.gero.lu\\\/de\\\/produit\\\/einfuhrung-in-die-gartentherapie#breadcrumb\"},\"inLanguage\":\"de\",\"potentialAction\":[{\"@type\":\"ReadAction\",\"target\":[[\"https:\\\/\\\/www.gero.lu\\\/de\\\/produit\\\/einfuhrung-in-die-gartentherapie\"]]}]},{\"@type\":\"BreadcrumbList\",\"@id\":\"https:\\\/\\\/www.gero.lu\\\/de\\\/produit\\\/einfuhrung-in-die-gartentherapie#breadcrumb\",\"itemListElement\":[{\"@type\":\"ListItem\",\"position\":1,\"name\":\"Accueil\",\"item\":\"https:\\\/\\\/www.gero.lu\\\/de\\\/\"},{\"@type\":\"ListItem\",\"position\":2,\"name\":\"Shop\",\"item\":\"https:\\\/\\\/www.gero.lu\\\/de\\\/shop\"},{\"@type\":\"ListItem\",\"position\":3,\"name\":\"Einf\u00fchrung in die Gartentherapie\"}]},{\"@type\":\"WebSite\",\"@id\":\"https:\\\/\\\/www.gero.lu\\\/de\\\/#website\",\"url\":\"https:\\\/\\\/www.gero.lu\\\/de\\\/\",\"name\":\"Gero\",\"description\":\"Kompetenzzenter fir den Alter\",\"publisher\":{\"@id\":\"https:\\\/\\\/www.gero.lu\\\/de\\\/#organization\"},\"potentialAction\":[{\"@type\":\"SearchAction\",\"target\":{\"@type\":\"EntryPoint\",\"urlTemplate\":\"https:\\\/\\\/www.gero.lu\\\/de\\\/?s={search_term_string}\"},\"query-input\":{\"@type\":\"PropertyValueSpecification\",\"valueRequired\":true,\"valueName\":\"search_term_string\"}}],\"inLanguage\":\"de\"},{\"@type\":\"Organization\",\"@id\":\"https:\\\/\\\/www.gero.lu\\\/de\\\/#organization\",\"name\":\"Gero\",\"url\":\"https:\\\/\\\/www.gero.lu\\\/de\\\/\",\"logo\":{\"@type\":\"ImageObject\",\"inLanguage\":\"de\",\"@id\":\"https:\\\/\\\/www.gero.lu\\\/de\\\/#\\\/schema\\\/logo\\\/image\\\/\",\"url\":\"https:\\\/\\\/www.gero.lu\\\/wp-content\\\/uploads\\\/2024\\\/04\\\/logo.svg\",\"contentUrl\":\"https:\\\/\\\/www.gero.lu\\\/wp-content\\\/uploads\\\/2024\\\/04\\\/logo.svg\",\"width\":76,\"height\":30,\"caption\":\"Gero\"},\"image\":{\"@id\":\"https:\\\/\\\/www.gero.lu\\\/de\\\/#\\\/schema\\\/logo\\\/image\\\/\"},\"sameAs\":[\"https:\\\/\\\/www.facebook.com\\\/Kompetenzzenter\\\/\",\"https:\\\/\\\/www.instagram.com\\\/gero.kompetenzzenter\\\/\",\"https:\\\/\\\/linkedin.com\\\/company\\\/gero-kompetenzzenter-fir-den-alter\",\"https:\\\/\\\/www.youtube.com\\\/channel\\\/UCJvmJYSeHh3dYQsLHZupj-Q\"]}]}<\/script>\n<!-- \/ Yoast SEO Premium plugin. -->","yoast_head_json":{"title":"Einf\u00fchrung in die Gartentherapie - GERO","robots":{"index":"index","follow":"follow","max-snippet":"max-snippet:-1","max-image-preview":"max-image-preview:large","max-video-preview":"max-video-preview:-1"},"canonical":"https:\/\/www.gero.lu\/de\/produit\/einfuhrung-in-die-gartentherapie","og_locale":"de_DE","og_type":"article","og_title":"Einf\u00fchrung in die Gartentherapie","og_description":"Gartentherapie als ganzheitlicher Ansatz in der Betreuung Die Gartentherapie ist eine traditionelle Therapieform, die ihre Urspr\u00fcnge bereits in den Klosterg\u00e4rten fr\u00fcherer Zeiten hat. Sie f\u00fchrt uns zu unserem Ursprung zur\u00fcck \u2013 in die Natur. Auf nat\u00fcrliche Weise erm\u00f6glicht sie es, Bewohner*innen in Bewegung zu bringen und den gesamten Bewegungsapparat zu f\u00f6rdern, ohne dass dies als [&hellip;]","og_url":"https:\/\/www.gero.lu\/de\/produit\/einfuhrung-in-die-gartentherapie","og_site_name":"GERO","article_publisher":"https:\/\/www.facebook.com\/Kompetenzzenter\/","og_image":[{"width":1227,"height":802,"url":"https:\/\/www.gero.lu\/wp-content\/uploads\/2021\/08\/gettyimages-1135289130-2048x2048_RET-1.jpg","type":"image\/jpeg"}],"twitter_card":"summary_large_image","twitter_misc":{"Gesch\u00e4tzte Lesezeit":"1\u00a0Minute"},"schema":{"@context":"https:\/\/schema.org","@graph":[{"@type":"WebPage","@id":"https:\/\/www.gero.lu\/de\/produit\/einfuhrung-in-die-gartentherapie","url":"https:\/\/www.gero.lu\/de\/produit\/einfuhrung-in-die-gartentherapie","name":"Einf\u00fchrung in die Gartentherapie - GERO","isPartOf":{"@id":"https:\/\/www.gero.lu\/de\/#website"},"datePublished":"2026-04-17T08:51:49+00:00","breadcrumb":{"@id":"https:\/\/www.gero.lu\/de\/produit\/einfuhrung-in-die-gartentherapie#breadcrumb"},"inLanguage":"de","potentialAction":[{"@type":"ReadAction","target":[["https:\/\/www.gero.lu\/de\/produit\/einfuhrung-in-die-gartentherapie"]]}]},{"@type":"BreadcrumbList","@id":"https:\/\/www.gero.lu\/de\/produit\/einfuhrung-in-die-gartentherapie#breadcrumb","itemListElement":[{"@type":"ListItem","position":1,"name":"Accueil","item":"https:\/\/www.gero.lu\/de\/"},{"@type":"ListItem","position":2,"name":"Shop","item":"https:\/\/www.gero.lu\/de\/shop"},{"@type":"ListItem","position":3,"name":"Einf\u00fchrung in die Gartentherapie"}]},{"@type":"WebSite","@id":"https:\/\/www.gero.lu\/de\/#website","url":"https:\/\/www.gero.lu\/de\/","name":"Gero","description":"Kompetenzzenter fir den Alter","publisher":{"@id":"https:\/\/www.gero.lu\/de\/#organization"},"potentialAction":[{"@type":"SearchAction","target":{"@type":"EntryPoint","urlTemplate":"https:\/\/www.gero.lu\/de\/?s={search_term_string}"},"query-input":{"@type":"PropertyValueSpecification","valueRequired":true,"valueName":"search_term_string"}}],"inLanguage":"de"},{"@type":"Organization","@id":"https:\/\/www.gero.lu\/de\/#organization","name":"Gero","url":"https:\/\/www.gero.lu\/de\/","logo":{"@type":"ImageObject","inLanguage":"de","@id":"https:\/\/www.gero.lu\/de\/#\/schema\/logo\/image\/","url":"https:\/\/www.gero.lu\/wp-content\/uploads\/2024\/04\/logo.svg","contentUrl":"https:\/\/www.gero.lu\/wp-content\/uploads\/2024\/04\/logo.svg","width":76,"height":30,"caption":"Gero"},"image":{"@id":"https:\/\/www.gero.lu\/de\/#\/schema\/logo\/image\/"},"sameAs":["https:\/\/www.facebook.com\/Kompetenzzenter\/","https:\/\/www.instagram.com\/gero.kompetenzzenter\/","https:\/\/linkedin.com\/company\/gero-kompetenzzenter-fir-den-alter","https:\/\/www.youtube.com\/channel\/UCJvmJYSeHh3dYQsLHZupj-Q"]}]}},"_links":{"self":[{"href":"https:\/\/www.gero.lu\/de\/wp-json\/wp\/v2\/product\/11207","targetHints":{"allow":["GET"]}}],"collection":[{"href":"https:\/\/www.gero.lu\/de\/wp-json\/wp\/v2\/product"}],"about":[{"href":"https:\/\/www.gero.lu\/de\/wp-json\/wp\/v2\/types\/product"}],"replies":[{"embeddable":true,"href":"https:\/\/www.gero.lu\/de\/wp-json\/wp\/v2\/comments?post=11207"}],"wp:attachment":[{"href":"https:\/\/www.gero.lu\/de\/wp-json\/wp\/v2\/media?parent=11207"}],"wp:term":[{"taxonomy":"product_brand","embeddable":true,"href":"https:\/\/www.gero.lu\/de\/wp-json\/wp\/v2\/product_brand?post=11207"},{"taxonomy":"product_cat","embeddable":true,"href":"https:\/\/www.gero.lu\/de\/wp-json\/wp\/v2\/product_cat?post=11207"},{"taxonomy":"product_tag","embeddable":true,"href":"https:\/\/www.gero.lu\/de\/wp-json\/wp\/v2\/product_tag?post=11207"}],"curies":[{"name":"wp","href":"https:\/\/api.w.org\/{rel}","templated":true}]}}

Einführung in die Gartentherapie

<p>Gartentherapie als ganzheitlicher Ansatz in der Betreuung</p>
<p>Die Gartentherapie ist eine traditionelle Therapieform, die ihre Ursprünge bereits in den Klostergärten früherer Zeiten hat. Sie führt uns zu unserem Ursprung zurück – in die Natur. Auf natürliche Weise ermöglicht sie es, Bewohner*innen in Bewegung zu bringen und den gesamten Bewegungsapparat zu fördern, ohne dass dies als klassisches Training wahrgenommen wird.</p>
<p>Gartentherapie spricht alle Sinne an, lässt Natur intensiv erleben und kann biografische Erinnerungen wachrufen. Sie wird als sinnstiftend erlebt, wirkt beruhigend und kann somit eine wertvolle Ergänzung oder Alternative zu medikamentösen Maßnahmen darstellen.</p>
<p>Nahezu jeder Mensch verbindet positive Erlebnisse mit der Natur – genau hier setzt die Gartentherapie an: lebensnah, aktivierend und mit einem natürlichen „Kick“ an Vitamin D. Das Seminar vermittelt erste theoretische Grundlagen sowie konkrete, praxisnahe Anregungen zur direkten Umsetzung im Arbeitsalltag.</p>
<p>Inhalte:<br />
	Was ist Gartentherapie?<br />
	Ziele der Gartentherapie<br />
	Ist Gartentherapie ohne Garten möglich?<br />
	Einsatz der Gartentherapie bei älteren Menschen<br />
	Naturerfahrung im Alltag – auch beim Leben in einer Pflegeeinrichtung<br />
	Vorstellung und Erarbeitung von Gartentherapie- Einheiten<br />
	Ideensammlung und Vorstellung konkreter Themen und Aktivitäten<br />
	Praktische Übungen zur Selbsterfahrung</p>
<p>Zielgruppe : Aide Socio-Familiale, Auxiliaire de Vie, Ergotherapeut*in, Erzieher*in, Krankenpfleger*in, Krankenpflegerhelfer*in, Physiotherapeut*in, Psycholog*in und andere relevante Berufsgruppen</p>

<p>Gartentherapie als ganzheitlicher Ansatz in der Betreuung Die Gartentherapie ist eine traditionelle Therapieform, die ihre Ursprünge bereits in den Klostergärten früherer Zeiten hat. Sie führt uns zu unserem Ursprung zurück – in die Natur. Auf natürliche Weise ermöglicht sie es, Bewohner*innen in Bewegung zu bringen und den gesamten Bewegungsapparat zu fördern, ohne dass dies als [&hellip;]</p>

<!-- This site is optimized with the Yoast SEO Premium plugin v27.4 (Yoast SEO v27.5) - https://yoast.com/product/yoast-seo-premium-wordpress/ -->
<title>Einführung in die Gartentherapie - GERO</title>
<meta name="robots" content="index, follow, max-snippet:-1, max-image-preview:large, max-video-preview:-1" />
<link rel="canonical" href="https://www.gero.lu/de/produit/einfuhrung-in-die-gartentherapie" />
<meta property="og:locale" content="de_DE" />
<meta property="og:type" content="article" />
<meta property="og:title" content="Einführung in die Gartentherapie" />
<meta property="og:description" content="Gartentherapie als ganzheitlicher Ansatz in der Betreuung Die Gartentherapie ist eine traditionelle Therapieform, die ihre Ursprünge bereits in den Klostergärten früherer Zeiten hat. Sie führt uns zu unserem Ursprung zurück – in die Natur. Auf natürliche Weise ermöglicht sie es, Bewohner*innen in Bewegung zu bringen und den gesamten Bewegungsapparat zu fördern, ohne dass dies als [&hellip;]" />
<meta property="og:url" content="https://www.gero.lu/de/produit/einfuhrung-in-die-gartentherapie" />
<meta property="og:site_name" content="GERO" />
<meta property="article:publisher" content="https://www.facebook.com/Kompetenzzenter/" />
<meta property="og:image" content="https://www.gero.lu/wp-content/uploads/2021/08/gettyimages-1135289130-2048x2048_RET-1.jpg" />
	<meta property="og:image:width" content="1227" />
	<meta property="og:image:height" content="802" />
	<meta property="og:image:type" content="image/jpeg" />
<meta name="twitter:card" content="summary_large_image" />
<meta name="twitter:label1" content="Geschätzte Lesezeit" />
	<meta name="twitter:data1" content="1 Minute" />
<script type="application/ld+json" class="yoast-schema-graph">{"@context":"https:\/\/schema.org","@graph":[{"@type":"WebPage","@id":"https:\/\/www.gero.lu\/de\/produit\/einfuhrung-in-die-gartentherapie","url":"https:\/\/www.gero.lu\/de\/produit\/einfuhrung-in-die-gartentherapie","name":"Einführung in die Gartentherapie - GERO","isPartOf":{"@id":"https:\/\/www.gero.lu\/de\/#website"},"datePublished":"2026-04-17T08:51:49+00:00","breadcrumb":{"@id":"https:\/\/www.gero.lu\/de\/produit\/einfuhrung-in-die-gartentherapie#breadcrumb"},"inLanguage":"de","potentialAction":[{"@type":"ReadAction","target":[["https:\/\/www.gero.lu\/de\/produit\/einfuhrung-in-die-gartentherapie"]]}]},{"@type":"BreadcrumbList","@id":"https:\/\/www.gero.lu\/de\/produit\/einfuhrung-in-die-gartentherapie#breadcrumb","itemListElement":[{"@type":"ListItem","position":1,"name":"Accueil","item":"https:\/\/www.gero.lu\/de\/"},{"@type":"ListItem","position":2,"name":"Shop","item":"https:\/\/www.gero.lu\/de\/shop"},{"@type":"ListItem","position":3,"name":"Einführung in die Gartentherapie"}]},{"@type":"WebSite","@id":"https:\/\/www.gero.lu\/de\/#website","url":"https:\/\/www.gero.lu\/de\/","name":"Gero","description":"Kompetenzzenter fir den Alter","publisher":{"@id":"https:\/\/www.gero.lu\/de\/#organization"},"potentialAction":[{"@type":"SearchAction","target":{"@type":"EntryPoint","urlTemplate":"https:\/\/www.gero.lu\/de\/?s={search_term_string}"},"query-input":{"@type":"PropertyValueSpecification","valueRequired":true,"valueName":"search_term_string"}}],"inLanguage":"de"},{"@type":"Organization","@id":"https:\/\/www.gero.lu\/de\/#organization","name":"Gero","url":"https:\/\/www.gero.lu\/de\/","logo":{"@type":"ImageObject","inLanguage":"de","@id":"https:\/\/www.gero.lu\/de\/#\/schema\/logo\/image\/","url":"https:\/\/www.gero.lu\/wp-content\/uploads\/2024\/04\/logo.svg","contentUrl":"https:\/\/www.gero.lu\/wp-content\/uploads\/2024\/04\/logo.svg","width":76,"height":30,"caption":"Gero"},"image":{"@id":"https:\/\/www.gero.lu\/de\/#\/schema\/logo\/image\/"},"sameAs":["https:\/\/www.facebook.com\/Kompetenzzenter\/","https:\/\/www.instagram.com\/gero.kompetenzzenter\/","https:\/\/linkedin.com\/company\/gero-kompetenzzenter-fir-den-alter","https:\/\/www.youtube.com\/channel\/UCJvmJYSeHh3dYQsLHZupj-Q"]}]}</script>
<!-- / Yoast SEO Premium plugin. -->

Einführung in die Gartentherapie - GERO

Gartentherapie als ganzheitlicher Ansatz in der Betreuung Die Gartentherapie ist eine traditionelle Therapieform, die ihre Ursprünge bereits in den Klostergärten früherer Zeiten hat. Sie führt uns zu unserem Ursprung zurück – in die Natur. Auf natürliche Weise ermöglicht sie es, Bewohner*innen in Bewegung zu bringen und den gesamten Bewegungsapparat zu fördern, ohne dass dies als [&hellip;]
