{"id":10833,"date":"2026-02-18T15:21:32","date_gmt":"2026-02-18T15:21:32","guid":{"rendered":"https:\/\/www.gero.lu\/produit\/la-mosquee-de-mamer"},"modified":"2026-04-20T07:10:26","modified_gmt":"2026-04-20T07:10:26","slug":"la-mosquee-de-mamer","status":"publish","type":"product","link":"https:\/\/www.gero.lu\/de\/produit\/la-mosquee-de-mamer","title":{"rendered":"La mosqu\u00e9e de Mamer"},"content":{"rendered":"<p>Lors de cette visite, nous aurons l\u2019occasion de rentrer dans la mosqu\u00e9e, r\u00e9cemment r\u00e9nov\u00e9e, de voir ses salles de pri\u00e8re, sa biblioth\u00e8que et d\u2019en comprendre son architecture. Nous aurons \u00e9galement l\u2019opportunit\u00e9 d\u2019en apprendre davantage sur la religion islamique, ses rites et ses pratiques, en particulier celles pratiqu\u00e9es \u00e0 la mosqu\u00e9e.<br \/>\nCette visite se fera en collaboration avec le Biergerpakt Zesummen Liewen, une initiative du minist\u00e8re de la Famille, des Solidarit\u00e9s, du Vivre ensemble et de l\u2019Accueil.<\/p>\n<p>Attention : La visite se fera sans chaussures.<\/p>\n","protected":false},"excerpt":{"rendered":"<p>Lors de cette visite, nous aurons l\u2019occasion de rentrer dans la mosqu\u00e9e, r\u00e9cemment r\u00e9nov\u00e9e, de voir ses salles de pri\u00e8re, sa biblioth\u00e8que et d\u2019en comprendre son architecture. Nous aurons \u00e9galement l\u2019opportunit\u00e9 d\u2019en apprendre davantage sur la religion islamique, ses rites et ses pratiques, en particulier celles pratiqu\u00e9es \u00e0 la mosqu\u00e9e. Cette visite se fera en [&hellip;]<\/p>\n","protected":false},"featured_media":0,"comment_status":"closed","ping_status":"closed","template":"","meta":{"_acf_changed":false,"inline_featured_image":false},"product_brand":[],"product_cat":[230],"product_tag":[199],"class_list":{"0":"post-10833","1":"product","2":"type-product","3":"status-publish","5":"product_cat-visite","6":"product_tag-culture-senior","8":"first","9":"outofstock","10":"virtual","11":"purchasable","12":"product-type-simple"},"acf":[],"yoast_head":"<!-- This site is optimized with the Yoast SEO Premium plugin v27.4 (Yoast SEO v27.5) - https:\/\/yoast.com\/product\/yoast-seo-premium-wordpress\/ -->\n<title>La mosqu\u00e9e de Mamer - GERO<\/title>\n<meta name=\"robots\" content=\"index, follow, max-snippet:-1, max-image-preview:large, max-video-preview:-1\" \/>\n<link rel=\"canonical\" href=\"https:\/\/www.gero.lu\/de\/produit\/la-mosquee-de-mamer\" \/>\n<meta property=\"og:locale\" content=\"de_DE\" \/>\n<meta property=\"og:type\" content=\"article\" \/>\n<meta property=\"og:title\" content=\"La mosqu\u00e9e de Mamer\" \/>\n<meta property=\"og:description\" content=\"Lors de cette visite, nous aurons l\u2019occasion de rentrer dans la mosqu\u00e9e, r\u00e9cemment r\u00e9nov\u00e9e, de voir ses salles de pri\u00e8re, sa biblioth\u00e8que et d\u2019en comprendre son architecture. Nous aurons \u00e9galement l\u2019opportunit\u00e9 d\u2019en apprendre davantage sur la religion islamique, ses rites et ses pratiques, en particulier celles pratiqu\u00e9es \u00e0 la mosqu\u00e9e. Cette visite se fera en [&hellip;]\" \/>\n<meta property=\"og:url\" content=\"https:\/\/www.gero.lu\/de\/produit\/la-mosquee-de-mamer\" \/>\n<meta property=\"og:site_name\" content=\"GERO\" \/>\n<meta property=\"article:publisher\" content=\"https:\/\/www.facebook.com\/Kompetenzzenter\/\" \/>\n<meta property=\"article:modified_time\" content=\"2026-04-20T07:10:26+00:00\" \/>\n<meta property=\"og:image\" content=\"https:\/\/www.gero.lu\/wp-content\/uploads\/2021\/08\/gettyimages-1135289130-2048x2048_RET-1.jpg\" \/>\n\t<meta property=\"og:image:width\" content=\"1227\" \/>\n\t<meta property=\"og:image:height\" content=\"802\" \/>\n\t<meta property=\"og:image:type\" content=\"image\/jpeg\" \/>\n<meta name=\"twitter:card\" content=\"summary_large_image\" \/>\n<script type=\"application\/ld+json\" class=\"yoast-schema-graph\">{\"@context\":\"https:\\\/\\\/schema.org\",\"@graph\":[{\"@type\":\"WebPage\",\"@id\":\"https:\\\/\\\/www.gero.lu\\\/de\\\/produit\\\/la-mosquee-de-mamer\",\"url\":\"https:\\\/\\\/www.gero.lu\\\/de\\\/produit\\\/la-mosquee-de-mamer\",\"name\":\"La mosqu\u00e9e de Mamer - GERO\",\"isPartOf\":{\"@id\":\"https:\\\/\\\/www.gero.lu\\\/de\\\/#website\"},\"datePublished\":\"2026-02-18T15:21:32+00:00\",\"dateModified\":\"2026-04-20T07:10:26+00:00\",\"breadcrumb\":{\"@id\":\"https:\\\/\\\/www.gero.lu\\\/de\\\/produit\\\/la-mosquee-de-mamer#breadcrumb\"},\"inLanguage\":\"de\",\"potentialAction\":[{\"@type\":\"ReadAction\",\"target\":[[\"https:\\\/\\\/www.gero.lu\\\/de\\\/produit\\\/la-mosquee-de-mamer\"]]}]},{\"@type\":\"BreadcrumbList\",\"@id\":\"https:\\\/\\\/www.gero.lu\\\/de\\\/produit\\\/la-mosquee-de-mamer#breadcrumb\",\"itemListElement\":[{\"@type\":\"ListItem\",\"position\":1,\"name\":\"Accueil\",\"item\":\"https:\\\/\\\/www.gero.lu\\\/de\\\/\"},{\"@type\":\"ListItem\",\"position\":2,\"name\":\"Shop\",\"item\":\"https:\\\/\\\/www.gero.lu\\\/de\\\/shop\"},{\"@type\":\"ListItem\",\"position\":3,\"name\":\"La mosqu\u00e9e de Mamer\"}]},{\"@type\":\"WebSite\",\"@id\":\"https:\\\/\\\/www.gero.lu\\\/de\\\/#website\",\"url\":\"https:\\\/\\\/www.gero.lu\\\/de\\\/\",\"name\":\"Gero\",\"description\":\"Kompetenzzenter fir den Alter\",\"publisher\":{\"@id\":\"https:\\\/\\\/www.gero.lu\\\/de\\\/#organization\"},\"potentialAction\":[{\"@type\":\"SearchAction\",\"target\":{\"@type\":\"EntryPoint\",\"urlTemplate\":\"https:\\\/\\\/www.gero.lu\\\/de\\\/?s={search_term_string}\"},\"query-input\":{\"@type\":\"PropertyValueSpecification\",\"valueRequired\":true,\"valueName\":\"search_term_string\"}}],\"inLanguage\":\"de\"},{\"@type\":\"Organization\",\"@id\":\"https:\\\/\\\/www.gero.lu\\\/de\\\/#organization\",\"name\":\"Gero\",\"url\":\"https:\\\/\\\/www.gero.lu\\\/de\\\/\",\"logo\":{\"@type\":\"ImageObject\",\"inLanguage\":\"de\",\"@id\":\"https:\\\/\\\/www.gero.lu\\\/de\\\/#\\\/schema\\\/logo\\\/image\\\/\",\"url\":\"https:\\\/\\\/www.gero.lu\\\/wp-content\\\/uploads\\\/2024\\\/04\\\/logo.svg\",\"contentUrl\":\"https:\\\/\\\/www.gero.lu\\\/wp-content\\\/uploads\\\/2024\\\/04\\\/logo.svg\",\"width\":76,\"height\":30,\"caption\":\"Gero\"},\"image\":{\"@id\":\"https:\\\/\\\/www.gero.lu\\\/de\\\/#\\\/schema\\\/logo\\\/image\\\/\"},\"sameAs\":[\"https:\\\/\\\/www.facebook.com\\\/Kompetenzzenter\\\/\",\"https:\\\/\\\/www.instagram.com\\\/gero.kompetenzzenter\\\/\",\"https:\\\/\\\/linkedin.com\\\/company\\\/gero-kompetenzzenter-fir-den-alter\",\"https:\\\/\\\/www.youtube.com\\\/channel\\\/UCJvmJYSeHh3dYQsLHZupj-Q\"]}]}<\/script>\n<!-- \/ Yoast SEO Premium plugin. -->","yoast_head_json":{"title":"La mosqu\u00e9e de Mamer - GERO","robots":{"index":"index","follow":"follow","max-snippet":"max-snippet:-1","max-image-preview":"max-image-preview:large","max-video-preview":"max-video-preview:-1"},"canonical":"https:\/\/www.gero.lu\/de\/produit\/la-mosquee-de-mamer","og_locale":"de_DE","og_type":"article","og_title":"La mosqu\u00e9e de Mamer","og_description":"Lors de cette visite, nous aurons l\u2019occasion de rentrer dans la mosqu\u00e9e, r\u00e9cemment r\u00e9nov\u00e9e, de voir ses salles de pri\u00e8re, sa biblioth\u00e8que et d\u2019en comprendre son architecture. Nous aurons \u00e9galement l\u2019opportunit\u00e9 d\u2019en apprendre davantage sur la religion islamique, ses rites et ses pratiques, en particulier celles pratiqu\u00e9es \u00e0 la mosqu\u00e9e. Cette visite se fera en [&hellip;]","og_url":"https:\/\/www.gero.lu\/de\/produit\/la-mosquee-de-mamer","og_site_name":"GERO","article_publisher":"https:\/\/www.facebook.com\/Kompetenzzenter\/","article_modified_time":"2026-04-20T07:10:26+00:00","og_image":[{"width":1227,"height":802,"url":"https:\/\/www.gero.lu\/wp-content\/uploads\/2021\/08\/gettyimages-1135289130-2048x2048_RET-1.jpg","type":"image\/jpeg"}],"twitter_card":"summary_large_image","schema":{"@context":"https:\/\/schema.org","@graph":[{"@type":"WebPage","@id":"https:\/\/www.gero.lu\/de\/produit\/la-mosquee-de-mamer","url":"https:\/\/www.gero.lu\/de\/produit\/la-mosquee-de-mamer","name":"La mosqu\u00e9e de Mamer - GERO","isPartOf":{"@id":"https:\/\/www.gero.lu\/de\/#website"},"datePublished":"2026-02-18T15:21:32+00:00","dateModified":"2026-04-20T07:10:26+00:00","breadcrumb":{"@id":"https:\/\/www.gero.lu\/de\/produit\/la-mosquee-de-mamer#breadcrumb"},"inLanguage":"de","potentialAction":[{"@type":"ReadAction","target":[["https:\/\/www.gero.lu\/de\/produit\/la-mosquee-de-mamer"]]}]},{"@type":"BreadcrumbList","@id":"https:\/\/www.gero.lu\/de\/produit\/la-mosquee-de-mamer#breadcrumb","itemListElement":[{"@type":"ListItem","position":1,"name":"Accueil","item":"https:\/\/www.gero.lu\/de\/"},{"@type":"ListItem","position":2,"name":"Shop","item":"https:\/\/www.gero.lu\/de\/shop"},{"@type":"ListItem","position":3,"name":"La mosqu\u00e9e de Mamer"}]},{"@type":"WebSite","@id":"https:\/\/www.gero.lu\/de\/#website","url":"https:\/\/www.gero.lu\/de\/","name":"Gero","description":"Kompetenzzenter fir den Alter","publisher":{"@id":"https:\/\/www.gero.lu\/de\/#organization"},"potentialAction":[{"@type":"SearchAction","target":{"@type":"EntryPoint","urlTemplate":"https:\/\/www.gero.lu\/de\/?s={search_term_string}"},"query-input":{"@type":"PropertyValueSpecification","valueRequired":true,"valueName":"search_term_string"}}],"inLanguage":"de"},{"@type":"Organization","@id":"https:\/\/www.gero.lu\/de\/#organization","name":"Gero","url":"https:\/\/www.gero.lu\/de\/","logo":{"@type":"ImageObject","inLanguage":"de","@id":"https:\/\/www.gero.lu\/de\/#\/schema\/logo\/image\/","url":"https:\/\/www.gero.lu\/wp-content\/uploads\/2024\/04\/logo.svg","contentUrl":"https:\/\/www.gero.lu\/wp-content\/uploads\/2024\/04\/logo.svg","width":76,"height":30,"caption":"Gero"},"image":{"@id":"https:\/\/www.gero.lu\/de\/#\/schema\/logo\/image\/"},"sameAs":["https:\/\/www.facebook.com\/Kompetenzzenter\/","https:\/\/www.instagram.com\/gero.kompetenzzenter\/","https:\/\/linkedin.com\/company\/gero-kompetenzzenter-fir-den-alter","https:\/\/www.youtube.com\/channel\/UCJvmJYSeHh3dYQsLHZupj-Q"]}]}},"_links":{"self":[{"href":"https:\/\/www.gero.lu\/de\/wp-json\/wp\/v2\/product\/10833","targetHints":{"allow":["GET"]}}],"collection":[{"href":"https:\/\/www.gero.lu\/de\/wp-json\/wp\/v2\/product"}],"about":[{"href":"https:\/\/www.gero.lu\/de\/wp-json\/wp\/v2\/types\/product"}],"replies":[{"embeddable":true,"href":"https:\/\/www.gero.lu\/de\/wp-json\/wp\/v2\/comments?post=10833"}],"wp:attachment":[{"href":"https:\/\/www.gero.lu\/de\/wp-json\/wp\/v2\/media?parent=10833"}],"wp:term":[{"taxonomy":"product_brand","embeddable":true,"href":"https:\/\/www.gero.lu\/de\/wp-json\/wp\/v2\/product_brand?post=10833"},{"taxonomy":"product_cat","embeddable":true,"href":"https:\/\/www.gero.lu\/de\/wp-json\/wp\/v2\/product_cat?post=10833"},{"taxonomy":"product_tag","embeddable":true,"href":"https:\/\/www.gero.lu\/de\/wp-json\/wp\/v2\/product_tag?post=10833"}],"curies":[{"name":"wp","href":"https:\/\/api.w.org\/{rel}","templated":true}]}}

La mosquée de Mamer

<p>Lors de cette visite, nous aurons l’occasion de rentrer dans la mosquée, récemment rénovée, de voir ses salles de prière, sa bibliothèque et d’en comprendre son architecture. Nous aurons également l’opportunité d’en apprendre davantage sur la religion islamique, ses rites et ses pratiques, en particulier celles pratiquées à la mosquée.<br />
Cette visite se fera en collaboration avec le Biergerpakt Zesummen Liewen, une initiative du ministère de la Famille, des Solidarités, du Vivre ensemble et de l’Accueil.</p>
<p>Attention : La visite se fera sans chaussures.</p>

<p>Lors de cette visite, nous aurons l’occasion de rentrer dans la mosquée, récemment rénovée, de voir ses salles de prière, sa bibliothèque et d’en comprendre son architecture. Nous aurons également l’opportunité d’en apprendre davantage sur la religion islamique, ses rites et ses pratiques, en particulier celles pratiquées à la mosquée. Cette visite se fera en [&hellip;]</p>

<!-- This site is optimized with the Yoast SEO Premium plugin v27.4 (Yoast SEO v27.5) - https://yoast.com/product/yoast-seo-premium-wordpress/ -->
<title>La mosquée de Mamer - GERO</title>
<meta name="robots" content="index, follow, max-snippet:-1, max-image-preview:large, max-video-preview:-1" />
<link rel="canonical" href="https://www.gero.lu/de/produit/la-mosquee-de-mamer" />
<meta property="og:locale" content="de_DE" />
<meta property="og:type" content="article" />
<meta property="og:title" content="La mosquée de Mamer" />
<meta property="og:description" content="Lors de cette visite, nous aurons l’occasion de rentrer dans la mosquée, récemment rénovée, de voir ses salles de prière, sa bibliothèque et d’en comprendre son architecture. Nous aurons également l’opportunité d’en apprendre davantage sur la religion islamique, ses rites et ses pratiques, en particulier celles pratiquées à la mosquée. Cette visite se fera en [&hellip;]" />
<meta property="og:url" content="https://www.gero.lu/de/produit/la-mosquee-de-mamer" />
<meta property="og:site_name" content="GERO" />
<meta property="article:publisher" content="https://www.facebook.com/Kompetenzzenter/" />
<meta property="article:modified_time" content="2026-04-20T07:10:26+00:00" />
<meta property="og:image" content="https://www.gero.lu/wp-content/uploads/2021/08/gettyimages-1135289130-2048x2048_RET-1.jpg" />
	<meta property="og:image:width" content="1227" />
	<meta property="og:image:height" content="802" />
	<meta property="og:image:type" content="image/jpeg" />
<meta name="twitter:card" content="summary_large_image" />
<script type="application/ld+json" class="yoast-schema-graph">{"@context":"https:\/\/schema.org","@graph":[{"@type":"WebPage","@id":"https:\/\/www.gero.lu\/de\/produit\/la-mosquee-de-mamer","url":"https:\/\/www.gero.lu\/de\/produit\/la-mosquee-de-mamer","name":"La mosquée de Mamer - GERO","isPartOf":{"@id":"https:\/\/www.gero.lu\/de\/#website"},"datePublished":"2026-02-18T15:21:32+00:00","dateModified":"2026-04-20T07:10:26+00:00","breadcrumb":{"@id":"https:\/\/www.gero.lu\/de\/produit\/la-mosquee-de-mamer#breadcrumb"},"inLanguage":"de","potentialAction":[{"@type":"ReadAction","target":[["https:\/\/www.gero.lu\/de\/produit\/la-mosquee-de-mamer"]]}]},{"@type":"BreadcrumbList","@id":"https:\/\/www.gero.lu\/de\/produit\/la-mosquee-de-mamer#breadcrumb","itemListElement":[{"@type":"ListItem","position":1,"name":"Accueil","item":"https:\/\/www.gero.lu\/de\/"},{"@type":"ListItem","position":2,"name":"Shop","item":"https:\/\/www.gero.lu\/de\/shop"},{"@type":"ListItem","position":3,"name":"La mosquée de Mamer"}]},{"@type":"WebSite","@id":"https:\/\/www.gero.lu\/de\/#website","url":"https:\/\/www.gero.lu\/de\/","name":"Gero","description":"Kompetenzzenter fir den Alter","publisher":{"@id":"https:\/\/www.gero.lu\/de\/#organization"},"potentialAction":[{"@type":"SearchAction","target":{"@type":"EntryPoint","urlTemplate":"https:\/\/www.gero.lu\/de\/?s={search_term_string}"},"query-input":{"@type":"PropertyValueSpecification","valueRequired":true,"valueName":"search_term_string"}}],"inLanguage":"de"},{"@type":"Organization","@id":"https:\/\/www.gero.lu\/de\/#organization","name":"Gero","url":"https:\/\/www.gero.lu\/de\/","logo":{"@type":"ImageObject","inLanguage":"de","@id":"https:\/\/www.gero.lu\/de\/#\/schema\/logo\/image\/","url":"https:\/\/www.gero.lu\/wp-content\/uploads\/2024\/04\/logo.svg","contentUrl":"https:\/\/www.gero.lu\/wp-content\/uploads\/2024\/04\/logo.svg","width":76,"height":30,"caption":"Gero"},"image":{"@id":"https:\/\/www.gero.lu\/de\/#\/schema\/logo\/image\/"},"sameAs":["https:\/\/www.facebook.com\/Kompetenzzenter\/","https:\/\/www.instagram.com\/gero.kompetenzzenter\/","https:\/\/linkedin.com\/company\/gero-kompetenzzenter-fir-den-alter","https:\/\/www.youtube.com\/channel\/UCJvmJYSeHh3dYQsLHZupj-Q"]}]}</script>
<!-- / Yoast SEO Premium plugin. -->

La mosquée de Mamer - GERO

Lors de cette visite, nous aurons l’occasion de rentrer dans la mosquée, récemment rénovée, de voir ses salles de prière, sa bibliothèque et d’en comprendre son architecture. Nous aurons également l’opportunité d’en apprendre davantage sur la religion islamique, ses rites et ses pratiques, en particulier celles pratiquées à la mosquée. Cette visite se fera en [&hellip;]
