{"id":10699,"date":"2026-01-16T14:21:26","date_gmt":"2026-01-16T14:21:26","guid":{"rendered":"https:\/\/www.gero.lu\/produit\/preparation-a-la-retraite-2"},"modified":"2026-04-17T08:51:48","modified_gmt":"2026-04-17T08:51:48","slug":"preparation-a-la-retraite-2","status":"publish","type":"product","link":"https:\/\/www.gero.lu\/de\/produit\/preparation-a-la-retraite-2","title":{"rendered":"Pr\u00e9paration \u00e0 la retraite"},"content":{"rendered":"<p>La retraite, attendue avec impatience et parfois aussi avec un peu d\u2019incertitude, est une \u00e9tape importante de la vie \u00e0 laquelle il faut penser \u00e0 temps. Vous vous demandez comment vivre cette phase de mani\u00e8re sereine ? Ou bien vous travaillez dans les Ressources Humaines et vous vous demandez comment accompagner vos collaborateur\u00b7ices lors de ce passage ? Alors cette conf\u00e9rence est faite pour vous !  Elle est anim\u00e9e par des coachs de retraite b\u00e9n\u00e9voles de chez GERO, et organis\u00e9e en collaboration avec l\u2019IMS Luxembourg (Inspiring More Sustainability). Une collation et des boissons seront offertes lors de la conf\u00e9rence. <\/p>\n<p>Retirement &#8211; often eagerly awaited but sometimes approached with uncertainty &#8211; is a significant life transition that requires careful planning. Retirement coaches from GERO will guide you through this important stage of life.<\/p>\n","protected":false},"excerpt":{"rendered":"<p>La retraite, attendue avec impatience et parfois aussi avec un peu d\u2019incertitude, est une \u00e9tape importante de la vie \u00e0 laquelle il faut penser \u00e0 temps. Vous vous demandez comment vivre cette phase de mani\u00e8re sereine ? Ou bien vous travaillez dans les Ressources Humaines et vous vous demandez comment accompagner vos collaborateur\u00b7ices lors de [&hellip;]<\/p>\n","protected":false},"featured_media":0,"comment_status":"closed","ping_status":"closed","template":"","meta":{"_acf_changed":false,"inline_featured_image":false},"product_brand":[],"product_cat":[228],"product_tag":[203],"class_list":{"0":"post-10699","1":"product","2":"type-product","3":"status-publish","5":"product_cat-conference","6":"product_tag-connaissance-de-vie-senior","8":"first","9":"instock","10":"virtual","11":"purchasable","12":"product-type-simple"},"acf":[],"yoast_head":"<!-- This site is optimized with the Yoast SEO Premium plugin v27.4 (Yoast SEO v27.4) - https:\/\/yoast.com\/product\/yoast-seo-premium-wordpress\/ -->\n<title>Pr\u00e9paration \u00e0 la retraite - GERO<\/title>\n<meta name=\"robots\" content=\"index, follow, max-snippet:-1, max-image-preview:large, max-video-preview:-1\" \/>\n<link rel=\"canonical\" href=\"https:\/\/www.gero.lu\/de\/produit\/preparation-a-la-retraite-2\" \/>\n<meta property=\"og:locale\" content=\"de_DE\" \/>\n<meta property=\"og:type\" content=\"article\" \/>\n<meta property=\"og:title\" content=\"Pr\u00e9paration \u00e0 la retraite\" \/>\n<meta property=\"og:description\" content=\"La retraite, attendue avec impatience et parfois aussi avec un peu d\u2019incertitude, est une \u00e9tape importante de la vie \u00e0 laquelle il faut penser \u00e0 temps. Vous vous demandez comment vivre cette phase de mani\u00e8re sereine ? Ou bien vous travaillez dans les Ressources Humaines et vous vous demandez comment accompagner vos collaborateur\u00b7ices lors de [&hellip;]\" \/>\n<meta property=\"og:url\" content=\"https:\/\/www.gero.lu\/de\/produit\/preparation-a-la-retraite-2\" \/>\n<meta property=\"og:site_name\" content=\"GERO\" \/>\n<meta property=\"article:publisher\" content=\"https:\/\/www.facebook.com\/Kompetenzzenter\/\" \/>\n<meta property=\"article:modified_time\" content=\"2026-04-17T08:51:48+00:00\" \/>\n<meta property=\"og:image\" content=\"https:\/\/www.gero.lu\/wp-content\/uploads\/2021\/08\/gettyimages-1135289130-2048x2048_RET-1.jpg\" \/>\n\t<meta property=\"og:image:width\" content=\"1227\" \/>\n\t<meta property=\"og:image:height\" content=\"802\" \/>\n\t<meta property=\"og:image:type\" content=\"image\/jpeg\" \/>\n<meta name=\"twitter:card\" content=\"summary_large_image\" \/>\n<meta name=\"twitter:label1\" content=\"Gesch\u00e4tzte Lesezeit\" \/>\n\t<meta name=\"twitter:data1\" content=\"1\u00a0Minute\" \/>\n<script type=\"application\/ld+json\" class=\"yoast-schema-graph\">{\"@context\":\"https:\\\/\\\/schema.org\",\"@graph\":[{\"@type\":\"WebPage\",\"@id\":\"https:\\\/\\\/www.gero.lu\\\/de\\\/produit\\\/preparation-a-la-retraite-2\",\"url\":\"https:\\\/\\\/www.gero.lu\\\/de\\\/produit\\\/preparation-a-la-retraite-2\",\"name\":\"Pr\u00e9paration \u00e0 la retraite - GERO\",\"isPartOf\":{\"@id\":\"https:\\\/\\\/www.gero.lu\\\/de\\\/#website\"},\"datePublished\":\"2026-01-16T14:21:26+00:00\",\"dateModified\":\"2026-04-17T08:51:48+00:00\",\"breadcrumb\":{\"@id\":\"https:\\\/\\\/www.gero.lu\\\/de\\\/produit\\\/preparation-a-la-retraite-2#breadcrumb\"},\"inLanguage\":\"de\",\"potentialAction\":[{\"@type\":\"ReadAction\",\"target\":[[\"https:\\\/\\\/www.gero.lu\\\/de\\\/produit\\\/preparation-a-la-retraite-2\"]]}]},{\"@type\":\"BreadcrumbList\",\"@id\":\"https:\\\/\\\/www.gero.lu\\\/de\\\/produit\\\/preparation-a-la-retraite-2#breadcrumb\",\"itemListElement\":[{\"@type\":\"ListItem\",\"position\":1,\"name\":\"Accueil\",\"item\":\"https:\\\/\\\/www.gero.lu\\\/de\\\/\"},{\"@type\":\"ListItem\",\"position\":2,\"name\":\"Shop\",\"item\":\"https:\\\/\\\/www.gero.lu\\\/de\\\/shop\"},{\"@type\":\"ListItem\",\"position\":3,\"name\":\"Pr\u00e9paration \u00e0 la retraite\"}]},{\"@type\":\"WebSite\",\"@id\":\"https:\\\/\\\/www.gero.lu\\\/de\\\/#website\",\"url\":\"https:\\\/\\\/www.gero.lu\\\/de\\\/\",\"name\":\"Gero\",\"description\":\"Kompetenzzenter fir den Alter\",\"publisher\":{\"@id\":\"https:\\\/\\\/www.gero.lu\\\/de\\\/#organization\"},\"potentialAction\":[{\"@type\":\"SearchAction\",\"target\":{\"@type\":\"EntryPoint\",\"urlTemplate\":\"https:\\\/\\\/www.gero.lu\\\/de\\\/?s={search_term_string}\"},\"query-input\":{\"@type\":\"PropertyValueSpecification\",\"valueRequired\":true,\"valueName\":\"search_term_string\"}}],\"inLanguage\":\"de\"},{\"@type\":\"Organization\",\"@id\":\"https:\\\/\\\/www.gero.lu\\\/de\\\/#organization\",\"name\":\"Gero\",\"url\":\"https:\\\/\\\/www.gero.lu\\\/de\\\/\",\"logo\":{\"@type\":\"ImageObject\",\"inLanguage\":\"de\",\"@id\":\"https:\\\/\\\/www.gero.lu\\\/de\\\/#\\\/schema\\\/logo\\\/image\\\/\",\"url\":\"https:\\\/\\\/www.gero.lu\\\/wp-content\\\/uploads\\\/2024\\\/04\\\/logo.svg\",\"contentUrl\":\"https:\\\/\\\/www.gero.lu\\\/wp-content\\\/uploads\\\/2024\\\/04\\\/logo.svg\",\"width\":76,\"height\":30,\"caption\":\"Gero\"},\"image\":{\"@id\":\"https:\\\/\\\/www.gero.lu\\\/de\\\/#\\\/schema\\\/logo\\\/image\\\/\"},\"sameAs\":[\"https:\\\/\\\/www.facebook.com\\\/Kompetenzzenter\\\/\",\"https:\\\/\\\/www.instagram.com\\\/gero.kompetenzzenter\\\/\",\"https:\\\/\\\/linkedin.com\\\/company\\\/gero-kompetenzzenter-fir-den-alter\",\"https:\\\/\\\/www.youtube.com\\\/channel\\\/UCJvmJYSeHh3dYQsLHZupj-Q\"]}]}<\/script>\n<!-- \/ Yoast SEO Premium plugin. -->","yoast_head_json":{"title":"Pr\u00e9paration \u00e0 la retraite - GERO","robots":{"index":"index","follow":"follow","max-snippet":"max-snippet:-1","max-image-preview":"max-image-preview:large","max-video-preview":"max-video-preview:-1"},"canonical":"https:\/\/www.gero.lu\/de\/produit\/preparation-a-la-retraite-2","og_locale":"de_DE","og_type":"article","og_title":"Pr\u00e9paration \u00e0 la retraite","og_description":"La retraite, attendue avec impatience et parfois aussi avec un peu d\u2019incertitude, est une \u00e9tape importante de la vie \u00e0 laquelle il faut penser \u00e0 temps. Vous vous demandez comment vivre cette phase de mani\u00e8re sereine ? Ou bien vous travaillez dans les Ressources Humaines et vous vous demandez comment accompagner vos collaborateur\u00b7ices lors de [&hellip;]","og_url":"https:\/\/www.gero.lu\/de\/produit\/preparation-a-la-retraite-2","og_site_name":"GERO","article_publisher":"https:\/\/www.facebook.com\/Kompetenzzenter\/","article_modified_time":"2026-04-17T08:51:48+00:00","og_image":[{"width":1227,"height":802,"url":"https:\/\/www.gero.lu\/wp-content\/uploads\/2021\/08\/gettyimages-1135289130-2048x2048_RET-1.jpg","type":"image\/jpeg"}],"twitter_card":"summary_large_image","twitter_misc":{"Gesch\u00e4tzte Lesezeit":"1\u00a0Minute"},"schema":{"@context":"https:\/\/schema.org","@graph":[{"@type":"WebPage","@id":"https:\/\/www.gero.lu\/de\/produit\/preparation-a-la-retraite-2","url":"https:\/\/www.gero.lu\/de\/produit\/preparation-a-la-retraite-2","name":"Pr\u00e9paration \u00e0 la retraite - GERO","isPartOf":{"@id":"https:\/\/www.gero.lu\/de\/#website"},"datePublished":"2026-01-16T14:21:26+00:00","dateModified":"2026-04-17T08:51:48+00:00","breadcrumb":{"@id":"https:\/\/www.gero.lu\/de\/produit\/preparation-a-la-retraite-2#breadcrumb"},"inLanguage":"de","potentialAction":[{"@type":"ReadAction","target":[["https:\/\/www.gero.lu\/de\/produit\/preparation-a-la-retraite-2"]]}]},{"@type":"BreadcrumbList","@id":"https:\/\/www.gero.lu\/de\/produit\/preparation-a-la-retraite-2#breadcrumb","itemListElement":[{"@type":"ListItem","position":1,"name":"Accueil","item":"https:\/\/www.gero.lu\/de\/"},{"@type":"ListItem","position":2,"name":"Shop","item":"https:\/\/www.gero.lu\/de\/shop"},{"@type":"ListItem","position":3,"name":"Pr\u00e9paration \u00e0 la retraite"}]},{"@type":"WebSite","@id":"https:\/\/www.gero.lu\/de\/#website","url":"https:\/\/www.gero.lu\/de\/","name":"Gero","description":"Kompetenzzenter fir den Alter","publisher":{"@id":"https:\/\/www.gero.lu\/de\/#organization"},"potentialAction":[{"@type":"SearchAction","target":{"@type":"EntryPoint","urlTemplate":"https:\/\/www.gero.lu\/de\/?s={search_term_string}"},"query-input":{"@type":"PropertyValueSpecification","valueRequired":true,"valueName":"search_term_string"}}],"inLanguage":"de"},{"@type":"Organization","@id":"https:\/\/www.gero.lu\/de\/#organization","name":"Gero","url":"https:\/\/www.gero.lu\/de\/","logo":{"@type":"ImageObject","inLanguage":"de","@id":"https:\/\/www.gero.lu\/de\/#\/schema\/logo\/image\/","url":"https:\/\/www.gero.lu\/wp-content\/uploads\/2024\/04\/logo.svg","contentUrl":"https:\/\/www.gero.lu\/wp-content\/uploads\/2024\/04\/logo.svg","width":76,"height":30,"caption":"Gero"},"image":{"@id":"https:\/\/www.gero.lu\/de\/#\/schema\/logo\/image\/"},"sameAs":["https:\/\/www.facebook.com\/Kompetenzzenter\/","https:\/\/www.instagram.com\/gero.kompetenzzenter\/","https:\/\/linkedin.com\/company\/gero-kompetenzzenter-fir-den-alter","https:\/\/www.youtube.com\/channel\/UCJvmJYSeHh3dYQsLHZupj-Q"]}]}},"_links":{"self":[{"href":"https:\/\/www.gero.lu\/de\/wp-json\/wp\/v2\/product\/10699","targetHints":{"allow":["GET"]}}],"collection":[{"href":"https:\/\/www.gero.lu\/de\/wp-json\/wp\/v2\/product"}],"about":[{"href":"https:\/\/www.gero.lu\/de\/wp-json\/wp\/v2\/types\/product"}],"replies":[{"embeddable":true,"href":"https:\/\/www.gero.lu\/de\/wp-json\/wp\/v2\/comments?post=10699"}],"wp:attachment":[{"href":"https:\/\/www.gero.lu\/de\/wp-json\/wp\/v2\/media?parent=10699"}],"wp:term":[{"taxonomy":"product_brand","embeddable":true,"href":"https:\/\/www.gero.lu\/de\/wp-json\/wp\/v2\/product_brand?post=10699"},{"taxonomy":"product_cat","embeddable":true,"href":"https:\/\/www.gero.lu\/de\/wp-json\/wp\/v2\/product_cat?post=10699"},{"taxonomy":"product_tag","embeddable":true,"href":"https:\/\/www.gero.lu\/de\/wp-json\/wp\/v2\/product_tag?post=10699"}],"curies":[{"name":"wp","href":"https:\/\/api.w.org\/{rel}","templated":true}]}}

Préparation à la retraite

<p>La retraite, attendue avec impatience et parfois aussi avec un peu d’incertitude, est une étape importante de la vie à laquelle il faut penser à temps. Vous vous demandez comment vivre cette phase de manière sereine ? Ou bien vous travaillez dans les Ressources Humaines et vous vous demandez comment accompagner vos collaborateur·ices lors de ce passage ? Alors cette conférence est faite pour vous !  Elle est animée par des coachs de retraite bénévoles de chez GERO, et organisée en collaboration avec l’IMS Luxembourg (Inspiring More Sustainability). Une collation et des boissons seront offertes lors de la conférence. </p>
<p>Retirement &#8211; often eagerly awaited but sometimes approached with uncertainty &#8211; is a significant life transition that requires careful planning. Retirement coaches from GERO will guide you through this important stage of life.</p>

<p>La retraite, attendue avec impatience et parfois aussi avec un peu d’incertitude, est une étape importante de la vie à laquelle il faut penser à temps. Vous vous demandez comment vivre cette phase de manière sereine ? Ou bien vous travaillez dans les Ressources Humaines et vous vous demandez comment accompagner vos collaborateur·ices lors de [&hellip;]</p>

<!-- This site is optimized with the Yoast SEO Premium plugin v27.4 (Yoast SEO v27.4) - https://yoast.com/product/yoast-seo-premium-wordpress/ -->
<title>Préparation à la retraite - GERO</title>
<meta name="robots" content="index, follow, max-snippet:-1, max-image-preview:large, max-video-preview:-1" />
<link rel="canonical" href="https://www.gero.lu/de/produit/preparation-a-la-retraite-2" />
<meta property="og:locale" content="de_DE" />
<meta property="og:type" content="article" />
<meta property="og:title" content="Préparation à la retraite" />
<meta property="og:description" content="La retraite, attendue avec impatience et parfois aussi avec un peu d’incertitude, est une étape importante de la vie à laquelle il faut penser à temps. Vous vous demandez comment vivre cette phase de manière sereine ? Ou bien vous travaillez dans les Ressources Humaines et vous vous demandez comment accompagner vos collaborateur·ices lors de [&hellip;]" />
<meta property="og:url" content="https://www.gero.lu/de/produit/preparation-a-la-retraite-2" />
<meta property="og:site_name" content="GERO" />
<meta property="article:publisher" content="https://www.facebook.com/Kompetenzzenter/" />
<meta property="article:modified_time" content="2026-04-17T08:51:48+00:00" />
<meta property="og:image" content="https://www.gero.lu/wp-content/uploads/2021/08/gettyimages-1135289130-2048x2048_RET-1.jpg" />
	<meta property="og:image:width" content="1227" />
	<meta property="og:image:height" content="802" />
	<meta property="og:image:type" content="image/jpeg" />
<meta name="twitter:card" content="summary_large_image" />
<meta name="twitter:label1" content="Geschätzte Lesezeit" />
	<meta name="twitter:data1" content="1 Minute" />
<script type="application/ld+json" class="yoast-schema-graph">{"@context":"https:\/\/schema.org","@graph":[{"@type":"WebPage","@id":"https:\/\/www.gero.lu\/de\/produit\/preparation-a-la-retraite-2","url":"https:\/\/www.gero.lu\/de\/produit\/preparation-a-la-retraite-2","name":"Préparation à la retraite - GERO","isPartOf":{"@id":"https:\/\/www.gero.lu\/de\/#website"},"datePublished":"2026-01-16T14:21:26+00:00","dateModified":"2026-04-17T08:51:48+00:00","breadcrumb":{"@id":"https:\/\/www.gero.lu\/de\/produit\/preparation-a-la-retraite-2#breadcrumb"},"inLanguage":"de","potentialAction":[{"@type":"ReadAction","target":[["https:\/\/www.gero.lu\/de\/produit\/preparation-a-la-retraite-2"]]}]},{"@type":"BreadcrumbList","@id":"https:\/\/www.gero.lu\/de\/produit\/preparation-a-la-retraite-2#breadcrumb","itemListElement":[{"@type":"ListItem","position":1,"name":"Accueil","item":"https:\/\/www.gero.lu\/de\/"},{"@type":"ListItem","position":2,"name":"Shop","item":"https:\/\/www.gero.lu\/de\/shop"},{"@type":"ListItem","position":3,"name":"Préparation à la retraite"}]},{"@type":"WebSite","@id":"https:\/\/www.gero.lu\/de\/#website","url":"https:\/\/www.gero.lu\/de\/","name":"Gero","description":"Kompetenzzenter fir den Alter","publisher":{"@id":"https:\/\/www.gero.lu\/de\/#organization"},"potentialAction":[{"@type":"SearchAction","target":{"@type":"EntryPoint","urlTemplate":"https:\/\/www.gero.lu\/de\/?s={search_term_string}"},"query-input":{"@type":"PropertyValueSpecification","valueRequired":true,"valueName":"search_term_string"}}],"inLanguage":"de"},{"@type":"Organization","@id":"https:\/\/www.gero.lu\/de\/#organization","name":"Gero","url":"https:\/\/www.gero.lu\/de\/","logo":{"@type":"ImageObject","inLanguage":"de","@id":"https:\/\/www.gero.lu\/de\/#\/schema\/logo\/image\/","url":"https:\/\/www.gero.lu\/wp-content\/uploads\/2024\/04\/logo.svg","contentUrl":"https:\/\/www.gero.lu\/wp-content\/uploads\/2024\/04\/logo.svg","width":76,"height":30,"caption":"Gero"},"image":{"@id":"https:\/\/www.gero.lu\/de\/#\/schema\/logo\/image\/"},"sameAs":["https:\/\/www.facebook.com\/Kompetenzzenter\/","https:\/\/www.instagram.com\/gero.kompetenzzenter\/","https:\/\/linkedin.com\/company\/gero-kompetenzzenter-fir-den-alter","https:\/\/www.youtube.com\/channel\/UCJvmJYSeHh3dYQsLHZupj-Q"]}]}</script>
<!-- / Yoast SEO Premium plugin. -->

Préparation à la retraite - GERO

La retraite, attendue avec impatience et parfois aussi avec un peu d’incertitude, est une étape importante de la vie à laquelle il faut penser à temps. Vous vous demandez comment vivre cette phase de manière sereine ? Ou bien vous travaillez dans les Ressources Humaines et vous vous demandez comment accompagner vos collaborateur·ices lors de [&hellip;]
