{"id":10340,"date":"2025-11-24T14:21:56","date_gmt":"2025-11-24T14:21:56","guid":{"rendered":"https:\/\/www.gero.lu\/produit\/bewegung-a-und-o-fur-korper-und-geist"},"modified":"2026-04-21T13:00:13","modified_gmt":"2026-04-21T13:00:13","slug":"bewegung-a-und-o-fur-korper-und-geist","status":"publish","type":"product","link":"https:\/\/www.gero.lu\/de\/produit\/bewegung-a-und-o-fur-korper-und-geist","title":{"rendered":"Bewegung: A und O f\u00fcr K\u00f6rper und Geist"},"content":{"rendered":"<p>Regelm\u00e4\u00dfige Bewegung h\u00e4lt nicht nur unseren K\u00f6rper, sondern auch unser Gehirn fit. Studien zeigen, dass durch k\u00f6rperliche Aktivit\u00e4t z. B. die Reaktions- und Merkf\u00e4higkeit verbessert und das Demenzrisiko gesenkt werden kann. Der Sport- und Neurowissenschaftler Prof. Dr. Thorben H\u00fclsd\u00fcnker (LUNEX) erkl\u00e4rt, warum es wichtig ist, k\u00f6rperlich aktiv zu bleiben und welche Prinzipien f\u00fcr ein effektives Training des Gehirns ber\u00fccksichtigt werden m\u00fcssen.<\/p>\n","protected":false},"excerpt":{"rendered":"<p>Regelm\u00e4\u00dfige Bewegung h\u00e4lt nicht nur unseren K\u00f6rper, sondern auch unser Gehirn fit. Studien zeigen, dass durch k\u00f6rperliche Aktivit\u00e4t z. B. die Reaktions- und Merkf\u00e4higkeit verbessert und das Demenzrisiko gesenkt werden kann. Der Sport- und Neurowissenschaftler Prof. Dr. Thorben H\u00fclsd\u00fcnker (LUNEX) erkl\u00e4rt, warum es wichtig ist, k\u00f6rperlich aktiv zu bleiben und welche Prinzipien f\u00fcr ein effektives [&hellip;]<\/p>\n","protected":false},"featured_media":0,"comment_status":"closed","ping_status":"closed","template":"","meta":{"_acf_changed":false,"inline_featured_image":false},"product_brand":[],"product_cat":[228],"product_tag":[200],"class_list":{"0":"post-10340","1":"product","2":"type-product","3":"status-publish","5":"product_cat-conference","6":"product_tag-sante-senior","8":"first","9":"outofstock","10":"virtual","11":"purchasable","12":"product-type-simple"},"acf":[],"yoast_head":"<!-- This site is optimized with the Yoast SEO Premium plugin v27.4 (Yoast SEO v27.4) - https:\/\/yoast.com\/product\/yoast-seo-premium-wordpress\/ -->\n<title>Bewegung: A und O f\u00fcr K\u00f6rper und Geist - GERO<\/title>\n<meta name=\"robots\" content=\"index, follow, max-snippet:-1, max-image-preview:large, max-video-preview:-1\" \/>\n<link rel=\"canonical\" href=\"https:\/\/www.gero.lu\/de\/produit\/bewegung-a-und-o-fur-korper-und-geist\" \/>\n<meta property=\"og:locale\" content=\"de_DE\" \/>\n<meta property=\"og:type\" content=\"article\" \/>\n<meta property=\"og:title\" content=\"Bewegung: A und O f\u00fcr K\u00f6rper und Geist\" \/>\n<meta property=\"og:description\" content=\"Regelm\u00e4\u00dfige Bewegung h\u00e4lt nicht nur unseren K\u00f6rper, sondern auch unser Gehirn fit. Studien zeigen, dass durch k\u00f6rperliche Aktivit\u00e4t z. B. die Reaktions- und Merkf\u00e4higkeit verbessert und das Demenzrisiko gesenkt werden kann. Der Sport- und Neurowissenschaftler Prof. Dr. Thorben H\u00fclsd\u00fcnker (LUNEX) erkl\u00e4rt, warum es wichtig ist, k\u00f6rperlich aktiv zu bleiben und welche Prinzipien f\u00fcr ein effektives [&hellip;]\" \/>\n<meta property=\"og:url\" content=\"https:\/\/www.gero.lu\/de\/produit\/bewegung-a-und-o-fur-korper-und-geist\" \/>\n<meta property=\"og:site_name\" content=\"GERO\" \/>\n<meta property=\"article:publisher\" content=\"https:\/\/www.facebook.com\/Kompetenzzenter\/\" \/>\n<meta property=\"article:modified_time\" content=\"2026-04-21T13:00:13+00:00\" \/>\n<meta property=\"og:image\" content=\"https:\/\/www.gero.lu\/wp-content\/uploads\/2021\/08\/gettyimages-1135289130-2048x2048_RET-1.jpg\" \/>\n\t<meta property=\"og:image:width\" content=\"1227\" \/>\n\t<meta property=\"og:image:height\" content=\"802\" \/>\n\t<meta property=\"og:image:type\" content=\"image\/jpeg\" \/>\n<meta name=\"twitter:card\" content=\"summary_large_image\" \/>\n<script type=\"application\/ld+json\" class=\"yoast-schema-graph\">{\"@context\":\"https:\\\/\\\/schema.org\",\"@graph\":[{\"@type\":\"WebPage\",\"@id\":\"https:\\\/\\\/www.gero.lu\\\/de\\\/produit\\\/bewegung-a-und-o-fur-korper-und-geist\",\"url\":\"https:\\\/\\\/www.gero.lu\\\/de\\\/produit\\\/bewegung-a-und-o-fur-korper-und-geist\",\"name\":\"Bewegung: A und O f\u00fcr K\u00f6rper und Geist - GERO\",\"isPartOf\":{\"@id\":\"https:\\\/\\\/www.gero.lu\\\/de\\\/#website\"},\"datePublished\":\"2025-11-24T14:21:56+00:00\",\"dateModified\":\"2026-04-21T13:00:13+00:00\",\"breadcrumb\":{\"@id\":\"https:\\\/\\\/www.gero.lu\\\/de\\\/produit\\\/bewegung-a-und-o-fur-korper-und-geist#breadcrumb\"},\"inLanguage\":\"de\",\"potentialAction\":[{\"@type\":\"ReadAction\",\"target\":[[\"https:\\\/\\\/www.gero.lu\\\/de\\\/produit\\\/bewegung-a-und-o-fur-korper-und-geist\"]]}]},{\"@type\":\"BreadcrumbList\",\"@id\":\"https:\\\/\\\/www.gero.lu\\\/de\\\/produit\\\/bewegung-a-und-o-fur-korper-und-geist#breadcrumb\",\"itemListElement\":[{\"@type\":\"ListItem\",\"position\":1,\"name\":\"Accueil\",\"item\":\"https:\\\/\\\/www.gero.lu\\\/de\\\/\"},{\"@type\":\"ListItem\",\"position\":2,\"name\":\"Shop\",\"item\":\"https:\\\/\\\/www.gero.lu\\\/de\\\/shop\"},{\"@type\":\"ListItem\",\"position\":3,\"name\":\"Bewegung: A und O f\u00fcr K\u00f6rper und Geist\"}]},{\"@type\":\"WebSite\",\"@id\":\"https:\\\/\\\/www.gero.lu\\\/de\\\/#website\",\"url\":\"https:\\\/\\\/www.gero.lu\\\/de\\\/\",\"name\":\"Gero\",\"description\":\"Kompetenzzenter fir den Alter\",\"publisher\":{\"@id\":\"https:\\\/\\\/www.gero.lu\\\/de\\\/#organization\"},\"potentialAction\":[{\"@type\":\"SearchAction\",\"target\":{\"@type\":\"EntryPoint\",\"urlTemplate\":\"https:\\\/\\\/www.gero.lu\\\/de\\\/?s={search_term_string}\"},\"query-input\":{\"@type\":\"PropertyValueSpecification\",\"valueRequired\":true,\"valueName\":\"search_term_string\"}}],\"inLanguage\":\"de\"},{\"@type\":\"Organization\",\"@id\":\"https:\\\/\\\/www.gero.lu\\\/de\\\/#organization\",\"name\":\"Gero\",\"url\":\"https:\\\/\\\/www.gero.lu\\\/de\\\/\",\"logo\":{\"@type\":\"ImageObject\",\"inLanguage\":\"de\",\"@id\":\"https:\\\/\\\/www.gero.lu\\\/de\\\/#\\\/schema\\\/logo\\\/image\\\/\",\"url\":\"https:\\\/\\\/www.gero.lu\\\/wp-content\\\/uploads\\\/2024\\\/04\\\/logo.svg\",\"contentUrl\":\"https:\\\/\\\/www.gero.lu\\\/wp-content\\\/uploads\\\/2024\\\/04\\\/logo.svg\",\"width\":76,\"height\":30,\"caption\":\"Gero\"},\"image\":{\"@id\":\"https:\\\/\\\/www.gero.lu\\\/de\\\/#\\\/schema\\\/logo\\\/image\\\/\"},\"sameAs\":[\"https:\\\/\\\/www.facebook.com\\\/Kompetenzzenter\\\/\",\"https:\\\/\\\/www.instagram.com\\\/gero.kompetenzzenter\\\/\",\"https:\\\/\\\/linkedin.com\\\/company\\\/gero-kompetenzzenter-fir-den-alter\",\"https:\\\/\\\/www.youtube.com\\\/channel\\\/UCJvmJYSeHh3dYQsLHZupj-Q\"]}]}<\/script>\n<!-- \/ Yoast SEO Premium plugin. -->","yoast_head_json":{"title":"Bewegung: A und O f\u00fcr K\u00f6rper und Geist - GERO","robots":{"index":"index","follow":"follow","max-snippet":"max-snippet:-1","max-image-preview":"max-image-preview:large","max-video-preview":"max-video-preview:-1"},"canonical":"https:\/\/www.gero.lu\/de\/produit\/bewegung-a-und-o-fur-korper-und-geist","og_locale":"de_DE","og_type":"article","og_title":"Bewegung: A und O f\u00fcr K\u00f6rper und Geist","og_description":"Regelm\u00e4\u00dfige Bewegung h\u00e4lt nicht nur unseren K\u00f6rper, sondern auch unser Gehirn fit. Studien zeigen, dass durch k\u00f6rperliche Aktivit\u00e4t z. B. die Reaktions- und Merkf\u00e4higkeit verbessert und das Demenzrisiko gesenkt werden kann. Der Sport- und Neurowissenschaftler Prof. Dr. Thorben H\u00fclsd\u00fcnker (LUNEX) erkl\u00e4rt, warum es wichtig ist, k\u00f6rperlich aktiv zu bleiben und welche Prinzipien f\u00fcr ein effektives [&hellip;]","og_url":"https:\/\/www.gero.lu\/de\/produit\/bewegung-a-und-o-fur-korper-und-geist","og_site_name":"GERO","article_publisher":"https:\/\/www.facebook.com\/Kompetenzzenter\/","article_modified_time":"2026-04-21T13:00:13+00:00","og_image":[{"width":1227,"height":802,"url":"https:\/\/www.gero.lu\/wp-content\/uploads\/2021\/08\/gettyimages-1135289130-2048x2048_RET-1.jpg","type":"image\/jpeg"}],"twitter_card":"summary_large_image","schema":{"@context":"https:\/\/schema.org","@graph":[{"@type":"WebPage","@id":"https:\/\/www.gero.lu\/de\/produit\/bewegung-a-und-o-fur-korper-und-geist","url":"https:\/\/www.gero.lu\/de\/produit\/bewegung-a-und-o-fur-korper-und-geist","name":"Bewegung: A und O f\u00fcr K\u00f6rper und Geist - GERO","isPartOf":{"@id":"https:\/\/www.gero.lu\/de\/#website"},"datePublished":"2025-11-24T14:21:56+00:00","dateModified":"2026-04-21T13:00:13+00:00","breadcrumb":{"@id":"https:\/\/www.gero.lu\/de\/produit\/bewegung-a-und-o-fur-korper-und-geist#breadcrumb"},"inLanguage":"de","potentialAction":[{"@type":"ReadAction","target":[["https:\/\/www.gero.lu\/de\/produit\/bewegung-a-und-o-fur-korper-und-geist"]]}]},{"@type":"BreadcrumbList","@id":"https:\/\/www.gero.lu\/de\/produit\/bewegung-a-und-o-fur-korper-und-geist#breadcrumb","itemListElement":[{"@type":"ListItem","position":1,"name":"Accueil","item":"https:\/\/www.gero.lu\/de\/"},{"@type":"ListItem","position":2,"name":"Shop","item":"https:\/\/www.gero.lu\/de\/shop"},{"@type":"ListItem","position":3,"name":"Bewegung: A und O f\u00fcr K\u00f6rper und Geist"}]},{"@type":"WebSite","@id":"https:\/\/www.gero.lu\/de\/#website","url":"https:\/\/www.gero.lu\/de\/","name":"Gero","description":"Kompetenzzenter fir den Alter","publisher":{"@id":"https:\/\/www.gero.lu\/de\/#organization"},"potentialAction":[{"@type":"SearchAction","target":{"@type":"EntryPoint","urlTemplate":"https:\/\/www.gero.lu\/de\/?s={search_term_string}"},"query-input":{"@type":"PropertyValueSpecification","valueRequired":true,"valueName":"search_term_string"}}],"inLanguage":"de"},{"@type":"Organization","@id":"https:\/\/www.gero.lu\/de\/#organization","name":"Gero","url":"https:\/\/www.gero.lu\/de\/","logo":{"@type":"ImageObject","inLanguage":"de","@id":"https:\/\/www.gero.lu\/de\/#\/schema\/logo\/image\/","url":"https:\/\/www.gero.lu\/wp-content\/uploads\/2024\/04\/logo.svg","contentUrl":"https:\/\/www.gero.lu\/wp-content\/uploads\/2024\/04\/logo.svg","width":76,"height":30,"caption":"Gero"},"image":{"@id":"https:\/\/www.gero.lu\/de\/#\/schema\/logo\/image\/"},"sameAs":["https:\/\/www.facebook.com\/Kompetenzzenter\/","https:\/\/www.instagram.com\/gero.kompetenzzenter\/","https:\/\/linkedin.com\/company\/gero-kompetenzzenter-fir-den-alter","https:\/\/www.youtube.com\/channel\/UCJvmJYSeHh3dYQsLHZupj-Q"]}]}},"_links":{"self":[{"href":"https:\/\/www.gero.lu\/de\/wp-json\/wp\/v2\/product\/10340","targetHints":{"allow":["GET"]}}],"collection":[{"href":"https:\/\/www.gero.lu\/de\/wp-json\/wp\/v2\/product"}],"about":[{"href":"https:\/\/www.gero.lu\/de\/wp-json\/wp\/v2\/types\/product"}],"replies":[{"embeddable":true,"href":"https:\/\/www.gero.lu\/de\/wp-json\/wp\/v2\/comments?post=10340"}],"wp:attachment":[{"href":"https:\/\/www.gero.lu\/de\/wp-json\/wp\/v2\/media?parent=10340"}],"wp:term":[{"taxonomy":"product_brand","embeddable":true,"href":"https:\/\/www.gero.lu\/de\/wp-json\/wp\/v2\/product_brand?post=10340"},{"taxonomy":"product_cat","embeddable":true,"href":"https:\/\/www.gero.lu\/de\/wp-json\/wp\/v2\/product_cat?post=10340"},{"taxonomy":"product_tag","embeddable":true,"href":"https:\/\/www.gero.lu\/de\/wp-json\/wp\/v2\/product_tag?post=10340"}],"curies":[{"name":"wp","href":"https:\/\/api.w.org\/{rel}","templated":true}]}}

Bewegung: A und O für Körper und Geist

<p>Regelmäßige Bewegung hält nicht nur unseren Körper, sondern auch unser Gehirn fit. Studien zeigen, dass durch körperliche Aktivität z. B. die Reaktions- und Merkfähigkeit verbessert und das Demenzrisiko gesenkt werden kann. Der Sport- und Neurowissenschaftler Prof. Dr. Thorben Hülsdünker (LUNEX) erklärt, warum es wichtig ist, körperlich aktiv zu bleiben und welche Prinzipien für ein effektives Training des Gehirns berücksichtigt werden müssen.</p>

<p>Regelmäßige Bewegung hält nicht nur unseren Körper, sondern auch unser Gehirn fit. Studien zeigen, dass durch körperliche Aktivität z. B. die Reaktions- und Merkfähigkeit verbessert und das Demenzrisiko gesenkt werden kann. Der Sport- und Neurowissenschaftler Prof. Dr. Thorben Hülsdünker (LUNEX) erklärt, warum es wichtig ist, körperlich aktiv zu bleiben und welche Prinzipien für ein effektives [&hellip;]</p>

<!-- This site is optimized with the Yoast SEO Premium plugin v27.4 (Yoast SEO v27.4) - https://yoast.com/product/yoast-seo-premium-wordpress/ -->
<title>Bewegung: A und O für Körper und Geist - GERO</title>
<meta name="robots" content="index, follow, max-snippet:-1, max-image-preview:large, max-video-preview:-1" />
<link rel="canonical" href="https://www.gero.lu/de/produit/bewegung-a-und-o-fur-korper-und-geist" />
<meta property="og:locale" content="de_DE" />
<meta property="og:type" content="article" />
<meta property="og:title" content="Bewegung: A und O für Körper und Geist" />
<meta property="og:description" content="Regelmäßige Bewegung hält nicht nur unseren Körper, sondern auch unser Gehirn fit. Studien zeigen, dass durch körperliche Aktivität z. B. die Reaktions- und Merkfähigkeit verbessert und das Demenzrisiko gesenkt werden kann. Der Sport- und Neurowissenschaftler Prof. Dr. Thorben Hülsdünker (LUNEX) erklärt, warum es wichtig ist, körperlich aktiv zu bleiben und welche Prinzipien für ein effektives [&hellip;]" />
<meta property="og:url" content="https://www.gero.lu/de/produit/bewegung-a-und-o-fur-korper-und-geist" />
<meta property="og:site_name" content="GERO" />
<meta property="article:publisher" content="https://www.facebook.com/Kompetenzzenter/" />
<meta property="article:modified_time" content="2026-04-21T13:00:13+00:00" />
<meta property="og:image" content="https://www.gero.lu/wp-content/uploads/2021/08/gettyimages-1135289130-2048x2048_RET-1.jpg" />
	<meta property="og:image:width" content="1227" />
	<meta property="og:image:height" content="802" />
	<meta property="og:image:type" content="image/jpeg" />
<meta name="twitter:card" content="summary_large_image" />
<script type="application/ld+json" class="yoast-schema-graph">{"@context":"https:\/\/schema.org","@graph":[{"@type":"WebPage","@id":"https:\/\/www.gero.lu\/de\/produit\/bewegung-a-und-o-fur-korper-und-geist","url":"https:\/\/www.gero.lu\/de\/produit\/bewegung-a-und-o-fur-korper-und-geist","name":"Bewegung: A und O für Körper und Geist - GERO","isPartOf":{"@id":"https:\/\/www.gero.lu\/de\/#website"},"datePublished":"2025-11-24T14:21:56+00:00","dateModified":"2026-04-21T13:00:13+00:00","breadcrumb":{"@id":"https:\/\/www.gero.lu\/de\/produit\/bewegung-a-und-o-fur-korper-und-geist#breadcrumb"},"inLanguage":"de","potentialAction":[{"@type":"ReadAction","target":[["https:\/\/www.gero.lu\/de\/produit\/bewegung-a-und-o-fur-korper-und-geist"]]}]},{"@type":"BreadcrumbList","@id":"https:\/\/www.gero.lu\/de\/produit\/bewegung-a-und-o-fur-korper-und-geist#breadcrumb","itemListElement":[{"@type":"ListItem","position":1,"name":"Accueil","item":"https:\/\/www.gero.lu\/de\/"},{"@type":"ListItem","position":2,"name":"Shop","item":"https:\/\/www.gero.lu\/de\/shop"},{"@type":"ListItem","position":3,"name":"Bewegung: A und O für Körper und Geist"}]},{"@type":"WebSite","@id":"https:\/\/www.gero.lu\/de\/#website","url":"https:\/\/www.gero.lu\/de\/","name":"Gero","description":"Kompetenzzenter fir den Alter","publisher":{"@id":"https:\/\/www.gero.lu\/de\/#organization"},"potentialAction":[{"@type":"SearchAction","target":{"@type":"EntryPoint","urlTemplate":"https:\/\/www.gero.lu\/de\/?s={search_term_string}"},"query-input":{"@type":"PropertyValueSpecification","valueRequired":true,"valueName":"search_term_string"}}],"inLanguage":"de"},{"@type":"Organization","@id":"https:\/\/www.gero.lu\/de\/#organization","name":"Gero","url":"https:\/\/www.gero.lu\/de\/","logo":{"@type":"ImageObject","inLanguage":"de","@id":"https:\/\/www.gero.lu\/de\/#\/schema\/logo\/image\/","url":"https:\/\/www.gero.lu\/wp-content\/uploads\/2024\/04\/logo.svg","contentUrl":"https:\/\/www.gero.lu\/wp-content\/uploads\/2024\/04\/logo.svg","width":76,"height":30,"caption":"Gero"},"image":{"@id":"https:\/\/www.gero.lu\/de\/#\/schema\/logo\/image\/"},"sameAs":["https:\/\/www.facebook.com\/Kompetenzzenter\/","https:\/\/www.instagram.com\/gero.kompetenzzenter\/","https:\/\/linkedin.com\/company\/gero-kompetenzzenter-fir-den-alter","https:\/\/www.youtube.com\/channel\/UCJvmJYSeHh3dYQsLHZupj-Q"]}]}</script>
<!-- / Yoast SEO Premium plugin. -->

Bewegung: A und O für Körper und Geist - GERO

Regelmäßige Bewegung hält nicht nur unseren Körper, sondern auch unser Gehirn fit. Studien zeigen, dass durch körperliche Aktivität z. B. die Reaktions- und Merkfähigkeit verbessert und das Demenzrisiko gesenkt werden kann. Der Sport- und Neurowissenschaftler Prof. Dr. Thorben Hülsdünker (LUNEX) erklärt, warum es wichtig ist, körperlich aktiv zu bleiben und welche Prinzipien für ein effektives [&hellip;]
