{"id":10338,"date":"2025-11-24T13:21:49","date_gmt":"2025-11-24T13:21:49","guid":{"rendered":"https:\/\/www.gero.lu\/produit\/lassen-sie-ihren-korper-sprechen"},"modified":"2026-02-18T09:21:34","modified_gmt":"2026-02-18T09:21:34","slug":"lassen-sie-ihren-korper-sprechen","status":"publish","type":"product","link":"https:\/\/www.gero.lu\/de\/produit\/lassen-sie-ihren-korper-sprechen","title":{"rendered":"Lassen Sie Ihren K\u00f6rper sprechen!"},"content":{"rendered":"<p>Expression corporelle bedeutet, den K\u00f6rper, zusammen mit Musik und Stimme, als Ausdrucksmittel einzusetzen. Dabei stehen nicht Perfektion, Technik oder Choreografie im Vordergrund, sondern die Freude an der freien Bewegung. In der Praxis geht es darum, den eigenen K\u00f6rper bewusster wahrzunehmen, zu steuern und einzusetzen, um Emotionen, Stimmungen oder Gedanken sichtbar zu machen. Jede Bewegung, jede Geste, jede Haltung kommuniziert \u2013 oft deutlicher als Worte. Unter Leitung von Eliane Biltgen, fr\u00fchere Lehrerin am Conservatoire du Nord, lernen Sie Ihren K\u00f6rper auf spielerische, humorvolle Weise von einer neuen Seite kennen. Nach dem Motto: Wer \u00fcber seinen eigenen K\u00f6rper lachen kann, bewegt sich freier und hat mehr vom Leben.<\/p>\n","protected":false},"excerpt":{"rendered":"<p>Expression corporelle bedeutet, den K\u00f6rper, zusammen mit Musik und Stimme, als Ausdrucksmittel einzusetzen. Dabei stehen nicht Perfektion, Technik oder Choreografie im Vordergrund, sondern die Freude an der freien Bewegung. In der Praxis geht es darum, den eigenen K\u00f6rper bewusster wahrzunehmen, zu steuern und einzusetzen, um Emotionen, Stimmungen oder Gedanken sichtbar zu machen. Jede Bewegung, jede [&hellip;]<\/p>\n","protected":false},"featured_media":10559,"comment_status":"closed","ping_status":"closed","template":"","meta":{"_acf_changed":false,"inline_featured_image":false},"product_brand":[],"product_cat":[227],"product_tag":[199],"class_list":{"0":"post-10338","1":"product","2":"type-product","3":"status-publish","4":"has-post-thumbnail","6":"product_cat-cours","7":"product_tag-culture-senior","9":"first","10":"instock","11":"virtual","12":"purchasable","13":"product-type-simple"},"acf":[],"yoast_head":"<!-- This site is optimized with the Yoast SEO Premium plugin v27.4 (Yoast SEO v27.5) - https:\/\/yoast.com\/product\/yoast-seo-premium-wordpress\/ -->\n<title>Lassen Sie Ihren K\u00f6rper sprechen! - GERO<\/title>\n<meta name=\"robots\" content=\"index, follow, max-snippet:-1, max-image-preview:large, max-video-preview:-1\" \/>\n<link rel=\"canonical\" href=\"https:\/\/www.gero.lu\/de\/produit\/lassen-sie-ihren-korper-sprechen\" \/>\n<meta property=\"og:locale\" content=\"de_DE\" \/>\n<meta property=\"og:type\" content=\"article\" \/>\n<meta property=\"og:title\" content=\"Lassen Sie Ihren K\u00f6rper sprechen!\" \/>\n<meta property=\"og:description\" content=\"Expression corporelle bedeutet, den K\u00f6rper, zusammen mit Musik und Stimme, als Ausdrucksmittel einzusetzen. Dabei stehen nicht Perfektion, Technik oder Choreografie im Vordergrund, sondern die Freude an der freien Bewegung. In der Praxis geht es darum, den eigenen K\u00f6rper bewusster wahrzunehmen, zu steuern und einzusetzen, um Emotionen, Stimmungen oder Gedanken sichtbar zu machen. Jede Bewegung, jede [&hellip;]\" \/>\n<meta property=\"og:url\" content=\"https:\/\/www.gero.lu\/de\/produit\/lassen-sie-ihren-korper-sprechen\" \/>\n<meta property=\"og:site_name\" content=\"GERO\" \/>\n<meta property=\"article:publisher\" content=\"https:\/\/www.facebook.com\/Kompetenzzenter\/\" \/>\n<meta property=\"article:modified_time\" content=\"2026-02-18T09:21:34+00:00\" \/>\n<meta property=\"og:image\" content=\"https:\/\/www.gero.lu\/wp-content\/uploads\/2025\/11\/Design-sans-titre.png\" \/>\n\t<meta property=\"og:image:width\" content=\"1920\" \/>\n\t<meta property=\"og:image:height\" content=\"1357\" \/>\n\t<meta property=\"og:image:type\" content=\"image\/png\" \/>\n<meta name=\"twitter:card\" content=\"summary_large_image\" \/>\n<meta name=\"twitter:label1\" content=\"Gesch\u00e4tzte Lesezeit\" \/>\n\t<meta name=\"twitter:data1\" content=\"1\u00a0Minute\" \/>\n<script type=\"application\/ld+json\" class=\"yoast-schema-graph\">{\"@context\":\"https:\\\/\\\/schema.org\",\"@graph\":[{\"@type\":\"WebPage\",\"@id\":\"https:\\\/\\\/www.gero.lu\\\/de\\\/produit\\\/lassen-sie-ihren-korper-sprechen\",\"url\":\"https:\\\/\\\/www.gero.lu\\\/de\\\/produit\\\/lassen-sie-ihren-korper-sprechen\",\"name\":\"Lassen Sie Ihren K\u00f6rper sprechen! - GERO\",\"isPartOf\":{\"@id\":\"https:\\\/\\\/www.gero.lu\\\/de\\\/#website\"},\"primaryImageOfPage\":{\"@id\":\"https:\\\/\\\/www.gero.lu\\\/de\\\/produit\\\/lassen-sie-ihren-korper-sprechen#primaryimage\"},\"image\":{\"@id\":\"https:\\\/\\\/www.gero.lu\\\/produit\\\/lassen-sie-ihren-korper-sprechen#primaryimage\"},\"thumbnailUrl\":\"https:\\\/\\\/www.gero.lu\\\/wp-content\\\/uploads\\\/2025\\\/11\\\/Design-sans-titre.png\",\"datePublished\":\"2025-11-24T13:21:49+00:00\",\"dateModified\":\"2026-02-18T09:21:34+00:00\",\"breadcrumb\":{\"@id\":\"https:\\\/\\\/www.gero.lu\\\/de\\\/produit\\\/lassen-sie-ihren-korper-sprechen#breadcrumb\"},\"inLanguage\":\"de\",\"potentialAction\":[{\"@type\":\"ReadAction\",\"target\":[[\"https:\\\/\\\/www.gero.lu\\\/de\\\/produit\\\/lassen-sie-ihren-korper-sprechen\"]]}]},{\"@type\":\"ImageObject\",\"inLanguage\":\"de\",\"@id\":\"https:\\\/\\\/www.gero.lu\\\/de\\\/produit\\\/lassen-sie-ihren-korper-sprechen#primaryimage\",\"url\":\"https:\\\/\\\/www.gero.lu\\\/wp-content\\\/uploads\\\/2025\\\/11\\\/Design-sans-titre.png\",\"contentUrl\":\"https:\\\/\\\/www.gero.lu\\\/wp-content\\\/uploads\\\/2025\\\/11\\\/Design-sans-titre.png\",\"width\":1920,\"height\":1357},{\"@type\":\"BreadcrumbList\",\"@id\":\"https:\\\/\\\/www.gero.lu\\\/de\\\/produit\\\/lassen-sie-ihren-korper-sprechen#breadcrumb\",\"itemListElement\":[{\"@type\":\"ListItem\",\"position\":1,\"name\":\"Accueil\",\"item\":\"https:\\\/\\\/www.gero.lu\\\/de\\\/\"},{\"@type\":\"ListItem\",\"position\":2,\"name\":\"Shop\",\"item\":\"https:\\\/\\\/www.gero.lu\\\/de\\\/shop\"},{\"@type\":\"ListItem\",\"position\":3,\"name\":\"Lassen Sie Ihren K\u00f6rper sprechen!\"}]},{\"@type\":\"WebSite\",\"@id\":\"https:\\\/\\\/www.gero.lu\\\/de\\\/#website\",\"url\":\"https:\\\/\\\/www.gero.lu\\\/de\\\/\",\"name\":\"Gero\",\"description\":\"Kompetenzzenter fir den Alter\",\"publisher\":{\"@id\":\"https:\\\/\\\/www.gero.lu\\\/de\\\/#organization\"},\"potentialAction\":[{\"@type\":\"SearchAction\",\"target\":{\"@type\":\"EntryPoint\",\"urlTemplate\":\"https:\\\/\\\/www.gero.lu\\\/de\\\/?s={search_term_string}\"},\"query-input\":{\"@type\":\"PropertyValueSpecification\",\"valueRequired\":true,\"valueName\":\"search_term_string\"}}],\"inLanguage\":\"de\"},{\"@type\":\"Organization\",\"@id\":\"https:\\\/\\\/www.gero.lu\\\/de\\\/#organization\",\"name\":\"Gero\",\"url\":\"https:\\\/\\\/www.gero.lu\\\/de\\\/\",\"logo\":{\"@type\":\"ImageObject\",\"inLanguage\":\"de\",\"@id\":\"https:\\\/\\\/www.gero.lu\\\/de\\\/#\\\/schema\\\/logo\\\/image\\\/\",\"url\":\"https:\\\/\\\/www.gero.lu\\\/wp-content\\\/uploads\\\/2024\\\/04\\\/logo.svg\",\"contentUrl\":\"https:\\\/\\\/www.gero.lu\\\/wp-content\\\/uploads\\\/2024\\\/04\\\/logo.svg\",\"width\":76,\"height\":30,\"caption\":\"Gero\"},\"image\":{\"@id\":\"https:\\\/\\\/www.gero.lu\\\/de\\\/#\\\/schema\\\/logo\\\/image\\\/\"},\"sameAs\":[\"https:\\\/\\\/www.facebook.com\\\/Kompetenzzenter\\\/\",\"https:\\\/\\\/www.instagram.com\\\/gero.kompetenzzenter\\\/\",\"https:\\\/\\\/linkedin.com\\\/company\\\/gero-kompetenzzenter-fir-den-alter\",\"https:\\\/\\\/www.youtube.com\\\/channel\\\/UCJvmJYSeHh3dYQsLHZupj-Q\"]}]}<\/script>\n<!-- \/ Yoast SEO Premium plugin. -->","yoast_head_json":{"title":"Lassen Sie Ihren K\u00f6rper sprechen! - GERO","robots":{"index":"index","follow":"follow","max-snippet":"max-snippet:-1","max-image-preview":"max-image-preview:large","max-video-preview":"max-video-preview:-1"},"canonical":"https:\/\/www.gero.lu\/de\/produit\/lassen-sie-ihren-korper-sprechen","og_locale":"de_DE","og_type":"article","og_title":"Lassen Sie Ihren K\u00f6rper sprechen!","og_description":"Expression corporelle bedeutet, den K\u00f6rper, zusammen mit Musik und Stimme, als Ausdrucksmittel einzusetzen. Dabei stehen nicht Perfektion, Technik oder Choreografie im Vordergrund, sondern die Freude an der freien Bewegung. In der Praxis geht es darum, den eigenen K\u00f6rper bewusster wahrzunehmen, zu steuern und einzusetzen, um Emotionen, Stimmungen oder Gedanken sichtbar zu machen. Jede Bewegung, jede [&hellip;]","og_url":"https:\/\/www.gero.lu\/de\/produit\/lassen-sie-ihren-korper-sprechen","og_site_name":"GERO","article_publisher":"https:\/\/www.facebook.com\/Kompetenzzenter\/","article_modified_time":"2026-02-18T09:21:34+00:00","og_image":[{"width":1920,"height":1357,"url":"https:\/\/www.gero.lu\/wp-content\/uploads\/2025\/11\/Design-sans-titre.png","type":"image\/png"}],"twitter_card":"summary_large_image","twitter_misc":{"Gesch\u00e4tzte Lesezeit":"1\u00a0Minute"},"schema":{"@context":"https:\/\/schema.org","@graph":[{"@type":"WebPage","@id":"https:\/\/www.gero.lu\/de\/produit\/lassen-sie-ihren-korper-sprechen","url":"https:\/\/www.gero.lu\/de\/produit\/lassen-sie-ihren-korper-sprechen","name":"Lassen Sie Ihren K\u00f6rper sprechen! - GERO","isPartOf":{"@id":"https:\/\/www.gero.lu\/de\/#website"},"primaryImageOfPage":{"@id":"https:\/\/www.gero.lu\/de\/produit\/lassen-sie-ihren-korper-sprechen#primaryimage"},"image":{"@id":"https:\/\/www.gero.lu\/produit\/lassen-sie-ihren-korper-sprechen#primaryimage"},"thumbnailUrl":"https:\/\/www.gero.lu\/wp-content\/uploads\/2025\/11\/Design-sans-titre.png","datePublished":"2025-11-24T13:21:49+00:00","dateModified":"2026-02-18T09:21:34+00:00","breadcrumb":{"@id":"https:\/\/www.gero.lu\/de\/produit\/lassen-sie-ihren-korper-sprechen#breadcrumb"},"inLanguage":"de","potentialAction":[{"@type":"ReadAction","target":[["https:\/\/www.gero.lu\/de\/produit\/lassen-sie-ihren-korper-sprechen"]]}]},{"@type":"ImageObject","inLanguage":"de","@id":"https:\/\/www.gero.lu\/de\/produit\/lassen-sie-ihren-korper-sprechen#primaryimage","url":"https:\/\/www.gero.lu\/wp-content\/uploads\/2025\/11\/Design-sans-titre.png","contentUrl":"https:\/\/www.gero.lu\/wp-content\/uploads\/2025\/11\/Design-sans-titre.png","width":1920,"height":1357},{"@type":"BreadcrumbList","@id":"https:\/\/www.gero.lu\/de\/produit\/lassen-sie-ihren-korper-sprechen#breadcrumb","itemListElement":[{"@type":"ListItem","position":1,"name":"Accueil","item":"https:\/\/www.gero.lu\/de\/"},{"@type":"ListItem","position":2,"name":"Shop","item":"https:\/\/www.gero.lu\/de\/shop"},{"@type":"ListItem","position":3,"name":"Lassen Sie Ihren K\u00f6rper sprechen!"}]},{"@type":"WebSite","@id":"https:\/\/www.gero.lu\/de\/#website","url":"https:\/\/www.gero.lu\/de\/","name":"Gero","description":"Kompetenzzenter fir den Alter","publisher":{"@id":"https:\/\/www.gero.lu\/de\/#organization"},"potentialAction":[{"@type":"SearchAction","target":{"@type":"EntryPoint","urlTemplate":"https:\/\/www.gero.lu\/de\/?s={search_term_string}"},"query-input":{"@type":"PropertyValueSpecification","valueRequired":true,"valueName":"search_term_string"}}],"inLanguage":"de"},{"@type":"Organization","@id":"https:\/\/www.gero.lu\/de\/#organization","name":"Gero","url":"https:\/\/www.gero.lu\/de\/","logo":{"@type":"ImageObject","inLanguage":"de","@id":"https:\/\/www.gero.lu\/de\/#\/schema\/logo\/image\/","url":"https:\/\/www.gero.lu\/wp-content\/uploads\/2024\/04\/logo.svg","contentUrl":"https:\/\/www.gero.lu\/wp-content\/uploads\/2024\/04\/logo.svg","width":76,"height":30,"caption":"Gero"},"image":{"@id":"https:\/\/www.gero.lu\/de\/#\/schema\/logo\/image\/"},"sameAs":["https:\/\/www.facebook.com\/Kompetenzzenter\/","https:\/\/www.instagram.com\/gero.kompetenzzenter\/","https:\/\/linkedin.com\/company\/gero-kompetenzzenter-fir-den-alter","https:\/\/www.youtube.com\/channel\/UCJvmJYSeHh3dYQsLHZupj-Q"]}]}},"_links":{"self":[{"href":"https:\/\/www.gero.lu\/de\/wp-json\/wp\/v2\/product\/10338","targetHints":{"allow":["GET"]}}],"collection":[{"href":"https:\/\/www.gero.lu\/de\/wp-json\/wp\/v2\/product"}],"about":[{"href":"https:\/\/www.gero.lu\/de\/wp-json\/wp\/v2\/types\/product"}],"replies":[{"embeddable":true,"href":"https:\/\/www.gero.lu\/de\/wp-json\/wp\/v2\/comments?post=10338"}],"wp:featuredmedia":[{"embeddable":true,"href":"https:\/\/www.gero.lu\/de\/wp-json\/wp\/v2\/media\/10559"}],"wp:attachment":[{"href":"https:\/\/www.gero.lu\/de\/wp-json\/wp\/v2\/media?parent=10338"}],"wp:term":[{"taxonomy":"product_brand","embeddable":true,"href":"https:\/\/www.gero.lu\/de\/wp-json\/wp\/v2\/product_brand?post=10338"},{"taxonomy":"product_cat","embeddable":true,"href":"https:\/\/www.gero.lu\/de\/wp-json\/wp\/v2\/product_cat?post=10338"},{"taxonomy":"product_tag","embeddable":true,"href":"https:\/\/www.gero.lu\/de\/wp-json\/wp\/v2\/product_tag?post=10338"}],"curies":[{"name":"wp","href":"https:\/\/api.w.org\/{rel}","templated":true}]}}

Lassen Sie Ihren Körper sprechen!

<p>Expression corporelle bedeutet, den Körper, zusammen mit Musik und Stimme, als Ausdrucksmittel einzusetzen. Dabei stehen nicht Perfektion, Technik oder Choreografie im Vordergrund, sondern die Freude an der freien Bewegung. In der Praxis geht es darum, den eigenen Körper bewusster wahrzunehmen, zu steuern und einzusetzen, um Emotionen, Stimmungen oder Gedanken sichtbar zu machen. Jede Bewegung, jede Geste, jede Haltung kommuniziert – oft deutlicher als Worte. Unter Leitung von Eliane Biltgen, frühere Lehrerin am Conservatoire du Nord, lernen Sie Ihren Körper auf spielerische, humorvolle Weise von einer neuen Seite kennen. Nach dem Motto: Wer über seinen eigenen Körper lachen kann, bewegt sich freier und hat mehr vom Leben.</p>

<p>Expression corporelle bedeutet, den Körper, zusammen mit Musik und Stimme, als Ausdrucksmittel einzusetzen. Dabei stehen nicht Perfektion, Technik oder Choreografie im Vordergrund, sondern die Freude an der freien Bewegung. In der Praxis geht es darum, den eigenen Körper bewusster wahrzunehmen, zu steuern und einzusetzen, um Emotionen, Stimmungen oder Gedanken sichtbar zu machen. Jede Bewegung, jede [&hellip;]</p>

<!-- This site is optimized with the Yoast SEO Premium plugin v27.4 (Yoast SEO v27.5) - https://yoast.com/product/yoast-seo-premium-wordpress/ -->
<title>Lassen Sie Ihren Körper sprechen! - GERO</title>
<meta name="robots" content="index, follow, max-snippet:-1, max-image-preview:large, max-video-preview:-1" />
<link rel="canonical" href="https://www.gero.lu/de/produit/lassen-sie-ihren-korper-sprechen" />
<meta property="og:locale" content="de_DE" />
<meta property="og:type" content="article" />
<meta property="og:title" content="Lassen Sie Ihren Körper sprechen!" />
<meta property="og:description" content="Expression corporelle bedeutet, den Körper, zusammen mit Musik und Stimme, als Ausdrucksmittel einzusetzen. Dabei stehen nicht Perfektion, Technik oder Choreografie im Vordergrund, sondern die Freude an der freien Bewegung. In der Praxis geht es darum, den eigenen Körper bewusster wahrzunehmen, zu steuern und einzusetzen, um Emotionen, Stimmungen oder Gedanken sichtbar zu machen. Jede Bewegung, jede [&hellip;]" />
<meta property="og:url" content="https://www.gero.lu/de/produit/lassen-sie-ihren-korper-sprechen" />
<meta property="og:site_name" content="GERO" />
<meta property="article:publisher" content="https://www.facebook.com/Kompetenzzenter/" />
<meta property="article:modified_time" content="2026-02-18T09:21:34+00:00" />
<meta property="og:image" content="https://www.gero.lu/wp-content/uploads/2025/11/Design-sans-titre.png" />
	<meta property="og:image:width" content="1920" />
	<meta property="og:image:height" content="1357" />
	<meta property="og:image:type" content="image/png" />
<meta name="twitter:card" content="summary_large_image" />
<meta name="twitter:label1" content="Geschätzte Lesezeit" />
	<meta name="twitter:data1" content="1 Minute" />
<script type="application/ld+json" class="yoast-schema-graph">{"@context":"https:\/\/schema.org","@graph":[{"@type":"WebPage","@id":"https:\/\/www.gero.lu\/de\/produit\/lassen-sie-ihren-korper-sprechen","url":"https:\/\/www.gero.lu\/de\/produit\/lassen-sie-ihren-korper-sprechen","name":"Lassen Sie Ihren Körper sprechen! - GERO","isPartOf":{"@id":"https:\/\/www.gero.lu\/de\/#website"},"primaryImageOfPage":{"@id":"https:\/\/www.gero.lu\/de\/produit\/lassen-sie-ihren-korper-sprechen#primaryimage"},"image":{"@id":"https:\/\/www.gero.lu\/produit\/lassen-sie-ihren-korper-sprechen#primaryimage"},"thumbnailUrl":"https:\/\/www.gero.lu\/wp-content\/uploads\/2025\/11\/Design-sans-titre.png","datePublished":"2025-11-24T13:21:49+00:00","dateModified":"2026-02-18T09:21:34+00:00","breadcrumb":{"@id":"https:\/\/www.gero.lu\/de\/produit\/lassen-sie-ihren-korper-sprechen#breadcrumb"},"inLanguage":"de","potentialAction":[{"@type":"ReadAction","target":[["https:\/\/www.gero.lu\/de\/produit\/lassen-sie-ihren-korper-sprechen"]]}]},{"@type":"ImageObject","inLanguage":"de","@id":"https:\/\/www.gero.lu\/de\/produit\/lassen-sie-ihren-korper-sprechen#primaryimage","url":"https:\/\/www.gero.lu\/wp-content\/uploads\/2025\/11\/Design-sans-titre.png","contentUrl":"https:\/\/www.gero.lu\/wp-content\/uploads\/2025\/11\/Design-sans-titre.png","width":1920,"height":1357},{"@type":"BreadcrumbList","@id":"https:\/\/www.gero.lu\/de\/produit\/lassen-sie-ihren-korper-sprechen#breadcrumb","itemListElement":[{"@type":"ListItem","position":1,"name":"Accueil","item":"https:\/\/www.gero.lu\/de\/"},{"@type":"ListItem","position":2,"name":"Shop","item":"https:\/\/www.gero.lu\/de\/shop"},{"@type":"ListItem","position":3,"name":"Lassen Sie Ihren Körper sprechen!"}]},{"@type":"WebSite","@id":"https:\/\/www.gero.lu\/de\/#website","url":"https:\/\/www.gero.lu\/de\/","name":"Gero","description":"Kompetenzzenter fir den Alter","publisher":{"@id":"https:\/\/www.gero.lu\/de\/#organization"},"potentialAction":[{"@type":"SearchAction","target":{"@type":"EntryPoint","urlTemplate":"https:\/\/www.gero.lu\/de\/?s={search_term_string}"},"query-input":{"@type":"PropertyValueSpecification","valueRequired":true,"valueName":"search_term_string"}}],"inLanguage":"de"},{"@type":"Organization","@id":"https:\/\/www.gero.lu\/de\/#organization","name":"Gero","url":"https:\/\/www.gero.lu\/de\/","logo":{"@type":"ImageObject","inLanguage":"de","@id":"https:\/\/www.gero.lu\/de\/#\/schema\/logo\/image\/","url":"https:\/\/www.gero.lu\/wp-content\/uploads\/2024\/04\/logo.svg","contentUrl":"https:\/\/www.gero.lu\/wp-content\/uploads\/2024\/04\/logo.svg","width":76,"height":30,"caption":"Gero"},"image":{"@id":"https:\/\/www.gero.lu\/de\/#\/schema\/logo\/image\/"},"sameAs":["https:\/\/www.facebook.com\/Kompetenzzenter\/","https:\/\/www.instagram.com\/gero.kompetenzzenter\/","https:\/\/linkedin.com\/company\/gero-kompetenzzenter-fir-den-alter","https:\/\/www.youtube.com\/channel\/UCJvmJYSeHh3dYQsLHZupj-Q"]}]}</script>
<!-- / Yoast SEO Premium plugin. -->

Lassen Sie Ihren Körper sprechen! - GERO

Expression corporelle bedeutet, den Körper, zusammen mit Musik und Stimme, als Ausdrucksmittel einzusetzen. Dabei stehen nicht Perfektion, Technik oder Choreografie im Vordergrund, sondern die Freude an der freien Bewegung. In der Praxis geht es darum, den eigenen Körper bewusster wahrzunehmen, zu steuern und einzusetzen, um Emotionen, Stimmungen oder Gedanken sichtbar zu machen. Jede Bewegung, jede [&hellip;]
