{"id":10335,"date":"2025-11-24T13:21:36","date_gmt":"2025-11-24T13:21:36","guid":{"rendered":"https:\/\/www.gero.lu\/produit\/yoga-du-visage-et-du-rire"},"modified":"2026-04-20T07:10:33","modified_gmt":"2026-04-20T07:10:33","slug":"yoga-du-visage-et-du-rire","status":"publish","type":"product","link":"https:\/\/www.gero.lu\/de\/produit\/yoga-du-visage-et-du-rire","title":{"rendered":"Yoga du visage et du rire"},"content":{"rendered":"<p>D\u00e9couvrez le plaisir de vous ressourcer gr\u00e2ce au yoga du visage et du rire, un m\u00e9lange unique de relaxation, de pleine conscience et de techniques naturelles pour ressourcer votre corps et votre esprit. Rejoignez-nous pour des s\u00e9ances comprenant yoga du visage et du rire, exercices de respiration, de m\u00e9ditation et de l\u2019acupression, introduction \u00e0 la r\u00e9flexologie et tapping EFT (emotional freedom technique). Chaque exercice se pratique assis sur une chaise, dans une ambiance d\u00e9tendue. La formatrice Naheeda Nawaaz vous expliquera les fondements scientifiques de chaque activit\u00e9 et leurs bienfaits. Ces activit\u00e9s vous offriront une exp\u00e9rience de paix int\u00e9rieure, de d\u00e9tente, de tonification des muscles du visage et de vitalit\u00e9 naturelle.<\/p>\n","protected":false},"excerpt":{"rendered":"<p>D\u00e9couvrez le plaisir de vous ressourcer gr\u00e2ce au yoga du visage et du rire, un m\u00e9lange unique de relaxation, de pleine conscience et de techniques naturelles pour ressourcer votre corps et votre esprit. Rejoignez-nous pour des s\u00e9ances comprenant yoga du visage et du rire, exercices de respiration, de m\u00e9ditation et de l\u2019acupression, introduction \u00e0 la [&hellip;]<\/p>\n","protected":false},"featured_media":0,"comment_status":"closed","ping_status":"closed","template":"","meta":{"_acf_changed":false,"inline_featured_image":false},"product_brand":[],"product_cat":[227],"product_tag":[200],"class_list":{"0":"post-10335","1":"product","2":"type-product","3":"status-publish","5":"product_cat-cours","6":"product_tag-sante-senior","8":"first","9":"outofstock","10":"virtual","11":"purchasable","12":"product-type-simple"},"acf":[],"yoast_head":"<!-- This site is optimized with the Yoast SEO Premium plugin v27.4 (Yoast SEO v27.5) - https:\/\/yoast.com\/product\/yoast-seo-premium-wordpress\/ -->\n<title>Yoga du visage et du rire - GERO<\/title>\n<meta name=\"robots\" content=\"index, follow, max-snippet:-1, max-image-preview:large, max-video-preview:-1\" \/>\n<link rel=\"canonical\" href=\"https:\/\/www.gero.lu\/de\/produit\/yoga-du-visage-et-du-rire\" \/>\n<meta property=\"og:locale\" content=\"de_DE\" \/>\n<meta property=\"og:type\" content=\"article\" \/>\n<meta property=\"og:title\" content=\"Yoga du visage et du rire\" \/>\n<meta property=\"og:description\" content=\"D\u00e9couvrez le plaisir de vous ressourcer gr\u00e2ce au yoga du visage et du rire, un m\u00e9lange unique de relaxation, de pleine conscience et de techniques naturelles pour ressourcer votre corps et votre esprit. Rejoignez-nous pour des s\u00e9ances comprenant yoga du visage et du rire, exercices de respiration, de m\u00e9ditation et de l\u2019acupression, introduction \u00e0 la [&hellip;]\" \/>\n<meta property=\"og:url\" content=\"https:\/\/www.gero.lu\/de\/produit\/yoga-du-visage-et-du-rire\" \/>\n<meta property=\"og:site_name\" content=\"GERO\" \/>\n<meta property=\"article:publisher\" content=\"https:\/\/www.facebook.com\/Kompetenzzenter\/\" \/>\n<meta property=\"article:modified_time\" content=\"2026-04-20T07:10:33+00:00\" \/>\n<meta property=\"og:image\" content=\"https:\/\/www.gero.lu\/wp-content\/uploads\/2021\/08\/gettyimages-1135289130-2048x2048_RET-1.jpg\" \/>\n\t<meta property=\"og:image:width\" content=\"1227\" \/>\n\t<meta property=\"og:image:height\" content=\"802\" \/>\n\t<meta property=\"og:image:type\" content=\"image\/jpeg\" \/>\n<meta name=\"twitter:card\" content=\"summary_large_image\" \/>\n<meta name=\"twitter:label1\" content=\"Gesch\u00e4tzte Lesezeit\" \/>\n\t<meta name=\"twitter:data1\" content=\"1\u00a0Minute\" \/>\n<script type=\"application\/ld+json\" class=\"yoast-schema-graph\">{\"@context\":\"https:\\\/\\\/schema.org\",\"@graph\":[{\"@type\":\"WebPage\",\"@id\":\"https:\\\/\\\/www.gero.lu\\\/de\\\/produit\\\/yoga-du-visage-et-du-rire\",\"url\":\"https:\\\/\\\/www.gero.lu\\\/de\\\/produit\\\/yoga-du-visage-et-du-rire\",\"name\":\"Yoga du visage et du rire - GERO\",\"isPartOf\":{\"@id\":\"https:\\\/\\\/www.gero.lu\\\/de\\\/#website\"},\"datePublished\":\"2025-11-24T13:21:36+00:00\",\"dateModified\":\"2026-04-20T07:10:33+00:00\",\"breadcrumb\":{\"@id\":\"https:\\\/\\\/www.gero.lu\\\/de\\\/produit\\\/yoga-du-visage-et-du-rire#breadcrumb\"},\"inLanguage\":\"de\",\"potentialAction\":[{\"@type\":\"ReadAction\",\"target\":[[\"https:\\\/\\\/www.gero.lu\\\/de\\\/produit\\\/yoga-du-visage-et-du-rire\"]]}]},{\"@type\":\"BreadcrumbList\",\"@id\":\"https:\\\/\\\/www.gero.lu\\\/de\\\/produit\\\/yoga-du-visage-et-du-rire#breadcrumb\",\"itemListElement\":[{\"@type\":\"ListItem\",\"position\":1,\"name\":\"Accueil\",\"item\":\"https:\\\/\\\/www.gero.lu\\\/de\\\/\"},{\"@type\":\"ListItem\",\"position\":2,\"name\":\"Shop\",\"item\":\"https:\\\/\\\/www.gero.lu\\\/de\\\/shop\"},{\"@type\":\"ListItem\",\"position\":3,\"name\":\"Yoga du visage et du rire\"}]},{\"@type\":\"WebSite\",\"@id\":\"https:\\\/\\\/www.gero.lu\\\/de\\\/#website\",\"url\":\"https:\\\/\\\/www.gero.lu\\\/de\\\/\",\"name\":\"Gero\",\"description\":\"Kompetenzzenter fir den Alter\",\"publisher\":{\"@id\":\"https:\\\/\\\/www.gero.lu\\\/de\\\/#organization\"},\"potentialAction\":[{\"@type\":\"SearchAction\",\"target\":{\"@type\":\"EntryPoint\",\"urlTemplate\":\"https:\\\/\\\/www.gero.lu\\\/de\\\/?s={search_term_string}\"},\"query-input\":{\"@type\":\"PropertyValueSpecification\",\"valueRequired\":true,\"valueName\":\"search_term_string\"}}],\"inLanguage\":\"de\"},{\"@type\":\"Organization\",\"@id\":\"https:\\\/\\\/www.gero.lu\\\/de\\\/#organization\",\"name\":\"Gero\",\"url\":\"https:\\\/\\\/www.gero.lu\\\/de\\\/\",\"logo\":{\"@type\":\"ImageObject\",\"inLanguage\":\"de\",\"@id\":\"https:\\\/\\\/www.gero.lu\\\/de\\\/#\\\/schema\\\/logo\\\/image\\\/\",\"url\":\"https:\\\/\\\/www.gero.lu\\\/wp-content\\\/uploads\\\/2024\\\/04\\\/logo.svg\",\"contentUrl\":\"https:\\\/\\\/www.gero.lu\\\/wp-content\\\/uploads\\\/2024\\\/04\\\/logo.svg\",\"width\":76,\"height\":30,\"caption\":\"Gero\"},\"image\":{\"@id\":\"https:\\\/\\\/www.gero.lu\\\/de\\\/#\\\/schema\\\/logo\\\/image\\\/\"},\"sameAs\":[\"https:\\\/\\\/www.facebook.com\\\/Kompetenzzenter\\\/\",\"https:\\\/\\\/www.instagram.com\\\/gero.kompetenzzenter\\\/\",\"https:\\\/\\\/linkedin.com\\\/company\\\/gero-kompetenzzenter-fir-den-alter\",\"https:\\\/\\\/www.youtube.com\\\/channel\\\/UCJvmJYSeHh3dYQsLHZupj-Q\"]}]}<\/script>\n<!-- \/ Yoast SEO Premium plugin. -->","yoast_head_json":{"title":"Yoga du visage et du rire - GERO","robots":{"index":"index","follow":"follow","max-snippet":"max-snippet:-1","max-image-preview":"max-image-preview:large","max-video-preview":"max-video-preview:-1"},"canonical":"https:\/\/www.gero.lu\/de\/produit\/yoga-du-visage-et-du-rire","og_locale":"de_DE","og_type":"article","og_title":"Yoga du visage et du rire","og_description":"D\u00e9couvrez le plaisir de vous ressourcer gr\u00e2ce au yoga du visage et du rire, un m\u00e9lange unique de relaxation, de pleine conscience et de techniques naturelles pour ressourcer votre corps et votre esprit. Rejoignez-nous pour des s\u00e9ances comprenant yoga du visage et du rire, exercices de respiration, de m\u00e9ditation et de l\u2019acupression, introduction \u00e0 la [&hellip;]","og_url":"https:\/\/www.gero.lu\/de\/produit\/yoga-du-visage-et-du-rire","og_site_name":"GERO","article_publisher":"https:\/\/www.facebook.com\/Kompetenzzenter\/","article_modified_time":"2026-04-20T07:10:33+00:00","og_image":[{"width":1227,"height":802,"url":"https:\/\/www.gero.lu\/wp-content\/uploads\/2021\/08\/gettyimages-1135289130-2048x2048_RET-1.jpg","type":"image\/jpeg"}],"twitter_card":"summary_large_image","twitter_misc":{"Gesch\u00e4tzte Lesezeit":"1\u00a0Minute"},"schema":{"@context":"https:\/\/schema.org","@graph":[{"@type":"WebPage","@id":"https:\/\/www.gero.lu\/de\/produit\/yoga-du-visage-et-du-rire","url":"https:\/\/www.gero.lu\/de\/produit\/yoga-du-visage-et-du-rire","name":"Yoga du visage et du rire - GERO","isPartOf":{"@id":"https:\/\/www.gero.lu\/de\/#website"},"datePublished":"2025-11-24T13:21:36+00:00","dateModified":"2026-04-20T07:10:33+00:00","breadcrumb":{"@id":"https:\/\/www.gero.lu\/de\/produit\/yoga-du-visage-et-du-rire#breadcrumb"},"inLanguage":"de","potentialAction":[{"@type":"ReadAction","target":[["https:\/\/www.gero.lu\/de\/produit\/yoga-du-visage-et-du-rire"]]}]},{"@type":"BreadcrumbList","@id":"https:\/\/www.gero.lu\/de\/produit\/yoga-du-visage-et-du-rire#breadcrumb","itemListElement":[{"@type":"ListItem","position":1,"name":"Accueil","item":"https:\/\/www.gero.lu\/de\/"},{"@type":"ListItem","position":2,"name":"Shop","item":"https:\/\/www.gero.lu\/de\/shop"},{"@type":"ListItem","position":3,"name":"Yoga du visage et du rire"}]},{"@type":"WebSite","@id":"https:\/\/www.gero.lu\/de\/#website","url":"https:\/\/www.gero.lu\/de\/","name":"Gero","description":"Kompetenzzenter fir den Alter","publisher":{"@id":"https:\/\/www.gero.lu\/de\/#organization"},"potentialAction":[{"@type":"SearchAction","target":{"@type":"EntryPoint","urlTemplate":"https:\/\/www.gero.lu\/de\/?s={search_term_string}"},"query-input":{"@type":"PropertyValueSpecification","valueRequired":true,"valueName":"search_term_string"}}],"inLanguage":"de"},{"@type":"Organization","@id":"https:\/\/www.gero.lu\/de\/#organization","name":"Gero","url":"https:\/\/www.gero.lu\/de\/","logo":{"@type":"ImageObject","inLanguage":"de","@id":"https:\/\/www.gero.lu\/de\/#\/schema\/logo\/image\/","url":"https:\/\/www.gero.lu\/wp-content\/uploads\/2024\/04\/logo.svg","contentUrl":"https:\/\/www.gero.lu\/wp-content\/uploads\/2024\/04\/logo.svg","width":76,"height":30,"caption":"Gero"},"image":{"@id":"https:\/\/www.gero.lu\/de\/#\/schema\/logo\/image\/"},"sameAs":["https:\/\/www.facebook.com\/Kompetenzzenter\/","https:\/\/www.instagram.com\/gero.kompetenzzenter\/","https:\/\/linkedin.com\/company\/gero-kompetenzzenter-fir-den-alter","https:\/\/www.youtube.com\/channel\/UCJvmJYSeHh3dYQsLHZupj-Q"]}]}},"_links":{"self":[{"href":"https:\/\/www.gero.lu\/de\/wp-json\/wp\/v2\/product\/10335","targetHints":{"allow":["GET"]}}],"collection":[{"href":"https:\/\/www.gero.lu\/de\/wp-json\/wp\/v2\/product"}],"about":[{"href":"https:\/\/www.gero.lu\/de\/wp-json\/wp\/v2\/types\/product"}],"replies":[{"embeddable":true,"href":"https:\/\/www.gero.lu\/de\/wp-json\/wp\/v2\/comments?post=10335"}],"wp:attachment":[{"href":"https:\/\/www.gero.lu\/de\/wp-json\/wp\/v2\/media?parent=10335"}],"wp:term":[{"taxonomy":"product_brand","embeddable":true,"href":"https:\/\/www.gero.lu\/de\/wp-json\/wp\/v2\/product_brand?post=10335"},{"taxonomy":"product_cat","embeddable":true,"href":"https:\/\/www.gero.lu\/de\/wp-json\/wp\/v2\/product_cat?post=10335"},{"taxonomy":"product_tag","embeddable":true,"href":"https:\/\/www.gero.lu\/de\/wp-json\/wp\/v2\/product_tag?post=10335"}],"curies":[{"name":"wp","href":"https:\/\/api.w.org\/{rel}","templated":true}]}}

<p>Découvrez le plaisir de vous ressourcer grâce au yoga du visage et du rire, un mélange unique de relaxation, de pleine conscience et de techniques naturelles pour ressourcer votre corps et votre esprit. Rejoignez-nous pour des séances comprenant yoga du visage et du rire, exercices de respiration, de méditation et de l’acupression, introduction à la réflexologie et tapping EFT (emotional freedom technique). Chaque exercice se pratique assis sur une chaise, dans une ambiance détendue. La formatrice Naheeda Nawaaz vous expliquera les fondements scientifiques de chaque activité et leurs bienfaits. Ces activités vous offriront une expérience de paix intérieure, de détente, de tonification des muscles du visage et de vitalité naturelle.</p>

<p>Découvrez le plaisir de vous ressourcer grâce au yoga du visage et du rire, un mélange unique de relaxation, de pleine conscience et de techniques naturelles pour ressourcer votre corps et votre esprit. Rejoignez-nous pour des séances comprenant yoga du visage et du rire, exercices de respiration, de méditation et de l’acupression, introduction à la [&hellip;]</p>

<!-- This site is optimized with the Yoast SEO Premium plugin v27.4 (Yoast SEO v27.5) - https://yoast.com/product/yoast-seo-premium-wordpress/ -->
<title>Yoga du visage et du rire - GERO</title>
<meta name="robots" content="index, follow, max-snippet:-1, max-image-preview:large, max-video-preview:-1" />
<link rel="canonical" href="https://www.gero.lu/de/produit/yoga-du-visage-et-du-rire" />
<meta property="og:locale" content="de_DE" />
<meta property="og:type" content="article" />
<meta property="og:title" content="Yoga du visage et du rire" />
<meta property="og:description" content="Découvrez le plaisir de vous ressourcer grâce au yoga du visage et du rire, un mélange unique de relaxation, de pleine conscience et de techniques naturelles pour ressourcer votre corps et votre esprit. Rejoignez-nous pour des séances comprenant yoga du visage et du rire, exercices de respiration, de méditation et de l’acupression, introduction à la [&hellip;]" />
<meta property="og:url" content="https://www.gero.lu/de/produit/yoga-du-visage-et-du-rire" />
<meta property="og:site_name" content="GERO" />
<meta property="article:publisher" content="https://www.facebook.com/Kompetenzzenter/" />
<meta property="article:modified_time" content="2026-04-20T07:10:33+00:00" />
<meta property="og:image" content="https://www.gero.lu/wp-content/uploads/2021/08/gettyimages-1135289130-2048x2048_RET-1.jpg" />
	<meta property="og:image:width" content="1227" />
	<meta property="og:image:height" content="802" />
	<meta property="og:image:type" content="image/jpeg" />
<meta name="twitter:card" content="summary_large_image" />
<meta name="twitter:label1" content="Geschätzte Lesezeit" />
	<meta name="twitter:data1" content="1 Minute" />
<script type="application/ld+json" class="yoast-schema-graph">{"@context":"https:\/\/schema.org","@graph":[{"@type":"WebPage","@id":"https:\/\/www.gero.lu\/de\/produit\/yoga-du-visage-et-du-rire","url":"https:\/\/www.gero.lu\/de\/produit\/yoga-du-visage-et-du-rire","name":"Yoga du visage et du rire - GERO","isPartOf":{"@id":"https:\/\/www.gero.lu\/de\/#website"},"datePublished":"2025-11-24T13:21:36+00:00","dateModified":"2026-04-20T07:10:33+00:00","breadcrumb":{"@id":"https:\/\/www.gero.lu\/de\/produit\/yoga-du-visage-et-du-rire#breadcrumb"},"inLanguage":"de","potentialAction":[{"@type":"ReadAction","target":[["https:\/\/www.gero.lu\/de\/produit\/yoga-du-visage-et-du-rire"]]}]},{"@type":"BreadcrumbList","@id":"https:\/\/www.gero.lu\/de\/produit\/yoga-du-visage-et-du-rire#breadcrumb","itemListElement":[{"@type":"ListItem","position":1,"name":"Accueil","item":"https:\/\/www.gero.lu\/de\/"},{"@type":"ListItem","position":2,"name":"Shop","item":"https:\/\/www.gero.lu\/de\/shop"},{"@type":"ListItem","position":3,"name":"Yoga du visage et du rire"}]},{"@type":"WebSite","@id":"https:\/\/www.gero.lu\/de\/#website","url":"https:\/\/www.gero.lu\/de\/","name":"Gero","description":"Kompetenzzenter fir den Alter","publisher":{"@id":"https:\/\/www.gero.lu\/de\/#organization"},"potentialAction":[{"@type":"SearchAction","target":{"@type":"EntryPoint","urlTemplate":"https:\/\/www.gero.lu\/de\/?s={search_term_string}"},"query-input":{"@type":"PropertyValueSpecification","valueRequired":true,"valueName":"search_term_string"}}],"inLanguage":"de"},{"@type":"Organization","@id":"https:\/\/www.gero.lu\/de\/#organization","name":"Gero","url":"https:\/\/www.gero.lu\/de\/","logo":{"@type":"ImageObject","inLanguage":"de","@id":"https:\/\/www.gero.lu\/de\/#\/schema\/logo\/image\/","url":"https:\/\/www.gero.lu\/wp-content\/uploads\/2024\/04\/logo.svg","contentUrl":"https:\/\/www.gero.lu\/wp-content\/uploads\/2024\/04\/logo.svg","width":76,"height":30,"caption":"Gero"},"image":{"@id":"https:\/\/www.gero.lu\/de\/#\/schema\/logo\/image\/"},"sameAs":["https:\/\/www.facebook.com\/Kompetenzzenter\/","https:\/\/www.instagram.com\/gero.kompetenzzenter\/","https:\/\/linkedin.com\/company\/gero-kompetenzzenter-fir-den-alter","https:\/\/www.youtube.com\/channel\/UCJvmJYSeHh3dYQsLHZupj-Q"]}]}</script>
<!-- / Yoast SEO Premium plugin. -->

Découvrez le plaisir de vous ressourcer grâce au yoga du visage et du rire, un mélange unique de relaxation, de pleine conscience et de techniques naturelles pour ressourcer votre corps et votre esprit. Rejoignez-nous pour des séances comprenant yoga du visage et du rire, exercices de respiration, de méditation et de l’acupression, introduction à la [&hellip;]
