{"id":10331,"date":"2025-11-24T12:22:06","date_gmt":"2025-11-24T12:22:06","guid":{"rendered":"https:\/\/www.gero.lu\/produit\/city-visions"},"modified":"2026-02-11T10:40:06","modified_gmt":"2026-02-11T10:40:06","slug":"city-visions","status":"publish","type":"product","link":"https:\/\/www.gero.lu\/de\/produit\/city-visions","title":{"rendered":"City Visions"},"content":{"rendered":"<p>Die Stadt Luxemburg und ihre Festung sind ab dem 16. Jahrhundert vielfach dargestellt worden. City Visions n\u00e4hert sich dem Thema auf spielerische Weise, als visuelles Erlebnis der sich \u00fcber die Jahrhunderte hinweg ver\u00e4ndernden Stadt und der unterschiedlichsten Sichtweisen darauf. Die Ausstellung pr\u00e4sentiert eine Auswahl aus den eigenen Best\u00e4nden, bei der der Fokus auf den \u201eVisionen\u201c der Stadt Luxemburg liegt \u2013 von der fr\u00fchneuzeitlichen Stadtvedute \u00fcber pittoreske Stadtlandschaften bis hin zu abstrakten Graffiti.<\/p>\n","protected":false},"excerpt":{"rendered":"<p>Die Stadt Luxemburg und ihre Festung sind ab dem 16. Jahrhundert vielfach dargestellt worden. City Visions n\u00e4hert sich dem Thema auf spielerische Weise, als visuelles Erlebnis der sich \u00fcber die Jahrhunderte hinweg ver\u00e4ndernden Stadt und der unterschiedlichsten Sichtweisen darauf. Die Ausstellung pr\u00e4sentiert eine Auswahl aus den eigenen Best\u00e4nden, bei der der Fokus auf den \u201eVisionen\u201c [&hellip;]<\/p>\n","protected":false},"featured_media":0,"comment_status":"closed","ping_status":"closed","template":"","meta":{"_acf_changed":false,"inline_featured_image":false},"product_brand":[],"product_cat":[230],"product_tag":[341],"class_list":{"0":"post-10331","1":"product","2":"type-product","3":"status-publish","5":"product_cat-visite","6":"product_tag-connaissance-de-vie","8":"first","9":"instock","10":"virtual","11":"purchasable","12":"product-type-simple"},"acf":[],"yoast_head":"<!-- This site is optimized with the Yoast SEO Premium plugin v27.4 (Yoast SEO v27.5) - https:\/\/yoast.com\/product\/yoast-seo-premium-wordpress\/ -->\n<title>City Visions - GERO<\/title>\n<meta name=\"robots\" content=\"index, follow, max-snippet:-1, max-image-preview:large, max-video-preview:-1\" \/>\n<link rel=\"canonical\" href=\"https:\/\/www.gero.lu\/de\/produit\/city-visions\" \/>\n<meta property=\"og:locale\" content=\"de_DE\" \/>\n<meta property=\"og:type\" content=\"article\" \/>\n<meta property=\"og:title\" content=\"City Visions\" \/>\n<meta property=\"og:description\" content=\"Die Stadt Luxemburg und ihre Festung sind ab dem 16. Jahrhundert vielfach dargestellt worden. City Visions n\u00e4hert sich dem Thema auf spielerische Weise, als visuelles Erlebnis der sich \u00fcber die Jahrhunderte hinweg ver\u00e4ndernden Stadt und der unterschiedlichsten Sichtweisen darauf. Die Ausstellung pr\u00e4sentiert eine Auswahl aus den eigenen Best\u00e4nden, bei der der Fokus auf den \u201eVisionen\u201c [&hellip;]\" \/>\n<meta property=\"og:url\" content=\"https:\/\/www.gero.lu\/de\/produit\/city-visions\" \/>\n<meta property=\"og:site_name\" content=\"GERO\" \/>\n<meta property=\"article:publisher\" content=\"https:\/\/www.facebook.com\/Kompetenzzenter\/\" \/>\n<meta property=\"article:modified_time\" content=\"2026-02-11T10:40:06+00:00\" \/>\n<meta property=\"og:image\" content=\"https:\/\/www.gero.lu\/wp-content\/uploads\/2025\/11\/Lux-visite-1024x724.png\" \/>\n\t<meta property=\"og:image:width\" content=\"1024\" \/>\n\t<meta property=\"og:image:height\" content=\"724\" \/>\n\t<meta property=\"og:image:type\" content=\"image\/png\" \/>\n<meta name=\"twitter:card\" content=\"summary_large_image\" \/>\n<meta name=\"twitter:label1\" content=\"Gesch\u00e4tzte Lesezeit\" \/>\n\t<meta name=\"twitter:data1\" content=\"1\u00a0Minute\" \/>\n<script type=\"application\/ld+json\" class=\"yoast-schema-graph\">{\"@context\":\"https:\\\/\\\/schema.org\",\"@graph\":[{\"@type\":\"WebPage\",\"@id\":\"https:\\\/\\\/www.gero.lu\\\/de\\\/produit\\\/city-visions\",\"url\":\"https:\\\/\\\/www.gero.lu\\\/de\\\/produit\\\/city-visions\",\"name\":\"City Visions - GERO\",\"isPartOf\":{\"@id\":\"https:\\\/\\\/www.gero.lu\\\/de\\\/#website\"},\"datePublished\":\"2025-11-24T12:22:06+00:00\",\"dateModified\":\"2026-02-11T10:40:06+00:00\",\"breadcrumb\":{\"@id\":\"https:\\\/\\\/www.gero.lu\\\/de\\\/produit\\\/city-visions#breadcrumb\"},\"inLanguage\":\"de\",\"potentialAction\":[{\"@type\":\"ReadAction\",\"target\":[[\"https:\\\/\\\/www.gero.lu\\\/de\\\/produit\\\/city-visions\"]]}]},{\"@type\":\"BreadcrumbList\",\"@id\":\"https:\\\/\\\/www.gero.lu\\\/de\\\/produit\\\/city-visions#breadcrumb\",\"itemListElement\":[{\"@type\":\"ListItem\",\"position\":1,\"name\":\"Accueil\",\"item\":\"https:\\\/\\\/www.gero.lu\\\/de\\\/\"},{\"@type\":\"ListItem\",\"position\":2,\"name\":\"Shop\",\"item\":\"https:\\\/\\\/www.gero.lu\\\/de\\\/shop\"},{\"@type\":\"ListItem\",\"position\":3,\"name\":\"City Visions\"}]},{\"@type\":\"WebSite\",\"@id\":\"https:\\\/\\\/www.gero.lu\\\/de\\\/#website\",\"url\":\"https:\\\/\\\/www.gero.lu\\\/de\\\/\",\"name\":\"Gero\",\"description\":\"Kompetenzzenter fir den Alter\",\"publisher\":{\"@id\":\"https:\\\/\\\/www.gero.lu\\\/de\\\/#organization\"},\"potentialAction\":[{\"@type\":\"SearchAction\",\"target\":{\"@type\":\"EntryPoint\",\"urlTemplate\":\"https:\\\/\\\/www.gero.lu\\\/de\\\/?s={search_term_string}\"},\"query-input\":{\"@type\":\"PropertyValueSpecification\",\"valueRequired\":true,\"valueName\":\"search_term_string\"}}],\"inLanguage\":\"de\"},{\"@type\":\"Organization\",\"@id\":\"https:\\\/\\\/www.gero.lu\\\/de\\\/#organization\",\"name\":\"Gero\",\"url\":\"https:\\\/\\\/www.gero.lu\\\/de\\\/\",\"logo\":{\"@type\":\"ImageObject\",\"inLanguage\":\"de\",\"@id\":\"https:\\\/\\\/www.gero.lu\\\/de\\\/#\\\/schema\\\/logo\\\/image\\\/\",\"url\":\"https:\\\/\\\/www.gero.lu\\\/wp-content\\\/uploads\\\/2024\\\/04\\\/logo.svg\",\"contentUrl\":\"https:\\\/\\\/www.gero.lu\\\/wp-content\\\/uploads\\\/2024\\\/04\\\/logo.svg\",\"width\":76,\"height\":30,\"caption\":\"Gero\"},\"image\":{\"@id\":\"https:\\\/\\\/www.gero.lu\\\/de\\\/#\\\/schema\\\/logo\\\/image\\\/\"},\"sameAs\":[\"https:\\\/\\\/www.facebook.com\\\/Kompetenzzenter\\\/\",\"https:\\\/\\\/www.instagram.com\\\/gero.kompetenzzenter\\\/\",\"https:\\\/\\\/linkedin.com\\\/company\\\/gero-kompetenzzenter-fir-den-alter\",\"https:\\\/\\\/www.youtube.com\\\/channel\\\/UCJvmJYSeHh3dYQsLHZupj-Q\"]}]}<\/script>\n<!-- \/ Yoast SEO Premium plugin. -->","yoast_head_json":{"title":"City Visions - GERO","robots":{"index":"index","follow":"follow","max-snippet":"max-snippet:-1","max-image-preview":"max-image-preview:large","max-video-preview":"max-video-preview:-1"},"canonical":"https:\/\/www.gero.lu\/de\/produit\/city-visions","og_locale":"de_DE","og_type":"article","og_title":"City Visions","og_description":"Die Stadt Luxemburg und ihre Festung sind ab dem 16. Jahrhundert vielfach dargestellt worden. City Visions n\u00e4hert sich dem Thema auf spielerische Weise, als visuelles Erlebnis der sich \u00fcber die Jahrhunderte hinweg ver\u00e4ndernden Stadt und der unterschiedlichsten Sichtweisen darauf. Die Ausstellung pr\u00e4sentiert eine Auswahl aus den eigenen Best\u00e4nden, bei der der Fokus auf den \u201eVisionen\u201c [&hellip;]","og_url":"https:\/\/www.gero.lu\/de\/produit\/city-visions","og_site_name":"GERO","article_publisher":"https:\/\/www.facebook.com\/Kompetenzzenter\/","article_modified_time":"2026-02-11T10:40:06+00:00","og_image":[{"width":1024,"height":724,"url":"https:\/\/www.gero.lu\/wp-content\/uploads\/2025\/11\/Lux-visite-1024x724.png","type":"image\/png"}],"twitter_card":"summary_large_image","twitter_misc":{"Gesch\u00e4tzte Lesezeit":"1\u00a0Minute"},"schema":{"@context":"https:\/\/schema.org","@graph":[{"@type":"WebPage","@id":"https:\/\/www.gero.lu\/de\/produit\/city-visions","url":"https:\/\/www.gero.lu\/de\/produit\/city-visions","name":"City Visions - GERO","isPartOf":{"@id":"https:\/\/www.gero.lu\/de\/#website"},"datePublished":"2025-11-24T12:22:06+00:00","dateModified":"2026-02-11T10:40:06+00:00","breadcrumb":{"@id":"https:\/\/www.gero.lu\/de\/produit\/city-visions#breadcrumb"},"inLanguage":"de","potentialAction":[{"@type":"ReadAction","target":[["https:\/\/www.gero.lu\/de\/produit\/city-visions"]]}]},{"@type":"BreadcrumbList","@id":"https:\/\/www.gero.lu\/de\/produit\/city-visions#breadcrumb","itemListElement":[{"@type":"ListItem","position":1,"name":"Accueil","item":"https:\/\/www.gero.lu\/de\/"},{"@type":"ListItem","position":2,"name":"Shop","item":"https:\/\/www.gero.lu\/de\/shop"},{"@type":"ListItem","position":3,"name":"City Visions"}]},{"@type":"WebSite","@id":"https:\/\/www.gero.lu\/de\/#website","url":"https:\/\/www.gero.lu\/de\/","name":"Gero","description":"Kompetenzzenter fir den Alter","publisher":{"@id":"https:\/\/www.gero.lu\/de\/#organization"},"potentialAction":[{"@type":"SearchAction","target":{"@type":"EntryPoint","urlTemplate":"https:\/\/www.gero.lu\/de\/?s={search_term_string}"},"query-input":{"@type":"PropertyValueSpecification","valueRequired":true,"valueName":"search_term_string"}}],"inLanguage":"de"},{"@type":"Organization","@id":"https:\/\/www.gero.lu\/de\/#organization","name":"Gero","url":"https:\/\/www.gero.lu\/de\/","logo":{"@type":"ImageObject","inLanguage":"de","@id":"https:\/\/www.gero.lu\/de\/#\/schema\/logo\/image\/","url":"https:\/\/www.gero.lu\/wp-content\/uploads\/2024\/04\/logo.svg","contentUrl":"https:\/\/www.gero.lu\/wp-content\/uploads\/2024\/04\/logo.svg","width":76,"height":30,"caption":"Gero"},"image":{"@id":"https:\/\/www.gero.lu\/de\/#\/schema\/logo\/image\/"},"sameAs":["https:\/\/www.facebook.com\/Kompetenzzenter\/","https:\/\/www.instagram.com\/gero.kompetenzzenter\/","https:\/\/linkedin.com\/company\/gero-kompetenzzenter-fir-den-alter","https:\/\/www.youtube.com\/channel\/UCJvmJYSeHh3dYQsLHZupj-Q"]}]}},"_links":{"self":[{"href":"https:\/\/www.gero.lu\/de\/wp-json\/wp\/v2\/product\/10331","targetHints":{"allow":["GET"]}}],"collection":[{"href":"https:\/\/www.gero.lu\/de\/wp-json\/wp\/v2\/product"}],"about":[{"href":"https:\/\/www.gero.lu\/de\/wp-json\/wp\/v2\/types\/product"}],"replies":[{"embeddable":true,"href":"https:\/\/www.gero.lu\/de\/wp-json\/wp\/v2\/comments?post=10331"}],"wp:attachment":[{"href":"https:\/\/www.gero.lu\/de\/wp-json\/wp\/v2\/media?parent=10331"}],"wp:term":[{"taxonomy":"product_brand","embeddable":true,"href":"https:\/\/www.gero.lu\/de\/wp-json\/wp\/v2\/product_brand?post=10331"},{"taxonomy":"product_cat","embeddable":true,"href":"https:\/\/www.gero.lu\/de\/wp-json\/wp\/v2\/product_cat?post=10331"},{"taxonomy":"product_tag","embeddable":true,"href":"https:\/\/www.gero.lu\/de\/wp-json\/wp\/v2\/product_tag?post=10331"}],"curies":[{"name":"wp","href":"https:\/\/api.w.org\/{rel}","templated":true}]}}

<p>Die Stadt Luxemburg und ihre Festung sind ab dem 16. Jahrhundert vielfach dargestellt worden. City Visions nähert sich dem Thema auf spielerische Weise, als visuelles Erlebnis der sich über die Jahrhunderte hinweg verändernden Stadt und der unterschiedlichsten Sichtweisen darauf. Die Ausstellung präsentiert eine Auswahl aus den eigenen Beständen, bei der der Fokus auf den „Visionen“ der Stadt Luxemburg liegt – von der frühneuzeitlichen Stadtvedute über pittoreske Stadtlandschaften bis hin zu abstrakten Graffiti.</p>

<p>Die Stadt Luxemburg und ihre Festung sind ab dem 16. Jahrhundert vielfach dargestellt worden. City Visions nähert sich dem Thema auf spielerische Weise, als visuelles Erlebnis der sich über die Jahrhunderte hinweg verändernden Stadt und der unterschiedlichsten Sichtweisen darauf. Die Ausstellung präsentiert eine Auswahl aus den eigenen Beständen, bei der der Fokus auf den „Visionen“ [&hellip;]</p>

<!-- This site is optimized with the Yoast SEO Premium plugin v27.4 (Yoast SEO v27.5) - https://yoast.com/product/yoast-seo-premium-wordpress/ -->
<title>City Visions - GERO</title>
<meta name="robots" content="index, follow, max-snippet:-1, max-image-preview:large, max-video-preview:-1" />
<link rel="canonical" href="https://www.gero.lu/de/produit/city-visions" />
<meta property="og:locale" content="de_DE" />
<meta property="og:type" content="article" />
<meta property="og:title" content="City Visions" />
<meta property="og:description" content="Die Stadt Luxemburg und ihre Festung sind ab dem 16. Jahrhundert vielfach dargestellt worden. City Visions nähert sich dem Thema auf spielerische Weise, als visuelles Erlebnis der sich über die Jahrhunderte hinweg verändernden Stadt und der unterschiedlichsten Sichtweisen darauf. Die Ausstellung präsentiert eine Auswahl aus den eigenen Beständen, bei der der Fokus auf den „Visionen“ [&hellip;]" />
<meta property="og:url" content="https://www.gero.lu/de/produit/city-visions" />
<meta property="og:site_name" content="GERO" />
<meta property="article:publisher" content="https://www.facebook.com/Kompetenzzenter/" />
<meta property="article:modified_time" content="2026-02-11T10:40:06+00:00" />
<meta property="og:image" content="https://www.gero.lu/wp-content/uploads/2025/11/Lux-visite-1024x724.png" />
	<meta property="og:image:width" content="1024" />
	<meta property="og:image:height" content="724" />
	<meta property="og:image:type" content="image/png" />
<meta name="twitter:card" content="summary_large_image" />
<meta name="twitter:label1" content="Geschätzte Lesezeit" />
	<meta name="twitter:data1" content="1 Minute" />
<script type="application/ld+json" class="yoast-schema-graph">{"@context":"https:\/\/schema.org","@graph":[{"@type":"WebPage","@id":"https:\/\/www.gero.lu\/de\/produit\/city-visions","url":"https:\/\/www.gero.lu\/de\/produit\/city-visions","name":"City Visions - GERO","isPartOf":{"@id":"https:\/\/www.gero.lu\/de\/#website"},"datePublished":"2025-11-24T12:22:06+00:00","dateModified":"2026-02-11T10:40:06+00:00","breadcrumb":{"@id":"https:\/\/www.gero.lu\/de\/produit\/city-visions#breadcrumb"},"inLanguage":"de","potentialAction":[{"@type":"ReadAction","target":[["https:\/\/www.gero.lu\/de\/produit\/city-visions"]]}]},{"@type":"BreadcrumbList","@id":"https:\/\/www.gero.lu\/de\/produit\/city-visions#breadcrumb","itemListElement":[{"@type":"ListItem","position":1,"name":"Accueil","item":"https:\/\/www.gero.lu\/de\/"},{"@type":"ListItem","position":2,"name":"Shop","item":"https:\/\/www.gero.lu\/de\/shop"},{"@type":"ListItem","position":3,"name":"City Visions"}]},{"@type":"WebSite","@id":"https:\/\/www.gero.lu\/de\/#website","url":"https:\/\/www.gero.lu\/de\/","name":"Gero","description":"Kompetenzzenter fir den Alter","publisher":{"@id":"https:\/\/www.gero.lu\/de\/#organization"},"potentialAction":[{"@type":"SearchAction","target":{"@type":"EntryPoint","urlTemplate":"https:\/\/www.gero.lu\/de\/?s={search_term_string}"},"query-input":{"@type":"PropertyValueSpecification","valueRequired":true,"valueName":"search_term_string"}}],"inLanguage":"de"},{"@type":"Organization","@id":"https:\/\/www.gero.lu\/de\/#organization","name":"Gero","url":"https:\/\/www.gero.lu\/de\/","logo":{"@type":"ImageObject","inLanguage":"de","@id":"https:\/\/www.gero.lu\/de\/#\/schema\/logo\/image\/","url":"https:\/\/www.gero.lu\/wp-content\/uploads\/2024\/04\/logo.svg","contentUrl":"https:\/\/www.gero.lu\/wp-content\/uploads\/2024\/04\/logo.svg","width":76,"height":30,"caption":"Gero"},"image":{"@id":"https:\/\/www.gero.lu\/de\/#\/schema\/logo\/image\/"},"sameAs":["https:\/\/www.facebook.com\/Kompetenzzenter\/","https:\/\/www.instagram.com\/gero.kompetenzzenter\/","https:\/\/linkedin.com\/company\/gero-kompetenzzenter-fir-den-alter","https:\/\/www.youtube.com\/channel\/UCJvmJYSeHh3dYQsLHZupj-Q"]}]}</script>
<!-- / Yoast SEO Premium plugin. -->

Die Stadt Luxemburg und ihre Festung sind ab dem 16. Jahrhundert vielfach dargestellt worden. City Visions nähert sich dem Thema auf spielerische Weise, als visuelles Erlebnis der sich über die Jahrhunderte hinweg verändernden Stadt und der unterschiedlichsten Sichtweisen darauf. Die Ausstellung präsentiert eine Auswahl aus den eigenen Beständen, bei der der Fokus auf den „Visionen“ [&hellip;]
