{"id":10327,"date":"2025-11-24T12:22:02","date_gmt":"2025-11-24T12:22:02","guid":{"rendered":"https:\/\/www.gero.lu\/produit\/ma-volonte-en-fin-de-vie-5"},"modified":"2026-02-20T12:22:25","modified_gmt":"2026-02-20T12:22:25","slug":"ma-volonte-en-fin-de-vie-5","status":"publish","type":"product","link":"https:\/\/www.gero.lu\/de\/produit\/ma-volonte-en-fin-de-vie-5","title":{"rendered":"Ma volont\u00e9 en fin de vie"},"content":{"rendered":"<p>Il est important de conna\u00eetre ses droits et possibilit\u00e9s en fin de vie. Le cadre juridique vous permet d\u2019exprimer votre volont\u00e9 en fin de vie, en utilisant les documents \u00ab directive anticip\u00e9e \u00bb et\/ou \u00ab dispositions de fin de vie \u00bb. Certains points des deux formulaires permettent de s&#8217;exprimer sur sa fin de vie, notamment en ce qui concerne les modalit\u00e9s de traitement, et peuvent susciter des questions. Les orateurs Dr Maurice Graf (m\u00e9decin) et Mike Schwebag (juriste et m\u00e9diateur de la sant\u00e9) vous apporteront des r\u00e9ponses d\u2019ordre m\u00e9dical et juridique et r\u00e9pondront \u00e0 vos questions.<\/p>\n","protected":false},"excerpt":{"rendered":"<p>Il est important de conna\u00eetre ses droits et possibilit\u00e9s en fin de vie. Le cadre juridique vous permet d\u2019exprimer votre volont\u00e9 en fin de vie, en utilisant les documents \u00ab directive anticip\u00e9e \u00bb et\/ou \u00ab dispositions de fin de vie \u00bb. Certains points des deux formulaires permettent de s&#8217;exprimer sur sa fin de vie, notamment [&hellip;]<\/p>\n","protected":false},"featured_media":0,"comment_status":"closed","ping_status":"closed","template":"","meta":{"_acf_changed":false,"inline_featured_image":false},"product_brand":[],"product_cat":[228],"product_tag":[203],"class_list":{"0":"post-10327","1":"product","2":"type-product","3":"status-publish","5":"product_cat-conference","6":"product_tag-connaissance-de-vie-senior","8":"first","9":"instock","10":"virtual","11":"purchasable","12":"product-type-simple"},"acf":[],"yoast_head":"<!-- This site is optimized with the Yoast SEO Premium plugin v27.4 (Yoast SEO v27.5) - https:\/\/yoast.com\/product\/yoast-seo-premium-wordpress\/ -->\n<title>Ma volont\u00e9 en fin de vie - GERO<\/title>\n<meta name=\"robots\" content=\"index, follow, max-snippet:-1, max-image-preview:large, max-video-preview:-1\" \/>\n<link rel=\"canonical\" href=\"https:\/\/www.gero.lu\/de\/produit\/ma-volonte-en-fin-de-vie-5\" \/>\n<meta property=\"og:locale\" content=\"de_DE\" \/>\n<meta property=\"og:type\" content=\"article\" \/>\n<meta property=\"og:title\" content=\"Ma volont\u00e9 en fin de vie\" \/>\n<meta property=\"og:description\" content=\"Il est important de conna\u00eetre ses droits et possibilit\u00e9s en fin de vie. Le cadre juridique vous permet d\u2019exprimer votre volont\u00e9 en fin de vie, en utilisant les documents \u00ab directive anticip\u00e9e \u00bb et\/ou \u00ab dispositions de fin de vie \u00bb. Certains points des deux formulaires permettent de s&#8217;exprimer sur sa fin de vie, notamment [&hellip;]\" \/>\n<meta property=\"og:url\" content=\"https:\/\/www.gero.lu\/de\/produit\/ma-volonte-en-fin-de-vie-5\" \/>\n<meta property=\"og:site_name\" content=\"GERO\" \/>\n<meta property=\"article:publisher\" content=\"https:\/\/www.facebook.com\/Kompetenzzenter\/\" \/>\n<meta property=\"article:modified_time\" content=\"2026-02-20T12:22:25+00:00\" \/>\n<meta property=\"og:image\" content=\"https:\/\/www.gero.lu\/wp-content\/uploads\/2021\/08\/gettyimages-1135289130-2048x2048_RET-1.jpg\" \/>\n\t<meta property=\"og:image:width\" content=\"1227\" \/>\n\t<meta property=\"og:image:height\" content=\"802\" \/>\n\t<meta property=\"og:image:type\" content=\"image\/jpeg\" \/>\n<meta name=\"twitter:card\" content=\"summary_large_image\" \/>\n<meta name=\"twitter:label1\" content=\"Gesch\u00e4tzte Lesezeit\" \/>\n\t<meta name=\"twitter:data1\" content=\"1\u00a0Minute\" \/>\n<script type=\"application\/ld+json\" class=\"yoast-schema-graph\">{\"@context\":\"https:\\\/\\\/schema.org\",\"@graph\":[{\"@type\":\"WebPage\",\"@id\":\"https:\\\/\\\/www.gero.lu\\\/de\\\/produit\\\/ma-volonte-en-fin-de-vie-5\",\"url\":\"https:\\\/\\\/www.gero.lu\\\/de\\\/produit\\\/ma-volonte-en-fin-de-vie-5\",\"name\":\"Ma volont\u00e9 en fin de vie - GERO\",\"isPartOf\":{\"@id\":\"https:\\\/\\\/www.gero.lu\\\/de\\\/#website\"},\"datePublished\":\"2025-11-24T12:22:02+00:00\",\"dateModified\":\"2026-02-20T12:22:25+00:00\",\"breadcrumb\":{\"@id\":\"https:\\\/\\\/www.gero.lu\\\/de\\\/produit\\\/ma-volonte-en-fin-de-vie-5#breadcrumb\"},\"inLanguage\":\"de\",\"potentialAction\":[{\"@type\":\"ReadAction\",\"target\":[[\"https:\\\/\\\/www.gero.lu\\\/de\\\/produit\\\/ma-volonte-en-fin-de-vie-5\"]]}]},{\"@type\":\"BreadcrumbList\",\"@id\":\"https:\\\/\\\/www.gero.lu\\\/de\\\/produit\\\/ma-volonte-en-fin-de-vie-5#breadcrumb\",\"itemListElement\":[{\"@type\":\"ListItem\",\"position\":1,\"name\":\"Accueil\",\"item\":\"https:\\\/\\\/www.gero.lu\\\/de\\\/\"},{\"@type\":\"ListItem\",\"position\":2,\"name\":\"Shop\",\"item\":\"https:\\\/\\\/www.gero.lu\\\/de\\\/shop\"},{\"@type\":\"ListItem\",\"position\":3,\"name\":\"Ma volont\u00e9 en fin de vie\"}]},{\"@type\":\"WebSite\",\"@id\":\"https:\\\/\\\/www.gero.lu\\\/de\\\/#website\",\"url\":\"https:\\\/\\\/www.gero.lu\\\/de\\\/\",\"name\":\"Gero\",\"description\":\"Kompetenzzenter fir den Alter\",\"publisher\":{\"@id\":\"https:\\\/\\\/www.gero.lu\\\/de\\\/#organization\"},\"potentialAction\":[{\"@type\":\"SearchAction\",\"target\":{\"@type\":\"EntryPoint\",\"urlTemplate\":\"https:\\\/\\\/www.gero.lu\\\/de\\\/?s={search_term_string}\"},\"query-input\":{\"@type\":\"PropertyValueSpecification\",\"valueRequired\":true,\"valueName\":\"search_term_string\"}}],\"inLanguage\":\"de\"},{\"@type\":\"Organization\",\"@id\":\"https:\\\/\\\/www.gero.lu\\\/de\\\/#organization\",\"name\":\"Gero\",\"url\":\"https:\\\/\\\/www.gero.lu\\\/de\\\/\",\"logo\":{\"@type\":\"ImageObject\",\"inLanguage\":\"de\",\"@id\":\"https:\\\/\\\/www.gero.lu\\\/de\\\/#\\\/schema\\\/logo\\\/image\\\/\",\"url\":\"https:\\\/\\\/www.gero.lu\\\/wp-content\\\/uploads\\\/2024\\\/04\\\/logo.svg\",\"contentUrl\":\"https:\\\/\\\/www.gero.lu\\\/wp-content\\\/uploads\\\/2024\\\/04\\\/logo.svg\",\"width\":76,\"height\":30,\"caption\":\"Gero\"},\"image\":{\"@id\":\"https:\\\/\\\/www.gero.lu\\\/de\\\/#\\\/schema\\\/logo\\\/image\\\/\"},\"sameAs\":[\"https:\\\/\\\/www.facebook.com\\\/Kompetenzzenter\\\/\",\"https:\\\/\\\/www.instagram.com\\\/gero.kompetenzzenter\\\/\",\"https:\\\/\\\/linkedin.com\\\/company\\\/gero-kompetenzzenter-fir-den-alter\",\"https:\\\/\\\/www.youtube.com\\\/channel\\\/UCJvmJYSeHh3dYQsLHZupj-Q\"]}]}<\/script>\n<!-- \/ Yoast SEO Premium plugin. -->","yoast_head_json":{"title":"Ma volont\u00e9 en fin de vie - GERO","robots":{"index":"index","follow":"follow","max-snippet":"max-snippet:-1","max-image-preview":"max-image-preview:large","max-video-preview":"max-video-preview:-1"},"canonical":"https:\/\/www.gero.lu\/de\/produit\/ma-volonte-en-fin-de-vie-5","og_locale":"de_DE","og_type":"article","og_title":"Ma volont\u00e9 en fin de vie","og_description":"Il est important de conna\u00eetre ses droits et possibilit\u00e9s en fin de vie. Le cadre juridique vous permet d\u2019exprimer votre volont\u00e9 en fin de vie, en utilisant les documents \u00ab directive anticip\u00e9e \u00bb et\/ou \u00ab dispositions de fin de vie \u00bb. Certains points des deux formulaires permettent de s&#8217;exprimer sur sa fin de vie, notamment [&hellip;]","og_url":"https:\/\/www.gero.lu\/de\/produit\/ma-volonte-en-fin-de-vie-5","og_site_name":"GERO","article_publisher":"https:\/\/www.facebook.com\/Kompetenzzenter\/","article_modified_time":"2026-02-20T12:22:25+00:00","og_image":[{"width":1227,"height":802,"url":"https:\/\/www.gero.lu\/wp-content\/uploads\/2021\/08\/gettyimages-1135289130-2048x2048_RET-1.jpg","type":"image\/jpeg"}],"twitter_card":"summary_large_image","twitter_misc":{"Gesch\u00e4tzte Lesezeit":"1\u00a0Minute"},"schema":{"@context":"https:\/\/schema.org","@graph":[{"@type":"WebPage","@id":"https:\/\/www.gero.lu\/de\/produit\/ma-volonte-en-fin-de-vie-5","url":"https:\/\/www.gero.lu\/de\/produit\/ma-volonte-en-fin-de-vie-5","name":"Ma volont\u00e9 en fin de vie - GERO","isPartOf":{"@id":"https:\/\/www.gero.lu\/de\/#website"},"datePublished":"2025-11-24T12:22:02+00:00","dateModified":"2026-02-20T12:22:25+00:00","breadcrumb":{"@id":"https:\/\/www.gero.lu\/de\/produit\/ma-volonte-en-fin-de-vie-5#breadcrumb"},"inLanguage":"de","potentialAction":[{"@type":"ReadAction","target":[["https:\/\/www.gero.lu\/de\/produit\/ma-volonte-en-fin-de-vie-5"]]}]},{"@type":"BreadcrumbList","@id":"https:\/\/www.gero.lu\/de\/produit\/ma-volonte-en-fin-de-vie-5#breadcrumb","itemListElement":[{"@type":"ListItem","position":1,"name":"Accueil","item":"https:\/\/www.gero.lu\/de\/"},{"@type":"ListItem","position":2,"name":"Shop","item":"https:\/\/www.gero.lu\/de\/shop"},{"@type":"ListItem","position":3,"name":"Ma volont\u00e9 en fin de vie"}]},{"@type":"WebSite","@id":"https:\/\/www.gero.lu\/de\/#website","url":"https:\/\/www.gero.lu\/de\/","name":"Gero","description":"Kompetenzzenter fir den Alter","publisher":{"@id":"https:\/\/www.gero.lu\/de\/#organization"},"potentialAction":[{"@type":"SearchAction","target":{"@type":"EntryPoint","urlTemplate":"https:\/\/www.gero.lu\/de\/?s={search_term_string}"},"query-input":{"@type":"PropertyValueSpecification","valueRequired":true,"valueName":"search_term_string"}}],"inLanguage":"de"},{"@type":"Organization","@id":"https:\/\/www.gero.lu\/de\/#organization","name":"Gero","url":"https:\/\/www.gero.lu\/de\/","logo":{"@type":"ImageObject","inLanguage":"de","@id":"https:\/\/www.gero.lu\/de\/#\/schema\/logo\/image\/","url":"https:\/\/www.gero.lu\/wp-content\/uploads\/2024\/04\/logo.svg","contentUrl":"https:\/\/www.gero.lu\/wp-content\/uploads\/2024\/04\/logo.svg","width":76,"height":30,"caption":"Gero"},"image":{"@id":"https:\/\/www.gero.lu\/de\/#\/schema\/logo\/image\/"},"sameAs":["https:\/\/www.facebook.com\/Kompetenzzenter\/","https:\/\/www.instagram.com\/gero.kompetenzzenter\/","https:\/\/linkedin.com\/company\/gero-kompetenzzenter-fir-den-alter","https:\/\/www.youtube.com\/channel\/UCJvmJYSeHh3dYQsLHZupj-Q"]}]}},"_links":{"self":[{"href":"https:\/\/www.gero.lu\/de\/wp-json\/wp\/v2\/product\/10327","targetHints":{"allow":["GET"]}}],"collection":[{"href":"https:\/\/www.gero.lu\/de\/wp-json\/wp\/v2\/product"}],"about":[{"href":"https:\/\/www.gero.lu\/de\/wp-json\/wp\/v2\/types\/product"}],"replies":[{"embeddable":true,"href":"https:\/\/www.gero.lu\/de\/wp-json\/wp\/v2\/comments?post=10327"}],"wp:attachment":[{"href":"https:\/\/www.gero.lu\/de\/wp-json\/wp\/v2\/media?parent=10327"}],"wp:term":[{"taxonomy":"product_brand","embeddable":true,"href":"https:\/\/www.gero.lu\/de\/wp-json\/wp\/v2\/product_brand?post=10327"},{"taxonomy":"product_cat","embeddable":true,"href":"https:\/\/www.gero.lu\/de\/wp-json\/wp\/v2\/product_cat?post=10327"},{"taxonomy":"product_tag","embeddable":true,"href":"https:\/\/www.gero.lu\/de\/wp-json\/wp\/v2\/product_tag?post=10327"}],"curies":[{"name":"wp","href":"https:\/\/api.w.org\/{rel}","templated":true}]}}

Ma volonté en fin de vie

<p>Il est important de connaître ses droits et possibilités en fin de vie. Le cadre juridique vous permet d’exprimer votre volonté en fin de vie, en utilisant les documents « directive anticipée » et/ou « dispositions de fin de vie ». Certains points des deux formulaires permettent de s&#8217;exprimer sur sa fin de vie, notamment en ce qui concerne les modalités de traitement, et peuvent susciter des questions. Les orateurs Dr Maurice Graf (médecin) et Mike Schwebag (juriste et médiateur de la santé) vous apporteront des réponses d’ordre médical et juridique et répondront à vos questions.</p>

<p>Il est important de connaître ses droits et possibilités en fin de vie. Le cadre juridique vous permet d’exprimer votre volonté en fin de vie, en utilisant les documents « directive anticipée » et/ou « dispositions de fin de vie ». Certains points des deux formulaires permettent de s&#8217;exprimer sur sa fin de vie, notamment [&hellip;]</p>

<!-- This site is optimized with the Yoast SEO Premium plugin v27.4 (Yoast SEO v27.5) - https://yoast.com/product/yoast-seo-premium-wordpress/ -->
<title>Ma volonté en fin de vie - GERO</title>
<meta name="robots" content="index, follow, max-snippet:-1, max-image-preview:large, max-video-preview:-1" />
<link rel="canonical" href="https://www.gero.lu/de/produit/ma-volonte-en-fin-de-vie-5" />
<meta property="og:locale" content="de_DE" />
<meta property="og:type" content="article" />
<meta property="og:title" content="Ma volonté en fin de vie" />
<meta property="og:description" content="Il est important de connaître ses droits et possibilités en fin de vie. Le cadre juridique vous permet d’exprimer votre volonté en fin de vie, en utilisant les documents « directive anticipée » et/ou « dispositions de fin de vie ». Certains points des deux formulaires permettent de s&#8217;exprimer sur sa fin de vie, notamment [&hellip;]" />
<meta property="og:url" content="https://www.gero.lu/de/produit/ma-volonte-en-fin-de-vie-5" />
<meta property="og:site_name" content="GERO" />
<meta property="article:publisher" content="https://www.facebook.com/Kompetenzzenter/" />
<meta property="article:modified_time" content="2026-02-20T12:22:25+00:00" />
<meta property="og:image" content="https://www.gero.lu/wp-content/uploads/2021/08/gettyimages-1135289130-2048x2048_RET-1.jpg" />
	<meta property="og:image:width" content="1227" />
	<meta property="og:image:height" content="802" />
	<meta property="og:image:type" content="image/jpeg" />
<meta name="twitter:card" content="summary_large_image" />
<meta name="twitter:label1" content="Geschätzte Lesezeit" />
	<meta name="twitter:data1" content="1 Minute" />
<script type="application/ld+json" class="yoast-schema-graph">{"@context":"https:\/\/schema.org","@graph":[{"@type":"WebPage","@id":"https:\/\/www.gero.lu\/de\/produit\/ma-volonte-en-fin-de-vie-5","url":"https:\/\/www.gero.lu\/de\/produit\/ma-volonte-en-fin-de-vie-5","name":"Ma volonté en fin de vie - GERO","isPartOf":{"@id":"https:\/\/www.gero.lu\/de\/#website"},"datePublished":"2025-11-24T12:22:02+00:00","dateModified":"2026-02-20T12:22:25+00:00","breadcrumb":{"@id":"https:\/\/www.gero.lu\/de\/produit\/ma-volonte-en-fin-de-vie-5#breadcrumb"},"inLanguage":"de","potentialAction":[{"@type":"ReadAction","target":[["https:\/\/www.gero.lu\/de\/produit\/ma-volonte-en-fin-de-vie-5"]]}]},{"@type":"BreadcrumbList","@id":"https:\/\/www.gero.lu\/de\/produit\/ma-volonte-en-fin-de-vie-5#breadcrumb","itemListElement":[{"@type":"ListItem","position":1,"name":"Accueil","item":"https:\/\/www.gero.lu\/de\/"},{"@type":"ListItem","position":2,"name":"Shop","item":"https:\/\/www.gero.lu\/de\/shop"},{"@type":"ListItem","position":3,"name":"Ma volonté en fin de vie"}]},{"@type":"WebSite","@id":"https:\/\/www.gero.lu\/de\/#website","url":"https:\/\/www.gero.lu\/de\/","name":"Gero","description":"Kompetenzzenter fir den Alter","publisher":{"@id":"https:\/\/www.gero.lu\/de\/#organization"},"potentialAction":[{"@type":"SearchAction","target":{"@type":"EntryPoint","urlTemplate":"https:\/\/www.gero.lu\/de\/?s={search_term_string}"},"query-input":{"@type":"PropertyValueSpecification","valueRequired":true,"valueName":"search_term_string"}}],"inLanguage":"de"},{"@type":"Organization","@id":"https:\/\/www.gero.lu\/de\/#organization","name":"Gero","url":"https:\/\/www.gero.lu\/de\/","logo":{"@type":"ImageObject","inLanguage":"de","@id":"https:\/\/www.gero.lu\/de\/#\/schema\/logo\/image\/","url":"https:\/\/www.gero.lu\/wp-content\/uploads\/2024\/04\/logo.svg","contentUrl":"https:\/\/www.gero.lu\/wp-content\/uploads\/2024\/04\/logo.svg","width":76,"height":30,"caption":"Gero"},"image":{"@id":"https:\/\/www.gero.lu\/de\/#\/schema\/logo\/image\/"},"sameAs":["https:\/\/www.facebook.com\/Kompetenzzenter\/","https:\/\/www.instagram.com\/gero.kompetenzzenter\/","https:\/\/linkedin.com\/company\/gero-kompetenzzenter-fir-den-alter","https:\/\/www.youtube.com\/channel\/UCJvmJYSeHh3dYQsLHZupj-Q"]}]}</script>
<!-- / Yoast SEO Premium plugin. -->

Ma volonté en fin de vie - GERO

Il est important de connaître ses droits et possibilités en fin de vie. Le cadre juridique vous permet d’exprimer votre volonté en fin de vie, en utilisant les documents « directive anticipée » et/ou « dispositions de fin de vie ». Certains points des deux formulaires permettent de s&#8217;exprimer sur sa fin de vie, notamment [&hellip;]
