{"id":10324,"date":"2025-11-24T12:21:59","date_gmt":"2025-11-24T12:21:59","guid":{"rendered":"https:\/\/www.gero.lu\/produit\/comment-se-nourrir-pour-un-bien-etre-mental"},"modified":"2026-04-20T07:10:44","modified_gmt":"2026-04-20T07:10:44","slug":"comment-se-nourrir-pour-un-bien-etre-mental","status":"publish","type":"product","link":"https:\/\/www.gero.lu\/de\/produit\/comment-se-nourrir-pour-un-bien-etre-mental","title":{"rendered":"Comment se nourrir pour un bien-\u00eatre mental?"},"content":{"rendered":"<p>Notre bien-\u00eatre mental et nos capacit\u00e9s cognitives (m\u00e9moire, attention, humeur) d\u00e9pendent directement de notre alimentation. Les \u00e9tudes r\u00e9centes sont formelles : un microbiote d\u00e9s\u00e9quilibr\u00e9 ou un manque de bons nutriments peut favoriser la d\u00e9pression, la fatigue mentale ou m\u00eame le d\u00e9clin cognitif. C\u00e9line Dohmen, di\u00e9t\u00e9ticienne et micronutritioniste, explique les aliments protecteurs du cerveau, montre des gestes simples du quotidien pour pr\u00e9server m\u00e9moire, \u00e9nergie et bonne humeur et souligne des erreurs alimentaires \u00e0 \u00e9viter.<\/p>\n","protected":false},"excerpt":{"rendered":"<p>Notre bien-\u00eatre mental et nos capacit\u00e9s cognitives (m\u00e9moire, attention, humeur) d\u00e9pendent directement de notre alimentation. Les \u00e9tudes r\u00e9centes sont formelles : un microbiote d\u00e9s\u00e9quilibr\u00e9 ou un manque de bons nutriments peut favoriser la d\u00e9pression, la fatigue mentale ou m\u00eame le d\u00e9clin cognitif. C\u00e9line Dohmen, di\u00e9t\u00e9ticienne et micronutritioniste, explique les aliments protecteurs du cerveau, montre des [&hellip;]<\/p>\n","protected":false},"featured_media":0,"comment_status":"closed","ping_status":"closed","template":"","meta":{"_acf_changed":false,"inline_featured_image":false},"product_brand":[],"product_cat":[227],"product_tag":[200],"class_list":{"0":"post-10324","1":"product","2":"type-product","3":"status-publish","5":"product_cat-cours","6":"product_tag-sante-senior","8":"first","9":"instock","10":"virtual","11":"purchasable","12":"product-type-simple"},"acf":[],"yoast_head":"<!-- This site is optimized with the Yoast SEO Premium plugin v27.4 (Yoast SEO v27.5) - https:\/\/yoast.com\/product\/yoast-seo-premium-wordpress\/ -->\n<title>Comment se nourrir pour un bien-\u00eatre mental? - GERO<\/title>\n<meta name=\"robots\" content=\"index, follow, max-snippet:-1, max-image-preview:large, max-video-preview:-1\" \/>\n<link rel=\"canonical\" href=\"https:\/\/www.gero.lu\/de\/produit\/comment-se-nourrir-pour-un-bien-etre-mental\" \/>\n<meta property=\"og:locale\" content=\"de_DE\" \/>\n<meta property=\"og:type\" content=\"article\" \/>\n<meta property=\"og:title\" content=\"Comment se nourrir pour un bien-\u00eatre mental?\" \/>\n<meta property=\"og:description\" content=\"Notre bien-\u00eatre mental et nos capacit\u00e9s cognitives (m\u00e9moire, attention, humeur) d\u00e9pendent directement de notre alimentation. Les \u00e9tudes r\u00e9centes sont formelles : un microbiote d\u00e9s\u00e9quilibr\u00e9 ou un manque de bons nutriments peut favoriser la d\u00e9pression, la fatigue mentale ou m\u00eame le d\u00e9clin cognitif. C\u00e9line Dohmen, di\u00e9t\u00e9ticienne et micronutritioniste, explique les aliments protecteurs du cerveau, montre des [&hellip;]\" \/>\n<meta property=\"og:url\" content=\"https:\/\/www.gero.lu\/de\/produit\/comment-se-nourrir-pour-un-bien-etre-mental\" \/>\n<meta property=\"og:site_name\" content=\"GERO\" \/>\n<meta property=\"article:publisher\" content=\"https:\/\/www.facebook.com\/Kompetenzzenter\/\" \/>\n<meta property=\"article:modified_time\" content=\"2026-04-20T07:10:44+00:00\" \/>\n<meta property=\"og:image\" content=\"https:\/\/www.gero.lu\/wp-content\/uploads\/2021\/08\/gettyimages-1135289130-2048x2048_RET-1.jpg\" \/>\n\t<meta property=\"og:image:width\" content=\"1227\" \/>\n\t<meta property=\"og:image:height\" content=\"802\" \/>\n\t<meta property=\"og:image:type\" content=\"image\/jpeg\" \/>\n<meta name=\"twitter:card\" content=\"summary_large_image\" \/>\n<script type=\"application\/ld+json\" class=\"yoast-schema-graph\">{\"@context\":\"https:\\\/\\\/schema.org\",\"@graph\":[{\"@type\":\"WebPage\",\"@id\":\"https:\\\/\\\/www.gero.lu\\\/de\\\/produit\\\/comment-se-nourrir-pour-un-bien-etre-mental\",\"url\":\"https:\\\/\\\/www.gero.lu\\\/de\\\/produit\\\/comment-se-nourrir-pour-un-bien-etre-mental\",\"name\":\"Comment se nourrir pour un bien-\u00eatre mental? - GERO\",\"isPartOf\":{\"@id\":\"https:\\\/\\\/www.gero.lu\\\/de\\\/#website\"},\"datePublished\":\"2025-11-24T12:21:59+00:00\",\"dateModified\":\"2026-04-20T07:10:44+00:00\",\"breadcrumb\":{\"@id\":\"https:\\\/\\\/www.gero.lu\\\/de\\\/produit\\\/comment-se-nourrir-pour-un-bien-etre-mental#breadcrumb\"},\"inLanguage\":\"de\",\"potentialAction\":[{\"@type\":\"ReadAction\",\"target\":[[\"https:\\\/\\\/www.gero.lu\\\/de\\\/produit\\\/comment-se-nourrir-pour-un-bien-etre-mental\"]]}]},{\"@type\":\"BreadcrumbList\",\"@id\":\"https:\\\/\\\/www.gero.lu\\\/de\\\/produit\\\/comment-se-nourrir-pour-un-bien-etre-mental#breadcrumb\",\"itemListElement\":[{\"@type\":\"ListItem\",\"position\":1,\"name\":\"Accueil\",\"item\":\"https:\\\/\\\/www.gero.lu\\\/de\\\/\"},{\"@type\":\"ListItem\",\"position\":2,\"name\":\"Shop\",\"item\":\"https:\\\/\\\/www.gero.lu\\\/de\\\/shop\"},{\"@type\":\"ListItem\",\"position\":3,\"name\":\"Comment se nourrir pour un bien-\u00eatre mental?\"}]},{\"@type\":\"WebSite\",\"@id\":\"https:\\\/\\\/www.gero.lu\\\/de\\\/#website\",\"url\":\"https:\\\/\\\/www.gero.lu\\\/de\\\/\",\"name\":\"Gero\",\"description\":\"Kompetenzzenter fir den Alter\",\"publisher\":{\"@id\":\"https:\\\/\\\/www.gero.lu\\\/de\\\/#organization\"},\"potentialAction\":[{\"@type\":\"SearchAction\",\"target\":{\"@type\":\"EntryPoint\",\"urlTemplate\":\"https:\\\/\\\/www.gero.lu\\\/de\\\/?s={search_term_string}\"},\"query-input\":{\"@type\":\"PropertyValueSpecification\",\"valueRequired\":true,\"valueName\":\"search_term_string\"}}],\"inLanguage\":\"de\"},{\"@type\":\"Organization\",\"@id\":\"https:\\\/\\\/www.gero.lu\\\/de\\\/#organization\",\"name\":\"Gero\",\"url\":\"https:\\\/\\\/www.gero.lu\\\/de\\\/\",\"logo\":{\"@type\":\"ImageObject\",\"inLanguage\":\"de\",\"@id\":\"https:\\\/\\\/www.gero.lu\\\/de\\\/#\\\/schema\\\/logo\\\/image\\\/\",\"url\":\"https:\\\/\\\/www.gero.lu\\\/wp-content\\\/uploads\\\/2024\\\/04\\\/logo.svg\",\"contentUrl\":\"https:\\\/\\\/www.gero.lu\\\/wp-content\\\/uploads\\\/2024\\\/04\\\/logo.svg\",\"width\":76,\"height\":30,\"caption\":\"Gero\"},\"image\":{\"@id\":\"https:\\\/\\\/www.gero.lu\\\/de\\\/#\\\/schema\\\/logo\\\/image\\\/\"},\"sameAs\":[\"https:\\\/\\\/www.facebook.com\\\/Kompetenzzenter\\\/\",\"https:\\\/\\\/www.instagram.com\\\/gero.kompetenzzenter\\\/\",\"https:\\\/\\\/linkedin.com\\\/company\\\/gero-kompetenzzenter-fir-den-alter\",\"https:\\\/\\\/www.youtube.com\\\/channel\\\/UCJvmJYSeHh3dYQsLHZupj-Q\"]}]}<\/script>\n<!-- \/ Yoast SEO Premium plugin. -->","yoast_head_json":{"title":"Comment se nourrir pour un bien-\u00eatre mental? - GERO","robots":{"index":"index","follow":"follow","max-snippet":"max-snippet:-1","max-image-preview":"max-image-preview:large","max-video-preview":"max-video-preview:-1"},"canonical":"https:\/\/www.gero.lu\/de\/produit\/comment-se-nourrir-pour-un-bien-etre-mental","og_locale":"de_DE","og_type":"article","og_title":"Comment se nourrir pour un bien-\u00eatre mental?","og_description":"Notre bien-\u00eatre mental et nos capacit\u00e9s cognitives (m\u00e9moire, attention, humeur) d\u00e9pendent directement de notre alimentation. Les \u00e9tudes r\u00e9centes sont formelles : un microbiote d\u00e9s\u00e9quilibr\u00e9 ou un manque de bons nutriments peut favoriser la d\u00e9pression, la fatigue mentale ou m\u00eame le d\u00e9clin cognitif. C\u00e9line Dohmen, di\u00e9t\u00e9ticienne et micronutritioniste, explique les aliments protecteurs du cerveau, montre des [&hellip;]","og_url":"https:\/\/www.gero.lu\/de\/produit\/comment-se-nourrir-pour-un-bien-etre-mental","og_site_name":"GERO","article_publisher":"https:\/\/www.facebook.com\/Kompetenzzenter\/","article_modified_time":"2026-04-20T07:10:44+00:00","og_image":[{"width":1227,"height":802,"url":"https:\/\/www.gero.lu\/wp-content\/uploads\/2021\/08\/gettyimages-1135289130-2048x2048_RET-1.jpg","type":"image\/jpeg"}],"twitter_card":"summary_large_image","schema":{"@context":"https:\/\/schema.org","@graph":[{"@type":"WebPage","@id":"https:\/\/www.gero.lu\/de\/produit\/comment-se-nourrir-pour-un-bien-etre-mental","url":"https:\/\/www.gero.lu\/de\/produit\/comment-se-nourrir-pour-un-bien-etre-mental","name":"Comment se nourrir pour un bien-\u00eatre mental? - GERO","isPartOf":{"@id":"https:\/\/www.gero.lu\/de\/#website"},"datePublished":"2025-11-24T12:21:59+00:00","dateModified":"2026-04-20T07:10:44+00:00","breadcrumb":{"@id":"https:\/\/www.gero.lu\/de\/produit\/comment-se-nourrir-pour-un-bien-etre-mental#breadcrumb"},"inLanguage":"de","potentialAction":[{"@type":"ReadAction","target":[["https:\/\/www.gero.lu\/de\/produit\/comment-se-nourrir-pour-un-bien-etre-mental"]]}]},{"@type":"BreadcrumbList","@id":"https:\/\/www.gero.lu\/de\/produit\/comment-se-nourrir-pour-un-bien-etre-mental#breadcrumb","itemListElement":[{"@type":"ListItem","position":1,"name":"Accueil","item":"https:\/\/www.gero.lu\/de\/"},{"@type":"ListItem","position":2,"name":"Shop","item":"https:\/\/www.gero.lu\/de\/shop"},{"@type":"ListItem","position":3,"name":"Comment se nourrir pour un bien-\u00eatre mental?"}]},{"@type":"WebSite","@id":"https:\/\/www.gero.lu\/de\/#website","url":"https:\/\/www.gero.lu\/de\/","name":"Gero","description":"Kompetenzzenter fir den Alter","publisher":{"@id":"https:\/\/www.gero.lu\/de\/#organization"},"potentialAction":[{"@type":"SearchAction","target":{"@type":"EntryPoint","urlTemplate":"https:\/\/www.gero.lu\/de\/?s={search_term_string}"},"query-input":{"@type":"PropertyValueSpecification","valueRequired":true,"valueName":"search_term_string"}}],"inLanguage":"de"},{"@type":"Organization","@id":"https:\/\/www.gero.lu\/de\/#organization","name":"Gero","url":"https:\/\/www.gero.lu\/de\/","logo":{"@type":"ImageObject","inLanguage":"de","@id":"https:\/\/www.gero.lu\/de\/#\/schema\/logo\/image\/","url":"https:\/\/www.gero.lu\/wp-content\/uploads\/2024\/04\/logo.svg","contentUrl":"https:\/\/www.gero.lu\/wp-content\/uploads\/2024\/04\/logo.svg","width":76,"height":30,"caption":"Gero"},"image":{"@id":"https:\/\/www.gero.lu\/de\/#\/schema\/logo\/image\/"},"sameAs":["https:\/\/www.facebook.com\/Kompetenzzenter\/","https:\/\/www.instagram.com\/gero.kompetenzzenter\/","https:\/\/linkedin.com\/company\/gero-kompetenzzenter-fir-den-alter","https:\/\/www.youtube.com\/channel\/UCJvmJYSeHh3dYQsLHZupj-Q"]}]}},"_links":{"self":[{"href":"https:\/\/www.gero.lu\/de\/wp-json\/wp\/v2\/product\/10324","targetHints":{"allow":["GET"]}}],"collection":[{"href":"https:\/\/www.gero.lu\/de\/wp-json\/wp\/v2\/product"}],"about":[{"href":"https:\/\/www.gero.lu\/de\/wp-json\/wp\/v2\/types\/product"}],"replies":[{"embeddable":true,"href":"https:\/\/www.gero.lu\/de\/wp-json\/wp\/v2\/comments?post=10324"}],"wp:attachment":[{"href":"https:\/\/www.gero.lu\/de\/wp-json\/wp\/v2\/media?parent=10324"}],"wp:term":[{"taxonomy":"product_brand","embeddable":true,"href":"https:\/\/www.gero.lu\/de\/wp-json\/wp\/v2\/product_brand?post=10324"},{"taxonomy":"product_cat","embeddable":true,"href":"https:\/\/www.gero.lu\/de\/wp-json\/wp\/v2\/product_cat?post=10324"},{"taxonomy":"product_tag","embeddable":true,"href":"https:\/\/www.gero.lu\/de\/wp-json\/wp\/v2\/product_tag?post=10324"}],"curies":[{"name":"wp","href":"https:\/\/api.w.org\/{rel}","templated":true}]}}

Comment se nourrir pour un bien-être mental?

<p>Notre bien-être mental et nos capacités cognitives (mémoire, attention, humeur) dépendent directement de notre alimentation. Les études récentes sont formelles : un microbiote déséquilibré ou un manque de bons nutriments peut favoriser la dépression, la fatigue mentale ou même le déclin cognitif. Céline Dohmen, diététicienne et micronutritioniste, explique les aliments protecteurs du cerveau, montre des gestes simples du quotidien pour préserver mémoire, énergie et bonne humeur et souligne des erreurs alimentaires à éviter.</p>

<p>Notre bien-être mental et nos capacités cognitives (mémoire, attention, humeur) dépendent directement de notre alimentation. Les études récentes sont formelles : un microbiote déséquilibré ou un manque de bons nutriments peut favoriser la dépression, la fatigue mentale ou même le déclin cognitif. Céline Dohmen, diététicienne et micronutritioniste, explique les aliments protecteurs du cerveau, montre des [&hellip;]</p>

<!-- This site is optimized with the Yoast SEO Premium plugin v27.4 (Yoast SEO v27.5) - https://yoast.com/product/yoast-seo-premium-wordpress/ -->
<title>Comment se nourrir pour un bien-être mental? - GERO</title>
<meta name="robots" content="index, follow, max-snippet:-1, max-image-preview:large, max-video-preview:-1" />
<link rel="canonical" href="https://www.gero.lu/de/produit/comment-se-nourrir-pour-un-bien-etre-mental" />
<meta property="og:locale" content="de_DE" />
<meta property="og:type" content="article" />
<meta property="og:title" content="Comment se nourrir pour un bien-être mental?" />
<meta property="og:description" content="Notre bien-être mental et nos capacités cognitives (mémoire, attention, humeur) dépendent directement de notre alimentation. Les études récentes sont formelles : un microbiote déséquilibré ou un manque de bons nutriments peut favoriser la dépression, la fatigue mentale ou même le déclin cognitif. Céline Dohmen, diététicienne et micronutritioniste, explique les aliments protecteurs du cerveau, montre des [&hellip;]" />
<meta property="og:url" content="https://www.gero.lu/de/produit/comment-se-nourrir-pour-un-bien-etre-mental" />
<meta property="og:site_name" content="GERO" />
<meta property="article:publisher" content="https://www.facebook.com/Kompetenzzenter/" />
<meta property="article:modified_time" content="2026-04-20T07:10:44+00:00" />
<meta property="og:image" content="https://www.gero.lu/wp-content/uploads/2021/08/gettyimages-1135289130-2048x2048_RET-1.jpg" />
	<meta property="og:image:width" content="1227" />
	<meta property="og:image:height" content="802" />
	<meta property="og:image:type" content="image/jpeg" />
<meta name="twitter:card" content="summary_large_image" />
<script type="application/ld+json" class="yoast-schema-graph">{"@context":"https:\/\/schema.org","@graph":[{"@type":"WebPage","@id":"https:\/\/www.gero.lu\/de\/produit\/comment-se-nourrir-pour-un-bien-etre-mental","url":"https:\/\/www.gero.lu\/de\/produit\/comment-se-nourrir-pour-un-bien-etre-mental","name":"Comment se nourrir pour un bien-être mental? - GERO","isPartOf":{"@id":"https:\/\/www.gero.lu\/de\/#website"},"datePublished":"2025-11-24T12:21:59+00:00","dateModified":"2026-04-20T07:10:44+00:00","breadcrumb":{"@id":"https:\/\/www.gero.lu\/de\/produit\/comment-se-nourrir-pour-un-bien-etre-mental#breadcrumb"},"inLanguage":"de","potentialAction":[{"@type":"ReadAction","target":[["https:\/\/www.gero.lu\/de\/produit\/comment-se-nourrir-pour-un-bien-etre-mental"]]}]},{"@type":"BreadcrumbList","@id":"https:\/\/www.gero.lu\/de\/produit\/comment-se-nourrir-pour-un-bien-etre-mental#breadcrumb","itemListElement":[{"@type":"ListItem","position":1,"name":"Accueil","item":"https:\/\/www.gero.lu\/de\/"},{"@type":"ListItem","position":2,"name":"Shop","item":"https:\/\/www.gero.lu\/de\/shop"},{"@type":"ListItem","position":3,"name":"Comment se nourrir pour un bien-être mental?"}]},{"@type":"WebSite","@id":"https:\/\/www.gero.lu\/de\/#website","url":"https:\/\/www.gero.lu\/de\/","name":"Gero","description":"Kompetenzzenter fir den Alter","publisher":{"@id":"https:\/\/www.gero.lu\/de\/#organization"},"potentialAction":[{"@type":"SearchAction","target":{"@type":"EntryPoint","urlTemplate":"https:\/\/www.gero.lu\/de\/?s={search_term_string}"},"query-input":{"@type":"PropertyValueSpecification","valueRequired":true,"valueName":"search_term_string"}}],"inLanguage":"de"},{"@type":"Organization","@id":"https:\/\/www.gero.lu\/de\/#organization","name":"Gero","url":"https:\/\/www.gero.lu\/de\/","logo":{"@type":"ImageObject","inLanguage":"de","@id":"https:\/\/www.gero.lu\/de\/#\/schema\/logo\/image\/","url":"https:\/\/www.gero.lu\/wp-content\/uploads\/2024\/04\/logo.svg","contentUrl":"https:\/\/www.gero.lu\/wp-content\/uploads\/2024\/04\/logo.svg","width":76,"height":30,"caption":"Gero"},"image":{"@id":"https:\/\/www.gero.lu\/de\/#\/schema\/logo\/image\/"},"sameAs":["https:\/\/www.facebook.com\/Kompetenzzenter\/","https:\/\/www.instagram.com\/gero.kompetenzzenter\/","https:\/\/linkedin.com\/company\/gero-kompetenzzenter-fir-den-alter","https:\/\/www.youtube.com\/channel\/UCJvmJYSeHh3dYQsLHZupj-Q"]}]}</script>
<!-- / Yoast SEO Premium plugin. -->

Comment se nourrir pour un bien-être mental? - GERO

Notre bien-être mental et nos capacités cognitives (mémoire, attention, humeur) dépendent directement de notre alimentation. Les études récentes sont formelles : un microbiote déséquilibré ou un manque de bons nutriments peut favoriser la dépression, la fatigue mentale ou même le déclin cognitif. Céline Dohmen, diététicienne et micronutritioniste, explique les aliments protecteurs du cerveau, montre des [&hellip;]
