{"id":10256,"date":"2025-11-07T09:21:22","date_gmt":"2025-11-07T09:21:22","guid":{"rendered":"https:\/\/www.gero.lu\/produit\/flux-2-seance-dinformation-2"},"modified":"2026-04-20T07:10:36","modified_gmt":"2026-04-20T07:10:36","slug":"flux-2-seance-dinformation-2","status":"publish","type":"product","link":"https:\/\/www.gero.lu\/de\/produit\/flux-2-seance-dinformation-2","title":{"rendered":"FLUX 2 &#8211; SEANCE D&#8217;INFORMATION"},"content":{"rendered":"<p>Informationsveranstaltung zum Projekt FLUX2 \u2013 Training f\u00fcr K\u00f6rper und Geist zur Sturzpr\u00e4vention<\/p>\n<p>M\u00f6chten Sie beweglich, sicher und geistig fit bleiben? Dann ist unser FLUX2-Programm genau das Richtige f\u00fcr Sie! Besuchen Sie unsere Informationsveranstaltung und entdecken Sie, wie gezieltes kognitiv-motorisches Training dazu beitragen kann, St\u00fcrze zu vermeiden und Ihre k\u00f6rperliche wie geistige Fitness zu st\u00e4rken.<\/p>\n<p>Freuen Sie sich auf einen spannenden Impulsvortrag von Prof. Dr. Thorben H\u00fclsd\u00fcnker (LUNEX Universit\u00e4t), der anschaulich erkl\u00e4rt, wie das Zusammenspiel von Bewegung und geistiger Aktivit\u00e4t der Schl\u00fcssel f\u00fcr eine wirksame Sturzpr\u00e4vention ist.<\/p>\n<p>Lernen Sie das gesamte FLUX2-Team kennen und erfahren Sie alles Wichtige zu den Trainingsinhalten, Teilnahmebedingungen und Abl\u00e4ufen des mehrw\u00f6chigen Programms.<\/p>\n<p>Voranmeldungen zur Teilnahme am FLUX2-Programm sind sowohl vorab als auch im Anschluss an die Informationsveranstaltung m\u00f6glich. Die Anmeldung zur Infoveranstaltung ist unverbindlich und entspricht keiner Voranmeldung zur Programmteilnahme.<\/p>\n<p>Sprache D (Simultan\u00fcbersetzung F)<\/p>\n<p>S\u00e9ance d\u2019information sur le projet FLUX2 \u2013 Entra\u00eenement du corps et de l\u2019esprit pour la pr\u00e9vention des chutes<\/p>\n<p>Vous souhaitez rester souple, en s\u00e9curit\u00e9 et mentalement alerte ? Notre programme FLUX2 est fait pour vous ! Venez assister \u00e0 notre s\u00e9ance d\u2019information et d\u00e9couvrez comment un entra\u00eenement cognitivo-moteur cibl\u00e9 peut vous aider \u00e0 pr\u00e9venir les chutes tout en renfor\u00e7ant votre forme physique et mentale.<\/p>\n<p>Assistez \u00e0 la conf\u00e9rence (en allemand avec traduction simultan\u00e9e) du Prof. Dr. Thorben H\u00fclsd\u00fcnker (Universit\u00e9 LUNEX), qui pr\u00e9sentera comment l\u2019alliance du mouvement et de l\u2019activit\u00e9 cognitive constitue la cl\u00e9 d\u2019une pr\u00e9vention efficace des chutes.<\/p>\n<p>Rencontrez l\u2019\u00e9quipe FLUX2 et obtenez toutes les informations utiles sur le contenu des entra\u00eenements, les conditions de participation et le d\u00e9roulement du programme sur plusieurs semaines.<\/p>\n<p>Vous pouvez vous pr\u00e9inscrire au programme FLUX2 avant ou apr\u00e8s la s\u00e9ance d\u2019information. L\u2019inscription \u00e0 la s\u00e9ance d\u2019information est libre et n\u2019engage pas \u00e0 participer au programme.<\/p>\n","protected":false},"excerpt":{"rendered":"<p>Informationsveranstaltung zum Projekt FLUX2 \u2013 Training f\u00fcr K\u00f6rper und Geist zur Sturzpr\u00e4vention M\u00f6chten Sie beweglich, sicher und geistig fit bleiben? Dann ist unser FLUX2-Programm genau das Richtige f\u00fcr Sie! Besuchen Sie unsere Informationsveranstaltung und entdecken Sie, wie gezieltes kognitiv-motorisches Training dazu beitragen kann, St\u00fcrze zu vermeiden und Ihre k\u00f6rperliche wie geistige Fitness zu st\u00e4rken. Freuen [&hellip;]<\/p>\n","protected":false},"featured_media":0,"comment_status":"closed","ping_status":"closed","template":"","meta":{"_acf_changed":false,"inline_featured_image":false},"product_brand":[],"product_cat":[228],"product_tag":[200],"class_list":{"0":"post-10256","1":"product","2":"type-product","3":"status-publish","5":"product_cat-conference","6":"product_tag-sante-senior","8":"first","9":"outofstock","10":"virtual","11":"purchasable","12":"product-type-simple"},"acf":[],"yoast_head":"<!-- This site is optimized with the Yoast SEO Premium plugin v27.4 (Yoast SEO v27.5) - https:\/\/yoast.com\/product\/yoast-seo-premium-wordpress\/ -->\n<title>FLUX 2 - SEANCE D&#039;INFORMATION - GERO<\/title>\n<meta name=\"robots\" content=\"index, follow, max-snippet:-1, max-image-preview:large, max-video-preview:-1\" \/>\n<link rel=\"canonical\" href=\"https:\/\/www.gero.lu\/de\/produit\/flux-2-seance-dinformation-2\" \/>\n<meta property=\"og:locale\" content=\"de_DE\" \/>\n<meta property=\"og:type\" content=\"article\" \/>\n<meta property=\"og:title\" content=\"FLUX 2 - SEANCE D&#039;INFORMATION\" \/>\n<meta property=\"og:description\" content=\"Informationsveranstaltung zum Projekt FLUX2 \u2013 Training f\u00fcr K\u00f6rper und Geist zur Sturzpr\u00e4vention M\u00f6chten Sie beweglich, sicher und geistig fit bleiben? Dann ist unser FLUX2-Programm genau das Richtige f\u00fcr Sie! Besuchen Sie unsere Informationsveranstaltung und entdecken Sie, wie gezieltes kognitiv-motorisches Training dazu beitragen kann, St\u00fcrze zu vermeiden und Ihre k\u00f6rperliche wie geistige Fitness zu st\u00e4rken. Freuen [&hellip;]\" \/>\n<meta property=\"og:url\" content=\"https:\/\/www.gero.lu\/de\/produit\/flux-2-seance-dinformation-2\" \/>\n<meta property=\"og:site_name\" content=\"GERO\" \/>\n<meta property=\"article:publisher\" content=\"https:\/\/www.facebook.com\/Kompetenzzenter\/\" \/>\n<meta property=\"article:modified_time\" content=\"2026-04-20T07:10:36+00:00\" \/>\n<meta property=\"og:image\" content=\"https:\/\/www.gero.lu\/wp-content\/uploads\/2021\/08\/gettyimages-1135289130-2048x2048_RET-1.jpg\" \/>\n\t<meta property=\"og:image:width\" content=\"1227\" \/>\n\t<meta property=\"og:image:height\" content=\"802\" \/>\n\t<meta property=\"og:image:type\" content=\"image\/jpeg\" \/>\n<meta name=\"twitter:card\" content=\"summary_large_image\" \/>\n<meta name=\"twitter:label1\" content=\"Gesch\u00e4tzte Lesezeit\" \/>\n\t<meta name=\"twitter:data1\" content=\"2\u00a0Minuten\" \/>\n<script type=\"application\/ld+json\" class=\"yoast-schema-graph\">{\"@context\":\"https:\\\/\\\/schema.org\",\"@graph\":[{\"@type\":\"WebPage\",\"@id\":\"https:\\\/\\\/www.gero.lu\\\/de\\\/produit\\\/flux-2-seance-dinformation-2\",\"url\":\"https:\\\/\\\/www.gero.lu\\\/de\\\/produit\\\/flux-2-seance-dinformation-2\",\"name\":\"FLUX 2 - SEANCE D'INFORMATION - GERO\",\"isPartOf\":{\"@id\":\"https:\\\/\\\/www.gero.lu\\\/de\\\/#website\"},\"datePublished\":\"2025-11-07T09:21:22+00:00\",\"dateModified\":\"2026-04-20T07:10:36+00:00\",\"breadcrumb\":{\"@id\":\"https:\\\/\\\/www.gero.lu\\\/de\\\/produit\\\/flux-2-seance-dinformation-2#breadcrumb\"},\"inLanguage\":\"de\",\"potentialAction\":[{\"@type\":\"ReadAction\",\"target\":[[\"https:\\\/\\\/www.gero.lu\\\/de\\\/produit\\\/flux-2-seance-dinformation-2\"]]}]},{\"@type\":\"BreadcrumbList\",\"@id\":\"https:\\\/\\\/www.gero.lu\\\/de\\\/produit\\\/flux-2-seance-dinformation-2#breadcrumb\",\"itemListElement\":[{\"@type\":\"ListItem\",\"position\":1,\"name\":\"Accueil\",\"item\":\"https:\\\/\\\/www.gero.lu\\\/de\\\/\"},{\"@type\":\"ListItem\",\"position\":2,\"name\":\"Shop\",\"item\":\"https:\\\/\\\/www.gero.lu\\\/de\\\/shop\"},{\"@type\":\"ListItem\",\"position\":3,\"name\":\"FLUX 2 &#8211; SEANCE D&rsquo;INFORMATION\"}]},{\"@type\":\"WebSite\",\"@id\":\"https:\\\/\\\/www.gero.lu\\\/de\\\/#website\",\"url\":\"https:\\\/\\\/www.gero.lu\\\/de\\\/\",\"name\":\"Gero\",\"description\":\"Kompetenzzenter fir den Alter\",\"publisher\":{\"@id\":\"https:\\\/\\\/www.gero.lu\\\/de\\\/#organization\"},\"potentialAction\":[{\"@type\":\"SearchAction\",\"target\":{\"@type\":\"EntryPoint\",\"urlTemplate\":\"https:\\\/\\\/www.gero.lu\\\/de\\\/?s={search_term_string}\"},\"query-input\":{\"@type\":\"PropertyValueSpecification\",\"valueRequired\":true,\"valueName\":\"search_term_string\"}}],\"inLanguage\":\"de\"},{\"@type\":\"Organization\",\"@id\":\"https:\\\/\\\/www.gero.lu\\\/de\\\/#organization\",\"name\":\"Gero\",\"url\":\"https:\\\/\\\/www.gero.lu\\\/de\\\/\",\"logo\":{\"@type\":\"ImageObject\",\"inLanguage\":\"de\",\"@id\":\"https:\\\/\\\/www.gero.lu\\\/de\\\/#\\\/schema\\\/logo\\\/image\\\/\",\"url\":\"https:\\\/\\\/www.gero.lu\\\/wp-content\\\/uploads\\\/2024\\\/04\\\/logo.svg\",\"contentUrl\":\"https:\\\/\\\/www.gero.lu\\\/wp-content\\\/uploads\\\/2024\\\/04\\\/logo.svg\",\"width\":76,\"height\":30,\"caption\":\"Gero\"},\"image\":{\"@id\":\"https:\\\/\\\/www.gero.lu\\\/de\\\/#\\\/schema\\\/logo\\\/image\\\/\"},\"sameAs\":[\"https:\\\/\\\/www.facebook.com\\\/Kompetenzzenter\\\/\",\"https:\\\/\\\/www.instagram.com\\\/gero.kompetenzzenter\\\/\",\"https:\\\/\\\/linkedin.com\\\/company\\\/gero-kompetenzzenter-fir-den-alter\",\"https:\\\/\\\/www.youtube.com\\\/channel\\\/UCJvmJYSeHh3dYQsLHZupj-Q\"]}]}<\/script>\n<!-- \/ Yoast SEO Premium plugin. -->","yoast_head_json":{"title":"FLUX 2 - SEANCE D'INFORMATION - GERO","robots":{"index":"index","follow":"follow","max-snippet":"max-snippet:-1","max-image-preview":"max-image-preview:large","max-video-preview":"max-video-preview:-1"},"canonical":"https:\/\/www.gero.lu\/de\/produit\/flux-2-seance-dinformation-2","og_locale":"de_DE","og_type":"article","og_title":"FLUX 2 - SEANCE D'INFORMATION","og_description":"Informationsveranstaltung zum Projekt FLUX2 \u2013 Training f\u00fcr K\u00f6rper und Geist zur Sturzpr\u00e4vention M\u00f6chten Sie beweglich, sicher und geistig fit bleiben? Dann ist unser FLUX2-Programm genau das Richtige f\u00fcr Sie! Besuchen Sie unsere Informationsveranstaltung und entdecken Sie, wie gezieltes kognitiv-motorisches Training dazu beitragen kann, St\u00fcrze zu vermeiden und Ihre k\u00f6rperliche wie geistige Fitness zu st\u00e4rken. Freuen [&hellip;]","og_url":"https:\/\/www.gero.lu\/de\/produit\/flux-2-seance-dinformation-2","og_site_name":"GERO","article_publisher":"https:\/\/www.facebook.com\/Kompetenzzenter\/","article_modified_time":"2026-04-20T07:10:36+00:00","og_image":[{"width":1227,"height":802,"url":"https:\/\/www.gero.lu\/wp-content\/uploads\/2021\/08\/gettyimages-1135289130-2048x2048_RET-1.jpg","type":"image\/jpeg"}],"twitter_card":"summary_large_image","twitter_misc":{"Gesch\u00e4tzte Lesezeit":"2\u00a0Minuten"},"schema":{"@context":"https:\/\/schema.org","@graph":[{"@type":"WebPage","@id":"https:\/\/www.gero.lu\/de\/produit\/flux-2-seance-dinformation-2","url":"https:\/\/www.gero.lu\/de\/produit\/flux-2-seance-dinformation-2","name":"FLUX 2 - SEANCE D'INFORMATION - GERO","isPartOf":{"@id":"https:\/\/www.gero.lu\/de\/#website"},"datePublished":"2025-11-07T09:21:22+00:00","dateModified":"2026-04-20T07:10:36+00:00","breadcrumb":{"@id":"https:\/\/www.gero.lu\/de\/produit\/flux-2-seance-dinformation-2#breadcrumb"},"inLanguage":"de","potentialAction":[{"@type":"ReadAction","target":[["https:\/\/www.gero.lu\/de\/produit\/flux-2-seance-dinformation-2"]]}]},{"@type":"BreadcrumbList","@id":"https:\/\/www.gero.lu\/de\/produit\/flux-2-seance-dinformation-2#breadcrumb","itemListElement":[{"@type":"ListItem","position":1,"name":"Accueil","item":"https:\/\/www.gero.lu\/de\/"},{"@type":"ListItem","position":2,"name":"Shop","item":"https:\/\/www.gero.lu\/de\/shop"},{"@type":"ListItem","position":3,"name":"FLUX 2 &#8211; SEANCE D&rsquo;INFORMATION"}]},{"@type":"WebSite","@id":"https:\/\/www.gero.lu\/de\/#website","url":"https:\/\/www.gero.lu\/de\/","name":"Gero","description":"Kompetenzzenter fir den Alter","publisher":{"@id":"https:\/\/www.gero.lu\/de\/#organization"},"potentialAction":[{"@type":"SearchAction","target":{"@type":"EntryPoint","urlTemplate":"https:\/\/www.gero.lu\/de\/?s={search_term_string}"},"query-input":{"@type":"PropertyValueSpecification","valueRequired":true,"valueName":"search_term_string"}}],"inLanguage":"de"},{"@type":"Organization","@id":"https:\/\/www.gero.lu\/de\/#organization","name":"Gero","url":"https:\/\/www.gero.lu\/de\/","logo":{"@type":"ImageObject","inLanguage":"de","@id":"https:\/\/www.gero.lu\/de\/#\/schema\/logo\/image\/","url":"https:\/\/www.gero.lu\/wp-content\/uploads\/2024\/04\/logo.svg","contentUrl":"https:\/\/www.gero.lu\/wp-content\/uploads\/2024\/04\/logo.svg","width":76,"height":30,"caption":"Gero"},"image":{"@id":"https:\/\/www.gero.lu\/de\/#\/schema\/logo\/image\/"},"sameAs":["https:\/\/www.facebook.com\/Kompetenzzenter\/","https:\/\/www.instagram.com\/gero.kompetenzzenter\/","https:\/\/linkedin.com\/company\/gero-kompetenzzenter-fir-den-alter","https:\/\/www.youtube.com\/channel\/UCJvmJYSeHh3dYQsLHZupj-Q"]}]}},"_links":{"self":[{"href":"https:\/\/www.gero.lu\/de\/wp-json\/wp\/v2\/product\/10256","targetHints":{"allow":["GET"]}}],"collection":[{"href":"https:\/\/www.gero.lu\/de\/wp-json\/wp\/v2\/product"}],"about":[{"href":"https:\/\/www.gero.lu\/de\/wp-json\/wp\/v2\/types\/product"}],"replies":[{"embeddable":true,"href":"https:\/\/www.gero.lu\/de\/wp-json\/wp\/v2\/comments?post=10256"}],"wp:attachment":[{"href":"https:\/\/www.gero.lu\/de\/wp-json\/wp\/v2\/media?parent=10256"}],"wp:term":[{"taxonomy":"product_brand","embeddable":true,"href":"https:\/\/www.gero.lu\/de\/wp-json\/wp\/v2\/product_brand?post=10256"},{"taxonomy":"product_cat","embeddable":true,"href":"https:\/\/www.gero.lu\/de\/wp-json\/wp\/v2\/product_cat?post=10256"},{"taxonomy":"product_tag","embeddable":true,"href":"https:\/\/www.gero.lu\/de\/wp-json\/wp\/v2\/product_tag?post=10256"}],"curies":[{"name":"wp","href":"https:\/\/api.w.org\/{rel}","templated":true}]}}

<p>Informationsveranstaltung zum Projekt FLUX2 – Training für Körper und Geist zur Sturzprävention</p>
<p>Möchten Sie beweglich, sicher und geistig fit bleiben? Dann ist unser FLUX2-Programm genau das Richtige für Sie! Besuchen Sie unsere Informationsveranstaltung und entdecken Sie, wie gezieltes kognitiv-motorisches Training dazu beitragen kann, Stürze zu vermeiden und Ihre körperliche wie geistige Fitness zu stärken.</p>
<p>Freuen Sie sich auf einen spannenden Impulsvortrag von Prof. Dr. Thorben Hülsdünker (LUNEX Universität), der anschaulich erklärt, wie das Zusammenspiel von Bewegung und geistiger Aktivität der Schlüssel für eine wirksame Sturzprävention ist.</p>
<p>Lernen Sie das gesamte FLUX2-Team kennen und erfahren Sie alles Wichtige zu den Trainingsinhalten, Teilnahmebedingungen und Abläufen des mehrwöchigen Programms.</p>
<p>Voranmeldungen zur Teilnahme am FLUX2-Programm sind sowohl vorab als auch im Anschluss an die Informationsveranstaltung möglich. Die Anmeldung zur Infoveranstaltung ist unverbindlich und entspricht keiner Voranmeldung zur Programmteilnahme.</p>
<p>Sprache D (Simultanübersetzung F)</p>
<p>Séance d’information sur le projet FLUX2 – Entraînement du corps et de l’esprit pour la prévention des chutes</p>
<p>Vous souhaitez rester souple, en sécurité et mentalement alerte ? Notre programme FLUX2 est fait pour vous ! Venez assister à notre séance d’information et découvrez comment un entraînement cognitivo-moteur ciblé peut vous aider à prévenir les chutes tout en renforçant votre forme physique et mentale.</p>
<p>Assistez à la conférence (en allemand avec traduction simultanée) du Prof. Dr. Thorben Hülsdünker (Université LUNEX), qui présentera comment l’alliance du mouvement et de l’activité cognitive constitue la clé d’une prévention efficace des chutes.</p>
<p>Rencontrez l’équipe FLUX2 et obtenez toutes les informations utiles sur le contenu des entraînements, les conditions de participation et le déroulement du programme sur plusieurs semaines.</p>
<p>Vous pouvez vous préinscrire au programme FLUX2 avant ou après la séance d’information. L’inscription à la séance d’information est libre et n’engage pas à participer au programme.</p>

<p>Informationsveranstaltung zum Projekt FLUX2 – Training für Körper und Geist zur Sturzprävention Möchten Sie beweglich, sicher und geistig fit bleiben? Dann ist unser FLUX2-Programm genau das Richtige für Sie! Besuchen Sie unsere Informationsveranstaltung und entdecken Sie, wie gezieltes kognitiv-motorisches Training dazu beitragen kann, Stürze zu vermeiden und Ihre körperliche wie geistige Fitness zu stärken. Freuen [&hellip;]</p>

<!-- This site is optimized with the Yoast SEO Premium plugin v27.4 (Yoast SEO v27.5) - https://yoast.com/product/yoast-seo-premium-wordpress/ -->
<title>FLUX 2 - SEANCE D&#039;INFORMATION - GERO</title>
<meta name="robots" content="index, follow, max-snippet:-1, max-image-preview:large, max-video-preview:-1" />
<link rel="canonical" href="https://www.gero.lu/de/produit/flux-2-seance-dinformation-2" />
<meta property="og:locale" content="de_DE" />
<meta property="og:type" content="article" />
<meta property="og:title" content="FLUX 2 - SEANCE D&#039;INFORMATION" />
<meta property="og:description" content="Informationsveranstaltung zum Projekt FLUX2 – Training für Körper und Geist zur Sturzprävention Möchten Sie beweglich, sicher und geistig fit bleiben? Dann ist unser FLUX2-Programm genau das Richtige für Sie! Besuchen Sie unsere Informationsveranstaltung und entdecken Sie, wie gezieltes kognitiv-motorisches Training dazu beitragen kann, Stürze zu vermeiden und Ihre körperliche wie geistige Fitness zu stärken. Freuen [&hellip;]" />
<meta property="og:url" content="https://www.gero.lu/de/produit/flux-2-seance-dinformation-2" />
<meta property="og:site_name" content="GERO" />
<meta property="article:publisher" content="https://www.facebook.com/Kompetenzzenter/" />
<meta property="article:modified_time" content="2026-04-20T07:10:36+00:00" />
<meta property="og:image" content="https://www.gero.lu/wp-content/uploads/2021/08/gettyimages-1135289130-2048x2048_RET-1.jpg" />
	<meta property="og:image:width" content="1227" />
	<meta property="og:image:height" content="802" />
	<meta property="og:image:type" content="image/jpeg" />
<meta name="twitter:card" content="summary_large_image" />
<meta name="twitter:label1" content="Geschätzte Lesezeit" />
	<meta name="twitter:data1" content="2 Minuten" />
<script type="application/ld+json" class="yoast-schema-graph">{"@context":"https:\/\/schema.org","@graph":[{"@type":"WebPage","@id":"https:\/\/www.gero.lu\/de\/produit\/flux-2-seance-dinformation-2","url":"https:\/\/www.gero.lu\/de\/produit\/flux-2-seance-dinformation-2","name":"FLUX 2 - SEANCE D'INFORMATION - GERO","isPartOf":{"@id":"https:\/\/www.gero.lu\/de\/#website"},"datePublished":"2025-11-07T09:21:22+00:00","dateModified":"2026-04-20T07:10:36+00:00","breadcrumb":{"@id":"https:\/\/www.gero.lu\/de\/produit\/flux-2-seance-dinformation-2#breadcrumb"},"inLanguage":"de","potentialAction":[{"@type":"ReadAction","target":[["https:\/\/www.gero.lu\/de\/produit\/flux-2-seance-dinformation-2"]]}]},{"@type":"BreadcrumbList","@id":"https:\/\/www.gero.lu\/de\/produit\/flux-2-seance-dinformation-2#breadcrumb","itemListElement":[{"@type":"ListItem","position":1,"name":"Accueil","item":"https:\/\/www.gero.lu\/de\/"},{"@type":"ListItem","position":2,"name":"Shop","item":"https:\/\/www.gero.lu\/de\/shop"},{"@type":"ListItem","position":3,"name":"FLUX 2 &#8211; SEANCE D&rsquo;INFORMATION"}]},{"@type":"WebSite","@id":"https:\/\/www.gero.lu\/de\/#website","url":"https:\/\/www.gero.lu\/de\/","name":"Gero","description":"Kompetenzzenter fir den Alter","publisher":{"@id":"https:\/\/www.gero.lu\/de\/#organization"},"potentialAction":[{"@type":"SearchAction","target":{"@type":"EntryPoint","urlTemplate":"https:\/\/www.gero.lu\/de\/?s={search_term_string}"},"query-input":{"@type":"PropertyValueSpecification","valueRequired":true,"valueName":"search_term_string"}}],"inLanguage":"de"},{"@type":"Organization","@id":"https:\/\/www.gero.lu\/de\/#organization","name":"Gero","url":"https:\/\/www.gero.lu\/de\/","logo":{"@type":"ImageObject","inLanguage":"de","@id":"https:\/\/www.gero.lu\/de\/#\/schema\/logo\/image\/","url":"https:\/\/www.gero.lu\/wp-content\/uploads\/2024\/04\/logo.svg","contentUrl":"https:\/\/www.gero.lu\/wp-content\/uploads\/2024\/04\/logo.svg","width":76,"height":30,"caption":"Gero"},"image":{"@id":"https:\/\/www.gero.lu\/de\/#\/schema\/logo\/image\/"},"sameAs":["https:\/\/www.facebook.com\/Kompetenzzenter\/","https:\/\/www.instagram.com\/gero.kompetenzzenter\/","https:\/\/linkedin.com\/company\/gero-kompetenzzenter-fir-den-alter","https:\/\/www.youtube.com\/channel\/UCJvmJYSeHh3dYQsLHZupj-Q"]}]}</script>
<!-- / Yoast SEO Premium plugin. -->

Informationsveranstaltung zum Projekt FLUX2 – Training für Körper und Geist zur Sturzprävention Möchten Sie beweglich, sicher und geistig fit bleiben? Dann ist unser FLUX2-Programm genau das Richtige für Sie! Besuchen Sie unsere Informationsveranstaltung und entdecken Sie, wie gezieltes kognitiv-motorisches Training dazu beitragen kann, Stürze zu vermeiden und Ihre körperliche wie geistige Fitness zu stärken. Freuen [&hellip;]
