{"id":5488,"date":"2023-05-19T14:16:51","date_gmt":"2023-05-19T14:16:51","guid":{"rendered":"https:\/\/www.gero.lu\/?post_type=faq&#038;p=5488"},"modified":"2023-05-19T14:16:51","modified_gmt":"2023-05-19T14:16:51","slug":"selbstbestimmung-am-ende-des-lebens-2","status":"publish","type":"faq","link":"https:\/\/www.gero.lu\/de\/faq\/selbstbestimmung-am-ende-des-lebens-2","title":{"rendered":"Selbstbestimmung am Ende des Lebens"},"content":{"rendered":"<p><strong>1 Tag<\/strong><\/p>\n<p><strong>Luxemburgisch\/Deutsch<\/strong><\/p>\n<p><strong>M\u00e4i W\u00ebllen M\u00e4i Wee<\/strong><\/p>\n<p>&nbsp;<\/p>\n<p>Das Gesetz von 2009 erm\u00f6glicht einem Kranken, in verschiedenen F\u00e4llen hier in Luxemburg auf eine aktive Sterbehilfe zur\u00fcckgreifen zu k\u00f6nnen.<\/p>\n<p>In welchen Situationen ist dies der Fall? Was ist der Unterschied zwischen dem assistiertem Freitod und der Sterbehilfe, zwischen der Patientenverf\u00fcgung und den Bestimmungen zum Lebensende?<\/p>\n<p>Der Tod und das Leiden werden in unserer Gesellschaft oft tabuisiert. Besonders in der Pflegehilfe werden wir jedoch st\u00e4ndig mit dem Lebensende konfrontiert. Wie k\u00f6nnen wir f\u00fcr uns selbst einen entspannten Umgang mit diesen Themen finden?<\/p>\n<p>In diesem Seminar besch\u00e4ftigen wir uns unter anderem mit den folgenden Fragen:<\/p>\n<ul>\n<li>Sterbehilfe und assistierter Freitod<\/li>\n<li>Bestimmungen zum Lebensende<\/li>\n<li>Vertrauensperson<\/li>\n<li>Kommunikation<\/li>\n<li>Netzwerkarbeit<\/li>\n<li>Verantwortung und Selbstbestimmung<\/li>\n<\/ul>\n","protected":false},"featured_media":0,"template":"","faq_cat":[347],"class_list":["post-5488","faq","type-faq","status-publish","hentry","faq_cat-pflege-betreuung-und-therapie"],"acf":[],"yoast_head":"<!-- This site is optimized with the Yoast SEO Premium plugin v27.4 (Yoast SEO v27.4) - https:\/\/yoast.com\/product\/yoast-seo-premium-wordpress\/ -->\n<title>Selbstbestimmung am Ende des Lebens - GERO<\/title>\n<meta name=\"robots\" content=\"index, follow, max-snippet:-1, max-image-preview:large, max-video-preview:-1\" \/>\n<link rel=\"canonical\" href=\"https:\/\/www.gero.lu\/de\/faq\/selbstbestimmung-am-ende-des-lebens-2\" \/>\n<meta property=\"og:locale\" content=\"de_DE\" \/>\n<meta property=\"og:type\" content=\"article\" \/>\n<meta property=\"og:title\" content=\"Selbstbestimmung am Ende des Lebens\" \/>\n<meta property=\"og:description\" content=\"1 Tag Luxemburgisch\/Deutsch M\u00e4i W\u00ebllen M\u00e4i Wee &nbsp; Das Gesetz von 2009 erm\u00f6glicht einem Kranken, in verschiedenen F\u00e4llen hier in Luxemburg auf eine aktive Sterbehilfe zur\u00fcckgreifen zu k\u00f6nnen. In welchen Situationen ist dies der Fall? Was ist der Unterschied zwischen dem assistiertem Freitod und der Sterbehilfe, zwischen der Patientenverf\u00fcgung und den Bestimmungen zum Lebensende? Der [&hellip;]\" \/>\n<meta property=\"og:url\" content=\"https:\/\/www.gero.lu\/de\/faq\/selbstbestimmung-am-ende-des-lebens-2\" \/>\n<meta property=\"og:site_name\" content=\"GERO\" \/>\n<meta property=\"article:publisher\" content=\"https:\/\/www.facebook.com\/Kompetenzzenter\/\" \/>\n<meta property=\"og:image\" content=\"https:\/\/www.gero.lu\/wp-content\/uploads\/2021\/08\/gettyimages-1135289130-2048x2048_RET-1.jpg\" \/>\n\t<meta property=\"og:image:width\" content=\"1227\" \/>\n\t<meta property=\"og:image:height\" content=\"802\" \/>\n\t<meta property=\"og:image:type\" content=\"image\/jpeg\" \/>\n<meta name=\"twitter:card\" content=\"summary_large_image\" \/>\n<meta name=\"twitter:label1\" content=\"Gesch\u00e4tzte Lesezeit\" \/>\n\t<meta name=\"twitter:data1\" content=\"1\u00a0Minute\" \/>\n<script type=\"application\/ld+json\" class=\"yoast-schema-graph\">{\"@context\":\"https:\\\/\\\/schema.org\",\"@graph\":[{\"@type\":\"WebPage\",\"@id\":\"https:\\\/\\\/www.gero.lu\\\/de\\\/faq\\\/selbstbestimmung-am-ende-des-lebens-2\",\"url\":\"https:\\\/\\\/www.gero.lu\\\/de\\\/faq\\\/selbstbestimmung-am-ende-des-lebens-2\",\"name\":\"Selbstbestimmung am Ende des Lebens - GERO\",\"isPartOf\":{\"@id\":\"https:\\\/\\\/www.gero.lu\\\/de\\\/#website\"},\"datePublished\":\"2023-05-19T14:16:51+00:00\",\"breadcrumb\":{\"@id\":\"https:\\\/\\\/www.gero.lu\\\/de\\\/faq\\\/selbstbestimmung-am-ende-des-lebens-2#breadcrumb\"},\"inLanguage\":\"de\",\"potentialAction\":[{\"@type\":\"ReadAction\",\"target\":[[\"https:\\\/\\\/www.gero.lu\\\/de\\\/faq\\\/selbstbestimmung-am-ende-des-lebens-2\"]]}]},{\"@type\":\"BreadcrumbList\",\"@id\":\"https:\\\/\\\/www.gero.lu\\\/de\\\/faq\\\/selbstbestimmung-am-ende-des-lebens-2#breadcrumb\",\"itemListElement\":[{\"@type\":\"ListItem\",\"position\":1,\"name\":\"Accueil\",\"item\":\"https:\\\/\\\/www.gero.lu\\\/de\\\/\"},{\"@type\":\"ListItem\",\"position\":2,\"name\":\"Selbstbestimmung am Ende des Lebens\"}]},{\"@type\":\"WebSite\",\"@id\":\"https:\\\/\\\/www.gero.lu\\\/de\\\/#website\",\"url\":\"https:\\\/\\\/www.gero.lu\\\/de\\\/\",\"name\":\"Gero\",\"description\":\"Kompetenzzenter fir den Alter\",\"publisher\":{\"@id\":\"https:\\\/\\\/www.gero.lu\\\/de\\\/#organization\"},\"potentialAction\":[{\"@type\":\"SearchAction\",\"target\":{\"@type\":\"EntryPoint\",\"urlTemplate\":\"https:\\\/\\\/www.gero.lu\\\/de\\\/?s={search_term_string}\"},\"query-input\":{\"@type\":\"PropertyValueSpecification\",\"valueRequired\":true,\"valueName\":\"search_term_string\"}}],\"inLanguage\":\"de\"},{\"@type\":\"Organization\",\"@id\":\"https:\\\/\\\/www.gero.lu\\\/de\\\/#organization\",\"name\":\"Gero\",\"url\":\"https:\\\/\\\/www.gero.lu\\\/de\\\/\",\"logo\":{\"@type\":\"ImageObject\",\"inLanguage\":\"de\",\"@id\":\"https:\\\/\\\/www.gero.lu\\\/de\\\/#\\\/schema\\\/logo\\\/image\\\/\",\"url\":\"https:\\\/\\\/www.gero.lu\\\/wp-content\\\/uploads\\\/2024\\\/04\\\/logo.svg\",\"contentUrl\":\"https:\\\/\\\/www.gero.lu\\\/wp-content\\\/uploads\\\/2024\\\/04\\\/logo.svg\",\"width\":76,\"height\":30,\"caption\":\"Gero\"},\"image\":{\"@id\":\"https:\\\/\\\/www.gero.lu\\\/de\\\/#\\\/schema\\\/logo\\\/image\\\/\"},\"sameAs\":[\"https:\\\/\\\/www.facebook.com\\\/Kompetenzzenter\\\/\",\"https:\\\/\\\/www.instagram.com\\\/gero.kompetenzzenter\\\/\",\"https:\\\/\\\/linkedin.com\\\/company\\\/gero-kompetenzzenter-fir-den-alter\",\"https:\\\/\\\/www.youtube.com\\\/channel\\\/UCJvmJYSeHh3dYQsLHZupj-Q\"]}]}<\/script>\n<!-- \/ Yoast SEO Premium plugin. -->","yoast_head_json":{"title":"Selbstbestimmung am Ende des Lebens - GERO","robots":{"index":"index","follow":"follow","max-snippet":"max-snippet:-1","max-image-preview":"max-image-preview:large","max-video-preview":"max-video-preview:-1"},"canonical":"https:\/\/www.gero.lu\/de\/faq\/selbstbestimmung-am-ende-des-lebens-2","og_locale":"de_DE","og_type":"article","og_title":"Selbstbestimmung am Ende des Lebens","og_description":"1 Tag Luxemburgisch\/Deutsch M\u00e4i W\u00ebllen M\u00e4i Wee &nbsp; Das Gesetz von 2009 erm\u00f6glicht einem Kranken, in verschiedenen F\u00e4llen hier in Luxemburg auf eine aktive Sterbehilfe zur\u00fcckgreifen zu k\u00f6nnen. In welchen Situationen ist dies der Fall? Was ist der Unterschied zwischen dem assistiertem Freitod und der Sterbehilfe, zwischen der Patientenverf\u00fcgung und den Bestimmungen zum Lebensende? Der [&hellip;]","og_url":"https:\/\/www.gero.lu\/de\/faq\/selbstbestimmung-am-ende-des-lebens-2","og_site_name":"GERO","article_publisher":"https:\/\/www.facebook.com\/Kompetenzzenter\/","og_image":[{"width":1227,"height":802,"url":"https:\/\/www.gero.lu\/wp-content\/uploads\/2021\/08\/gettyimages-1135289130-2048x2048_RET-1.jpg","type":"image\/jpeg"}],"twitter_card":"summary_large_image","twitter_misc":{"Gesch\u00e4tzte Lesezeit":"1\u00a0Minute"},"schema":{"@context":"https:\/\/schema.org","@graph":[{"@type":"WebPage","@id":"https:\/\/www.gero.lu\/de\/faq\/selbstbestimmung-am-ende-des-lebens-2","url":"https:\/\/www.gero.lu\/de\/faq\/selbstbestimmung-am-ende-des-lebens-2","name":"Selbstbestimmung am Ende des Lebens - GERO","isPartOf":{"@id":"https:\/\/www.gero.lu\/de\/#website"},"datePublished":"2023-05-19T14:16:51+00:00","breadcrumb":{"@id":"https:\/\/www.gero.lu\/de\/faq\/selbstbestimmung-am-ende-des-lebens-2#breadcrumb"},"inLanguage":"de","potentialAction":[{"@type":"ReadAction","target":[["https:\/\/www.gero.lu\/de\/faq\/selbstbestimmung-am-ende-des-lebens-2"]]}]},{"@type":"BreadcrumbList","@id":"https:\/\/www.gero.lu\/de\/faq\/selbstbestimmung-am-ende-des-lebens-2#breadcrumb","itemListElement":[{"@type":"ListItem","position":1,"name":"Accueil","item":"https:\/\/www.gero.lu\/de\/"},{"@type":"ListItem","position":2,"name":"Selbstbestimmung am Ende des Lebens"}]},{"@type":"WebSite","@id":"https:\/\/www.gero.lu\/de\/#website","url":"https:\/\/www.gero.lu\/de\/","name":"Gero","description":"Kompetenzzenter fir den Alter","publisher":{"@id":"https:\/\/www.gero.lu\/de\/#organization"},"potentialAction":[{"@type":"SearchAction","target":{"@type":"EntryPoint","urlTemplate":"https:\/\/www.gero.lu\/de\/?s={search_term_string}"},"query-input":{"@type":"PropertyValueSpecification","valueRequired":true,"valueName":"search_term_string"}}],"inLanguage":"de"},{"@type":"Organization","@id":"https:\/\/www.gero.lu\/de\/#organization","name":"Gero","url":"https:\/\/www.gero.lu\/de\/","logo":{"@type":"ImageObject","inLanguage":"de","@id":"https:\/\/www.gero.lu\/de\/#\/schema\/logo\/image\/","url":"https:\/\/www.gero.lu\/wp-content\/uploads\/2024\/04\/logo.svg","contentUrl":"https:\/\/www.gero.lu\/wp-content\/uploads\/2024\/04\/logo.svg","width":76,"height":30,"caption":"Gero"},"image":{"@id":"https:\/\/www.gero.lu\/de\/#\/schema\/logo\/image\/"},"sameAs":["https:\/\/www.facebook.com\/Kompetenzzenter\/","https:\/\/www.instagram.com\/gero.kompetenzzenter\/","https:\/\/linkedin.com\/company\/gero-kompetenzzenter-fir-den-alter","https:\/\/www.youtube.com\/channel\/UCJvmJYSeHh3dYQsLHZupj-Q"]}]}},"_links":{"self":[{"href":"https:\/\/www.gero.lu\/de\/wp-json\/wp\/v2\/faq\/5488","targetHints":{"allow":["GET"]}}],"collection":[{"href":"https:\/\/www.gero.lu\/de\/wp-json\/wp\/v2\/faq"}],"about":[{"href":"https:\/\/www.gero.lu\/de\/wp-json\/wp\/v2\/types\/faq"}],"wp:attachment":[{"href":"https:\/\/www.gero.lu\/de\/wp-json\/wp\/v2\/media?parent=5488"}],"wp:term":[{"taxonomy":"faq_cat","embeddable":true,"href":"https:\/\/www.gero.lu\/de\/wp-json\/wp\/v2\/faq_cat?post=5488"}],"curies":[{"name":"wp","href":"https:\/\/api.w.org\/{rel}","templated":true}]}}

<p><strong>1 Tag</strong></p>
<p><strong>Luxemburgisch/Deutsch</strong></p>
<p><strong>Mäi Wëllen Mäi Wee</strong></p>
<p>&nbsp;</p>
<p>Das Gesetz von 2009 ermöglicht einem Kranken, in verschiedenen Fällen hier in Luxemburg auf eine aktive Sterbehilfe zurückgreifen zu können.</p>
<p>In welchen Situationen ist dies der Fall? Was ist der Unterschied zwischen dem assistiertem Freitod und der Sterbehilfe, zwischen der Patientenverfügung und den Bestimmungen zum Lebensende?</p>
<p>Der Tod und das Leiden werden in unserer Gesellschaft oft tabuisiert. Besonders in der Pflegehilfe werden wir jedoch ständig mit dem Lebensende konfrontiert. Wie können wir für uns selbst einen entspannten Umgang mit diesen Themen finden?</p>
<p>In diesem Seminar beschäftigen wir uns unter anderem mit den folgenden Fragen:</p>
<ul>
<li>Sterbehilfe und assistierter Freitod</li>
<li>Bestimmungen zum Lebensende</li>
<li>Vertrauensperson</li>
<li>Kommunikation</li>
<li>Netzwerkarbeit</li>
<li>Verantwortung und Selbstbestimmung</li>
</ul>

<!-- This site is optimized with the Yoast SEO Premium plugin v27.4 (Yoast SEO v27.4) - https://yoast.com/product/yoast-seo-premium-wordpress/ -->
<title>Selbstbestimmung am Ende des Lebens - GERO</title>
<meta name="robots" content="index, follow, max-snippet:-1, max-image-preview:large, max-video-preview:-1" />
<link rel="canonical" href="https://www.gero.lu/de/faq/selbstbestimmung-am-ende-des-lebens-2" />
<meta property="og:locale" content="de_DE" />
<meta property="og:type" content="article" />
<meta property="og:title" content="Selbstbestimmung am Ende des Lebens" />
<meta property="og:description" content="1 Tag Luxemburgisch/Deutsch Mäi Wëllen Mäi Wee &nbsp; Das Gesetz von 2009 ermöglicht einem Kranken, in verschiedenen Fällen hier in Luxemburg auf eine aktive Sterbehilfe zurückgreifen zu können. In welchen Situationen ist dies der Fall? Was ist der Unterschied zwischen dem assistiertem Freitod und der Sterbehilfe, zwischen der Patientenverfügung und den Bestimmungen zum Lebensende? Der [&hellip;]" />
<meta property="og:url" content="https://www.gero.lu/de/faq/selbstbestimmung-am-ende-des-lebens-2" />
<meta property="og:site_name" content="GERO" />
<meta property="article:publisher" content="https://www.facebook.com/Kompetenzzenter/" />
<meta property="og:image" content="https://www.gero.lu/wp-content/uploads/2021/08/gettyimages-1135289130-2048x2048_RET-1.jpg" />
	<meta property="og:image:width" content="1227" />
	<meta property="og:image:height" content="802" />
	<meta property="og:image:type" content="image/jpeg" />
<meta name="twitter:card" content="summary_large_image" />
<meta name="twitter:label1" content="Geschätzte Lesezeit" />
	<meta name="twitter:data1" content="1 Minute" />
<script type="application/ld+json" class="yoast-schema-graph">{"@context":"https:\/\/schema.org","@graph":[{"@type":"WebPage","@id":"https:\/\/www.gero.lu\/de\/faq\/selbstbestimmung-am-ende-des-lebens-2","url":"https:\/\/www.gero.lu\/de\/faq\/selbstbestimmung-am-ende-des-lebens-2","name":"Selbstbestimmung am Ende des Lebens - GERO","isPartOf":{"@id":"https:\/\/www.gero.lu\/de\/#website"},"datePublished":"2023-05-19T14:16:51+00:00","breadcrumb":{"@id":"https:\/\/www.gero.lu\/de\/faq\/selbstbestimmung-am-ende-des-lebens-2#breadcrumb"},"inLanguage":"de","potentialAction":[{"@type":"ReadAction","target":[["https:\/\/www.gero.lu\/de\/faq\/selbstbestimmung-am-ende-des-lebens-2"]]}]},{"@type":"BreadcrumbList","@id":"https:\/\/www.gero.lu\/de\/faq\/selbstbestimmung-am-ende-des-lebens-2#breadcrumb","itemListElement":[{"@type":"ListItem","position":1,"name":"Accueil","item":"https:\/\/www.gero.lu\/de\/"},{"@type":"ListItem","position":2,"name":"Selbstbestimmung am Ende des Lebens"}]},{"@type":"WebSite","@id":"https:\/\/www.gero.lu\/de\/#website","url":"https:\/\/www.gero.lu\/de\/","name":"Gero","description":"Kompetenzzenter fir den Alter","publisher":{"@id":"https:\/\/www.gero.lu\/de\/#organization"},"potentialAction":[{"@type":"SearchAction","target":{"@type":"EntryPoint","urlTemplate":"https:\/\/www.gero.lu\/de\/?s={search_term_string}"},"query-input":{"@type":"PropertyValueSpecification","valueRequired":true,"valueName":"search_term_string"}}],"inLanguage":"de"},{"@type":"Organization","@id":"https:\/\/www.gero.lu\/de\/#organization","name":"Gero","url":"https:\/\/www.gero.lu\/de\/","logo":{"@type":"ImageObject","inLanguage":"de","@id":"https:\/\/www.gero.lu\/de\/#\/schema\/logo\/image\/","url":"https:\/\/www.gero.lu\/wp-content\/uploads\/2024\/04\/logo.svg","contentUrl":"https:\/\/www.gero.lu\/wp-content\/uploads\/2024\/04\/logo.svg","width":76,"height":30,"caption":"Gero"},"image":{"@id":"https:\/\/www.gero.lu\/de\/#\/schema\/logo\/image\/"},"sameAs":["https:\/\/www.facebook.com\/Kompetenzzenter\/","https:\/\/www.instagram.com\/gero.kompetenzzenter\/","https:\/\/linkedin.com\/company\/gero-kompetenzzenter-fir-den-alter","https:\/\/www.youtube.com\/channel\/UCJvmJYSeHh3dYQsLHZupj-Q"]}]}</script>
<!-- / Yoast SEO Premium plugin. -->

1 Tag Luxemburgisch/Deutsch Mäi Wëllen Mäi Wee &nbsp; Das Gesetz von 2009 ermöglicht einem Kranken, in verschiedenen Fällen hier in Luxemburg auf eine aktive Sterbehilfe zurückgreifen zu können. In welchen Situationen ist dies der Fall? Was ist der Unterschied zwischen dem assistiertem Freitod und der Sterbehilfe, zwischen der Patientenverfügung und den Bestimmungen zum Lebensende? Der [&hellip;]
