{"id":5484,"date":"2023-05-19T14:13:22","date_gmt":"2023-05-19T14:13:22","guid":{"rendered":"https:\/\/www.gero.lu\/?post_type=faq&#038;p=5484"},"modified":"2023-05-19T14:13:22","modified_gmt":"2023-05-19T14:13:22","slug":"parkinson","status":"publish","type":"faq","link":"https:\/\/www.gero.lu\/de\/faq\/parkinson","title":{"rendered":"Parkinson"},"content":{"rendered":"<p><strong>Seminar<\/strong><\/p>\n<p><strong>1 Tag<\/strong><\/p>\n<p><strong>Luxemburgisch<\/strong><\/p>\n<p><strong>Thierry Lentz<\/strong><\/p>\n<p>&nbsp;<\/p>\n<p><strong>Parkinson &#8211; Die Krankheit aus der Sicht der Patient*innen<\/strong><\/p>\n<p>Parkinson, auch die Krankheit der tausend Gesichter genannt, ist eine neurodegenerative Krankheit, deren Symptome sich von Person zu Person unterscheiden.<\/p>\n<p>Bis dato ist Parkinson eine noch recht unerforschte Krankheit. Dieser Umstand f\u00fchrt dazu, dass die Betroffenen und Ihre Familien sich oft alleingelassen f\u00fchlen und eine Menge Fragen offen bleiben.<\/p>\n<p>Am Ende des Seminars k\u00f6nnen die Teilnehmenden die Komplexit\u00e4t dieser neurodegenerativen Erkrankung verstehen und sind in der Lage, ruhig, flexibel und kreativ auf die allt\u00e4glichen Probleme des Lebens mit dieser Erkrankung zu reagieren.<\/p>\n<p>In diesem Seminar werden wir uns mit folgenden Fragen besch\u00e4ftigen:<\/p>\n<ul>\n<li>Wie erleben die Patienten und ihre Familien die Diagnose Parkinson?<\/li>\n<li>Wie gestalten die betroffenen Familien den Alltag mit der Krankheit?<\/li>\n<li>Welchen Impakt hat die Krankheit auf das Familienleben?<\/li>\n<li>Welche Angebote gibt es und wie k\u00f6nnen die Patienten sich selbst helfen?<\/li>\n<li>Wie erleben die Patienten die Versorgung in den verschiedenen Institutionen?<\/li>\n<li>Anhand von praktischen Beispielen und einem Simulationsanzug wird versucht, den Teilnehmenden den Alltag mit der Krankheit n\u00e4her zu bringen.<\/li>\n<\/ul>\n","protected":false},"featured_media":0,"template":"","faq_cat":[347],"class_list":["post-5484","faq","type-faq","status-publish","hentry","faq_cat-pflege-betreuung-und-therapie"],"acf":[],"yoast_head":"<!-- This site is optimized with the Yoast SEO Premium plugin v27.4 (Yoast SEO v27.5) - https:\/\/yoast.com\/product\/yoast-seo-premium-wordpress\/ -->\n<title>Parkinson - GERO<\/title>\n<meta name=\"robots\" content=\"index, follow, max-snippet:-1, max-image-preview:large, max-video-preview:-1\" \/>\n<link rel=\"canonical\" href=\"https:\/\/www.gero.lu\/de\/faq\/parkinson\" \/>\n<meta property=\"og:locale\" content=\"de_DE\" \/>\n<meta property=\"og:type\" content=\"article\" \/>\n<meta property=\"og:title\" content=\"Parkinson\" \/>\n<meta property=\"og:description\" content=\"Seminar 1 Tag Luxemburgisch Thierry Lentz &nbsp; Parkinson &#8211; Die Krankheit aus der Sicht der Patient*innen Parkinson, auch die Krankheit der tausend Gesichter genannt, ist eine neurodegenerative Krankheit, deren Symptome sich von Person zu Person unterscheiden. Bis dato ist Parkinson eine noch recht unerforschte Krankheit. Dieser Umstand f\u00fchrt dazu, dass die Betroffenen und Ihre Familien [&hellip;]\" \/>\n<meta property=\"og:url\" content=\"https:\/\/www.gero.lu\/de\/faq\/parkinson\" \/>\n<meta property=\"og:site_name\" content=\"GERO\" \/>\n<meta property=\"article:publisher\" content=\"https:\/\/www.facebook.com\/Kompetenzzenter\/\" \/>\n<meta property=\"og:image\" content=\"https:\/\/www.gero.lu\/wp-content\/uploads\/2021\/08\/gettyimages-1135289130-2048x2048_RET-1.jpg\" \/>\n\t<meta property=\"og:image:width\" content=\"1227\" \/>\n\t<meta property=\"og:image:height\" content=\"802\" \/>\n\t<meta property=\"og:image:type\" content=\"image\/jpeg\" \/>\n<meta name=\"twitter:card\" content=\"summary_large_image\" \/>\n<meta name=\"twitter:label1\" content=\"Gesch\u00e4tzte Lesezeit\" \/>\n\t<meta name=\"twitter:data1\" content=\"1\u00a0Minute\" \/>\n<script type=\"application\/ld+json\" class=\"yoast-schema-graph\">{\"@context\":\"https:\\\/\\\/schema.org\",\"@graph\":[{\"@type\":\"WebPage\",\"@id\":\"https:\\\/\\\/www.gero.lu\\\/de\\\/faq\\\/parkinson\",\"url\":\"https:\\\/\\\/www.gero.lu\\\/de\\\/faq\\\/parkinson\",\"name\":\"Parkinson - GERO\",\"isPartOf\":{\"@id\":\"https:\\\/\\\/www.gero.lu\\\/de\\\/#website\"},\"datePublished\":\"2023-05-19T14:13:22+00:00\",\"breadcrumb\":{\"@id\":\"https:\\\/\\\/www.gero.lu\\\/de\\\/faq\\\/parkinson#breadcrumb\"},\"inLanguage\":\"de\",\"potentialAction\":[{\"@type\":\"ReadAction\",\"target\":[[\"https:\\\/\\\/www.gero.lu\\\/de\\\/faq\\\/parkinson\"]]}]},{\"@type\":\"BreadcrumbList\",\"@id\":\"https:\\\/\\\/www.gero.lu\\\/de\\\/faq\\\/parkinson#breadcrumb\",\"itemListElement\":[{\"@type\":\"ListItem\",\"position\":1,\"name\":\"Accueil\",\"item\":\"https:\\\/\\\/www.gero.lu\\\/de\\\/\"},{\"@type\":\"ListItem\",\"position\":2,\"name\":\"Parkinson\"}]},{\"@type\":\"WebSite\",\"@id\":\"https:\\\/\\\/www.gero.lu\\\/de\\\/#website\",\"url\":\"https:\\\/\\\/www.gero.lu\\\/de\\\/\",\"name\":\"Gero\",\"description\":\"Kompetenzzenter fir den Alter\",\"publisher\":{\"@id\":\"https:\\\/\\\/www.gero.lu\\\/de\\\/#organization\"},\"potentialAction\":[{\"@type\":\"SearchAction\",\"target\":{\"@type\":\"EntryPoint\",\"urlTemplate\":\"https:\\\/\\\/www.gero.lu\\\/de\\\/?s={search_term_string}\"},\"query-input\":{\"@type\":\"PropertyValueSpecification\",\"valueRequired\":true,\"valueName\":\"search_term_string\"}}],\"inLanguage\":\"de\"},{\"@type\":\"Organization\",\"@id\":\"https:\\\/\\\/www.gero.lu\\\/de\\\/#organization\",\"name\":\"Gero\",\"url\":\"https:\\\/\\\/www.gero.lu\\\/de\\\/\",\"logo\":{\"@type\":\"ImageObject\",\"inLanguage\":\"de\",\"@id\":\"https:\\\/\\\/www.gero.lu\\\/de\\\/#\\\/schema\\\/logo\\\/image\\\/\",\"url\":\"https:\\\/\\\/www.gero.lu\\\/wp-content\\\/uploads\\\/2024\\\/04\\\/logo.svg\",\"contentUrl\":\"https:\\\/\\\/www.gero.lu\\\/wp-content\\\/uploads\\\/2024\\\/04\\\/logo.svg\",\"width\":76,\"height\":30,\"caption\":\"Gero\"},\"image\":{\"@id\":\"https:\\\/\\\/www.gero.lu\\\/de\\\/#\\\/schema\\\/logo\\\/image\\\/\"},\"sameAs\":[\"https:\\\/\\\/www.facebook.com\\\/Kompetenzzenter\\\/\",\"https:\\\/\\\/www.instagram.com\\\/gero.kompetenzzenter\\\/\",\"https:\\\/\\\/linkedin.com\\\/company\\\/gero-kompetenzzenter-fir-den-alter\",\"https:\\\/\\\/www.youtube.com\\\/channel\\\/UCJvmJYSeHh3dYQsLHZupj-Q\"]}]}<\/script>\n<!-- \/ Yoast SEO Premium plugin. -->","yoast_head_json":{"title":"Parkinson - GERO","robots":{"index":"index","follow":"follow","max-snippet":"max-snippet:-1","max-image-preview":"max-image-preview:large","max-video-preview":"max-video-preview:-1"},"canonical":"https:\/\/www.gero.lu\/de\/faq\/parkinson","og_locale":"de_DE","og_type":"article","og_title":"Parkinson","og_description":"Seminar 1 Tag Luxemburgisch Thierry Lentz &nbsp; Parkinson &#8211; Die Krankheit aus der Sicht der Patient*innen Parkinson, auch die Krankheit der tausend Gesichter genannt, ist eine neurodegenerative Krankheit, deren Symptome sich von Person zu Person unterscheiden. Bis dato ist Parkinson eine noch recht unerforschte Krankheit. Dieser Umstand f\u00fchrt dazu, dass die Betroffenen und Ihre Familien [&hellip;]","og_url":"https:\/\/www.gero.lu\/de\/faq\/parkinson","og_site_name":"GERO","article_publisher":"https:\/\/www.facebook.com\/Kompetenzzenter\/","og_image":[{"width":1227,"height":802,"url":"https:\/\/www.gero.lu\/wp-content\/uploads\/2021\/08\/gettyimages-1135289130-2048x2048_RET-1.jpg","type":"image\/jpeg"}],"twitter_card":"summary_large_image","twitter_misc":{"Gesch\u00e4tzte Lesezeit":"1\u00a0Minute"},"schema":{"@context":"https:\/\/schema.org","@graph":[{"@type":"WebPage","@id":"https:\/\/www.gero.lu\/de\/faq\/parkinson","url":"https:\/\/www.gero.lu\/de\/faq\/parkinson","name":"Parkinson - GERO","isPartOf":{"@id":"https:\/\/www.gero.lu\/de\/#website"},"datePublished":"2023-05-19T14:13:22+00:00","breadcrumb":{"@id":"https:\/\/www.gero.lu\/de\/faq\/parkinson#breadcrumb"},"inLanguage":"de","potentialAction":[{"@type":"ReadAction","target":[["https:\/\/www.gero.lu\/de\/faq\/parkinson"]]}]},{"@type":"BreadcrumbList","@id":"https:\/\/www.gero.lu\/de\/faq\/parkinson#breadcrumb","itemListElement":[{"@type":"ListItem","position":1,"name":"Accueil","item":"https:\/\/www.gero.lu\/de\/"},{"@type":"ListItem","position":2,"name":"Parkinson"}]},{"@type":"WebSite","@id":"https:\/\/www.gero.lu\/de\/#website","url":"https:\/\/www.gero.lu\/de\/","name":"Gero","description":"Kompetenzzenter fir den Alter","publisher":{"@id":"https:\/\/www.gero.lu\/de\/#organization"},"potentialAction":[{"@type":"SearchAction","target":{"@type":"EntryPoint","urlTemplate":"https:\/\/www.gero.lu\/de\/?s={search_term_string}"},"query-input":{"@type":"PropertyValueSpecification","valueRequired":true,"valueName":"search_term_string"}}],"inLanguage":"de"},{"@type":"Organization","@id":"https:\/\/www.gero.lu\/de\/#organization","name":"Gero","url":"https:\/\/www.gero.lu\/de\/","logo":{"@type":"ImageObject","inLanguage":"de","@id":"https:\/\/www.gero.lu\/de\/#\/schema\/logo\/image\/","url":"https:\/\/www.gero.lu\/wp-content\/uploads\/2024\/04\/logo.svg","contentUrl":"https:\/\/www.gero.lu\/wp-content\/uploads\/2024\/04\/logo.svg","width":76,"height":30,"caption":"Gero"},"image":{"@id":"https:\/\/www.gero.lu\/de\/#\/schema\/logo\/image\/"},"sameAs":["https:\/\/www.facebook.com\/Kompetenzzenter\/","https:\/\/www.instagram.com\/gero.kompetenzzenter\/","https:\/\/linkedin.com\/company\/gero-kompetenzzenter-fir-den-alter","https:\/\/www.youtube.com\/channel\/UCJvmJYSeHh3dYQsLHZupj-Q"]}]}},"_links":{"self":[{"href":"https:\/\/www.gero.lu\/de\/wp-json\/wp\/v2\/faq\/5484","targetHints":{"allow":["GET"]}}],"collection":[{"href":"https:\/\/www.gero.lu\/de\/wp-json\/wp\/v2\/faq"}],"about":[{"href":"https:\/\/www.gero.lu\/de\/wp-json\/wp\/v2\/types\/faq"}],"wp:attachment":[{"href":"https:\/\/www.gero.lu\/de\/wp-json\/wp\/v2\/media?parent=5484"}],"wp:term":[{"taxonomy":"faq_cat","embeddable":true,"href":"https:\/\/www.gero.lu\/de\/wp-json\/wp\/v2\/faq_cat?post=5484"}],"curies":[{"name":"wp","href":"https:\/\/api.w.org\/{rel}","templated":true}]}}

<p><strong>Seminar</strong></p>
<p><strong>1 Tag</strong></p>
<p><strong>Luxemburgisch</strong></p>
<p><strong>Thierry Lentz</strong></p>
<p>&nbsp;</p>
<p><strong>Parkinson &#8211; Die Krankheit aus der Sicht der Patient*innen</strong></p>
<p>Parkinson, auch die Krankheit der tausend Gesichter genannt, ist eine neurodegenerative Krankheit, deren Symptome sich von Person zu Person unterscheiden.</p>
<p>Bis dato ist Parkinson eine noch recht unerforschte Krankheit. Dieser Umstand führt dazu, dass die Betroffenen und Ihre Familien sich oft alleingelassen fühlen und eine Menge Fragen offen bleiben.</p>
<p>Am Ende des Seminars können die Teilnehmenden die Komplexität dieser neurodegenerativen Erkrankung verstehen und sind in der Lage, ruhig, flexibel und kreativ auf die alltäglichen Probleme des Lebens mit dieser Erkrankung zu reagieren.</p>
<p>In diesem Seminar werden wir uns mit folgenden Fragen beschäftigen:</p>
<ul>
<li>Wie erleben die Patienten und ihre Familien die Diagnose Parkinson?</li>
<li>Wie gestalten die betroffenen Familien den Alltag mit der Krankheit?</li>
<li>Welchen Impakt hat die Krankheit auf das Familienleben?</li>
<li>Welche Angebote gibt es und wie können die Patienten sich selbst helfen?</li>
<li>Wie erleben die Patienten die Versorgung in den verschiedenen Institutionen?</li>
<li>Anhand von praktischen Beispielen und einem Simulationsanzug wird versucht, den Teilnehmenden den Alltag mit der Krankheit näher zu bringen.</li>
</ul>

<!-- This site is optimized with the Yoast SEO Premium plugin v27.4 (Yoast SEO v27.5) - https://yoast.com/product/yoast-seo-premium-wordpress/ -->
<title>Parkinson - GERO</title>
<meta name="robots" content="index, follow, max-snippet:-1, max-image-preview:large, max-video-preview:-1" />
<link rel="canonical" href="https://www.gero.lu/de/faq/parkinson" />
<meta property="og:locale" content="de_DE" />
<meta property="og:type" content="article" />
<meta property="og:title" content="Parkinson" />
<meta property="og:description" content="Seminar 1 Tag Luxemburgisch Thierry Lentz &nbsp; Parkinson &#8211; Die Krankheit aus der Sicht der Patient*innen Parkinson, auch die Krankheit der tausend Gesichter genannt, ist eine neurodegenerative Krankheit, deren Symptome sich von Person zu Person unterscheiden. Bis dato ist Parkinson eine noch recht unerforschte Krankheit. Dieser Umstand führt dazu, dass die Betroffenen und Ihre Familien [&hellip;]" />
<meta property="og:url" content="https://www.gero.lu/de/faq/parkinson" />
<meta property="og:site_name" content="GERO" />
<meta property="article:publisher" content="https://www.facebook.com/Kompetenzzenter/" />
<meta property="og:image" content="https://www.gero.lu/wp-content/uploads/2021/08/gettyimages-1135289130-2048x2048_RET-1.jpg" />
	<meta property="og:image:width" content="1227" />
	<meta property="og:image:height" content="802" />
	<meta property="og:image:type" content="image/jpeg" />
<meta name="twitter:card" content="summary_large_image" />
<meta name="twitter:label1" content="Geschätzte Lesezeit" />
	<meta name="twitter:data1" content="1 Minute" />
<script type="application/ld+json" class="yoast-schema-graph">{"@context":"https:\/\/schema.org","@graph":[{"@type":"WebPage","@id":"https:\/\/www.gero.lu\/de\/faq\/parkinson","url":"https:\/\/www.gero.lu\/de\/faq\/parkinson","name":"Parkinson - GERO","isPartOf":{"@id":"https:\/\/www.gero.lu\/de\/#website"},"datePublished":"2023-05-19T14:13:22+00:00","breadcrumb":{"@id":"https:\/\/www.gero.lu\/de\/faq\/parkinson#breadcrumb"},"inLanguage":"de","potentialAction":[{"@type":"ReadAction","target":[["https:\/\/www.gero.lu\/de\/faq\/parkinson"]]}]},{"@type":"BreadcrumbList","@id":"https:\/\/www.gero.lu\/de\/faq\/parkinson#breadcrumb","itemListElement":[{"@type":"ListItem","position":1,"name":"Accueil","item":"https:\/\/www.gero.lu\/de\/"},{"@type":"ListItem","position":2,"name":"Parkinson"}]},{"@type":"WebSite","@id":"https:\/\/www.gero.lu\/de\/#website","url":"https:\/\/www.gero.lu\/de\/","name":"Gero","description":"Kompetenzzenter fir den Alter","publisher":{"@id":"https:\/\/www.gero.lu\/de\/#organization"},"potentialAction":[{"@type":"SearchAction","target":{"@type":"EntryPoint","urlTemplate":"https:\/\/www.gero.lu\/de\/?s={search_term_string}"},"query-input":{"@type":"PropertyValueSpecification","valueRequired":true,"valueName":"search_term_string"}}],"inLanguage":"de"},{"@type":"Organization","@id":"https:\/\/www.gero.lu\/de\/#organization","name":"Gero","url":"https:\/\/www.gero.lu\/de\/","logo":{"@type":"ImageObject","inLanguage":"de","@id":"https:\/\/www.gero.lu\/de\/#\/schema\/logo\/image\/","url":"https:\/\/www.gero.lu\/wp-content\/uploads\/2024\/04\/logo.svg","contentUrl":"https:\/\/www.gero.lu\/wp-content\/uploads\/2024\/04\/logo.svg","width":76,"height":30,"caption":"Gero"},"image":{"@id":"https:\/\/www.gero.lu\/de\/#\/schema\/logo\/image\/"},"sameAs":["https:\/\/www.facebook.com\/Kompetenzzenter\/","https:\/\/www.instagram.com\/gero.kompetenzzenter\/","https:\/\/linkedin.com\/company\/gero-kompetenzzenter-fir-den-alter","https:\/\/www.youtube.com\/channel\/UCJvmJYSeHh3dYQsLHZupj-Q"]}]}</script>
<!-- / Yoast SEO Premium plugin. -->

Seminar 1 Tag Luxemburgisch Thierry Lentz &nbsp; Parkinson &#8211; Die Krankheit aus der Sicht der Patient*innen Parkinson, auch die Krankheit der tausend Gesichter genannt, ist eine neurodegenerative Krankheit, deren Symptome sich von Person zu Person unterscheiden. Bis dato ist Parkinson eine noch recht unerforschte Krankheit. Dieser Umstand führt dazu, dass die Betroffenen und Ihre Familien [&hellip;]
