{"id":5483,"date":"2023-05-19T14:12:17","date_gmt":"2023-05-19T14:12:17","guid":{"rendered":"https:\/\/www.gero.lu\/?post_type=faq&#038;p=5483"},"modified":"2023-05-19T14:12:17","modified_gmt":"2023-05-19T14:12:17","slug":"la-maladie-de-parkinson","status":"publish","type":"faq","link":"https:\/\/www.gero.lu\/de\/faq\/la-maladie-de-parkinson","title":{"rendered":"La maladie de Parkinson"},"content":{"rendered":"<p><strong>S\u00e9minaire<\/strong><\/p>\n<p><strong>1 jours<\/strong><\/p>\n<p><strong>Fran\u00e7ais<\/strong><\/p>\n<p><strong>Thierry Lentz<\/strong><\/p>\n<p>&nbsp;<\/p>\n<p><strong>La maladie de Parkinson du point de vue des patients<\/strong><\/p>\n<p>La maladie de Parkinson, souvent appel\u00e9e la maladie aux mille visages, est une maladie neurod\u00e9g\u00e9n\u00e9rative dont les sympt\u00f4mes varient d&#8217;une personne \u00e0 l&#8217;autre.<\/p>\n<p>Jusqu&#8217;\u00e0 pr\u00e9sent, la maladie de Parkinson est une pathologie encore tr\u00e8s peu \u00e9tudi\u00e9e. De ce fait, les personnes concern\u00e9es et leurs familles se sentent souvent isol\u00e9es et se posent de nombreuses questions.<\/p>\n<p>Les diff\u00e9rents points abord\u00e9s dans cette formation sont\u00a0:<\/p>\n<ul>\n<li>Comment les patients et leurs familles vivent-ils le diagnostic de la maladie de Parkinson ?<\/li>\n<li>Comment les familles concern\u00e9es g\u00e8rent-elles le quotidien avec la maladie ?<\/li>\n<li>Quel est l&#8217;impact de la maladie sur la vie familiale ?<\/li>\n<li>Quelles sont les offres disponibles et comment les patients peuvent-ils s&#8217;aider eux-m\u00eames ?<\/li>\n<li>Comment les patients vivent-ils la prise en charge dans les diff\u00e9rentes institutions ?<\/li>\n<\/ul>\n<p>\u00c0 l&#8217;aide d&#8217;exemples pratiques et d&#8217;une combinaison de simulation, les participants tenteront de se familiariser avec la vie quotidienne avec la maladie.<\/p>\n<p>\u00c0 la fin du s\u00e9minaire, les participants pourront comprendre la complexit\u00e9 de cette maladie neurod\u00e9g\u00e9n\u00e9rative et seront en mesure de r\u00e9agir de mani\u00e8re calme, flexible et cr\u00e9ative aux probl\u00e8mes quotidiens de la vie avec cette maladie.<\/p>\n","protected":false},"featured_media":0,"template":"","faq_cat":[347],"class_list":["post-5483","faq","type-faq","status-publish","hentry","faq_cat-pflege-betreuung-und-therapie"],"acf":[],"yoast_head":"<!-- This site is optimized with the Yoast SEO Premium plugin v27.4 (Yoast SEO v27.5) - https:\/\/yoast.com\/product\/yoast-seo-premium-wordpress\/ -->\n<title>La maladie de Parkinson - GERO<\/title>\n<meta name=\"robots\" content=\"index, follow, max-snippet:-1, max-image-preview:large, max-video-preview:-1\" \/>\n<link rel=\"canonical\" href=\"https:\/\/www.gero.lu\/de\/faq\/la-maladie-de-parkinson\" \/>\n<meta property=\"og:locale\" content=\"de_DE\" \/>\n<meta property=\"og:type\" content=\"article\" \/>\n<meta property=\"og:title\" content=\"La maladie de Parkinson\" \/>\n<meta property=\"og:description\" content=\"S\u00e9minaire 1 jours Fran\u00e7ais Thierry Lentz &nbsp; La maladie de Parkinson du point de vue des patients La maladie de Parkinson, souvent appel\u00e9e la maladie aux mille visages, est une maladie neurod\u00e9g\u00e9n\u00e9rative dont les sympt\u00f4mes varient d&#8217;une personne \u00e0 l&#8217;autre. Jusqu&#8217;\u00e0 pr\u00e9sent, la maladie de Parkinson est une pathologie encore tr\u00e8s peu \u00e9tudi\u00e9e. De ce [&hellip;]\" \/>\n<meta property=\"og:url\" content=\"https:\/\/www.gero.lu\/de\/faq\/la-maladie-de-parkinson\" \/>\n<meta property=\"og:site_name\" content=\"GERO\" \/>\n<meta property=\"article:publisher\" content=\"https:\/\/www.facebook.com\/Kompetenzzenter\/\" \/>\n<meta property=\"og:image\" content=\"https:\/\/www.gero.lu\/wp-content\/uploads\/2021\/08\/gettyimages-1135289130-2048x2048_RET-1.jpg\" \/>\n\t<meta property=\"og:image:width\" content=\"1227\" \/>\n\t<meta property=\"og:image:height\" content=\"802\" \/>\n\t<meta property=\"og:image:type\" content=\"image\/jpeg\" \/>\n<meta name=\"twitter:card\" content=\"summary_large_image\" \/>\n<meta name=\"twitter:label1\" content=\"Gesch\u00e4tzte Lesezeit\" \/>\n\t<meta name=\"twitter:data1\" content=\"1\u00a0Minute\" \/>\n<script type=\"application\/ld+json\" class=\"yoast-schema-graph\">{\"@context\":\"https:\\\/\\\/schema.org\",\"@graph\":[{\"@type\":\"WebPage\",\"@id\":\"https:\\\/\\\/www.gero.lu\\\/de\\\/faq\\\/la-maladie-de-parkinson\",\"url\":\"https:\\\/\\\/www.gero.lu\\\/de\\\/faq\\\/la-maladie-de-parkinson\",\"name\":\"La maladie de Parkinson - GERO\",\"isPartOf\":{\"@id\":\"https:\\\/\\\/www.gero.lu\\\/de\\\/#website\"},\"datePublished\":\"2023-05-19T14:12:17+00:00\",\"breadcrumb\":{\"@id\":\"https:\\\/\\\/www.gero.lu\\\/de\\\/faq\\\/la-maladie-de-parkinson#breadcrumb\"},\"inLanguage\":\"de\",\"potentialAction\":[{\"@type\":\"ReadAction\",\"target\":[[\"https:\\\/\\\/www.gero.lu\\\/de\\\/faq\\\/la-maladie-de-parkinson\"]]}]},{\"@type\":\"BreadcrumbList\",\"@id\":\"https:\\\/\\\/www.gero.lu\\\/de\\\/faq\\\/la-maladie-de-parkinson#breadcrumb\",\"itemListElement\":[{\"@type\":\"ListItem\",\"position\":1,\"name\":\"Accueil\",\"item\":\"https:\\\/\\\/www.gero.lu\\\/de\\\/\"},{\"@type\":\"ListItem\",\"position\":2,\"name\":\"La maladie de Parkinson\"}]},{\"@type\":\"WebSite\",\"@id\":\"https:\\\/\\\/www.gero.lu\\\/de\\\/#website\",\"url\":\"https:\\\/\\\/www.gero.lu\\\/de\\\/\",\"name\":\"Gero\",\"description\":\"Kompetenzzenter fir den Alter\",\"publisher\":{\"@id\":\"https:\\\/\\\/www.gero.lu\\\/de\\\/#organization\"},\"potentialAction\":[{\"@type\":\"SearchAction\",\"target\":{\"@type\":\"EntryPoint\",\"urlTemplate\":\"https:\\\/\\\/www.gero.lu\\\/de\\\/?s={search_term_string}\"},\"query-input\":{\"@type\":\"PropertyValueSpecification\",\"valueRequired\":true,\"valueName\":\"search_term_string\"}}],\"inLanguage\":\"de\"},{\"@type\":\"Organization\",\"@id\":\"https:\\\/\\\/www.gero.lu\\\/de\\\/#organization\",\"name\":\"Gero\",\"url\":\"https:\\\/\\\/www.gero.lu\\\/de\\\/\",\"logo\":{\"@type\":\"ImageObject\",\"inLanguage\":\"de\",\"@id\":\"https:\\\/\\\/www.gero.lu\\\/de\\\/#\\\/schema\\\/logo\\\/image\\\/\",\"url\":\"https:\\\/\\\/www.gero.lu\\\/wp-content\\\/uploads\\\/2024\\\/04\\\/logo.svg\",\"contentUrl\":\"https:\\\/\\\/www.gero.lu\\\/wp-content\\\/uploads\\\/2024\\\/04\\\/logo.svg\",\"width\":76,\"height\":30,\"caption\":\"Gero\"},\"image\":{\"@id\":\"https:\\\/\\\/www.gero.lu\\\/de\\\/#\\\/schema\\\/logo\\\/image\\\/\"},\"sameAs\":[\"https:\\\/\\\/www.facebook.com\\\/Kompetenzzenter\\\/\",\"https:\\\/\\\/www.instagram.com\\\/gero.kompetenzzenter\\\/\",\"https:\\\/\\\/linkedin.com\\\/company\\\/gero-kompetenzzenter-fir-den-alter\",\"https:\\\/\\\/www.youtube.com\\\/channel\\\/UCJvmJYSeHh3dYQsLHZupj-Q\"]}]}<\/script>\n<!-- \/ Yoast SEO Premium plugin. -->","yoast_head_json":{"title":"La maladie de Parkinson - GERO","robots":{"index":"index","follow":"follow","max-snippet":"max-snippet:-1","max-image-preview":"max-image-preview:large","max-video-preview":"max-video-preview:-1"},"canonical":"https:\/\/www.gero.lu\/de\/faq\/la-maladie-de-parkinson","og_locale":"de_DE","og_type":"article","og_title":"La maladie de Parkinson","og_description":"S\u00e9minaire 1 jours Fran\u00e7ais Thierry Lentz &nbsp; La maladie de Parkinson du point de vue des patients La maladie de Parkinson, souvent appel\u00e9e la maladie aux mille visages, est une maladie neurod\u00e9g\u00e9n\u00e9rative dont les sympt\u00f4mes varient d&#8217;une personne \u00e0 l&#8217;autre. Jusqu&#8217;\u00e0 pr\u00e9sent, la maladie de Parkinson est une pathologie encore tr\u00e8s peu \u00e9tudi\u00e9e. De ce [&hellip;]","og_url":"https:\/\/www.gero.lu\/de\/faq\/la-maladie-de-parkinson","og_site_name":"GERO","article_publisher":"https:\/\/www.facebook.com\/Kompetenzzenter\/","og_image":[{"width":1227,"height":802,"url":"https:\/\/www.gero.lu\/wp-content\/uploads\/2021\/08\/gettyimages-1135289130-2048x2048_RET-1.jpg","type":"image\/jpeg"}],"twitter_card":"summary_large_image","twitter_misc":{"Gesch\u00e4tzte Lesezeit":"1\u00a0Minute"},"schema":{"@context":"https:\/\/schema.org","@graph":[{"@type":"WebPage","@id":"https:\/\/www.gero.lu\/de\/faq\/la-maladie-de-parkinson","url":"https:\/\/www.gero.lu\/de\/faq\/la-maladie-de-parkinson","name":"La maladie de Parkinson - GERO","isPartOf":{"@id":"https:\/\/www.gero.lu\/de\/#website"},"datePublished":"2023-05-19T14:12:17+00:00","breadcrumb":{"@id":"https:\/\/www.gero.lu\/de\/faq\/la-maladie-de-parkinson#breadcrumb"},"inLanguage":"de","potentialAction":[{"@type":"ReadAction","target":[["https:\/\/www.gero.lu\/de\/faq\/la-maladie-de-parkinson"]]}]},{"@type":"BreadcrumbList","@id":"https:\/\/www.gero.lu\/de\/faq\/la-maladie-de-parkinson#breadcrumb","itemListElement":[{"@type":"ListItem","position":1,"name":"Accueil","item":"https:\/\/www.gero.lu\/de\/"},{"@type":"ListItem","position":2,"name":"La maladie de Parkinson"}]},{"@type":"WebSite","@id":"https:\/\/www.gero.lu\/de\/#website","url":"https:\/\/www.gero.lu\/de\/","name":"Gero","description":"Kompetenzzenter fir den Alter","publisher":{"@id":"https:\/\/www.gero.lu\/de\/#organization"},"potentialAction":[{"@type":"SearchAction","target":{"@type":"EntryPoint","urlTemplate":"https:\/\/www.gero.lu\/de\/?s={search_term_string}"},"query-input":{"@type":"PropertyValueSpecification","valueRequired":true,"valueName":"search_term_string"}}],"inLanguage":"de"},{"@type":"Organization","@id":"https:\/\/www.gero.lu\/de\/#organization","name":"Gero","url":"https:\/\/www.gero.lu\/de\/","logo":{"@type":"ImageObject","inLanguage":"de","@id":"https:\/\/www.gero.lu\/de\/#\/schema\/logo\/image\/","url":"https:\/\/www.gero.lu\/wp-content\/uploads\/2024\/04\/logo.svg","contentUrl":"https:\/\/www.gero.lu\/wp-content\/uploads\/2024\/04\/logo.svg","width":76,"height":30,"caption":"Gero"},"image":{"@id":"https:\/\/www.gero.lu\/de\/#\/schema\/logo\/image\/"},"sameAs":["https:\/\/www.facebook.com\/Kompetenzzenter\/","https:\/\/www.instagram.com\/gero.kompetenzzenter\/","https:\/\/linkedin.com\/company\/gero-kompetenzzenter-fir-den-alter","https:\/\/www.youtube.com\/channel\/UCJvmJYSeHh3dYQsLHZupj-Q"]}]}},"_links":{"self":[{"href":"https:\/\/www.gero.lu\/de\/wp-json\/wp\/v2\/faq\/5483","targetHints":{"allow":["GET"]}}],"collection":[{"href":"https:\/\/www.gero.lu\/de\/wp-json\/wp\/v2\/faq"}],"about":[{"href":"https:\/\/www.gero.lu\/de\/wp-json\/wp\/v2\/types\/faq"}],"wp:attachment":[{"href":"https:\/\/www.gero.lu\/de\/wp-json\/wp\/v2\/media?parent=5483"}],"wp:term":[{"taxonomy":"faq_cat","embeddable":true,"href":"https:\/\/www.gero.lu\/de\/wp-json\/wp\/v2\/faq_cat?post=5483"}],"curies":[{"name":"wp","href":"https:\/\/api.w.org\/{rel}","templated":true}]}}

<p><strong>Séminaire</strong></p>
<p><strong>1 jours</strong></p>
<p><strong>Français</strong></p>
<p><strong>Thierry Lentz</strong></p>
<p>&nbsp;</p>
<p><strong>La maladie de Parkinson du point de vue des patients</strong></p>
<p>La maladie de Parkinson, souvent appelée la maladie aux mille visages, est une maladie neurodégénérative dont les symptômes varient d&#8217;une personne à l&#8217;autre.</p>
<p>Jusqu&#8217;à présent, la maladie de Parkinson est une pathologie encore très peu étudiée. De ce fait, les personnes concernées et leurs familles se sentent souvent isolées et se posent de nombreuses questions.</p>
<p>Les différents points abordés dans cette formation sont :</p>
<ul>
<li>Comment les patients et leurs familles vivent-ils le diagnostic de la maladie de Parkinson ?</li>
<li>Comment les familles concernées gèrent-elles le quotidien avec la maladie ?</li>
<li>Quel est l&#8217;impact de la maladie sur la vie familiale ?</li>
<li>Quelles sont les offres disponibles et comment les patients peuvent-ils s&#8217;aider eux-mêmes ?</li>
<li>Comment les patients vivent-ils la prise en charge dans les différentes institutions ?</li>
</ul>
<p>À l&#8217;aide d&#8217;exemples pratiques et d&#8217;une combinaison de simulation, les participants tenteront de se familiariser avec la vie quotidienne avec la maladie.</p>
<p>À la fin du séminaire, les participants pourront comprendre la complexité de cette maladie neurodégénérative et seront en mesure de réagir de manière calme, flexible et créative aux problèmes quotidiens de la vie avec cette maladie.</p>

<!-- This site is optimized with the Yoast SEO Premium plugin v27.4 (Yoast SEO v27.5) - https://yoast.com/product/yoast-seo-premium-wordpress/ -->
<title>La maladie de Parkinson - GERO</title>
<meta name="robots" content="index, follow, max-snippet:-1, max-image-preview:large, max-video-preview:-1" />
<link rel="canonical" href="https://www.gero.lu/de/faq/la-maladie-de-parkinson" />
<meta property="og:locale" content="de_DE" />
<meta property="og:type" content="article" />
<meta property="og:title" content="La maladie de Parkinson" />
<meta property="og:description" content="Séminaire 1 jours Français Thierry Lentz &nbsp; La maladie de Parkinson du point de vue des patients La maladie de Parkinson, souvent appelée la maladie aux mille visages, est une maladie neurodégénérative dont les symptômes varient d&#8217;une personne à l&#8217;autre. Jusqu&#8217;à présent, la maladie de Parkinson est une pathologie encore très peu étudiée. De ce [&hellip;]" />
<meta property="og:url" content="https://www.gero.lu/de/faq/la-maladie-de-parkinson" />
<meta property="og:site_name" content="GERO" />
<meta property="article:publisher" content="https://www.facebook.com/Kompetenzzenter/" />
<meta property="og:image" content="https://www.gero.lu/wp-content/uploads/2021/08/gettyimages-1135289130-2048x2048_RET-1.jpg" />
	<meta property="og:image:width" content="1227" />
	<meta property="og:image:height" content="802" />
	<meta property="og:image:type" content="image/jpeg" />
<meta name="twitter:card" content="summary_large_image" />
<meta name="twitter:label1" content="Geschätzte Lesezeit" />
	<meta name="twitter:data1" content="1 Minute" />
<script type="application/ld+json" class="yoast-schema-graph">{"@context":"https:\/\/schema.org","@graph":[{"@type":"WebPage","@id":"https:\/\/www.gero.lu\/de\/faq\/la-maladie-de-parkinson","url":"https:\/\/www.gero.lu\/de\/faq\/la-maladie-de-parkinson","name":"La maladie de Parkinson - GERO","isPartOf":{"@id":"https:\/\/www.gero.lu\/de\/#website"},"datePublished":"2023-05-19T14:12:17+00:00","breadcrumb":{"@id":"https:\/\/www.gero.lu\/de\/faq\/la-maladie-de-parkinson#breadcrumb"},"inLanguage":"de","potentialAction":[{"@type":"ReadAction","target":[["https:\/\/www.gero.lu\/de\/faq\/la-maladie-de-parkinson"]]}]},{"@type":"BreadcrumbList","@id":"https:\/\/www.gero.lu\/de\/faq\/la-maladie-de-parkinson#breadcrumb","itemListElement":[{"@type":"ListItem","position":1,"name":"Accueil","item":"https:\/\/www.gero.lu\/de\/"},{"@type":"ListItem","position":2,"name":"La maladie de Parkinson"}]},{"@type":"WebSite","@id":"https:\/\/www.gero.lu\/de\/#website","url":"https:\/\/www.gero.lu\/de\/","name":"Gero","description":"Kompetenzzenter fir den Alter","publisher":{"@id":"https:\/\/www.gero.lu\/de\/#organization"},"potentialAction":[{"@type":"SearchAction","target":{"@type":"EntryPoint","urlTemplate":"https:\/\/www.gero.lu\/de\/?s={search_term_string}"},"query-input":{"@type":"PropertyValueSpecification","valueRequired":true,"valueName":"search_term_string"}}],"inLanguage":"de"},{"@type":"Organization","@id":"https:\/\/www.gero.lu\/de\/#organization","name":"Gero","url":"https:\/\/www.gero.lu\/de\/","logo":{"@type":"ImageObject","inLanguage":"de","@id":"https:\/\/www.gero.lu\/de\/#\/schema\/logo\/image\/","url":"https:\/\/www.gero.lu\/wp-content\/uploads\/2024\/04\/logo.svg","contentUrl":"https:\/\/www.gero.lu\/wp-content\/uploads\/2024\/04\/logo.svg","width":76,"height":30,"caption":"Gero"},"image":{"@id":"https:\/\/www.gero.lu\/de\/#\/schema\/logo\/image\/"},"sameAs":["https:\/\/www.facebook.com\/Kompetenzzenter\/","https:\/\/www.instagram.com\/gero.kompetenzzenter\/","https:\/\/linkedin.com\/company\/gero-kompetenzzenter-fir-den-alter","https:\/\/www.youtube.com\/channel\/UCJvmJYSeHh3dYQsLHZupj-Q"]}]}</script>
<!-- / Yoast SEO Premium plugin. -->

Séminaire 1 jours Français Thierry Lentz &nbsp; La maladie de Parkinson du point de vue des patients La maladie de Parkinson, souvent appelée la maladie aux mille visages, est une maladie neurodégénérative dont les symptômes varient d&#8217;une personne à l&#8217;autre. Jusqu&#8217;à présent, la maladie de Parkinson est une pathologie encore très peu étudiée. De ce [&hellip;]
