{"id":5478,"date":"2023-05-19T14:05:39","date_gmt":"2023-05-19T14:05:39","guid":{"rendered":"https:\/\/www.gero.lu\/?post_type=faq&#038;p=5478"},"modified":"2023-05-19T14:05:39","modified_gmt":"2023-05-19T14:05:39","slug":"la-danse-assise","status":"publish","type":"faq","link":"https:\/\/www.gero.lu\/de\/faq\/la-danse-assise","title":{"rendered":"La danse assise"},"content":{"rendered":"<p><strong>6 jours<\/strong><\/p>\n<p><strong>Fran\u00e7ais<\/strong><\/p>\n<p><strong>Edm\u00e9e Hoffmann et Claudine Menghi<\/strong><\/p>\n<p>&nbsp;<\/p>\n<p><strong>Formation psychog\u00e9riatrique<\/strong><\/p>\n<p>La danse assise est une forme de danse originale, sp\u00e9cialement adapt\u00e9e au bien-\u00eatre corporel, mental et social des personnes \u00e2g\u00e9es. L&#8217;accent est mis sur le plaisir de passer de bons moments en musique, sans pression, mais dans le but d&#8217;augmenter le bien-\u00eatre g\u00e9n\u00e9ral et de favoriser le maintien des comp\u00e9tences dans la vie quotidienne.<\/p>\n<p>Dans une ambiance d\u00e9tendue, la danse assise peut, par exemple, entra\u00eener la m\u00e9moire, la coordination, la concentration, la r\u00e9action et l&#8217;endurance. Cependant, il est tr\u00e8s important de varier ou de coordonner le rythme afin de ne pas surmener les r\u00e9sidents, en particulier les personnes atteintes de d\u00e9mence.<\/p>\n","protected":false},"featured_media":0,"template":"","faq_cat":[347],"class_list":["post-5478","faq","type-faq","status-publish","hentry","faq_cat-pflege-betreuung-und-therapie"],"acf":[],"yoast_head":"<!-- This site is optimized with the Yoast SEO Premium plugin v27.4 (Yoast SEO v27.5) - https:\/\/yoast.com\/product\/yoast-seo-premium-wordpress\/ -->\n<title>La danse assise - GERO<\/title>\n<meta name=\"robots\" content=\"index, follow, max-snippet:-1, max-image-preview:large, max-video-preview:-1\" \/>\n<link rel=\"canonical\" href=\"https:\/\/www.gero.lu\/de\/faq\/la-danse-assise\" \/>\n<meta property=\"og:locale\" content=\"de_DE\" \/>\n<meta property=\"og:type\" content=\"article\" \/>\n<meta property=\"og:title\" content=\"La danse assise\" \/>\n<meta property=\"og:description\" content=\"6 jours Fran\u00e7ais Edm\u00e9e Hoffmann et Claudine Menghi &nbsp; Formation psychog\u00e9riatrique La danse assise est une forme de danse originale, sp\u00e9cialement adapt\u00e9e au bien-\u00eatre corporel, mental et social des personnes \u00e2g\u00e9es. L&#8217;accent est mis sur le plaisir de passer de bons moments en musique, sans pression, mais dans le but d&#8217;augmenter le bien-\u00eatre g\u00e9n\u00e9ral et [&hellip;]\" \/>\n<meta property=\"og:url\" content=\"https:\/\/www.gero.lu\/de\/faq\/la-danse-assise\" \/>\n<meta property=\"og:site_name\" content=\"GERO\" \/>\n<meta property=\"article:publisher\" content=\"https:\/\/www.facebook.com\/Kompetenzzenter\/\" \/>\n<meta property=\"og:image\" content=\"https:\/\/www.gero.lu\/wp-content\/uploads\/2021\/08\/gettyimages-1135289130-2048x2048_RET-1.jpg\" \/>\n\t<meta property=\"og:image:width\" content=\"1227\" \/>\n\t<meta property=\"og:image:height\" content=\"802\" \/>\n\t<meta property=\"og:image:type\" content=\"image\/jpeg\" \/>\n<meta name=\"twitter:card\" content=\"summary_large_image\" \/>\n<meta name=\"twitter:label1\" content=\"Gesch\u00e4tzte Lesezeit\" \/>\n\t<meta name=\"twitter:data1\" content=\"1\u00a0Minute\" \/>\n<script type=\"application\/ld+json\" class=\"yoast-schema-graph\">{\"@context\":\"https:\\\/\\\/schema.org\",\"@graph\":[{\"@type\":\"WebPage\",\"@id\":\"https:\\\/\\\/www.gero.lu\\\/de\\\/faq\\\/la-danse-assise\",\"url\":\"https:\\\/\\\/www.gero.lu\\\/de\\\/faq\\\/la-danse-assise\",\"name\":\"La danse assise - GERO\",\"isPartOf\":{\"@id\":\"https:\\\/\\\/www.gero.lu\\\/de\\\/#website\"},\"datePublished\":\"2023-05-19T14:05:39+00:00\",\"breadcrumb\":{\"@id\":\"https:\\\/\\\/www.gero.lu\\\/de\\\/faq\\\/la-danse-assise#breadcrumb\"},\"inLanguage\":\"de\",\"potentialAction\":[{\"@type\":\"ReadAction\",\"target\":[[\"https:\\\/\\\/www.gero.lu\\\/de\\\/faq\\\/la-danse-assise\"]]}]},{\"@type\":\"BreadcrumbList\",\"@id\":\"https:\\\/\\\/www.gero.lu\\\/de\\\/faq\\\/la-danse-assise#breadcrumb\",\"itemListElement\":[{\"@type\":\"ListItem\",\"position\":1,\"name\":\"Accueil\",\"item\":\"https:\\\/\\\/www.gero.lu\\\/de\\\/\"},{\"@type\":\"ListItem\",\"position\":2,\"name\":\"La danse assise\"}]},{\"@type\":\"WebSite\",\"@id\":\"https:\\\/\\\/www.gero.lu\\\/de\\\/#website\",\"url\":\"https:\\\/\\\/www.gero.lu\\\/de\\\/\",\"name\":\"Gero\",\"description\":\"Kompetenzzenter fir den Alter\",\"publisher\":{\"@id\":\"https:\\\/\\\/www.gero.lu\\\/de\\\/#organization\"},\"potentialAction\":[{\"@type\":\"SearchAction\",\"target\":{\"@type\":\"EntryPoint\",\"urlTemplate\":\"https:\\\/\\\/www.gero.lu\\\/de\\\/?s={search_term_string}\"},\"query-input\":{\"@type\":\"PropertyValueSpecification\",\"valueRequired\":true,\"valueName\":\"search_term_string\"}}],\"inLanguage\":\"de\"},{\"@type\":\"Organization\",\"@id\":\"https:\\\/\\\/www.gero.lu\\\/de\\\/#organization\",\"name\":\"Gero\",\"url\":\"https:\\\/\\\/www.gero.lu\\\/de\\\/\",\"logo\":{\"@type\":\"ImageObject\",\"inLanguage\":\"de\",\"@id\":\"https:\\\/\\\/www.gero.lu\\\/de\\\/#\\\/schema\\\/logo\\\/image\\\/\",\"url\":\"https:\\\/\\\/www.gero.lu\\\/wp-content\\\/uploads\\\/2024\\\/04\\\/logo.svg\",\"contentUrl\":\"https:\\\/\\\/www.gero.lu\\\/wp-content\\\/uploads\\\/2024\\\/04\\\/logo.svg\",\"width\":76,\"height\":30,\"caption\":\"Gero\"},\"image\":{\"@id\":\"https:\\\/\\\/www.gero.lu\\\/de\\\/#\\\/schema\\\/logo\\\/image\\\/\"},\"sameAs\":[\"https:\\\/\\\/www.facebook.com\\\/Kompetenzzenter\\\/\",\"https:\\\/\\\/www.instagram.com\\\/gero.kompetenzzenter\\\/\",\"https:\\\/\\\/linkedin.com\\\/company\\\/gero-kompetenzzenter-fir-den-alter\",\"https:\\\/\\\/www.youtube.com\\\/channel\\\/UCJvmJYSeHh3dYQsLHZupj-Q\"]}]}<\/script>\n<!-- \/ Yoast SEO Premium plugin. -->","yoast_head_json":{"title":"La danse assise - GERO","robots":{"index":"index","follow":"follow","max-snippet":"max-snippet:-1","max-image-preview":"max-image-preview:large","max-video-preview":"max-video-preview:-1"},"canonical":"https:\/\/www.gero.lu\/de\/faq\/la-danse-assise","og_locale":"de_DE","og_type":"article","og_title":"La danse assise","og_description":"6 jours Fran\u00e7ais Edm\u00e9e Hoffmann et Claudine Menghi &nbsp; Formation psychog\u00e9riatrique La danse assise est une forme de danse originale, sp\u00e9cialement adapt\u00e9e au bien-\u00eatre corporel, mental et social des personnes \u00e2g\u00e9es. L&#8217;accent est mis sur le plaisir de passer de bons moments en musique, sans pression, mais dans le but d&#8217;augmenter le bien-\u00eatre g\u00e9n\u00e9ral et [&hellip;]","og_url":"https:\/\/www.gero.lu\/de\/faq\/la-danse-assise","og_site_name":"GERO","article_publisher":"https:\/\/www.facebook.com\/Kompetenzzenter\/","og_image":[{"width":1227,"height":802,"url":"https:\/\/www.gero.lu\/wp-content\/uploads\/2021\/08\/gettyimages-1135289130-2048x2048_RET-1.jpg","type":"image\/jpeg"}],"twitter_card":"summary_large_image","twitter_misc":{"Gesch\u00e4tzte Lesezeit":"1\u00a0Minute"},"schema":{"@context":"https:\/\/schema.org","@graph":[{"@type":"WebPage","@id":"https:\/\/www.gero.lu\/de\/faq\/la-danse-assise","url":"https:\/\/www.gero.lu\/de\/faq\/la-danse-assise","name":"La danse assise - GERO","isPartOf":{"@id":"https:\/\/www.gero.lu\/de\/#website"},"datePublished":"2023-05-19T14:05:39+00:00","breadcrumb":{"@id":"https:\/\/www.gero.lu\/de\/faq\/la-danse-assise#breadcrumb"},"inLanguage":"de","potentialAction":[{"@type":"ReadAction","target":[["https:\/\/www.gero.lu\/de\/faq\/la-danse-assise"]]}]},{"@type":"BreadcrumbList","@id":"https:\/\/www.gero.lu\/de\/faq\/la-danse-assise#breadcrumb","itemListElement":[{"@type":"ListItem","position":1,"name":"Accueil","item":"https:\/\/www.gero.lu\/de\/"},{"@type":"ListItem","position":2,"name":"La danse assise"}]},{"@type":"WebSite","@id":"https:\/\/www.gero.lu\/de\/#website","url":"https:\/\/www.gero.lu\/de\/","name":"Gero","description":"Kompetenzzenter fir den Alter","publisher":{"@id":"https:\/\/www.gero.lu\/de\/#organization"},"potentialAction":[{"@type":"SearchAction","target":{"@type":"EntryPoint","urlTemplate":"https:\/\/www.gero.lu\/de\/?s={search_term_string}"},"query-input":{"@type":"PropertyValueSpecification","valueRequired":true,"valueName":"search_term_string"}}],"inLanguage":"de"},{"@type":"Organization","@id":"https:\/\/www.gero.lu\/de\/#organization","name":"Gero","url":"https:\/\/www.gero.lu\/de\/","logo":{"@type":"ImageObject","inLanguage":"de","@id":"https:\/\/www.gero.lu\/de\/#\/schema\/logo\/image\/","url":"https:\/\/www.gero.lu\/wp-content\/uploads\/2024\/04\/logo.svg","contentUrl":"https:\/\/www.gero.lu\/wp-content\/uploads\/2024\/04\/logo.svg","width":76,"height":30,"caption":"Gero"},"image":{"@id":"https:\/\/www.gero.lu\/de\/#\/schema\/logo\/image\/"},"sameAs":["https:\/\/www.facebook.com\/Kompetenzzenter\/","https:\/\/www.instagram.com\/gero.kompetenzzenter\/","https:\/\/linkedin.com\/company\/gero-kompetenzzenter-fir-den-alter","https:\/\/www.youtube.com\/channel\/UCJvmJYSeHh3dYQsLHZupj-Q"]}]}},"_links":{"self":[{"href":"https:\/\/www.gero.lu\/de\/wp-json\/wp\/v2\/faq\/5478","targetHints":{"allow":["GET"]}}],"collection":[{"href":"https:\/\/www.gero.lu\/de\/wp-json\/wp\/v2\/faq"}],"about":[{"href":"https:\/\/www.gero.lu\/de\/wp-json\/wp\/v2\/types\/faq"}],"wp:attachment":[{"href":"https:\/\/www.gero.lu\/de\/wp-json\/wp\/v2\/media?parent=5478"}],"wp:term":[{"taxonomy":"faq_cat","embeddable":true,"href":"https:\/\/www.gero.lu\/de\/wp-json\/wp\/v2\/faq_cat?post=5478"}],"curies":[{"name":"wp","href":"https:\/\/api.w.org\/{rel}","templated":true}]}}

<p><strong>6 jours</strong></p>
<p><strong>Français</strong></p>
<p><strong>Edmée Hoffmann et Claudine Menghi</strong></p>
<p>&nbsp;</p>
<p><strong>Formation psychogériatrique</strong></p>
<p>La danse assise est une forme de danse originale, spécialement adaptée au bien-être corporel, mental et social des personnes âgées. L&#8217;accent est mis sur le plaisir de passer de bons moments en musique, sans pression, mais dans le but d&#8217;augmenter le bien-être général et de favoriser le maintien des compétences dans la vie quotidienne.</p>
<p>Dans une ambiance détendue, la danse assise peut, par exemple, entraîner la mémoire, la coordination, la concentration, la réaction et l&#8217;endurance. Cependant, il est très important de varier ou de coordonner le rythme afin de ne pas surmener les résidents, en particulier les personnes atteintes de démence.</p>

<!-- This site is optimized with the Yoast SEO Premium plugin v27.4 (Yoast SEO v27.5) - https://yoast.com/product/yoast-seo-premium-wordpress/ -->
<title>La danse assise - GERO</title>
<meta name="robots" content="index, follow, max-snippet:-1, max-image-preview:large, max-video-preview:-1" />
<link rel="canonical" href="https://www.gero.lu/de/faq/la-danse-assise" />
<meta property="og:locale" content="de_DE" />
<meta property="og:type" content="article" />
<meta property="og:title" content="La danse assise" />
<meta property="og:description" content="6 jours Français Edmée Hoffmann et Claudine Menghi &nbsp; Formation psychogériatrique La danse assise est une forme de danse originale, spécialement adaptée au bien-être corporel, mental et social des personnes âgées. L&#8217;accent est mis sur le plaisir de passer de bons moments en musique, sans pression, mais dans le but d&#8217;augmenter le bien-être général et [&hellip;]" />
<meta property="og:url" content="https://www.gero.lu/de/faq/la-danse-assise" />
<meta property="og:site_name" content="GERO" />
<meta property="article:publisher" content="https://www.facebook.com/Kompetenzzenter/" />
<meta property="og:image" content="https://www.gero.lu/wp-content/uploads/2021/08/gettyimages-1135289130-2048x2048_RET-1.jpg" />
	<meta property="og:image:width" content="1227" />
	<meta property="og:image:height" content="802" />
	<meta property="og:image:type" content="image/jpeg" />
<meta name="twitter:card" content="summary_large_image" />
<meta name="twitter:label1" content="Geschätzte Lesezeit" />
	<meta name="twitter:data1" content="1 Minute" />
<script type="application/ld+json" class="yoast-schema-graph">{"@context":"https:\/\/schema.org","@graph":[{"@type":"WebPage","@id":"https:\/\/www.gero.lu\/de\/faq\/la-danse-assise","url":"https:\/\/www.gero.lu\/de\/faq\/la-danse-assise","name":"La danse assise - GERO","isPartOf":{"@id":"https:\/\/www.gero.lu\/de\/#website"},"datePublished":"2023-05-19T14:05:39+00:00","breadcrumb":{"@id":"https:\/\/www.gero.lu\/de\/faq\/la-danse-assise#breadcrumb"},"inLanguage":"de","potentialAction":[{"@type":"ReadAction","target":[["https:\/\/www.gero.lu\/de\/faq\/la-danse-assise"]]}]},{"@type":"BreadcrumbList","@id":"https:\/\/www.gero.lu\/de\/faq\/la-danse-assise#breadcrumb","itemListElement":[{"@type":"ListItem","position":1,"name":"Accueil","item":"https:\/\/www.gero.lu\/de\/"},{"@type":"ListItem","position":2,"name":"La danse assise"}]},{"@type":"WebSite","@id":"https:\/\/www.gero.lu\/de\/#website","url":"https:\/\/www.gero.lu\/de\/","name":"Gero","description":"Kompetenzzenter fir den Alter","publisher":{"@id":"https:\/\/www.gero.lu\/de\/#organization"},"potentialAction":[{"@type":"SearchAction","target":{"@type":"EntryPoint","urlTemplate":"https:\/\/www.gero.lu\/de\/?s={search_term_string}"},"query-input":{"@type":"PropertyValueSpecification","valueRequired":true,"valueName":"search_term_string"}}],"inLanguage":"de"},{"@type":"Organization","@id":"https:\/\/www.gero.lu\/de\/#organization","name":"Gero","url":"https:\/\/www.gero.lu\/de\/","logo":{"@type":"ImageObject","inLanguage":"de","@id":"https:\/\/www.gero.lu\/de\/#\/schema\/logo\/image\/","url":"https:\/\/www.gero.lu\/wp-content\/uploads\/2024\/04\/logo.svg","contentUrl":"https:\/\/www.gero.lu\/wp-content\/uploads\/2024\/04\/logo.svg","width":76,"height":30,"caption":"Gero"},"image":{"@id":"https:\/\/www.gero.lu\/de\/#\/schema\/logo\/image\/"},"sameAs":["https:\/\/www.facebook.com\/Kompetenzzenter\/","https:\/\/www.instagram.com\/gero.kompetenzzenter\/","https:\/\/linkedin.com\/company\/gero-kompetenzzenter-fir-den-alter","https:\/\/www.youtube.com\/channel\/UCJvmJYSeHh3dYQsLHZupj-Q"]}]}</script>
<!-- / Yoast SEO Premium plugin. -->

6 jours Français Edmée Hoffmann et Claudine Menghi &nbsp; Formation psychogériatrique La danse assise est une forme de danse originale, spécialement adaptée au bien-être corporel, mental et social des personnes âgées. L&#8217;accent est mis sur le plaisir de passer de bons moments en musique, sans pression, mais dans le but d&#8217;augmenter le bien-être général et [&hellip;]
