{"id":5460,"date":"2023-05-19T13:38:27","date_gmt":"2023-05-19T13:38:27","guid":{"rendered":"https:\/\/www.gero.lu\/?post_type=faq&#038;p=5460"},"modified":"2023-05-19T13:38:27","modified_gmt":"2023-05-19T13:38:27","slug":"danz-am-setzen","status":"publish","type":"faq","link":"https:\/\/www.gero.lu\/de\/faq\/danz-am-setzen","title":{"rendered":"Danz am S\u00ebtzen"},"content":{"rendered":"<p><strong>Workshop<\/strong><\/p>\n<p><strong>6 Tage<\/strong><\/p>\n<p><strong>Luxemburgisch<\/strong><\/p>\n<p><strong>Claudine Menghi &amp; Edm\u00e9e Hoffmann<\/strong><\/p>\n<p>&nbsp;<\/p>\n<p><strong>Modul 5 der Weiterbildung Psychogeriatrie<\/strong><\/p>\n<p>Tanz im Sitzen ist eine eigenst\u00e4ndige Tanzform, die speziell auf die k\u00f6rperlichen, geistigen, psychischen und sozialen Befindlichkeiten \u00e4lterer Menschen abgestimmt ist. Im Vordergrund steht die Freude an der Bewegung nach Musik, ohne Leistungsdruck, aber daf\u00fcr mit dem Ziel, das allgemeine Wohlbefinden zu steigern und den Erhalt der Alltagskompetenzen zu f\u00f6rdern.<\/p>\n<p>In lockerer Atmosph\u00e4re k\u00f6nnen durch das Tanzen im Sitzen z.B. Ged\u00e4chtnis, Koordination, Konzentration, Reaktion und Ausdauer trainiert werden. Es ist allerdings sehr wichtig, Rhythmus und Abl\u00e4ufe so zu variieren bzw. abzustimmen, dass eine \u00dcberforderung besonders bei Menschen mit Demenz vermieden wird.<\/p>\n<p><strong>Modul 1<\/strong><\/p>\n<ul>\n<li>Allgemeine Einf\u00fchrung zum Tanz im Sitzen<\/li>\n<li>Grundz\u00fcge der Anatomie (Knochenbau, Muskeln und Gelenke) sowie altersbedingte Ver\u00e4nderungen<\/li>\n<li>Konsequenzen f\u00fcr Tanz im Sitzen: Vorsichtsma\u00dfnahmen bei Osteoporose, k\u00f6rpergerechtes Muskeltraining, Erkl\u00e4rungen zum Stretching, M\u00f6glichkeiten und Grenzen der Mobilisation, Vermeidung von \u00dcberlastung und Unf\u00e4llen<\/li>\n<li>Grundlagen des Solf\u00e8ge (Grundschlag, Takt, Tempo, Rhythmus, Noten); <strong><em>es sind keine Vorkenntnisse erforderlich!<\/em><\/strong><\/li>\n<li>Sinn und Zweck sowie Gestaltung von Stundenbildern<\/li>\n<li>Vorstellung und Lernen neuer T\u00e4nze sowie m\u00f6gliche Vereinfachung bzw. Anpassung an die Bed\u00fcrfnisse verschiedener Teilnehmergruppen<\/li>\n<li>Tanz im Rollstuhl oder mit dem Rollator (Hinweise zur Sturzprophylaxe durch Muskelkr\u00e4ftigung)<\/li>\n<li>Herstellen von Handger\u00e4ten, die bei verschiedenen T\u00e4nzen zum Einsatz kommen<\/li>\n<\/ul>\n<p><strong>Modul 2<\/strong><\/p>\n<ul>\n<li>Funktionsweise des Gehirns (kurze Erkl\u00e4rungen zu Schlaganfall und Demenz, Konsequenzen f\u00fcr die Betroffenen)<\/li>\n<li>Einblick in die Grundz\u00fcge des Ged\u00e4chtnistrainings und seine Rolle f\u00fcr Tanz im Sitzen<\/li>\n<li>richtige Atmung und Sitzposition<\/li>\n<li>Stoffwechsel sowie die Rolle richtiger Ern\u00e4hrung \/ ausreichendem Trinken<\/li>\n<li>selbstst\u00e4ndig Stundenbilder erstellen<\/li>\n<li>Vorstellung und Lernen weiterer neuer T\u00e4nze sowie m\u00f6gliche Vereinfachung bzw. Anpassung an die Bed\u00fcrfnisse verschiedener Teilnehmergruppen<\/li>\n<li>Einsatz von \u201eBoomwhackers\u201c (Klangr\u00f6hren): Gemeinschafts- und Erfolgsgef\u00fchle durch Musik<\/li>\n<li>Herstellen von Handger\u00e4ten, die bei verschiedenen T\u00e4nzen zum Einsatz kommen<\/li>\n<\/ul>\n","protected":false},"featured_media":0,"template":"","faq_cat":[347],"class_list":["post-5460","faq","type-faq","status-publish","hentry","faq_cat-pflege-betreuung-und-therapie"],"acf":[],"yoast_head":"<!-- This site is optimized with the Yoast SEO Premium plugin v27.4 (Yoast SEO v27.5) - https:\/\/yoast.com\/product\/yoast-seo-premium-wordpress\/ -->\n<title>Danz am S\u00ebtzen - GERO<\/title>\n<meta name=\"robots\" content=\"index, follow, max-snippet:-1, max-image-preview:large, max-video-preview:-1\" \/>\n<link rel=\"canonical\" href=\"https:\/\/www.gero.lu\/de\/faq\/danz-am-setzen\" \/>\n<meta property=\"og:locale\" content=\"de_DE\" \/>\n<meta property=\"og:type\" content=\"article\" \/>\n<meta property=\"og:title\" content=\"Danz am S\u00ebtzen\" \/>\n<meta property=\"og:description\" content=\"Workshop 6 Tage Luxemburgisch Claudine Menghi &amp; Edm\u00e9e Hoffmann &nbsp; Modul 5 der Weiterbildung Psychogeriatrie Tanz im Sitzen ist eine eigenst\u00e4ndige Tanzform, die speziell auf die k\u00f6rperlichen, geistigen, psychischen und sozialen Befindlichkeiten \u00e4lterer Menschen abgestimmt ist. Im Vordergrund steht die Freude an der Bewegung nach Musik, ohne Leistungsdruck, aber daf\u00fcr mit dem Ziel, das allgemeine [&hellip;]\" \/>\n<meta property=\"og:url\" content=\"https:\/\/www.gero.lu\/de\/faq\/danz-am-setzen\" \/>\n<meta property=\"og:site_name\" content=\"GERO\" \/>\n<meta property=\"article:publisher\" content=\"https:\/\/www.facebook.com\/Kompetenzzenter\/\" \/>\n<meta property=\"og:image\" content=\"https:\/\/www.gero.lu\/wp-content\/uploads\/2021\/08\/gettyimages-1135289130-2048x2048_RET-1.jpg\" \/>\n\t<meta property=\"og:image:width\" content=\"1227\" \/>\n\t<meta property=\"og:image:height\" content=\"802\" \/>\n\t<meta property=\"og:image:type\" content=\"image\/jpeg\" \/>\n<meta name=\"twitter:card\" content=\"summary_large_image\" \/>\n<meta name=\"twitter:label1\" content=\"Gesch\u00e4tzte Lesezeit\" \/>\n\t<meta name=\"twitter:data1\" content=\"2\u00a0Minuten\" \/>\n<script type=\"application\/ld+json\" class=\"yoast-schema-graph\">{\"@context\":\"https:\\\/\\\/schema.org\",\"@graph\":[{\"@type\":\"WebPage\",\"@id\":\"https:\\\/\\\/www.gero.lu\\\/de\\\/faq\\\/danz-am-setzen\",\"url\":\"https:\\\/\\\/www.gero.lu\\\/de\\\/faq\\\/danz-am-setzen\",\"name\":\"Danz am S\u00ebtzen - GERO\",\"isPartOf\":{\"@id\":\"https:\\\/\\\/www.gero.lu\\\/de\\\/#website\"},\"datePublished\":\"2023-05-19T13:38:27+00:00\",\"breadcrumb\":{\"@id\":\"https:\\\/\\\/www.gero.lu\\\/de\\\/faq\\\/danz-am-setzen#breadcrumb\"},\"inLanguage\":\"de\",\"potentialAction\":[{\"@type\":\"ReadAction\",\"target\":[[\"https:\\\/\\\/www.gero.lu\\\/de\\\/faq\\\/danz-am-setzen\"]]}]},{\"@type\":\"BreadcrumbList\",\"@id\":\"https:\\\/\\\/www.gero.lu\\\/de\\\/faq\\\/danz-am-setzen#breadcrumb\",\"itemListElement\":[{\"@type\":\"ListItem\",\"position\":1,\"name\":\"Accueil\",\"item\":\"https:\\\/\\\/www.gero.lu\\\/de\\\/\"},{\"@type\":\"ListItem\",\"position\":2,\"name\":\"Danz am S\u00ebtzen\"}]},{\"@type\":\"WebSite\",\"@id\":\"https:\\\/\\\/www.gero.lu\\\/de\\\/#website\",\"url\":\"https:\\\/\\\/www.gero.lu\\\/de\\\/\",\"name\":\"Gero\",\"description\":\"Kompetenzzenter fir den Alter\",\"publisher\":{\"@id\":\"https:\\\/\\\/www.gero.lu\\\/de\\\/#organization\"},\"potentialAction\":[{\"@type\":\"SearchAction\",\"target\":{\"@type\":\"EntryPoint\",\"urlTemplate\":\"https:\\\/\\\/www.gero.lu\\\/de\\\/?s={search_term_string}\"},\"query-input\":{\"@type\":\"PropertyValueSpecification\",\"valueRequired\":true,\"valueName\":\"search_term_string\"}}],\"inLanguage\":\"de\"},{\"@type\":\"Organization\",\"@id\":\"https:\\\/\\\/www.gero.lu\\\/de\\\/#organization\",\"name\":\"Gero\",\"url\":\"https:\\\/\\\/www.gero.lu\\\/de\\\/\",\"logo\":{\"@type\":\"ImageObject\",\"inLanguage\":\"de\",\"@id\":\"https:\\\/\\\/www.gero.lu\\\/de\\\/#\\\/schema\\\/logo\\\/image\\\/\",\"url\":\"https:\\\/\\\/www.gero.lu\\\/wp-content\\\/uploads\\\/2024\\\/04\\\/logo.svg\",\"contentUrl\":\"https:\\\/\\\/www.gero.lu\\\/wp-content\\\/uploads\\\/2024\\\/04\\\/logo.svg\",\"width\":76,\"height\":30,\"caption\":\"Gero\"},\"image\":{\"@id\":\"https:\\\/\\\/www.gero.lu\\\/de\\\/#\\\/schema\\\/logo\\\/image\\\/\"},\"sameAs\":[\"https:\\\/\\\/www.facebook.com\\\/Kompetenzzenter\\\/\",\"https:\\\/\\\/www.instagram.com\\\/gero.kompetenzzenter\\\/\",\"https:\\\/\\\/linkedin.com\\\/company\\\/gero-kompetenzzenter-fir-den-alter\",\"https:\\\/\\\/www.youtube.com\\\/channel\\\/UCJvmJYSeHh3dYQsLHZupj-Q\"]}]}<\/script>\n<!-- \/ Yoast SEO Premium plugin. -->","yoast_head_json":{"title":"Danz am S\u00ebtzen - GERO","robots":{"index":"index","follow":"follow","max-snippet":"max-snippet:-1","max-image-preview":"max-image-preview:large","max-video-preview":"max-video-preview:-1"},"canonical":"https:\/\/www.gero.lu\/de\/faq\/danz-am-setzen","og_locale":"de_DE","og_type":"article","og_title":"Danz am S\u00ebtzen","og_description":"Workshop 6 Tage Luxemburgisch Claudine Menghi &amp; Edm\u00e9e Hoffmann &nbsp; Modul 5 der Weiterbildung Psychogeriatrie Tanz im Sitzen ist eine eigenst\u00e4ndige Tanzform, die speziell auf die k\u00f6rperlichen, geistigen, psychischen und sozialen Befindlichkeiten \u00e4lterer Menschen abgestimmt ist. Im Vordergrund steht die Freude an der Bewegung nach Musik, ohne Leistungsdruck, aber daf\u00fcr mit dem Ziel, das allgemeine [&hellip;]","og_url":"https:\/\/www.gero.lu\/de\/faq\/danz-am-setzen","og_site_name":"GERO","article_publisher":"https:\/\/www.facebook.com\/Kompetenzzenter\/","og_image":[{"width":1227,"height":802,"url":"https:\/\/www.gero.lu\/wp-content\/uploads\/2021\/08\/gettyimages-1135289130-2048x2048_RET-1.jpg","type":"image\/jpeg"}],"twitter_card":"summary_large_image","twitter_misc":{"Gesch\u00e4tzte Lesezeit":"2\u00a0Minuten"},"schema":{"@context":"https:\/\/schema.org","@graph":[{"@type":"WebPage","@id":"https:\/\/www.gero.lu\/de\/faq\/danz-am-setzen","url":"https:\/\/www.gero.lu\/de\/faq\/danz-am-setzen","name":"Danz am S\u00ebtzen - GERO","isPartOf":{"@id":"https:\/\/www.gero.lu\/de\/#website"},"datePublished":"2023-05-19T13:38:27+00:00","breadcrumb":{"@id":"https:\/\/www.gero.lu\/de\/faq\/danz-am-setzen#breadcrumb"},"inLanguage":"de","potentialAction":[{"@type":"ReadAction","target":[["https:\/\/www.gero.lu\/de\/faq\/danz-am-setzen"]]}]},{"@type":"BreadcrumbList","@id":"https:\/\/www.gero.lu\/de\/faq\/danz-am-setzen#breadcrumb","itemListElement":[{"@type":"ListItem","position":1,"name":"Accueil","item":"https:\/\/www.gero.lu\/de\/"},{"@type":"ListItem","position":2,"name":"Danz am S\u00ebtzen"}]},{"@type":"WebSite","@id":"https:\/\/www.gero.lu\/de\/#website","url":"https:\/\/www.gero.lu\/de\/","name":"Gero","description":"Kompetenzzenter fir den Alter","publisher":{"@id":"https:\/\/www.gero.lu\/de\/#organization"},"potentialAction":[{"@type":"SearchAction","target":{"@type":"EntryPoint","urlTemplate":"https:\/\/www.gero.lu\/de\/?s={search_term_string}"},"query-input":{"@type":"PropertyValueSpecification","valueRequired":true,"valueName":"search_term_string"}}],"inLanguage":"de"},{"@type":"Organization","@id":"https:\/\/www.gero.lu\/de\/#organization","name":"Gero","url":"https:\/\/www.gero.lu\/de\/","logo":{"@type":"ImageObject","inLanguage":"de","@id":"https:\/\/www.gero.lu\/de\/#\/schema\/logo\/image\/","url":"https:\/\/www.gero.lu\/wp-content\/uploads\/2024\/04\/logo.svg","contentUrl":"https:\/\/www.gero.lu\/wp-content\/uploads\/2024\/04\/logo.svg","width":76,"height":30,"caption":"Gero"},"image":{"@id":"https:\/\/www.gero.lu\/de\/#\/schema\/logo\/image\/"},"sameAs":["https:\/\/www.facebook.com\/Kompetenzzenter\/","https:\/\/www.instagram.com\/gero.kompetenzzenter\/","https:\/\/linkedin.com\/company\/gero-kompetenzzenter-fir-den-alter","https:\/\/www.youtube.com\/channel\/UCJvmJYSeHh3dYQsLHZupj-Q"]}]}},"_links":{"self":[{"href":"https:\/\/www.gero.lu\/de\/wp-json\/wp\/v2\/faq\/5460","targetHints":{"allow":["GET"]}}],"collection":[{"href":"https:\/\/www.gero.lu\/de\/wp-json\/wp\/v2\/faq"}],"about":[{"href":"https:\/\/www.gero.lu\/de\/wp-json\/wp\/v2\/types\/faq"}],"wp:attachment":[{"href":"https:\/\/www.gero.lu\/de\/wp-json\/wp\/v2\/media?parent=5460"}],"wp:term":[{"taxonomy":"faq_cat","embeddable":true,"href":"https:\/\/www.gero.lu\/de\/wp-json\/wp\/v2\/faq_cat?post=5460"}],"curies":[{"name":"wp","href":"https:\/\/api.w.org\/{rel}","templated":true}]}}

Danz am Sëtzen

<p><strong>Workshop</strong></p>
<p><strong>6 Tage</strong></p>
<p><strong>Luxemburgisch</strong></p>
<p><strong>Claudine Menghi &amp; Edmée Hoffmann</strong></p>
<p>&nbsp;</p>
<p><strong>Modul 5 der Weiterbildung Psychogeriatrie</strong></p>
<p>Tanz im Sitzen ist eine eigenständige Tanzform, die speziell auf die körperlichen, geistigen, psychischen und sozialen Befindlichkeiten älterer Menschen abgestimmt ist. Im Vordergrund steht die Freude an der Bewegung nach Musik, ohne Leistungsdruck, aber dafür mit dem Ziel, das allgemeine Wohlbefinden zu steigern und den Erhalt der Alltagskompetenzen zu fördern.</p>
<p>In lockerer Atmosphäre können durch das Tanzen im Sitzen z.B. Gedächtnis, Koordination, Konzentration, Reaktion und Ausdauer trainiert werden. Es ist allerdings sehr wichtig, Rhythmus und Abläufe so zu variieren bzw. abzustimmen, dass eine Überforderung besonders bei Menschen mit Demenz vermieden wird.</p>
<p><strong>Modul 1</strong></p>
<ul>
<li>Allgemeine Einführung zum Tanz im Sitzen</li>
<li>Grundzüge der Anatomie (Knochenbau, Muskeln und Gelenke) sowie altersbedingte Veränderungen</li>
<li>Konsequenzen für Tanz im Sitzen: Vorsichtsmaßnahmen bei Osteoporose, körpergerechtes Muskeltraining, Erklärungen zum Stretching, Möglichkeiten und Grenzen der Mobilisation, Vermeidung von Überlastung und Unfällen</li>
<li>Grundlagen des Solfège (Grundschlag, Takt, Tempo, Rhythmus, Noten); <strong><em>es sind keine Vorkenntnisse erforderlich!</em></strong></li>
<li>Sinn und Zweck sowie Gestaltung von Stundenbildern</li>
<li>Vorstellung und Lernen neuer Tänze sowie mögliche Vereinfachung bzw. Anpassung an die Bedürfnisse verschiedener Teilnehmergruppen</li>
<li>Tanz im Rollstuhl oder mit dem Rollator (Hinweise zur Sturzprophylaxe durch Muskelkräftigung)</li>
<li>Herstellen von Handgeräten, die bei verschiedenen Tänzen zum Einsatz kommen</li>
</ul>
<p><strong>Modul 2</strong></p>
<ul>
<li>Funktionsweise des Gehirns (kurze Erklärungen zu Schlaganfall und Demenz, Konsequenzen für die Betroffenen)</li>
<li>Einblick in die Grundzüge des Gedächtnistrainings und seine Rolle für Tanz im Sitzen</li>
<li>richtige Atmung und Sitzposition</li>
<li>Stoffwechsel sowie die Rolle richtiger Ernährung / ausreichendem Trinken</li>
<li>selbstständig Stundenbilder erstellen</li>
<li>Vorstellung und Lernen weiterer neuer Tänze sowie mögliche Vereinfachung bzw. Anpassung an die Bedürfnisse verschiedener Teilnehmergruppen</li>
<li>Einsatz von „Boomwhackers“ (Klangröhren): Gemeinschafts- und Erfolgsgefühle durch Musik</li>
<li>Herstellen von Handgeräten, die bei verschiedenen Tänzen zum Einsatz kommen</li>
</ul>

<!-- This site is optimized with the Yoast SEO Premium plugin v27.4 (Yoast SEO v27.5) - https://yoast.com/product/yoast-seo-premium-wordpress/ -->
<title>Danz am Sëtzen - GERO</title>
<meta name="robots" content="index, follow, max-snippet:-1, max-image-preview:large, max-video-preview:-1" />
<link rel="canonical" href="https://www.gero.lu/de/faq/danz-am-setzen" />
<meta property="og:locale" content="de_DE" />
<meta property="og:type" content="article" />
<meta property="og:title" content="Danz am Sëtzen" />
<meta property="og:description" content="Workshop 6 Tage Luxemburgisch Claudine Menghi &amp; Edmée Hoffmann &nbsp; Modul 5 der Weiterbildung Psychogeriatrie Tanz im Sitzen ist eine eigenständige Tanzform, die speziell auf die körperlichen, geistigen, psychischen und sozialen Befindlichkeiten älterer Menschen abgestimmt ist. Im Vordergrund steht die Freude an der Bewegung nach Musik, ohne Leistungsdruck, aber dafür mit dem Ziel, das allgemeine [&hellip;]" />
<meta property="og:url" content="https://www.gero.lu/de/faq/danz-am-setzen" />
<meta property="og:site_name" content="GERO" />
<meta property="article:publisher" content="https://www.facebook.com/Kompetenzzenter/" />
<meta property="og:image" content="https://www.gero.lu/wp-content/uploads/2021/08/gettyimages-1135289130-2048x2048_RET-1.jpg" />
	<meta property="og:image:width" content="1227" />
	<meta property="og:image:height" content="802" />
	<meta property="og:image:type" content="image/jpeg" />
<meta name="twitter:card" content="summary_large_image" />
<meta name="twitter:label1" content="Geschätzte Lesezeit" />
	<meta name="twitter:data1" content="2 Minuten" />
<script type="application/ld+json" class="yoast-schema-graph">{"@context":"https:\/\/schema.org","@graph":[{"@type":"WebPage","@id":"https:\/\/www.gero.lu\/de\/faq\/danz-am-setzen","url":"https:\/\/www.gero.lu\/de\/faq\/danz-am-setzen","name":"Danz am Sëtzen - GERO","isPartOf":{"@id":"https:\/\/www.gero.lu\/de\/#website"},"datePublished":"2023-05-19T13:38:27+00:00","breadcrumb":{"@id":"https:\/\/www.gero.lu\/de\/faq\/danz-am-setzen#breadcrumb"},"inLanguage":"de","potentialAction":[{"@type":"ReadAction","target":[["https:\/\/www.gero.lu\/de\/faq\/danz-am-setzen"]]}]},{"@type":"BreadcrumbList","@id":"https:\/\/www.gero.lu\/de\/faq\/danz-am-setzen#breadcrumb","itemListElement":[{"@type":"ListItem","position":1,"name":"Accueil","item":"https:\/\/www.gero.lu\/de\/"},{"@type":"ListItem","position":2,"name":"Danz am Sëtzen"}]},{"@type":"WebSite","@id":"https:\/\/www.gero.lu\/de\/#website","url":"https:\/\/www.gero.lu\/de\/","name":"Gero","description":"Kompetenzzenter fir den Alter","publisher":{"@id":"https:\/\/www.gero.lu\/de\/#organization"},"potentialAction":[{"@type":"SearchAction","target":{"@type":"EntryPoint","urlTemplate":"https:\/\/www.gero.lu\/de\/?s={search_term_string}"},"query-input":{"@type":"PropertyValueSpecification","valueRequired":true,"valueName":"search_term_string"}}],"inLanguage":"de"},{"@type":"Organization","@id":"https:\/\/www.gero.lu\/de\/#organization","name":"Gero","url":"https:\/\/www.gero.lu\/de\/","logo":{"@type":"ImageObject","inLanguage":"de","@id":"https:\/\/www.gero.lu\/de\/#\/schema\/logo\/image\/","url":"https:\/\/www.gero.lu\/wp-content\/uploads\/2024\/04\/logo.svg","contentUrl":"https:\/\/www.gero.lu\/wp-content\/uploads\/2024\/04\/logo.svg","width":76,"height":30,"caption":"Gero"},"image":{"@id":"https:\/\/www.gero.lu\/de\/#\/schema\/logo\/image\/"},"sameAs":["https:\/\/www.facebook.com\/Kompetenzzenter\/","https:\/\/www.instagram.com\/gero.kompetenzzenter\/","https:\/\/linkedin.com\/company\/gero-kompetenzzenter-fir-den-alter","https:\/\/www.youtube.com\/channel\/UCJvmJYSeHh3dYQsLHZupj-Q"]}]}</script>
<!-- / Yoast SEO Premium plugin. -->

Danz am Sëtzen - GERO

Workshop 6 Tage Luxemburgisch Claudine Menghi &amp; Edmée Hoffmann &nbsp; Modul 5 der Weiterbildung Psychogeriatrie Tanz im Sitzen ist eine eigenständige Tanzform, die speziell auf die körperlichen, geistigen, psychischen und sozialen Befindlichkeiten älterer Menschen abgestimmt ist. Im Vordergrund steht die Freude an der Bewegung nach Musik, ohne Leistungsdruck, aber dafür mit dem Ziel, das allgemeine [&hellip;]
