{"id":5440,"date":"2023-05-19T12:55:01","date_gmt":"2023-05-19T12:55:01","guid":{"rendered":"https:\/\/www.gero.lu\/?post_type=faq&#038;p=5440"},"modified":"2023-05-19T12:55:01","modified_gmt":"2023-05-19T12:55:01","slug":"interkulturelle-kommunikation","status":"publish","type":"faq","link":"https:\/\/www.gero.lu\/de\/faq\/interkulturelle-kommunikation","title":{"rendered":"Interkulturelle Kommunikation"},"content":{"rendered":"<p><strong>2 Tage<\/strong><\/p>\n<p><strong>Deutsch<\/strong><\/p>\n<p><strong>Joachim Wolff<\/strong><\/p>\n<p>&nbsp;<\/p>\n<p><strong>Verst\u00e4ndigung ist mehr als 1000 Worte<\/strong><\/p>\n<p>In Luxemburg leben und arbeiten auf einer Fl\u00e4che von 2586 qkm ca. 700000 Menschen, die mehr als 150 Nationalit\u00e4ten repr\u00e4sentieren.<\/p>\n<p>Im Berufsleben arbeitet man mit KollegInnen anderer Kulturen zusammen und erlebt des \u00d6fteren kommunikative Schwierigkeiten. Auch die Beziehung zwischen den Mitarbeitern und ihren Klienten bzw. deren Angeh\u00f6rige kann sich aus interkultureller Sicht als problematisch erweisen.<\/p>\n<p>Um sich gegenseitig besser verstehen zu k\u00f6nnen, greifen \u00fcbliche Kommunikationsversuche h\u00e4ufig zu kurz, da sie die ethnische Herkunft nicht ausreichend ber\u00fccksichtigen (k\u00f6nnen).<\/p>\n<p>Dieses Seminar bietet Ihnen Hilfen an, um verschiedene kulturelle Hintergr\u00fcnde in ein gelungenes Kommunikationskonzept zu integrieren. Die Bausteine k\u00f6nnen die M\u00f6glichkeit er\u00f6ffnen, im allt\u00e4glichen Dialog mit Menschen anderer Kulturen auf interkultureller Ebene das gegenseitige Verstehen nachhaltig zu f\u00f6rdern.<\/p>\n<p><strong>Ziele\/Inhalte:\u00a0<\/strong><\/p>\n<ul>\n<li>Wissen zum Thema \u201eKultur\u201c<\/li>\n<li>Diversit\u00e4t der Kulturen erkennen<\/li>\n<li>Andere Kulturen verstehen<\/li>\n<li>Selbst besser verstanden werden<\/li>\n<li>Zwischen Kultur und Kommunikation differenzieren k\u00f6nnen<\/li>\n<li>Interkulturellen Dialog erm\u00f6glichen<\/li>\n<li>Vorurteile abbauen<\/li>\n<li>Interkulturellles Planspiel \u00fcben<\/li>\n<\/ul>\n","protected":false},"featured_media":0,"template":"","faq_cat":[348],"class_list":["post-5440","faq","type-faq","status-publish","hentry","faq_cat-personliche-fahigkeiten"],"acf":[],"yoast_head":"<!-- This site is optimized with the Yoast SEO Premium plugin v27.4 (Yoast SEO v27.5) - https:\/\/yoast.com\/product\/yoast-seo-premium-wordpress\/ -->\n<title>Interkulturelle Kommunikation - GERO<\/title>\n<meta name=\"robots\" content=\"index, follow, max-snippet:-1, max-image-preview:large, max-video-preview:-1\" \/>\n<link rel=\"canonical\" href=\"https:\/\/www.gero.lu\/de\/faq\/interkulturelle-kommunikation\" \/>\n<meta property=\"og:locale\" content=\"de_DE\" \/>\n<meta property=\"og:type\" content=\"article\" \/>\n<meta property=\"og:title\" content=\"Interkulturelle Kommunikation\" \/>\n<meta property=\"og:description\" content=\"2 Tage Deutsch Joachim Wolff &nbsp; Verst\u00e4ndigung ist mehr als 1000 Worte In Luxemburg leben und arbeiten auf einer Fl\u00e4che von 2586 qkm ca. 700000 Menschen, die mehr als 150 Nationalit\u00e4ten repr\u00e4sentieren. Im Berufsleben arbeitet man mit KollegInnen anderer Kulturen zusammen und erlebt des \u00d6fteren kommunikative Schwierigkeiten. Auch die Beziehung zwischen den Mitarbeitern und ihren [&hellip;]\" \/>\n<meta property=\"og:url\" content=\"https:\/\/www.gero.lu\/de\/faq\/interkulturelle-kommunikation\" \/>\n<meta property=\"og:site_name\" content=\"GERO\" \/>\n<meta property=\"article:publisher\" content=\"https:\/\/www.facebook.com\/Kompetenzzenter\/\" \/>\n<meta property=\"og:image\" content=\"https:\/\/www.gero.lu\/wp-content\/uploads\/2021\/08\/gettyimages-1135289130-2048x2048_RET-1.jpg\" \/>\n\t<meta property=\"og:image:width\" content=\"1227\" \/>\n\t<meta property=\"og:image:height\" content=\"802\" \/>\n\t<meta property=\"og:image:type\" content=\"image\/jpeg\" \/>\n<meta name=\"twitter:card\" content=\"summary_large_image\" \/>\n<meta name=\"twitter:label1\" content=\"Gesch\u00e4tzte Lesezeit\" \/>\n\t<meta name=\"twitter:data1\" content=\"1\u00a0Minute\" \/>\n<script type=\"application\/ld+json\" class=\"yoast-schema-graph\">{\"@context\":\"https:\\\/\\\/schema.org\",\"@graph\":[{\"@type\":\"WebPage\",\"@id\":\"https:\\\/\\\/www.gero.lu\\\/de\\\/faq\\\/interkulturelle-kommunikation\",\"url\":\"https:\\\/\\\/www.gero.lu\\\/de\\\/faq\\\/interkulturelle-kommunikation\",\"name\":\"Interkulturelle Kommunikation - GERO\",\"isPartOf\":{\"@id\":\"https:\\\/\\\/www.gero.lu\\\/de\\\/#website\"},\"datePublished\":\"2023-05-19T12:55:01+00:00\",\"breadcrumb\":{\"@id\":\"https:\\\/\\\/www.gero.lu\\\/de\\\/faq\\\/interkulturelle-kommunikation#breadcrumb\"},\"inLanguage\":\"de\",\"potentialAction\":[{\"@type\":\"ReadAction\",\"target\":[[\"https:\\\/\\\/www.gero.lu\\\/de\\\/faq\\\/interkulturelle-kommunikation\"]]}]},{\"@type\":\"BreadcrumbList\",\"@id\":\"https:\\\/\\\/www.gero.lu\\\/de\\\/faq\\\/interkulturelle-kommunikation#breadcrumb\",\"itemListElement\":[{\"@type\":\"ListItem\",\"position\":1,\"name\":\"Accueil\",\"item\":\"https:\\\/\\\/www.gero.lu\\\/de\\\/\"},{\"@type\":\"ListItem\",\"position\":2,\"name\":\"Interkulturelle Kommunikation\"}]},{\"@type\":\"WebSite\",\"@id\":\"https:\\\/\\\/www.gero.lu\\\/de\\\/#website\",\"url\":\"https:\\\/\\\/www.gero.lu\\\/de\\\/\",\"name\":\"Gero\",\"description\":\"Kompetenzzenter fir den Alter\",\"publisher\":{\"@id\":\"https:\\\/\\\/www.gero.lu\\\/de\\\/#organization\"},\"potentialAction\":[{\"@type\":\"SearchAction\",\"target\":{\"@type\":\"EntryPoint\",\"urlTemplate\":\"https:\\\/\\\/www.gero.lu\\\/de\\\/?s={search_term_string}\"},\"query-input\":{\"@type\":\"PropertyValueSpecification\",\"valueRequired\":true,\"valueName\":\"search_term_string\"}}],\"inLanguage\":\"de\"},{\"@type\":\"Organization\",\"@id\":\"https:\\\/\\\/www.gero.lu\\\/de\\\/#organization\",\"name\":\"Gero\",\"url\":\"https:\\\/\\\/www.gero.lu\\\/de\\\/\",\"logo\":{\"@type\":\"ImageObject\",\"inLanguage\":\"de\",\"@id\":\"https:\\\/\\\/www.gero.lu\\\/de\\\/#\\\/schema\\\/logo\\\/image\\\/\",\"url\":\"https:\\\/\\\/www.gero.lu\\\/wp-content\\\/uploads\\\/2024\\\/04\\\/logo.svg\",\"contentUrl\":\"https:\\\/\\\/www.gero.lu\\\/wp-content\\\/uploads\\\/2024\\\/04\\\/logo.svg\",\"width\":76,\"height\":30,\"caption\":\"Gero\"},\"image\":{\"@id\":\"https:\\\/\\\/www.gero.lu\\\/de\\\/#\\\/schema\\\/logo\\\/image\\\/\"},\"sameAs\":[\"https:\\\/\\\/www.facebook.com\\\/Kompetenzzenter\\\/\",\"https:\\\/\\\/www.instagram.com\\\/gero.kompetenzzenter\\\/\",\"https:\\\/\\\/linkedin.com\\\/company\\\/gero-kompetenzzenter-fir-den-alter\",\"https:\\\/\\\/www.youtube.com\\\/channel\\\/UCJvmJYSeHh3dYQsLHZupj-Q\"]}]}<\/script>\n<!-- \/ Yoast SEO Premium plugin. -->","yoast_head_json":{"title":"Interkulturelle Kommunikation - GERO","robots":{"index":"index","follow":"follow","max-snippet":"max-snippet:-1","max-image-preview":"max-image-preview:large","max-video-preview":"max-video-preview:-1"},"canonical":"https:\/\/www.gero.lu\/de\/faq\/interkulturelle-kommunikation","og_locale":"de_DE","og_type":"article","og_title":"Interkulturelle Kommunikation","og_description":"2 Tage Deutsch Joachim Wolff &nbsp; Verst\u00e4ndigung ist mehr als 1000 Worte In Luxemburg leben und arbeiten auf einer Fl\u00e4che von 2586 qkm ca. 700000 Menschen, die mehr als 150 Nationalit\u00e4ten repr\u00e4sentieren. Im Berufsleben arbeitet man mit KollegInnen anderer Kulturen zusammen und erlebt des \u00d6fteren kommunikative Schwierigkeiten. Auch die Beziehung zwischen den Mitarbeitern und ihren [&hellip;]","og_url":"https:\/\/www.gero.lu\/de\/faq\/interkulturelle-kommunikation","og_site_name":"GERO","article_publisher":"https:\/\/www.facebook.com\/Kompetenzzenter\/","og_image":[{"width":1227,"height":802,"url":"https:\/\/www.gero.lu\/wp-content\/uploads\/2021\/08\/gettyimages-1135289130-2048x2048_RET-1.jpg","type":"image\/jpeg"}],"twitter_card":"summary_large_image","twitter_misc":{"Gesch\u00e4tzte Lesezeit":"1\u00a0Minute"},"schema":{"@context":"https:\/\/schema.org","@graph":[{"@type":"WebPage","@id":"https:\/\/www.gero.lu\/de\/faq\/interkulturelle-kommunikation","url":"https:\/\/www.gero.lu\/de\/faq\/interkulturelle-kommunikation","name":"Interkulturelle Kommunikation - GERO","isPartOf":{"@id":"https:\/\/www.gero.lu\/de\/#website"},"datePublished":"2023-05-19T12:55:01+00:00","breadcrumb":{"@id":"https:\/\/www.gero.lu\/de\/faq\/interkulturelle-kommunikation#breadcrumb"},"inLanguage":"de","potentialAction":[{"@type":"ReadAction","target":[["https:\/\/www.gero.lu\/de\/faq\/interkulturelle-kommunikation"]]}]},{"@type":"BreadcrumbList","@id":"https:\/\/www.gero.lu\/de\/faq\/interkulturelle-kommunikation#breadcrumb","itemListElement":[{"@type":"ListItem","position":1,"name":"Accueil","item":"https:\/\/www.gero.lu\/de\/"},{"@type":"ListItem","position":2,"name":"Interkulturelle Kommunikation"}]},{"@type":"WebSite","@id":"https:\/\/www.gero.lu\/de\/#website","url":"https:\/\/www.gero.lu\/de\/","name":"Gero","description":"Kompetenzzenter fir den Alter","publisher":{"@id":"https:\/\/www.gero.lu\/de\/#organization"},"potentialAction":[{"@type":"SearchAction","target":{"@type":"EntryPoint","urlTemplate":"https:\/\/www.gero.lu\/de\/?s={search_term_string}"},"query-input":{"@type":"PropertyValueSpecification","valueRequired":true,"valueName":"search_term_string"}}],"inLanguage":"de"},{"@type":"Organization","@id":"https:\/\/www.gero.lu\/de\/#organization","name":"Gero","url":"https:\/\/www.gero.lu\/de\/","logo":{"@type":"ImageObject","inLanguage":"de","@id":"https:\/\/www.gero.lu\/de\/#\/schema\/logo\/image\/","url":"https:\/\/www.gero.lu\/wp-content\/uploads\/2024\/04\/logo.svg","contentUrl":"https:\/\/www.gero.lu\/wp-content\/uploads\/2024\/04\/logo.svg","width":76,"height":30,"caption":"Gero"},"image":{"@id":"https:\/\/www.gero.lu\/de\/#\/schema\/logo\/image\/"},"sameAs":["https:\/\/www.facebook.com\/Kompetenzzenter\/","https:\/\/www.instagram.com\/gero.kompetenzzenter\/","https:\/\/linkedin.com\/company\/gero-kompetenzzenter-fir-den-alter","https:\/\/www.youtube.com\/channel\/UCJvmJYSeHh3dYQsLHZupj-Q"]}]}},"_links":{"self":[{"href":"https:\/\/www.gero.lu\/de\/wp-json\/wp\/v2\/faq\/5440","targetHints":{"allow":["GET"]}}],"collection":[{"href":"https:\/\/www.gero.lu\/de\/wp-json\/wp\/v2\/faq"}],"about":[{"href":"https:\/\/www.gero.lu\/de\/wp-json\/wp\/v2\/types\/faq"}],"wp:attachment":[{"href":"https:\/\/www.gero.lu\/de\/wp-json\/wp\/v2\/media?parent=5440"}],"wp:term":[{"taxonomy":"faq_cat","embeddable":true,"href":"https:\/\/www.gero.lu\/de\/wp-json\/wp\/v2\/faq_cat?post=5440"}],"curies":[{"name":"wp","href":"https:\/\/api.w.org\/{rel}","templated":true}]}}

<p><strong>2 Tage</strong></p>
<p><strong>Deutsch</strong></p>
<p><strong>Joachim Wolff</strong></p>
<p>&nbsp;</p>
<p><strong>Verständigung ist mehr als 1000 Worte</strong></p>
<p>In Luxemburg leben und arbeiten auf einer Fläche von 2586 qkm ca. 700000 Menschen, die mehr als 150 Nationalitäten repräsentieren.</p>
<p>Im Berufsleben arbeitet man mit KollegInnen anderer Kulturen zusammen und erlebt des Öfteren kommunikative Schwierigkeiten. Auch die Beziehung zwischen den Mitarbeitern und ihren Klienten bzw. deren Angehörige kann sich aus interkultureller Sicht als problematisch erweisen.</p>
<p>Um sich gegenseitig besser verstehen zu können, greifen übliche Kommunikationsversuche häufig zu kurz, da sie die ethnische Herkunft nicht ausreichend berücksichtigen (können).</p>
<p>Dieses Seminar bietet Ihnen Hilfen an, um verschiedene kulturelle Hintergründe in ein gelungenes Kommunikationskonzept zu integrieren. Die Bausteine können die Möglichkeit eröffnen, im alltäglichen Dialog mit Menschen anderer Kulturen auf interkultureller Ebene das gegenseitige Verstehen nachhaltig zu fördern.</p>
<p><strong>Ziele/Inhalte: </strong></p>
<ul>
<li>Wissen zum Thema „Kultur“</li>
<li>Diversität der Kulturen erkennen</li>
<li>Andere Kulturen verstehen</li>
<li>Selbst besser verstanden werden</li>
<li>Zwischen Kultur und Kommunikation differenzieren können</li>
<li>Interkulturellen Dialog ermöglichen</li>
<li>Vorurteile abbauen</li>
<li>Interkulturellles Planspiel üben</li>
</ul>

<!-- This site is optimized with the Yoast SEO Premium plugin v27.4 (Yoast SEO v27.5) - https://yoast.com/product/yoast-seo-premium-wordpress/ -->
<title>Interkulturelle Kommunikation - GERO</title>
<meta name="robots" content="index, follow, max-snippet:-1, max-image-preview:large, max-video-preview:-1" />
<link rel="canonical" href="https://www.gero.lu/de/faq/interkulturelle-kommunikation" />
<meta property="og:locale" content="de_DE" />
<meta property="og:type" content="article" />
<meta property="og:title" content="Interkulturelle Kommunikation" />
<meta property="og:description" content="2 Tage Deutsch Joachim Wolff &nbsp; Verständigung ist mehr als 1000 Worte In Luxemburg leben und arbeiten auf einer Fläche von 2586 qkm ca. 700000 Menschen, die mehr als 150 Nationalitäten repräsentieren. Im Berufsleben arbeitet man mit KollegInnen anderer Kulturen zusammen und erlebt des Öfteren kommunikative Schwierigkeiten. Auch die Beziehung zwischen den Mitarbeitern und ihren [&hellip;]" />
<meta property="og:url" content="https://www.gero.lu/de/faq/interkulturelle-kommunikation" />
<meta property="og:site_name" content="GERO" />
<meta property="article:publisher" content="https://www.facebook.com/Kompetenzzenter/" />
<meta property="og:image" content="https://www.gero.lu/wp-content/uploads/2021/08/gettyimages-1135289130-2048x2048_RET-1.jpg" />
	<meta property="og:image:width" content="1227" />
	<meta property="og:image:height" content="802" />
	<meta property="og:image:type" content="image/jpeg" />
<meta name="twitter:card" content="summary_large_image" />
<meta name="twitter:label1" content="Geschätzte Lesezeit" />
	<meta name="twitter:data1" content="1 Minute" />
<script type="application/ld+json" class="yoast-schema-graph">{"@context":"https:\/\/schema.org","@graph":[{"@type":"WebPage","@id":"https:\/\/www.gero.lu\/de\/faq\/interkulturelle-kommunikation","url":"https:\/\/www.gero.lu\/de\/faq\/interkulturelle-kommunikation","name":"Interkulturelle Kommunikation - GERO","isPartOf":{"@id":"https:\/\/www.gero.lu\/de\/#website"},"datePublished":"2023-05-19T12:55:01+00:00","breadcrumb":{"@id":"https:\/\/www.gero.lu\/de\/faq\/interkulturelle-kommunikation#breadcrumb"},"inLanguage":"de","potentialAction":[{"@type":"ReadAction","target":[["https:\/\/www.gero.lu\/de\/faq\/interkulturelle-kommunikation"]]}]},{"@type":"BreadcrumbList","@id":"https:\/\/www.gero.lu\/de\/faq\/interkulturelle-kommunikation#breadcrumb","itemListElement":[{"@type":"ListItem","position":1,"name":"Accueil","item":"https:\/\/www.gero.lu\/de\/"},{"@type":"ListItem","position":2,"name":"Interkulturelle Kommunikation"}]},{"@type":"WebSite","@id":"https:\/\/www.gero.lu\/de\/#website","url":"https:\/\/www.gero.lu\/de\/","name":"Gero","description":"Kompetenzzenter fir den Alter","publisher":{"@id":"https:\/\/www.gero.lu\/de\/#organization"},"potentialAction":[{"@type":"SearchAction","target":{"@type":"EntryPoint","urlTemplate":"https:\/\/www.gero.lu\/de\/?s={search_term_string}"},"query-input":{"@type":"PropertyValueSpecification","valueRequired":true,"valueName":"search_term_string"}}],"inLanguage":"de"},{"@type":"Organization","@id":"https:\/\/www.gero.lu\/de\/#organization","name":"Gero","url":"https:\/\/www.gero.lu\/de\/","logo":{"@type":"ImageObject","inLanguage":"de","@id":"https:\/\/www.gero.lu\/de\/#\/schema\/logo\/image\/","url":"https:\/\/www.gero.lu\/wp-content\/uploads\/2024\/04\/logo.svg","contentUrl":"https:\/\/www.gero.lu\/wp-content\/uploads\/2024\/04\/logo.svg","width":76,"height":30,"caption":"Gero"},"image":{"@id":"https:\/\/www.gero.lu\/de\/#\/schema\/logo\/image\/"},"sameAs":["https:\/\/www.facebook.com\/Kompetenzzenter\/","https:\/\/www.instagram.com\/gero.kompetenzzenter\/","https:\/\/linkedin.com\/company\/gero-kompetenzzenter-fir-den-alter","https:\/\/www.youtube.com\/channel\/UCJvmJYSeHh3dYQsLHZupj-Q"]}]}</script>
<!-- / Yoast SEO Premium plugin. -->

2 Tage Deutsch Joachim Wolff &nbsp; Verständigung ist mehr als 1000 Worte In Luxemburg leben und arbeiten auf einer Fläche von 2586 qkm ca. 700000 Menschen, die mehr als 150 Nationalitäten repräsentieren. Im Berufsleben arbeitet man mit KollegInnen anderer Kulturen zusammen und erlebt des Öfteren kommunikative Schwierigkeiten. Auch die Beziehung zwischen den Mitarbeitern und ihren [&hellip;]
