{"id":5437,"date":"2023-05-19T12:51:59","date_gmt":"2023-05-19T12:51:59","guid":{"rendered":"https:\/\/www.gero.lu\/?post_type=faq&#038;p=5437"},"modified":"2023-05-19T12:51:59","modified_gmt":"2023-05-19T12:51:59","slug":"einfuhrung-in-die-gewaltfreie-kommunikation","status":"publish","type":"faq","link":"https:\/\/www.gero.lu\/de\/faq\/einfuhrung-in-die-gewaltfreie-kommunikation","title":{"rendered":"Einf\u00fchrung in die Gewaltfreie Kommunikation"},"content":{"rendered":"<p><strong>1 Tag<\/strong><\/p>\n<p><strong>Deutsch<\/strong><\/p>\n<p><strong>Gabriele Schmackeit<\/strong><\/p>\n<p>&nbsp;<\/p>\n<p>Die gewaltfreie Kommunikation (GFK) nach Marshall Rosenberg ist eine internationale und weltweit anerkannte und bew\u00e4hrte Methode zur Konfliktbearbeitung. Das in den 70<sup>er<\/sup> Jahren entwickelte Kommunikations- und Konfliktl\u00f6sungsmodell ist wesentlich von der Arbeit und von den Erkenntnissen von Carl Roger (Humanistische Psychologie) aus der klientenzentrierten Gespr\u00e4chstherapie gepr\u00e4gt. Die Anwendung der GFK tr\u00e4gt wesentlich zur Gewaltpr\u00e4vention bei und zum sozialen Wandel im privaten, gesellschaftlichen oder Unternehmenskontext. Das durch die GFK gef\u00f6rderte wachsende Bewusstsein f\u00fcr die eigenen und f\u00fcr die Gef\u00fchle und Bed\u00fcrfnisse anderer f\u00fchrt zu steigender Achtsamkeit und Empathie gegen\u00fcber sich selbst und gegen\u00fcber anderen. In diesem Seminar lernen Sie die Grundlagen, die Haltung und die vierstufige Methodik der Gewaltfreien Kommunikation kennen.<\/p>\n<p>In diesem Seminar werden wir uns mit folgenden Fragen besch\u00e4ftigen:<\/p>\n<ul>\n<li>Haltung und Ziele der Gewaltfreien Kommunikation<\/li>\n<li>Beobachten ohne zu bewerten<\/li>\n<li>Gef\u00fchle wahrnehmen und ausdr\u00fccken<\/li>\n<li>Bed\u00fcrfnisse erkennen und benennen<\/li>\n<li>Bitten statt fordern<\/li>\n<\/ul>\n","protected":false},"featured_media":0,"template":"","faq_cat":[348],"class_list":["post-5437","faq","type-faq","status-publish","hentry","faq_cat-personliche-fahigkeiten"],"acf":[],"yoast_head":"<!-- This site is optimized with the Yoast SEO Premium plugin v27.4 (Yoast SEO v27.5) - https:\/\/yoast.com\/product\/yoast-seo-premium-wordpress\/ -->\n<title>Einf\u00fchrung in die Gewaltfreie Kommunikation - GERO<\/title>\n<meta name=\"robots\" content=\"index, follow, max-snippet:-1, max-image-preview:large, max-video-preview:-1\" \/>\n<link rel=\"canonical\" href=\"https:\/\/www.gero.lu\/de\/faq\/einfuhrung-in-die-gewaltfreie-kommunikation\" \/>\n<meta property=\"og:locale\" content=\"de_DE\" \/>\n<meta property=\"og:type\" content=\"article\" \/>\n<meta property=\"og:title\" content=\"Einf\u00fchrung in die Gewaltfreie Kommunikation\" \/>\n<meta property=\"og:description\" content=\"1 Tag Deutsch Gabriele Schmackeit &nbsp; Die gewaltfreie Kommunikation (GFK) nach Marshall Rosenberg ist eine internationale und weltweit anerkannte und bew\u00e4hrte Methode zur Konfliktbearbeitung. Das in den 70er Jahren entwickelte Kommunikations- und Konfliktl\u00f6sungsmodell ist wesentlich von der Arbeit und von den Erkenntnissen von Carl Roger (Humanistische Psychologie) aus der klientenzentrierten Gespr\u00e4chstherapie gepr\u00e4gt. Die Anwendung der [&hellip;]\" \/>\n<meta property=\"og:url\" content=\"https:\/\/www.gero.lu\/de\/faq\/einfuhrung-in-die-gewaltfreie-kommunikation\" \/>\n<meta property=\"og:site_name\" content=\"GERO\" \/>\n<meta property=\"article:publisher\" content=\"https:\/\/www.facebook.com\/Kompetenzzenter\/\" \/>\n<meta property=\"og:image\" content=\"https:\/\/www.gero.lu\/wp-content\/uploads\/2021\/08\/gettyimages-1135289130-2048x2048_RET-1.jpg\" \/>\n\t<meta property=\"og:image:width\" content=\"1227\" \/>\n\t<meta property=\"og:image:height\" content=\"802\" \/>\n\t<meta property=\"og:image:type\" content=\"image\/jpeg\" \/>\n<meta name=\"twitter:card\" content=\"summary_large_image\" \/>\n<meta name=\"twitter:label1\" content=\"Gesch\u00e4tzte Lesezeit\" \/>\n\t<meta name=\"twitter:data1\" content=\"1\u00a0Minute\" \/>\n<script type=\"application\/ld+json\" class=\"yoast-schema-graph\">{\"@context\":\"https:\\\/\\\/schema.org\",\"@graph\":[{\"@type\":\"WebPage\",\"@id\":\"https:\\\/\\\/www.gero.lu\\\/de\\\/faq\\\/einfuhrung-in-die-gewaltfreie-kommunikation\",\"url\":\"https:\\\/\\\/www.gero.lu\\\/de\\\/faq\\\/einfuhrung-in-die-gewaltfreie-kommunikation\",\"name\":\"Einf\u00fchrung in die Gewaltfreie Kommunikation - GERO\",\"isPartOf\":{\"@id\":\"https:\\\/\\\/www.gero.lu\\\/de\\\/#website\"},\"datePublished\":\"2023-05-19T12:51:59+00:00\",\"breadcrumb\":{\"@id\":\"https:\\\/\\\/www.gero.lu\\\/de\\\/faq\\\/einfuhrung-in-die-gewaltfreie-kommunikation#breadcrumb\"},\"inLanguage\":\"de\",\"potentialAction\":[{\"@type\":\"ReadAction\",\"target\":[[\"https:\\\/\\\/www.gero.lu\\\/de\\\/faq\\\/einfuhrung-in-die-gewaltfreie-kommunikation\"]]}]},{\"@type\":\"BreadcrumbList\",\"@id\":\"https:\\\/\\\/www.gero.lu\\\/de\\\/faq\\\/einfuhrung-in-die-gewaltfreie-kommunikation#breadcrumb\",\"itemListElement\":[{\"@type\":\"ListItem\",\"position\":1,\"name\":\"Accueil\",\"item\":\"https:\\\/\\\/www.gero.lu\\\/de\\\/\"},{\"@type\":\"ListItem\",\"position\":2,\"name\":\"Einf\u00fchrung in die Gewaltfreie Kommunikation\"}]},{\"@type\":\"WebSite\",\"@id\":\"https:\\\/\\\/www.gero.lu\\\/de\\\/#website\",\"url\":\"https:\\\/\\\/www.gero.lu\\\/de\\\/\",\"name\":\"Gero\",\"description\":\"Kompetenzzenter fir den Alter\",\"publisher\":{\"@id\":\"https:\\\/\\\/www.gero.lu\\\/de\\\/#organization\"},\"potentialAction\":[{\"@type\":\"SearchAction\",\"target\":{\"@type\":\"EntryPoint\",\"urlTemplate\":\"https:\\\/\\\/www.gero.lu\\\/de\\\/?s={search_term_string}\"},\"query-input\":{\"@type\":\"PropertyValueSpecification\",\"valueRequired\":true,\"valueName\":\"search_term_string\"}}],\"inLanguage\":\"de\"},{\"@type\":\"Organization\",\"@id\":\"https:\\\/\\\/www.gero.lu\\\/de\\\/#organization\",\"name\":\"Gero\",\"url\":\"https:\\\/\\\/www.gero.lu\\\/de\\\/\",\"logo\":{\"@type\":\"ImageObject\",\"inLanguage\":\"de\",\"@id\":\"https:\\\/\\\/www.gero.lu\\\/de\\\/#\\\/schema\\\/logo\\\/image\\\/\",\"url\":\"https:\\\/\\\/www.gero.lu\\\/wp-content\\\/uploads\\\/2024\\\/04\\\/logo.svg\",\"contentUrl\":\"https:\\\/\\\/www.gero.lu\\\/wp-content\\\/uploads\\\/2024\\\/04\\\/logo.svg\",\"width\":76,\"height\":30,\"caption\":\"Gero\"},\"image\":{\"@id\":\"https:\\\/\\\/www.gero.lu\\\/de\\\/#\\\/schema\\\/logo\\\/image\\\/\"},\"sameAs\":[\"https:\\\/\\\/www.facebook.com\\\/Kompetenzzenter\\\/\",\"https:\\\/\\\/www.instagram.com\\\/gero.kompetenzzenter\\\/\",\"https:\\\/\\\/linkedin.com\\\/company\\\/gero-kompetenzzenter-fir-den-alter\",\"https:\\\/\\\/www.youtube.com\\\/channel\\\/UCJvmJYSeHh3dYQsLHZupj-Q\"]}]}<\/script>\n<!-- \/ Yoast SEO Premium plugin. -->","yoast_head_json":{"title":"Einf\u00fchrung in die Gewaltfreie Kommunikation - GERO","robots":{"index":"index","follow":"follow","max-snippet":"max-snippet:-1","max-image-preview":"max-image-preview:large","max-video-preview":"max-video-preview:-1"},"canonical":"https:\/\/www.gero.lu\/de\/faq\/einfuhrung-in-die-gewaltfreie-kommunikation","og_locale":"de_DE","og_type":"article","og_title":"Einf\u00fchrung in die Gewaltfreie Kommunikation","og_description":"1 Tag Deutsch Gabriele Schmackeit &nbsp; Die gewaltfreie Kommunikation (GFK) nach Marshall Rosenberg ist eine internationale und weltweit anerkannte und bew\u00e4hrte Methode zur Konfliktbearbeitung. Das in den 70er Jahren entwickelte Kommunikations- und Konfliktl\u00f6sungsmodell ist wesentlich von der Arbeit und von den Erkenntnissen von Carl Roger (Humanistische Psychologie) aus der klientenzentrierten Gespr\u00e4chstherapie gepr\u00e4gt. Die Anwendung der [&hellip;]","og_url":"https:\/\/www.gero.lu\/de\/faq\/einfuhrung-in-die-gewaltfreie-kommunikation","og_site_name":"GERO","article_publisher":"https:\/\/www.facebook.com\/Kompetenzzenter\/","og_image":[{"width":1227,"height":802,"url":"https:\/\/www.gero.lu\/wp-content\/uploads\/2021\/08\/gettyimages-1135289130-2048x2048_RET-1.jpg","type":"image\/jpeg"}],"twitter_card":"summary_large_image","twitter_misc":{"Gesch\u00e4tzte Lesezeit":"1\u00a0Minute"},"schema":{"@context":"https:\/\/schema.org","@graph":[{"@type":"WebPage","@id":"https:\/\/www.gero.lu\/de\/faq\/einfuhrung-in-die-gewaltfreie-kommunikation","url":"https:\/\/www.gero.lu\/de\/faq\/einfuhrung-in-die-gewaltfreie-kommunikation","name":"Einf\u00fchrung in die Gewaltfreie Kommunikation - GERO","isPartOf":{"@id":"https:\/\/www.gero.lu\/de\/#website"},"datePublished":"2023-05-19T12:51:59+00:00","breadcrumb":{"@id":"https:\/\/www.gero.lu\/de\/faq\/einfuhrung-in-die-gewaltfreie-kommunikation#breadcrumb"},"inLanguage":"de","potentialAction":[{"@type":"ReadAction","target":[["https:\/\/www.gero.lu\/de\/faq\/einfuhrung-in-die-gewaltfreie-kommunikation"]]}]},{"@type":"BreadcrumbList","@id":"https:\/\/www.gero.lu\/de\/faq\/einfuhrung-in-die-gewaltfreie-kommunikation#breadcrumb","itemListElement":[{"@type":"ListItem","position":1,"name":"Accueil","item":"https:\/\/www.gero.lu\/de\/"},{"@type":"ListItem","position":2,"name":"Einf\u00fchrung in die Gewaltfreie Kommunikation"}]},{"@type":"WebSite","@id":"https:\/\/www.gero.lu\/de\/#website","url":"https:\/\/www.gero.lu\/de\/","name":"Gero","description":"Kompetenzzenter fir den Alter","publisher":{"@id":"https:\/\/www.gero.lu\/de\/#organization"},"potentialAction":[{"@type":"SearchAction","target":{"@type":"EntryPoint","urlTemplate":"https:\/\/www.gero.lu\/de\/?s={search_term_string}"},"query-input":{"@type":"PropertyValueSpecification","valueRequired":true,"valueName":"search_term_string"}}],"inLanguage":"de"},{"@type":"Organization","@id":"https:\/\/www.gero.lu\/de\/#organization","name":"Gero","url":"https:\/\/www.gero.lu\/de\/","logo":{"@type":"ImageObject","inLanguage":"de","@id":"https:\/\/www.gero.lu\/de\/#\/schema\/logo\/image\/","url":"https:\/\/www.gero.lu\/wp-content\/uploads\/2024\/04\/logo.svg","contentUrl":"https:\/\/www.gero.lu\/wp-content\/uploads\/2024\/04\/logo.svg","width":76,"height":30,"caption":"Gero"},"image":{"@id":"https:\/\/www.gero.lu\/de\/#\/schema\/logo\/image\/"},"sameAs":["https:\/\/www.facebook.com\/Kompetenzzenter\/","https:\/\/www.instagram.com\/gero.kompetenzzenter\/","https:\/\/linkedin.com\/company\/gero-kompetenzzenter-fir-den-alter","https:\/\/www.youtube.com\/channel\/UCJvmJYSeHh3dYQsLHZupj-Q"]}]}},"_links":{"self":[{"href":"https:\/\/www.gero.lu\/de\/wp-json\/wp\/v2\/faq\/5437","targetHints":{"allow":["GET"]}}],"collection":[{"href":"https:\/\/www.gero.lu\/de\/wp-json\/wp\/v2\/faq"}],"about":[{"href":"https:\/\/www.gero.lu\/de\/wp-json\/wp\/v2\/types\/faq"}],"wp:attachment":[{"href":"https:\/\/www.gero.lu\/de\/wp-json\/wp\/v2\/media?parent=5437"}],"wp:term":[{"taxonomy":"faq_cat","embeddable":true,"href":"https:\/\/www.gero.lu\/de\/wp-json\/wp\/v2\/faq_cat?post=5437"}],"curies":[{"name":"wp","href":"https:\/\/api.w.org\/{rel}","templated":true}]}}

Einführung in die Gewaltfreie Kommunikation

<p><strong>1 Tag</strong></p>
<p><strong>Deutsch</strong></p>
<p><strong>Gabriele Schmackeit</strong></p>
<p>&nbsp;</p>
<p>Die gewaltfreie Kommunikation (GFK) nach Marshall Rosenberg ist eine internationale und weltweit anerkannte und bewährte Methode zur Konfliktbearbeitung. Das in den 70<sup>er</sup> Jahren entwickelte Kommunikations- und Konfliktlösungsmodell ist wesentlich von der Arbeit und von den Erkenntnissen von Carl Roger (Humanistische Psychologie) aus der klientenzentrierten Gesprächstherapie geprägt. Die Anwendung der GFK trägt wesentlich zur Gewaltprävention bei und zum sozialen Wandel im privaten, gesellschaftlichen oder Unternehmenskontext. Das durch die GFK geförderte wachsende Bewusstsein für die eigenen und für die Gefühle und Bedürfnisse anderer führt zu steigender Achtsamkeit und Empathie gegenüber sich selbst und gegenüber anderen. In diesem Seminar lernen Sie die Grundlagen, die Haltung und die vierstufige Methodik der Gewaltfreien Kommunikation kennen.</p>
<p>In diesem Seminar werden wir uns mit folgenden Fragen beschäftigen:</p>
<ul>
<li>Haltung und Ziele der Gewaltfreien Kommunikation</li>
<li>Beobachten ohne zu bewerten</li>
<li>Gefühle wahrnehmen und ausdrücken</li>
<li>Bedürfnisse erkennen und benennen</li>
<li>Bitten statt fordern</li>
</ul>

<!-- This site is optimized with the Yoast SEO Premium plugin v27.4 (Yoast SEO v27.5) - https://yoast.com/product/yoast-seo-premium-wordpress/ -->
<title>Einführung in die Gewaltfreie Kommunikation - GERO</title>
<meta name="robots" content="index, follow, max-snippet:-1, max-image-preview:large, max-video-preview:-1" />
<link rel="canonical" href="https://www.gero.lu/de/faq/einfuhrung-in-die-gewaltfreie-kommunikation" />
<meta property="og:locale" content="de_DE" />
<meta property="og:type" content="article" />
<meta property="og:title" content="Einführung in die Gewaltfreie Kommunikation" />
<meta property="og:description" content="1 Tag Deutsch Gabriele Schmackeit &nbsp; Die gewaltfreie Kommunikation (GFK) nach Marshall Rosenberg ist eine internationale und weltweit anerkannte und bewährte Methode zur Konfliktbearbeitung. Das in den 70er Jahren entwickelte Kommunikations- und Konfliktlösungsmodell ist wesentlich von der Arbeit und von den Erkenntnissen von Carl Roger (Humanistische Psychologie) aus der klientenzentrierten Gesprächstherapie geprägt. Die Anwendung der [&hellip;]" />
<meta property="og:url" content="https://www.gero.lu/de/faq/einfuhrung-in-die-gewaltfreie-kommunikation" />
<meta property="og:site_name" content="GERO" />
<meta property="article:publisher" content="https://www.facebook.com/Kompetenzzenter/" />
<meta property="og:image" content="https://www.gero.lu/wp-content/uploads/2021/08/gettyimages-1135289130-2048x2048_RET-1.jpg" />
	<meta property="og:image:width" content="1227" />
	<meta property="og:image:height" content="802" />
	<meta property="og:image:type" content="image/jpeg" />
<meta name="twitter:card" content="summary_large_image" />
<meta name="twitter:label1" content="Geschätzte Lesezeit" />
	<meta name="twitter:data1" content="1 Minute" />
<script type="application/ld+json" class="yoast-schema-graph">{"@context":"https:\/\/schema.org","@graph":[{"@type":"WebPage","@id":"https:\/\/www.gero.lu\/de\/faq\/einfuhrung-in-die-gewaltfreie-kommunikation","url":"https:\/\/www.gero.lu\/de\/faq\/einfuhrung-in-die-gewaltfreie-kommunikation","name":"Einführung in die Gewaltfreie Kommunikation - GERO","isPartOf":{"@id":"https:\/\/www.gero.lu\/de\/#website"},"datePublished":"2023-05-19T12:51:59+00:00","breadcrumb":{"@id":"https:\/\/www.gero.lu\/de\/faq\/einfuhrung-in-die-gewaltfreie-kommunikation#breadcrumb"},"inLanguage":"de","potentialAction":[{"@type":"ReadAction","target":[["https:\/\/www.gero.lu\/de\/faq\/einfuhrung-in-die-gewaltfreie-kommunikation"]]}]},{"@type":"BreadcrumbList","@id":"https:\/\/www.gero.lu\/de\/faq\/einfuhrung-in-die-gewaltfreie-kommunikation#breadcrumb","itemListElement":[{"@type":"ListItem","position":1,"name":"Accueil","item":"https:\/\/www.gero.lu\/de\/"},{"@type":"ListItem","position":2,"name":"Einführung in die Gewaltfreie Kommunikation"}]},{"@type":"WebSite","@id":"https:\/\/www.gero.lu\/de\/#website","url":"https:\/\/www.gero.lu\/de\/","name":"Gero","description":"Kompetenzzenter fir den Alter","publisher":{"@id":"https:\/\/www.gero.lu\/de\/#organization"},"potentialAction":[{"@type":"SearchAction","target":{"@type":"EntryPoint","urlTemplate":"https:\/\/www.gero.lu\/de\/?s={search_term_string}"},"query-input":{"@type":"PropertyValueSpecification","valueRequired":true,"valueName":"search_term_string"}}],"inLanguage":"de"},{"@type":"Organization","@id":"https:\/\/www.gero.lu\/de\/#organization","name":"Gero","url":"https:\/\/www.gero.lu\/de\/","logo":{"@type":"ImageObject","inLanguage":"de","@id":"https:\/\/www.gero.lu\/de\/#\/schema\/logo\/image\/","url":"https:\/\/www.gero.lu\/wp-content\/uploads\/2024\/04\/logo.svg","contentUrl":"https:\/\/www.gero.lu\/wp-content\/uploads\/2024\/04\/logo.svg","width":76,"height":30,"caption":"Gero"},"image":{"@id":"https:\/\/www.gero.lu\/de\/#\/schema\/logo\/image\/"},"sameAs":["https:\/\/www.facebook.com\/Kompetenzzenter\/","https:\/\/www.instagram.com\/gero.kompetenzzenter\/","https:\/\/linkedin.com\/company\/gero-kompetenzzenter-fir-den-alter","https:\/\/www.youtube.com\/channel\/UCJvmJYSeHh3dYQsLHZupj-Q"]}]}</script>
<!-- / Yoast SEO Premium plugin. -->

Einführung in die Gewaltfreie Kommunikation - GERO

1 Tag Deutsch Gabriele Schmackeit &nbsp; Die gewaltfreie Kommunikation (GFK) nach Marshall Rosenberg ist eine internationale und weltweit anerkannte und bewährte Methode zur Konfliktbearbeitung. Das in den 70er Jahren entwickelte Kommunikations- und Konfliktlösungsmodell ist wesentlich von der Arbeit und von den Erkenntnissen von Carl Roger (Humanistische Psychologie) aus der klientenzentrierten Gesprächstherapie geprägt. Die Anwendung der [&hellip;]
